000
CDUS41 KOKX 200616
CLIEWR


CLIMATE REPORT
NATIONAL WEATHER SERVICE NEW YORK NY
216 AM EDT WED AUG 20 2014


...................................

...THE NEWARK NJ CLIMATE SUMMARY FOR AUGUST 19 2014...

CLIMATE NORMAL PERIOD 1981 TO 2010
CLIMATE RECORD PERIOD 1929 TO 2014


WEATHER ITEM   OBSERVED TIME   RECORD YEAR NORMAL DEPARTURE LAST
                VALUE   (LST)  VALUE       VALUE  FROM      YEAR
                                                  NORMAL
..................................................................
TEMPERATURE (F)
 YESTERDAY
  MAXIMUM         82    105 PM  96    2002  84     -2       79
  MINIMUM         63    527 AM  54    1958  67     -4       64
  AVERAGE         73                        76     -3       72

PRECIPITATION (IN)
  YESTERDAY        0.00          2.25 1960   0.11  -0.11      T
  MONTH TO DATE    1.17                      2.48  -1.31     2.80
  SINCE JUN 1     10.68                     11.26  -0.58    15.28
  SINCE JAN 1     34.03                     30.15   3.88    31.53

SNOWFALL (IN)
  YESTERDAY        0.0           0.0  2002   0.0    0.0      0.0
                                      2001
  MONTH TO DATE    0.0                       0.0    0.0      0.0
  SINCE OCT 1     61.1                      28.5   32.6     29.5
  SINCE JUL 1      0.0                       0.0    0.0      0.0
  SNOW DEPTH       0

DEGREE DAYS
 HEATING
  YESTERDAY        0                         0      0        0
  MONTH TO DATE    0                         0      0        0
  SINCE JUN 1      0                        17    -17        8
  SINCE JUL 1      0                         0      0        0

 COOLING
  YESTERDAY        8                        11     -3        7
  MONTH TO DATE  188                       220    -32      165
  SINCE JUN 1    815                       842    -27      929
  SINCE JAN 1    877                       918    -41     1029
..................................................................


WIND (MPH)
  HIGHEST WIND SPEED    13   HIGHEST WIND DIRECTION    SE (150)
  HIGHEST GUST SPEED    16   HIGHEST GUST DIRECTION     S (160)
  AVERAGE WIND SPEED     6.7


SKY COVER
  AVERAGE SKY COVER 0.6


WEATHER CONDITIONS
 THE FOLLOWING WEATHER WAS RECORDED YESTERDAY.
  NO SIGNIFICANT WEATHER WAS OBSERVED.


RELATIVE HUMIDITY (PERCENT)
 HIGHEST    84          1100 PM
 LOWEST     45           100 PM
 AVERAGE    65

..........................................................


THE NEWARK NJ CLIMATE NORMALS FOR TODAY
                         NORMAL    RECORD    YEAR
 MAXIMUM TEMPERATURE (F)   84        97      1983
                                             1955
 MINIMUM TEMPERATURE (F)   67        52      1949


SUNRISE AND SUNSET
AUGUST 20 2014........SUNRISE   612 AM EDT   SUNSET   747 PM EDT
AUGUST 21 2014........SUNRISE   613 AM EDT   SUNSET   746 PM EDT


-  INDICATES NEGATIVE NUMBERS.
R  INDICATES RECORD WAS SET OR TIED.
MM INDICATES DATA IS MISSING.
T  INDICATES TRACE AMOUNT.




$$
