000
CDUS41 KOKX 170617
CLIEWR


CLIMATE REPORT
NATIONAL WEATHER SERVICE NEW YORK NY
116 AM EST SUN DEC 17 2017


...................................

...THE NEWARK NJ CLIMATE SUMMARY FOR DECEMBER 16 2017...

CLIMATE NORMAL PERIOD 1981 TO 2010
CLIMATE RECORD PERIOD 1929 TO 2017


WEATHER ITEM   OBSERVED TIME   RECORD YEAR NORMAL DEPARTURE LAST
                VALUE   (LST)  VALUE       VALUE  FROM      YEAR
                                                  NORMAL
..................................................................
TEMPERATURE (F)
 YESTERDAY
  MAXIMUM         39    735 PM  65    1971  43     -4       28
  MINIMUM         17    510 AM  10    1942  29    -12       16
  AVERAGE         28                        36     -8       22

PRECIPITATION (IN)
  YESTERDAY        0.00          1.19 1974   0.12  -0.12     0.00
  MONTH TO DATE    0.86                      2.05  -1.19     1.27
  SINCE DEC 1      0.86                      2.05  -1.19     1.27
  SINCE JAN 1     46.71                     44.49   2.22    36.77

SNOWFALL (IN)
  YESTERDAY        0.0           1.6  2008   0.2   -0.2      0.0
  MONTH TO DATE    7.1                       2.1    5.0      0.4
  SINCE OCT 1      7.1                       2.5    4.6      0.4
  SINCE JUL 1      7.1                       2.5    4.6      0.4
  SNOW DEPTH       1

DEGREE DAYS
 HEATING
  YESTERDAY       37                        29      8       43
  MONTH TO DATE  438                       419     19      432
  SINCE DEC 1    438                       419     19      432
  SINCE JUL 1   1123                      1287   -164     1115

 COOLING
  YESTERDAY        0                         0      0        0
  MONTH TO DATE    0                         0      0        0
  SINCE DEC 1      0                         0      0        0
  SINCE JAN 1   1316                      1192    124     1571
..................................................................


WIND (MPH)
  HIGHEST WIND SPEED    22   HIGHEST WIND DIRECTION    SW (240)
  HIGHEST GUST SPEED    28   HIGHEST GUST DIRECTION     W (250)
  AVERAGE WIND SPEED    11.2


SKY COVER
  AVERAGE SKY COVER 0.7


WEATHER CONDITIONS
 THE FOLLOWING WEATHER WAS RECORDED YESTERDAY.
  FOG
  HAZE


RELATIVE HUMIDITY (PERCENT)
 HIGHEST    84          1200 AM
 LOWEST     54           200 PM
 AVERAGE    69

..........................................................


THE NEWARK NJ CLIMATE NORMALS FOR TODAY
                         NORMAL    RECORD    YEAR
 MAXIMUM TEMPERATURE (F)   43        66      2000
 MINIMUM TEMPERATURE (F)   29         6      1951


SUNRISE AND SUNSET
DECEMBER 17 2017......SUNRISE   715 AM EST   SUNSET   431 PM EST
DECEMBER 18 2017......SUNRISE   716 AM EST   SUNSET   431 PM EST


-  INDICATES NEGATIVE NUMBERS.
R  INDICATES RECORD WAS SET OR TIED.
MM INDICATES DATA IS MISSING.
T  INDICATES TRACE AMOUNT.




$$
