000
CDUS41 KOKX 062136
CLIEWR


CLIMATE REPORT
NATIONAL WEATHER SERVICE NEW YORK NY
436 PM EST FRI MAR 6 2015


...................................

...THE NEWARK NJ CLIMATE SUMMARY FOR MARCH 6 2015...
VALID TODAY AS OF 0400 PM LOCAL TIME.

CLIMATE NORMAL PERIOD 1981 TO 2010
CLIMATE RECORD PERIOD 1929 TO 2015


WEATHER ITEM   OBSERVED TIME   RECORD YEAR NORMAL DEPARTURE LAST
                VALUE   (LST)  VALUE       VALUE  FROM      YEAR
                                                  NORMAL
..................................................................
TEMPERATURE (F)
 TODAY
  MAXIMUM         27    359 PM  69    1935  47    -20       31
  MINIMUM         12R   733 AM  12    2007  31    -19       15
                                      1948
  AVERAGE         20                        39    -19       23

PRECIPITATION (IN)
  TODAY            0.00          2.18 1943   0.12  -0.12     0.00
  MONTH TO DATE    2.15                      0.73   1.42     0.01
  SINCE MAR 1      2.15                      0.73   1.42     0.01
  SINCE JAN 1      8.63                      7.15   1.48     7.73

SNOWFALL (IN)
  TODAY            0.0           3.3  2003   0.2   -0.2      0.0
  MONTH TO DATE   12.4                       1.3   11.1      0.2
  SINCE OCT 1     42.5                      24.3   18.2     60.7
  SINCE JUL 1     42.5                      24.3   18.2     60.7
  SNOW DEPTH       8

DEGREE DAYS
 HEATING
  TODAY           45                        26     19       42
  MONTH TO DATE  217                       160     57      223
  SINCE MAR 1    217                       160     57      223
  SINCE JUL 1   4120                      3795    325     4098

 COOLING
  TODAY            0                         0      0        0
  MONTH TO DATE    0                         0      0        0
  SINCE MAR 1      0                         0      0        0
  SINCE JAN 1      0                         0      0        0
..................................................................


WIND (MPH)
  HIGHEST WIND SPEED    21   HIGHEST WIND DIRECTION     N (340)
  HIGHEST GUST SPEED    25   HIGHEST GUST DIRECTION    NW (330)
  AVERAGE WIND SPEED     7.9


SKY COVER
  AVERAGE SKY COVER 0.1


WEATHER CONDITIONS
 THE FOLLOWING WEATHER WAS RECORDED TODAY.
  NO SIGNIFICANT WEATHER WAS OBSERVED.


RELATIVE HUMIDITY (PERCENT)
 HIGHEST    67           700 AM
 LOWEST     37           300 PM
 AVERAGE    52

..........................................................


THE NEWARK NJ CLIMATE NORMALS FOR TOMORROW
                         NORMAL    RECORD    YEAR
 MAXIMUM TEMPERATURE (F)   48        75      1946
 MINIMUM TEMPERATURE (F)   31        11      2003


SUNRISE AND SUNSET
MARCH  6 2015.........SUNRISE   623 AM EST   SUNSET   553 PM EST
MARCH  7 2015.........SUNRISE   622 AM EST   SUNSET   554 PM EST


-  INDICATES NEGATIVE NUMBERS.
R  INDICATES RECORD WAS SET OR TIED.
MM INDICATES DATA IS MISSING.
T  INDICATES TRACE AMOUNT.




$$
