000
CDUS41 KOKX 260619
CLIEWR


CLIMATE REPORT
NATIONAL WEATHER SERVICE NEW YORK NY
219 AM EDT SUN MAR 26 2017


...................................

...THE NEWARK NJ CLIMATE SUMMARY FOR MARCH 25 2017...

CLIMATE NORMAL PERIOD 1981 TO 2010
CLIMATE RECORD PERIOD 1929 TO 2017


WEATHER ITEM   OBSERVED TIME   RECORD YEAR NORMAL DEPARTURE LAST
                VALUE   (LST)  VALUE       VALUE  FROM      YEAR
                                                  NORMAL
..................................................................
TEMPERATURE (F)
 YESTERDAY
  MAXIMUM         62   1229 PM  79    1963  54      8       74
  MINIMUM         44   1159 PM  18    1956  36      8       46
                                      1940
  AVERAGE         53                        45      8       60

PRECIPITATION (IN)
  YESTERDAY        0.01          1.21 1969   0.15  -0.14     0.11
  MONTH TO DATE    1.72                      3.32  -1.60     1.00
  SINCE MAR 1      1.72                      3.32  -1.60     1.00
  SINCE JAN 1      8.46                      9.74  -1.28     9.05

SNOWFALL (IN)
  YESTERDAY       MM             3.0  1933   0.1   MM        0.0
  MONTH TO DATE    9.4                       4.1    5.3      1.6
  SINCE OCT 1     30.0                      27.1    2.9     32.8
  SINCE JUL 1     30.0                      27.1    2.9     32.8
  SNOW DEPTH       0

DEGREE DAYS
 HEATING
  YESTERDAY       12                        20     -8        5
  MONTH TO DATE  652                       596     56      404
  SINCE MAR 1    652                       596     56      404
  SINCE JUL 1   3661                      4231   -570     3277

 COOLING
  YESTERDAY        0                         0      0        0
  MONTH TO DATE    0                         0      0        5
  SINCE MAR 1      0                         0      0        5
  SINCE JAN 1      0                         0      0        5
..................................................................


WIND (MPH)
  HIGHEST WIND SPEED    22   HIGHEST WIND DIRECTION    NE (30)
  HIGHEST GUST SPEED    27   HIGHEST GUST DIRECTION    NE (30)
  AVERAGE WIND SPEED     8.5


SKY COVER
  AVERAGE SKY COVER 1.0


WEATHER CONDITIONS
 THE FOLLOWING WEATHER WAS RECORDED YESTERDAY.
  LIGHT RAIN


RELATIVE HUMIDITY (PERCENT)
 HIGHEST    83           800 PM
 LOWEST     46          1100 AM
 AVERAGE    65

..........................................................


THE NEWARK NJ CLIMATE NORMALS FOR TODAY
                         NORMAL    RECORD    YEAR
 MAXIMUM TEMPERATURE (F)   54        73      1986
                                             1943
 MINIMUM TEMPERATURE (F)   37        19      1960


SUNRISE AND SUNSET
MARCH 26 2017.........SUNRISE   650 AM EDT   SUNSET   715 PM EDT
MARCH 27 2017.........SUNRISE   648 AM EDT   SUNSET   716 PM EDT


-  INDICATES NEGATIVE NUMBERS.
R  INDICATES RECORD WAS SET OR TIED.
MM INDICATES DATA IS MISSING.
T  INDICATES TRACE AMOUNT.




$$
