000
CDUS43 KIND 160538
CLIEYE


CLIMATE REPORT
NATIONAL WEATHER SERVICE INDIANAPOLIS IN
133 AM EDT WED APR 16 2014


...................................

...THE INDIANAPOLIS EAGLE CREEK IN CLIMATE SUMMARY FOR APRIL 15 2014...

CLIMATE NORMAL PERIOD 1981 TO 2010
CLIMATE RECORD PERIOD 9999 TO 9999


WEATHER ITEM   OBSERVED TIME   NORMAL DEPARTURE LAST
                VALUE   (LST)  VALUE  FROM      YEAR
                                      NORMAL
......................................................
TEMPERATURE (F)
 YESTERDAY
  MAXIMUM         38    317 PM  63    -25       68
  MINIMUM         29   1158 PM  44    -15       54
  AVERAGE         34            53    -19       61

PRECIPITATION (IN)
  YESTERDAY        T             0.11  -0.11      T
  MONTH TO DATE    4.53          1.74   2.79     0.69
  SINCE MAR 1      5.51          5.04   0.47     2.15
  SINCE JAN 1      9.89          9.38   0.51     9.09

DEGREE DAYS
 HEATING
  YESTERDAY       31            12     19        4
  MONTH TO DATE  213           219     -6      208
  SINCE MAR 1   1110           919    191     1134
  SINCE JUL 1   5936          5044    892     5248

 COOLING
  YESTERDAY        0             1     -1        0
  MONTH TO DATE    5             5      0        3
  SINCE MAR 1      5             6     -1        3
  SINCE JAN 1      5             6     -1        3
......................................................


WIND (MPH)
  HIGHEST WIND SPEED    25   HIGHEST WIND DIRECTION    NW (310)
  HIGHEST GUST SPEED    38   HIGHEST GUST DIRECTION    NW (310)
  AVERAGE WIND SPEED    11.3


SKY COVER
  AVERAGE SKY COVER 0.8


WEATHER CONDITIONS
 THE FOLLOWING WEATHER WAS RECORDED YESTERDAY.
  LIGHT RAIN
  LIGHT SNOW
  FOG
  HAZE


RELATIVE HUMIDITY (PERCENT)
 HIGHEST    89          1200 AM
 LOWEST     40           700 PM
 AVERAGE    65

..........................................................


THE INDIANAPOLIS EAGLE CREEK IN CLIMATE NORMALS FOR TODAY
                         NORMAL
 MAXIMUM TEMPERATURE (F)   63
 MINIMUM TEMPERATURE (F)   44


SUNRISE AND SUNSET
APRIL 16 2014.........SUNRISE   706 AM EDT   SUNSET   824 PM EDT
APRIL 17 2014.........SUNRISE   705 AM EDT   SUNSET   825 PM EDT


-  INDICATES NEGATIVE NUMBERS.
R  INDICATES RECORD WAS SET OR TIED.
MM INDICATES DATA IS MISSING.
T  INDICATES TRACE AMOUNT.




$$
