000
CDUS43 KIND 310533
CLIEYE


CLIMATE REPORT
NATIONAL WEATHER SERVICE INDIANAPOLIS IN
133 AM EDT TUE MAY 31 2016


...................................

...THE INDIANAPOLIS EAGLE CREEK IN CLIMATE SUMMARY FOR MAY 30 2016...

CLIMATE NORMAL PERIOD 1981 TO 2010
CLIMATE RECORD PERIOD 9999 TO 9999


WEATHER ITEM   OBSERVED TIME   NORMAL DEPARTURE LAST
                VALUE   (LST)  VALUE  FROM      YEAR
                                      NORMAL
......................................................
TEMPERATURE (F)
 YESTERDAY
  MAXIMUM         87    231 PM  77     10       83
  MINIMUM         65    551 AM  58      7       66
  AVERAGE         76            68      8       75

PRECIPITATION (IN)
  YESTERDAY        0.00          0.14  -0.14     0.54
  MONTH TO DATE    3.25          5.13  -1.88     1.72
  SINCE MAR 1      9.55         12.33  -2.78     9.85
  SINCE JAN 1     11.51         16.67  -5.16    12.33

DEGREE DAYS
 HEATING
  YESTERDAY        0             2     -2        0
  MONTH TO DATE  153           137     16       80
  SINCE MAR 1    992          1207   -215     1232
  SINCE JUL 1   4505          5332   -827     5918

 COOLING
  YESTERDAY       11             4      7       10
  MONTH TO DATE   77            66     11      123
  SINCE MAR 1     90            81      9      127
  SINCE JAN 1     90            81      9      127
......................................................


WIND (MPH)
  HIGHEST WIND SPEED     9   HIGHEST WIND DIRECTION     S (190)
  HIGHEST GUST SPEED    13   HIGHEST GUST DIRECTION    NW (310)
  AVERAGE WIND SPEED     2.4


SKY COVER
  AVERAGE SKY COVER 0.1


WEATHER CONDITIONS
 THE FOLLOWING WEATHER WAS RECORDED YESTERDAY.
  NO SIGNIFICANT WEATHER WAS OBSERVED.


RELATIVE HUMIDITY (PERCENT)
 HIGHEST    78           700 AM
 LOWEST     34           200 PM
 AVERAGE    56

..........................................................


THE INDIANAPOLIS EAGLE CREEK IN CLIMATE NORMALS FOR TODAY
                         NORMAL
 MAXIMUM TEMPERATURE (F)   77
 MINIMUM TEMPERATURE (F)   58


SUNRISE AND SUNSET
MAY 31 2016...........SUNRISE   619 AM EDT   SUNSET   907 PM EDT
JUNE  1 2016..........SUNRISE   619 AM EDT   SUNSET   908 PM EDT


-  INDICATES NEGATIVE NUMBERS.
R  INDICATES RECORD WAS SET OR TIED.
MM INDICATES DATA IS MISSING.
T  INDICATES TRACE AMOUNT.




$$
