000
CDUS42 KKEY 200532
CLIEYW

CLIMATE REPORT
NATIONAL WEATHER SERVICE KEY WEST, FL
130 AM EDT SAT SEP 20 2014

...................................

...THE KEY WEST CLIMATE SUMMARY FOR SEPTEMBER 19 2014...

CLIMATE NORMAL PERIOD 1981 TO 2010
CLIMATE RECORD PERIOD 1871 TO 2014

WEATHER ITEM   OBSERVED TIME   RECORD YEAR NORMAL DEPARTURE LAST
               VALUE    (LST)  VALUE       VALUE  FROM      YEAR
                                                  NORMAL
..................................................................
TEMPERATURE (F)
 YESTERDAY
  MAXIMUM         86    315 PM  92    1987  88     -2       89
                                      1951
  MINIMUM         79    225 AM  70    1890  78      1       77
  AVERAGE         83                        83      0       83

PRECIPITATION (IN)
  YESTERDAY        T             4.23 1963   0.24  -0.24     0.04
  MONTH TO DATE    4.04                      4.25  -0.21     3.73
  SINCE SEP 1      4.04                      4.25  -0.21     3.73
  SINCE JAN 1     26.18                     27.92  -1.74    39.24

SNOWFALL (IN)
  YESTERDAY        0.0
  MONTH TO DATE    0.0
  SINCE SEP 1      0.0
  SINCE JUL 1      0.0
  SNOW DEPTH       0

DEGREE DAYS
 HEATING
  YESTERDAY        0                         0      0        0
  MONTH TO DATE    0                         0      0        0
  SINCE SEP 1      0                         0      0        0
  SINCE JUL 1      0                         0      0        0

 COOLING
  YESTERDAY       18                        18      0       18
  MONTH TO DATE  358                       352      6      340
  SINCE SEP 1    358                       352      6      340
  SINCE JAN 1   3878                      3541    337     3660
..................................................................

WIND (MPH)
  HIGHEST WIND SPEED     8   HIGHEST WIND DIRECTION     S (200)
  HIGHEST GUST SPEED    11   HIGHEST GUST DIRECTION     S (180)
  AVERAGE WIND SPEED     4.6

SKY COVER
  POSSIBLE SUNSHINE  MM
  AVERAGE SKY COVER 0.0

WEATHER CONDITIONS
 THE FOLLOWING WEATHER WAS RECORDED YESTERDAY.
  LIGHT RAIN

RELATIVE HUMIDITY (PERCENT)
 HIGHEST    79
 LOWEST     69
 AVERAGE    74

..........................................................

THE KEY WEST CLIMATE NORMALS FOR TODAY
                         NORMAL    RECORD    YEAR
 MAXIMUM TEMPERATURE (F)   88        93      1987
                                             1951
 MINIMUM TEMPERATURE (F)   78        70      1890

SUNRISE AND SUNSET
SEPTEMBER 20 2014.....SUNRISE   715 AM EDT   SUNSET   725 PM EDT
SEPTEMBER 21 2014.....SUNRISE   715 AM EDT   SUNSET   724 PM EDT

-  INDICATES NEGATIVE NUMBERS.
R  INDICATES RECORD WAS SET OR TIED.
MM INDICATES DATA IS MISSING.
T  INDICATES TRACE AMOUNT.

$$
