000
CDUS42 KKEY 242053
CLIEYW

CLIMATE REPORT
NATIONAL WEATHER SERVICE KEY WEST, FL
451 PM EDT THU JUL 24 2014


...................................

...THE KEY WEST CLIMATE SUMMARY FOR JULY 24 2014...
VALID TODAY AS OF 0400 PM LOCAL TIME.

CLIMATE NORMAL PERIOD 1981 TO 2010
CLIMATE RECORD PERIOD 1871 TO 2014


WEATHER ITEM   OBSERVED TIME   RECORD YEAR NORMAL DEPARTURE LAST
                VALUE   (LST)  VALUE       VALUE  FROM      YEAR
                                                  NORMAL
..................................................................
TEMPERATURE (F)
 TODAY
  MAXIMUM         90   1202 PM  95    1957  90      0       88
  MINIMUM         85    659 AM  70    1921  80      5       80
  AVERAGE         88                        85      3       84

PRECIPITATION (IN)
  TODAY            0.00          2.64 1970   0.11  -0.11     0.00
  MONTH TO DATE    1.96                      2.74  -0.78     7.79
  SINCE JUN 1      4.34                      6.85  -2.51    16.33
  SINCE JAN 1     17.19                     17.48  -0.29    31.12

SNOWFALL (IN)
  TODAY            0.0
  MONTH TO DATE    0.0
  SINCE JUN 1      0.0
  SINCE JUL 1      0.0
  SNOW DEPTH       0

DEGREE DAYS
 HEATING
  TODAY            0                         0      0        0
  MONTH TO DATE    0                         0      0        0
  SINCE JUN 1      0                         0      0        0
  SINCE JUL 1      0                         0      0        0

 COOLING
  TODAY           23                        20      3       19
  MONTH TO DATE  512                       468     44      419
  SINCE JUN 1   1070                      1017     53      977
  SINCE JAN 1   2692                      2447    245     2606
..................................................................


WIND (MPH)
  HIGHEST WIND SPEED    18   HIGHEST WIND DIRECTION    SE (130)
  HIGHEST GUST SPEED    22   HIGHEST GUST DIRECTION    SE (130)
  AVERAGE WIND SPEED     8.4


SKY COVER
  POSSIBLE SUNSHINE  MM
  AVERAGE SKY COVER 0.1


WEATHER CONDITIONS
 THE FOLLOWING WEATHER WAS RECORDED TODAY.
  NO SIGNIFICANT WEATHER WAS OBSERVED.


RELATIVE HUMIDITY (PERCENT)
 HIGHEST    74
 LOWEST     63
 AVERAGE    69

..........................................................


THE KEY WEST CLIMATE NORMALS FOR TOMORROW
                         NORMAL    RECORD    YEAR
 MAXIMUM TEMPERATURE (F)   90        96      1880
 MINIMUM TEMPERATURE (F)   80        70      1919


SUNRISE AND SUNSET
JULY 24 2014..........SUNRISE   652 AM EDT   SUNSET   815 PM EDT
JULY 25 2014..........SUNRISE   652 AM EDT   SUNSET   815 PM EDT


-  INDICATES NEGATIVE NUMBERS.
R  INDICATES RECORD WAS SET OR TIED.
MM INDICATES DATA IS MISSING.
T  INDICATES TRACE AMOUNT.




$$
