000
CDUS42 KKEY 250550
CLIEYW

CLIMATE REPORT
NATIONAL WEATHER SERVICE KEY WEST, FL
1248 AM EST THU DEC 25 2014


...................................

...THE KEY WEST CLIMATE SUMMARY FOR DECEMBER 24 2014...

CLIMATE NORMAL PERIOD 1981 TO 2010
CLIMATE RECORD PERIOD 1871 TO 2014


WEATHER ITEM   OBSERVED TIME   RECORD YEAR NORMAL DEPARTURE LAST
                VALUE   (LST)  VALUE       VALUE  FROM      YEAR
                                                  NORMAL
..................................................................
TEMPERATURE (F)
 YESTERDAY
  MAXIMUM         81   1224 PM  88    1876  75      6       81
  MINIMUM         75    921 PM  44    1989  66      9       69
  AVERAGE         78                        70      8       75

PRECIPITATION (IN)
  YESTERDAY        1.51          1.89 1986   0.05   1.46     0.00
  MONTH TO DATE    1.52                      1.81  -0.29     0.94
  SINCE DEC 1      1.52                      1.81  -0.29     0.94
  SINCE JAN 1     35.89                     39.42  -3.53    46.54

SNOWFALL (IN)
  YESTERDAY        0.0
  MONTH TO DATE    0.0
  SINCE DEC 1      0.0
  SINCE JUL 1      0.0
  SNOW DEPTH       0

DEGREE DAYS
 HEATING
  YESTERDAY        0                         1     -1        0
  MONTH TO DATE    5                         8     -3        0
  SINCE DEC 1      5                         8     -3        0
  SINCE JUL 1      6                         9     -3        0

 COOLING
  YESTERDAY       13                         6      7       10
  MONTH TO DATE  177                       176      1      268
  SINCE DEC 1    177                       176      1      268
  SINCE JAN 1   5020                      4709    311     5029
..................................................................


WIND (MPH)
  HIGHEST WIND SPEED    23   HIGHEST WIND DIRECTION    SW (230)
  HIGHEST GUST SPEED    29   HIGHEST GUST DIRECTION    SW (230)
  AVERAGE WIND SPEED    10.7


SKY COVER
  POSSIBLE SUNSHINE  MM
  AVERAGE SKY COVER 0.6


WEATHER CONDITIONS
 THE FOLLOWING WEATHER WAS RECORDED YESTERDAY.
  THUNDERSTORM
  HEAVY RAIN
  RAIN
  LIGHT RAIN


RELATIVE HUMIDITY (PERCENT)
 HIGHEST    91
 LOWEST     79
 AVERAGE    85

..........................................................


THE KEY WEST CLIMATE NORMALS FOR TODAY
                         NORMAL    RECORD    YEAR
 MAXIMUM TEMPERATURE (F)   75        86      1876
 MINIMUM TEMPERATURE (F)   65        46      1989


SUNRISE AND SUNSET
DECEMBER 25 2014......SUNRISE   708 AM EST   SUNSET   546 PM EST
DECEMBER 26 2014......SUNRISE   709 AM EST   SUNSET   546 PM EST


-  INDICATES NEGATIVE NUMBERS.
R  INDICATES RECORD WAS SET OR TIED.
MM INDICATES DATA IS MISSING.
T  INDICATES TRACE AMOUNT.




$$
