000
CDUS42 KKEY 242030
CLIEYW


CLIMATE REPORT
NATIONAL WEATHER SERVICE KEY WEST, FL
430 PM EDT SUN JUL 24 2016


...................................

...THE KEY WEST CLIMATE SUMMARY FOR JULY 24 2016...
VALID TODAY AS OF 0400 PM LOCAL TIME.

CLIMATE NORMAL PERIOD 1981 TO 2010
CLIMATE RECORD PERIOD 1871 TO 2016


WEATHER ITEM   OBSERVED TIME   RECORD YEAR NORMAL DEPARTURE LAST
                VALUE   (LST)  VALUE       VALUE  FROM      YEAR
                                                  NORMAL
..................................................................
TEMPERATURE (F)
 TODAY
  MAXIMUM         87    250 PM  95    1957  90     -3       92
  MINIMUM         78    931 AM  70    1921  80     -2       80
  AVERAGE         83                        85     -2       86

PRECIPITATION (IN)
  TODAY            0.06          2.64 1970   0.11  -0.05     0.00
  MONTH TO DATE    2.93                      2.74   0.19     0.50
  SINCE JUN 1      4.07                      6.85  -2.78     3.14
  SINCE JAN 1     15.72                     17.48  -1.76    15.57

SNOWFALL (IN)
  TODAY            0.0
  MONTH TO DATE    0.0
  SINCE JUN 1      0.0
  SINCE JUL 1      0.0
  SNOW DEPTH       0

DEGREE DAYS
 HEATING
  TODAY            0                         0      0        0
  MONTH TO DATE    0                         0      0        0
  SINCE JUN 1      0                         0      0        0
  SINCE JUL 1      0                         0      0        0

 COOLING
  TODAY           18                        20     -2       21
  MONTH TO DATE  489                       468     21      509
  SINCE JUN 1   1060                      1017     43     1080
  SINCE JAN 1   2551                      2447    104     2797
..................................................................


WIND (MPH)
  HIGHEST WIND SPEED    16   HIGHEST WIND DIRECTION     E (100)
  HIGHEST GUST SPEED    23   HIGHEST GUST DIRECTION     E (80)
  AVERAGE WIND SPEED     5.6


SKY COVER
  POSSIBLE SUNSHINE  MM
  AVERAGE SKY COVER 0.3


WEATHER CONDITIONS
 THE FOLLOWING WEATHER WAS RECORDED TODAY.
  LIGHT RAIN


RELATIVE HUMIDITY (PERCENT)
 HIGHEST    97
 LOWEST     70
 AVERAGE    84

..........................................................


THE KEY WEST CLIMATE NORMALS FOR TOMORROW
                         NORMAL    RECORD    YEAR
 MAXIMUM TEMPERATURE (F)   90        96      1880
 MINIMUM TEMPERATURE (F)   80        70      1919


SUNRISE AND SUNSET
JULY 24 2016..........SUNRISE   652 AM EDT   SUNSET   815 PM EDT
JULY 25 2016..........SUNRISE   652 AM EDT   SUNSET   814 PM EDT


-  INDICATES NEGATIVE NUMBERS.
R  INDICATES RECORD WAS SET OR TIED.
MM INDICATES DATA IS MISSING.
T  INDICATES TRACE AMOUNT.




$$
