000
CDUS42 KKEY 250630
CLIEYW

CLIMATE REPORT
NATIONAL WEATHER SERVICE KEY WEST, FL

1245 AM EST SUN JAN 25 2015


...................................

...THE KEY WEST CLIMATE SUMMARY FOR JANUARY 24 2015...

CLIMATE NORMAL PERIOD 1981 TO 2010
CLIMATE RECORD PERIOD 1871 TO 2015


WEATHER ITEM   OBSERVED TIME   RECORD YEAR NORMAL DEPARTURE LAST
                VALUE   (LST)  VALUE       VALUE  FROM      YEAR
                                                  NORMAL
..................................................................
TEMPERATURE (F)
 YESTERDAY
  MAXIMUM         76    800 AM  83    2007  74      2       68
                                      1881
                                      1880
  MINIMUM         66   1159 PM  45    2003  64      2       61
  AVERAGE         71                        69      2       65

PRECIPITATION (IN)
  YESTERDAY        0.04          1.77 1899   0.07  -0.03     0.00
  MONTH TO DATE    1.03                      1.60  -0.57     4.99
  SINCE DEC 1      3.28                      3.82  -0.54     6.08
  SINCE JAN 1      1.03                      1.60  -0.57     4.99

SNOWFALL (IN)
  YESTERDAY        0.0
  MONTH TO DATE    0.0
  SINCE DEC 1      0.0
  SINCE JUL 1      0.0
  SNOW DEPTH       0

DEGREE DAYS
 HEATING
  YESTERDAY        0                         1     -1        0
  MONTH TO DATE    0                        24    -24       22
  SINCE DEC 1      5                        41    -36       22
  SINCE JUL 1      6                        42    -36       22

 COOLING
  YESTERDAY        6                         5      1        0
  MONTH TO DATE  216                       122     94      114
  SINCE DEC 1    469                       339    130      454
  SINCE JAN 1    216                       122     94      114
..................................................................


WIND (MPH)
  HIGHEST WIND SPEED    24   HIGHEST WIND DIRECTION    NW (330)
  HIGHEST GUST SPEED    32   HIGHEST GUST DIRECTION    NW (330)
  AVERAGE WIND SPEED    13.9


SKY COVER
  POSSIBLE SUNSHINE  MM
  AVERAGE SKY COVER 0.5


WEATHER CONDITIONS
 THE FOLLOWING WEATHER WAS RECORDED YESTERDAY.
  RAIN
  LIGHT RAIN
  FOG


RELATIVE HUMIDITY (PERCENT)
 HIGHEST    90
 LOWEST     68
 AVERAGE    79

..........................................................


THE KEY WEST CLIMATE NORMALS FOR TODAY
                         NORMAL    RECORD    YEAR
 MAXIMUM TEMPERATURE (F)   75        84      1991
                                             1957
 MINIMUM TEMPERATURE (F)   64        49      1940


SUNRISE AND SUNSET
JANUARY 25 2015.......SUNRISE   711 AM EST   SUNSET   607 PM EST
JANUARY 26 2015.......SUNRISE   711 AM EST   SUNSET   608 PM EST


-  INDICATES NEGATIVE NUMBERS.
R  INDICATES RECORD WAS SET OR TIED.
MM INDICATES DATA IS MISSING.
T  INDICATES TRACE AMOUNT.




$$
