000
CDUS42 KKEY 232122
CLIEYW


CLIMATE REPORT
NATIONAL WEATHER SERVICE KEY WEST, FL
422 PM EST FRI FEB 23 2018


...................................

...THE KEY WEST CLIMATE SUMMARY FOR FEBRUARY 23 2018...
VALID TODAY AS OF 0400 PM LOCAL TIME.

CLIMATE NORMAL PERIOD 1981 TO 2010
CLIMATE RECORD PERIOD 1871 TO 2018


WEATHER ITEM   OBSERVED TIME   RECORD YEAR NORMAL DEPARTURE LAST
                VALUE   (LST)  VALUE       VALUE  FROM      YEAR
                                                  NORMAL
..................................................................
TEMPERATURE (F)
 TODAY
  MAXIMUM         83    134 PM  84    1994  77      6       76
                                      1992
                                      1990
  MINIMUM         73    222 AM  48    1978  67      6       68
  AVERAGE         78                        72      6       72

PRECIPITATION (IN)
  TODAY            0.01          1.71 1932   0.06  -0.05      T
  MONTH TO DATE    0.27                      1.18  -0.91     2.05
  SINCE DEC 1      2.45                      5.44  -2.99     4.79
  SINCE JAN 1      1.17                      3.22  -2.05     3.05

SNOWFALL (IN)
  TODAY            0.0
  MONTH TO DATE    0.0
  SINCE DEC 1      0.0
  SINCE JUL 1      0.0
  SNOW DEPTH       0

DEGREE DAYS
 HEATING
  TODAY            0                         0      0        0
  MONTH TO DATE    0                        19    -19        0
  SINCE DEC 1     42                        69    -27        5
  SINCE JUL 1     42                        70    -28        5

 COOLING
  TODAY           13                         7      6        7
  MONTH TO DATE  269                       148    121      221
  SINCE DEC 1    648                       530    118      875
  SINCE JAN 1    388                       313     75      482
..................................................................


WIND (MPH)
  HIGHEST WIND SPEED    MM   HIGHEST WIND DIRECTION    MM
  HIGHEST GUST SPEED    31   HIGHEST GUST DIRECTION    MM
  AVERAGE WIND SPEED    15.2


SKY COVER
  POSSIBLE SUNSHINE  MM
  AVERAGE SKY COVER 0.3


WEATHER CONDITIONS
 THE FOLLOWING WEATHER WAS RECORDED TODAY.
  NO SIGNIFICANT WEATHER WAS OBSERVED.


RELATIVE HUMIDITY (PERCENT)
 HIGHEST    84
 LOWEST     58
 AVERAGE    71

..........................................................


THE KEY WEST CLIMATE NORMALS FOR TOMORROW
                         NORMAL    RECORD    YEAR
 MAXIMUM TEMPERATURE (F)   77        84      2008
                                             1994
                                             1962
 MINIMUM TEMPERATURE (F)   67        53      1901


SUNRISE AND SUNSET
FEBRUARY 23 2018......SUNRISE   655 AM EST   SUNSET   626 PM EST
FEBRUARY 24 2018......SUNRISE   654 AM EST   SUNSET   627 PM EST


-  INDICATES NEGATIVE NUMBERS.
R  INDICATES RECORD WAS SET OR TIED.
MM INDICATES DATA IS MISSING.
T  INDICATES TRACE AMOUNT.




$$
