000
CDUS42 KKEY 232120
CLIEYW


CLIMATE REPORT
NATIONAL WEATHER SERVICE KEY WEST, FL
420 PM EST THU NOV 23 2017


...................................

...THE KEY WEST CLIMATE SUMMARY FOR NOVEMBER 23 2017...
VALID TODAY AS OF 0400 PM LOCAL TIME.

CLIMATE NORMAL PERIOD 1981 TO 2010
CLIMATE RECORD PERIOD 1871 TO 2017


WEATHER ITEM   OBSERVED TIME   RECORD YEAR NORMAL DEPARTURE LAST
                VALUE   (LST)  VALUE       VALUE  FROM      YEAR
                                                  NORMAL
..................................................................
TEMPERATURE (F)
 TODAY
  MAXIMUM         81    316 PM  86    1957  79      2       81
  MINIMUM         72    515 AM  58    1944  71      1       70
  AVERAGE         77                        75      2       76

PRECIPITATION (IN)
  TODAY            0.81R         0.78 1881   0.06   0.75     0.00
  MONTH TO DATE    1.27                      1.76  -0.49     0.03
  SINCE SEP 1     16.36                     13.40   2.96    10.19
  SINCE JAN 1     36.60                     37.07  -0.47    35.53

SNOWFALL (IN)
  TODAY            0.0
  MONTH TO DATE    0.0
  SINCE SEP 1      0.0
  SINCE JUL 1      0.0
  SNOW DEPTH       0

DEGREE DAYS
 HEATING
  TODAY            0                         0      0        0
  MONTH TO DATE    0                         0      0        0
  SINCE SEP 1      0                         0      0        0
  SINCE JUL 1      0                         0      0        0

 COOLING
  TODAY           12                        10      2       11
  MONTH TO DATE  298                       260     38      267
  SINCE SEP 1   1390                      1279    111     1361
  SINCE JAN 1   5021                      4468    553     4668
..................................................................


WIND (MPH)
  HIGHEST WIND SPEED    23   HIGHEST WIND DIRECTION     W (250)
  HIGHEST GUST SPEED    27   HIGHEST GUST DIRECTION     W (260)
  AVERAGE WIND SPEED     7.8


SKY COVER
  POSSIBLE SUNSHINE  MM
  AVERAGE SKY COVER 0.3


WEATHER CONDITIONS
 THE FOLLOWING WEATHER WAS RECORDED TODAY.
  THUNDERSTORM
  HEAVY RAIN
  RAIN
  LIGHT RAIN
  FOG


RELATIVE HUMIDITY (PERCENT)
 HIGHEST    93
 LOWEST     74
 AVERAGE    84

..........................................................


THE KEY WEST CLIMATE NORMALS FOR TOMORROW
                         NORMAL    RECORD    YEAR
 MAXIMUM TEMPERATURE (F)   79        87      1957
                                             1948
 MINIMUM TEMPERATURE (F)   71        51      1970


SUNRISE AND SUNSET
NOVEMBER 23 2017......SUNRISE   649 AM EST   SUNSET   538 PM EST
NOVEMBER 24 2017......SUNRISE   649 AM EST   SUNSET   538 PM EST


-  INDICATES NEGATIVE NUMBERS.
R  INDICATES RECORD WAS SET OR TIED.
MM INDICATES DATA IS MISSING.
T  INDICATES TRACE AMOUNT.




$$
