000
CDUS42 KKEY 280530
CLIEYW

CLIMATE REPORT
NATIONAL WEATHER SERVICE KEY WEST, FL
128 AM EDT SAT MAY 28 2016

...................................

...THE KEY WEST CLIMATE SUMMARY FOR MAY 27 2016...

CLIMATE NORMAL PERIOD 1981 TO 2010
CLIMATE RECORD PERIOD 1871 TO 2016


WEATHER ITEM   OBSERVED TIME   RECORD YEAR NORMAL DEPARTURE LAST
                VALUE   (LST)  VALUE       VALUE  FROM      YEAR
                                                  NORMAL
..................................................................
TEMPERATURE (F)
 YESTERDAY
  MAXIMUM         87   1259 PM  90    2000  86      1       87
                                      1989
                                      1955
  MINIMUM         75    227 AM  70    1894  77     -2       78
  AVERAGE         81                        82     -1       83

PRECIPITATION (IN)
  YESTERDAY        0.07          2.95 1984   0.13  -0.06     0.01
  MONTH TO DATE    2.37                      2.43  -0.06     1.12
  SINCE MAR 1      4.07                      6.53  -2.46     9.20
  SINCE JAN 1     11.15                     10.06   1.09    12.43

SNOWFALL (IN)
  YESTERDAY        0.0
  MONTH TO DATE    0.0
  SINCE MAR 1      0.0
  SINCE JUL 1      0.0
  SNOW DEPTH       0

DEGREE DAYS
 HEATING
  YESTERDAY        0                         0      0        0
  MONTH TO DATE    0                         0      0        0
  SINCE MAR 1      0                         7     -7        0
  SINCE JUL 1     24                        73    -49       27

 COOLING
  YESTERDAY       16                        17     -1       18
  MONTH TO DATE  399                       409    -10      446
  SINCE MAR 1   1092                      1015     77     1290
  SINCE JAN 1   1420                      1363     57     1648
..................................................................


WIND (MPH)
  HIGHEST WIND SPEED    16   HIGHEST WIND DIRECTION     E (110)
  HIGHEST GUST SPEED    21   HIGHEST GUST DIRECTION    NE (50)
  AVERAGE WIND SPEED     9.2


SKY COVER
  POSSIBLE SUNSHINE  MM
  AVERAGE SKY COVER 0.2


WEATHER CONDITIONS
 THE FOLLOWING WEATHER WAS RECORDED YESTERDAY.
  LIGHT RAIN


RELATIVE HUMIDITY (PERCENT)
 HIGHEST    79
 LOWEST     55
 AVERAGE    67

..........................................................


THE KEY WEST CLIMATE NORMALS FOR TODAY
                         NORMAL    RECORD    YEAR
 MAXIMUM TEMPERATURE (F)   86        92      1953
 MINIMUM TEMPERATURE (F)   77        68      1916


SUNRISE AND SUNSET
MAY 28 2016...........SUNRISE   639 AM EDT   SUNSET   810 PM EDT
MAY 29 2016...........SUNRISE   639 AM EDT   SUNSET   811 PM EDT


-  INDICATES NEGATIVE NUMBERS.
R  INDICATES RECORD WAS SET OR TIED.
MM INDICATES DATA IS MISSING.
T  INDICATES TRACE AMOUNT.

$$

APA
