000
CDUS42 KKEY 290536
CLIEYW

CLIMATE REPORT
NATIONAL WEATHER SERVICE KEY WEST, FL
129 AM EDT FRI AUG 29 2014


...................................

...THE KEY WEST CLIMATE SUMMARY FOR AUGUST 28 2014...

CLIMATE NORMAL PERIOD 1981 TO 2010
CLIMATE RECORD PERIOD 1871 TO 2014


WEATHER ITEM   OBSERVED TIME   RECORD YEAR NORMAL DEPARTURE LAST
               VALUE    (LST)  VALUE       VALUE  FROM      YEAR
                                                  NORMAL
..................................................................
TEMPERATURE (F)
 YESTERDAY
  MAXIMUM         89    519 PM  95    1881  89      0       86
  MINIMUM         82   1215 AM  71    1908  79      3       76
  AVERAGE         86                        84      2       81

PRECIPITATION (IN)
  YESTERDAY        0.00          2.10 1926   0.21  -0.21      T
  MONTH TO DATE    3.16                      4.78  -1.62     4.38
  SINCE JUN 1      8.40                     12.44  -4.04    20.72
  SINCE JAN 1     21.25                     23.07  -1.82    35.51

SNOWFALL (IN)
  YESTERDAY        0.0
  MONTH TO DATE    0.0
  SINCE JUN 1      0.0
  SINCE JUL 1      0.0
  SNOW DEPTH       0

DEGREE DAYS
 HEATING
  YESTERDAY        0                         0      0        0
  MONTH TO DATE    0                         0      0        0
  SINCE JUN 1      0                         0      0        0
  SINCE JUL 1      0                         0      0        0

 COOLING
  YESTERDAY       21                        19      2       16
  MONTH TO DATE  607                       549     58      522
  SINCE JUN 1   1832                      1704    128     1636
  SINCE JAN 1   3454                      3134    320     3265
..................................................................


WIND (MPH)
  HIGHEST WIND SPEED    21   HIGHEST WIND DIRECTION     S (170)
  HIGHEST GUST SPEED    25   HIGHEST GUST DIRECTION     S (180)
  AVERAGE WIND SPEED    11.0


SKY COVER
  POSSIBLE SUNSHINE  MM
  AVERAGE SKY COVER 0.1


WEATHER CONDITIONS
 THE FOLLOWING WEATHER WAS RECORDED YESTERDAY.
  NO SIGNIFICANT WEATHER WAS OBSERVED.


RELATIVE HUMIDITY (PERCENT)
 HIGHEST    80
 LOWEST     63
 AVERAGE    72

..........................................................


THE KEY WEST CLIMATE NORMALS FOR TODAY
                         NORMAL    RECORD    YEAR
 MAXIMUM TEMPERATURE (F)   89        95      1881
 MINIMUM TEMPERATURE (F)   79        70      1889


SUNRISE AND SUNSET
AUGUST 29 2014........SUNRISE   707 AM EDT   SUNSET   748 PM EDT
AUGUST 30 2014........SUNRISE   707 AM EDT   SUNSET   747 PM EDT


-  INDICATES NEGATIVE NUMBERS.
R  INDICATES RECORD WAS SET OR TIED.
MM INDICATES DATA IS MISSING.
T  INDICATES TRACE AMOUNT.


$$
