000
CDAK49 PAFG 300936
CLIFAI

CLIMATE REPORT
NATIONAL WEATHER SERVICE FAIRBANKS AK
136 AM AKDT SAT APR 30 2016

...................................

...THE FAIRBANKS AK CLIMATE SUMMARY FOR APRIL 29 2016...

CLIMATE NORMAL PERIOD 1981 TO 2010
CLIMATE RECORD PERIOD 1904 TO 2016


WEATHER ITEM   OBSERVED TIME   RECORD YEAR NORMAL DEPARTURE LAST
                VALUE   (LST)  VALUE       VALUE  FROM      YEAR
                                                  NORMAL
..................................................................
TEMPERATURE (F)
 YESTERDAY
  MAXIMUM         60    430 PM  74    2009  53      7       53
  MINIMUM         31    405 AM  13    1927  30      1       31
  AVERAGE         46                        42      4       42

PRECIPITATION (IN)
  YESTERDAY        0.00          0.44 2002   0.01  -0.01     0.00
  MONTH TO DATE    0.52                      0.29   0.23     0.16
  SINCE MAR 1      1.05                      0.54   0.51     0.65
  SINCE JAN 1      1.11                      1.54  -0.43     1.28

SNOWFALL (IN)
  YESTERDAY        0.0           1.1  1934   0.0    0.0      0.0
  MONTH TO DATE    3.7                       2.8    0.9      2.1
  SINCE MAR 1      7.4                       7.7   -0.3     10.2
  SINCE JUL 1     60.0                      64.0   -4.0     43.8
  SNOW DEPTH       0

DEGREE DAYS
 HEATING
  YESTERDAY       19                        23     -4       23
  MONTH TO DATE  651                       951   -300      820
  SINCE MAR 1   2047                      2611   -564     2347
  SINCE JUL 1  11453                     13001  -1548    11814

 COOLING
  YESTERDAY        0                         0      0        0
  MONTH TO DATE    0                         0      0        0
  SINCE MAR 1      0                         0      0        0
  SINCE JAN 1      0                         0      0        0
..................................................................


WIND (MPH)
  HIGHEST GUST SPEED    13   HIGHEST GUST DIRECTION     S (200)


SKY COVER
  AVERAGE SKY COVER 0.7


WEATHER CONDITIONS
 THE FOLLOWING WEATHER WAS RECORDED YESTERDAY.
  NO SIGNIFICANT WEATHER WAS OBSERVED.


RELATIVE HUMIDITY (PERCENT)
 HIGHEST    85
 LOWEST     23
 AVERAGE    54

..........................................................


THE FAIRBANKS AK CLIMATE NORMALS FOR TODAY
                         NORMAL    RECORD    YEAR
 MAXIMUM TEMPERATURE (F)   54        76      2009
 MINIMUM TEMPERATURE (F)   31         8      1937


SUNRISE AND SUNSET
APRIL 30 2016..........SUNRISE  520 AM AKDT   SUNSET  1021 PM AKDT
MAY 01 2016..........SUNRISE  516 AM AKDT   SUNSET  1024 PM AKDT


-  INDICATES NEGATIVE NUMBERS.
R  INDICATES RECORD WAS SET OR TIED.
MM INDICATES DATA IS MISSING.
T  INDICATES TRACE AMOUNT.

&&

SNOW DEPTH IS MEASURED AT 3AM AKST/4AM AKDT

----------------------------
AVAILABLE DAYLIGHT

AMOUNT OF DAYLIGHT TODAY  (HOUR:MIN)........17:01
GAIN SINCE YESTERDAY........................7 MINUTES
----------------------------

$$
CF APR 16
