000
CDAK49 PAFG 220939
CLIFAI

CLIMATE REPORT
NATIONAL WEATHER SERVICE FAIRBANKS AK
139 AM AKDT MON SEP 22 2014

...................................

...THE FAIRBANKS AK CLIMATE SUMMARY FOR SEPTEMBER 21 2014...

CLIMATE NORMAL PERIOD 1981 TO 2010
CLIMATE RECORD PERIOD 1904 TO 2014


WEATHER ITEM   OBSERVED TIME   RECORD YEAR NORMAL DEPARTURE LAST
                VALUE   (LST)  VALUE       VALUE  FROM      YEAR
                                                  NORMAL
..................................................................
TEMPERATURE (F)
 YESTERDAY
  MAXIMUM         48   1248 AM  78    1995  52     -4       44
  MINIMUM         36   1159 PM  12    1910  33      3       24
  AVERAGE         42                        42      0       34

PRECIPITATION (IN)
  YESTERDAY        0.07          0.41 1923   0.03   0.04     0.00
  MONTH TO DATE    2.67                      0.83   1.84     1.66
  SINCE SEP 1      2.67                      0.83   1.84     1.66
  SINCE JAN 1     15.39                      8.40   6.99     7.46

SNOWFALL (IN)
  YESTERDAY        0.0           2.1  1985   0.1   -0.1      0.0
  MONTH TO DATE    0.0                       0.8   -0.8      0.6
  SINCE SEP 1      0.0                       0.8   -0.8      0.6
  SINCE JUL 1      0.0                       0.8   -0.8      0.6
  SNOW DEPTH       0

DEGREE DAYS
 HEATING
  YESTERDAY       23                        23      0       31
  MONTH TO DATE  300                       377    -77      397
  SINCE SEP 1    300                       377    -77      397
  SINCE JUL 1    621                       766   -145      656

 COOLING
  YESTERDAY        0                         0      0        0
  MONTH TO DATE    0                         0      0        0
  SINCE SEP 1      0                         0      0        0
  SINCE JAN 1     27                        61    -34      226
..................................................................


WIND (MPH)
  HIGHEST GUST SPEED    16   HIGHEST GUST DIRECTION     W (260)


SKY COVER
  AVERAGE SKY COVER 0.9


WEATHER CONDITIONS
 THE FOLLOWING WEATHER WAS RECORDED YESTERDAY.
  LIGHT RAIN


RELATIVE HUMIDITY (PERCENT)
 HIGHEST    93
 LOWEST     62
 AVERAGE    78

..........................................................


THE FAIRBANKS AK CLIMATE NORMALS FOR TODAY
                         NORMAL    RECORD    YEAR
 MAXIMUM TEMPERATURE (F)   51        73      1995
 MINIMUM TEMPERATURE (F)   33        12      1992


SUNRISE AND SUNSET
SEPTEMBER 22 2014..........SUNRISE  735 AM AKDT   SUNSET  752 PM AKDT
SEPTEMBER 23 2014..........SUNRISE  738 AM AKDT   SUNSET  748 PM AKDT


-  INDICATES NEGATIVE NUMBERS.
R  INDICATES RECORD WAS SET OR TIED.
MM INDICATES DATA IS MISSING.
T  INDICATES TRACE AMOUNT.

&&

SNOW DEPTH IS MEASURED AT 3AM AKST/4AM AKDT

----------------------------
AVAILABLE DAYLIGHT

AMOUNT OF DAYLIGHT TODAY  (HOUR:MIN)........12:17
LOSS SINCE YESTERDAY........................6 MINUTES
----------------------------

$$
CCC SEP 14
