000
CDAK49 PAFG 260040
CLIFAI

CLIMATE REPORT
NATIONAL WEATHER SERVICE FAIRBANKS AK
440 PM AKDT SAT MAR 25 2017

...................................

...THE FAIRBANKS AK CLIMATE SUMMARY FOR MARCH 25 2017...
VALID TODAY AS OF 0400 PM LOCAL TIME.

CLIMATE NORMAL PERIOD 1981 TO 2010
CLIMATE RECORD PERIOD 1904 TO 2017


WEATHER ITEM   OBSERVED TIME   RECORD YEAR NORMAL DEPARTURE LAST
                VALUE   (LST)  VALUE       VALUE  FROM      YEAR
                                                  NORMAL
..................................................................
TEMPERATURE (F)
 TODAY
  MAXIMUM         24    237 PM  51    2016  30     -6       51
  MINIMUM        -18    718 AM -39    1935   3    -21       19
  AVERAGE          3                        16    -13       35

PRECIPITATION (IN)
  TODAY            0.00          0.87 1963   0.01  -0.01      T
  MONTH TO DATE    0.07                      0.21  -0.14     0.16
  SINCE MAR 1      0.07                      0.21  -0.14     0.16
  SINCE JAN 1      2.27                      1.21   1.06     0.22

SNOWFALL (IN)
  TODAY            0.0          12.6  1963   0.2   -0.2      0.0
  MONTH TO DATE    1.7                       4.1   -2.4      3.5
  SINCE MAR 1      1.7                       4.1   -2.4      3.5
  SINCE JUL 1     80.1                      60.4   19.7     56.1
  SNOW DEPTH      26

DEGREE DAYS
 HEATING
  TODAY           62                        49     13       30
  MONTH TO DATE 1805                      1384    421     1216
  SINCE MAR 1   1805                      1384    421     1216
  SINCE JUL 1  11935                     11774    161    10622

 COOLING
  TODAY            0                         0      0        0
  MONTH TO DATE    0                         0      0        0
  SINCE MAR 1      0                         0      0        0
  SINCE JAN 1      0                         0      0        0
..................................................................


WIND (MPH)
  HIGHEST GUST SPEED     8   HIGHEST GUST DIRECTION    NE (60)


SKY COVER
  AVERAGE SKY COVER 0.1


WEATHER CONDITIONS
 THE FOLLOWING WEATHER WAS RECORDED TODAY.
  NO SIGNIFICANT WEATHER WAS OBSERVED.


RELATIVE HUMIDITY (PERCENT)
 HIGHEST    86
 LOWEST     41
 AVERAGE    64

..........................................................


THE FAIRBANKS AK CLIMATE NORMALS FOR TOMORROW
                         NORMAL    RECORD    YEAR
 MAXIMUM TEMPERATURE (F)   31        52      2015
 MINIMUM TEMPERATURE (F)    3       -35      1925


SUNRISE AND SUNSET
MARCH 25 2017..........SUNRISE  732 AM AKDT   SUNSET  824 PM AKDT
MARCH 26 2017..........SUNRISE  728 AM AKDT   SUNSET  827 PM AKDT


-  INDICATES NEGATIVE NUMBERS.
R  INDICATES RECORD WAS SET OR TIED.
MM INDICATES DATA IS MISSING.
T  INDICATES TRACE AMOUNT.

&&

SNOW DEPTH IS MEASURED AT 3AM AKST/4AM AKDT

----------------------------
AVAILABLE DAYLIGHT

AMOUNT OF DAYLIGHT TODAY  (HOUR:MIN)........12:52
GAIN SINCE YESTERDAY........................7 MINUTES
----------------------------

$$
HFL MAR 17
