000
CDAK49 PAFG 240940
CLIFAI

CLIMATE REPORT
NATIONAL WEATHER SERVICE FAIRBANKS AK
1240 AM AKST TUE JAN 24 2017

...................................

...THE FAIRBANKS AK CLIMATE SUMMARY FOR JANUARY 23 2017...

CLIMATE NORMAL PERIOD 1981 TO 2010
CLIMATE RECORD PERIOD 1904 TO 2017


WEATHER ITEM   OBSERVED TIME   RECORD YEAR NORMAL DEPARTURE LAST
                VALUE   (LST)  VALUE       VALUE  FROM      YEAR
                                                  NORMAL
..................................................................
TEMPERATURE (F)
 YESTERDAY
  MAXIMUM         -9   1159 PM  39    1981   1    -10        4
  MINIMUM        -39    701 AM -60    1906 -17    -22      -12
  AVERAGE        -24                        -8    -16       -4

PRECIPITATION (IN)
  YESTERDAY        T             0.39 1950   0.01  -0.01     0.00
  MONTH TO DATE    0.86                      0.44   0.42      T
  SINCE DEC 1      2.82                      1.08   1.74     0.07
  SINCE JAN 1      0.86                      0.44   0.42      T

SNOWFALL (IN)
  YESTERDAY        T             6.8  1950   0.2   -0.2      0.0
  MONTH TO DATE   14.4                       7.8    6.6      0.6
  SINCE DEC 1     47.3                      19.9   27.4      1.7
  SINCE JUL 1     52.5                      45.7    6.8     51.8
  SNOW DEPTH      21

DEGREE DAYS
 HEATING
  YESTERDAY       89                        73     16       69
  MONTH TO DATE 1792                      1683    109     1447
  SINCE DEC 1   4058                      3824    234     3519
  SINCE JUL 1   7828                      7955   -127     7307

 COOLING
  YESTERDAY        0                         0      0        0
  MONTH TO DATE    0                         0      0        0
  SINCE DEC 1      0                         0      0        0
  SINCE JAN 1      0                         0      0        0
..................................................................


WIND (MPH)
  HIGHEST GUST SPEED     7   HIGHEST GUST DIRECTION    SW (210)


SKY COVER
  AVERAGE SKY COVER 0.6


WEATHER CONDITIONS
 THE FOLLOWING WEATHER WAS RECORDED YESTERDAY.
  LIGHT SNOW
  FOG


RELATIVE HUMIDITY (PERCENT)
 HIGHEST    86
 LOWEST     72
 AVERAGE    79

..........................................................


THE FAIRBANKS AK CLIMATE NORMALS FOR TODAY
                         NORMAL    RECORD    YEAR
 MAXIMUM TEMPERATURE (F)    1        46      1977
 MINIMUM TEMPERATURE (F)  -17       -60      1911


SUNRISE AND SUNSET
JANUARY 24 2017..........SUNRISE  1000 AM AKST   SUNSET  408 PM AKST
JANUARY 25 2017..........SUNRISE  957 AM AKST   SUNSET  411 PM AKST


-  INDICATES NEGATIVE NUMBERS.
R  INDICATES RECORD WAS SET OR TIED.
MM INDICATES DATA IS MISSING.
T  INDICATES TRACE AMOUNT.

&&

SNOW DEPTH IS MEASURED AT 3AM AKST/4AM AKDT

----------------------------
AVAILABLE DAYLIGHT

AMOUNT OF DAYLIGHT TODAY  (HOUR:MIN)........6:08
GAIN SINCE YESTERDAY........................7 MINUTES
----------------------------

$$
SDB JAN 17
