000
CDAK49 PAFG 270933
CLIFAI

CLIMATE REPORT
NATIONAL WEATHER SERVICE FAIRBANKS AK
133 AM AKDT FRI MAY 27 2016

...................................

...THE FAIRBANKS AK CLIMATE SUMMARY FOR MAY 26 2016...

CLIMATE NORMAL PERIOD 1981 TO 2010
CLIMATE RECORD PERIOD 1904 TO 2016


WEATHER ITEM   OBSERVED TIME   RECORD YEAR NORMAL DEPARTURE LAST
                VALUE   (LST)  VALUE       VALUE  FROM      YEAR
                                                  NORMAL
..................................................................
TEMPERATURE (F)
 YESTERDAY
  MAXIMUM         54    737 PM  80    2011  65    -11       74
                                      2010
                                      2002
  MINIMUM         45    511 AM  30    1920  42      3       53
  AVERAGE         50                        53     -3       64

PRECIPITATION (IN)
  YESTERDAY        0.09          0.59 1944   0.02   0.07     0.00
  MONTH TO DATE    0.78                      0.48   0.30     0.18
  SINCE MAR 1      1.83                      1.04   0.79     0.83
  SINCE JAN 1      1.89                      2.04  -0.15     1.46

SNOWFALL (IN)
  YESTERDAY        0.0           0.0  2002   0.0    0.0      0.0
                                      2001
                                      2000
  MONTH TO DATE    0.0                       0.9   -0.9      0.0
  SINCE MAR 1      7.4                       8.7   -1.3     10.2
  SINCE JUL 1     60.0                      65.0   -5.0     43.8
  SNOW DEPTH       0

DEGREE DAYS
 HEATING
  YESTERDAY       15                        12      3        1
  MONTH TO DATE  324                       433   -109      271
  SINCE MAR 1   2391                      3067   -676     2639
  SINCE JUL 1  11797                     13457  -1660    12106

 COOLING
  YESTERDAY        0                         0      0        0
  MONTH TO DATE    6                         0      6        2
  SINCE MAR 1      6                         0      6        2
  SINCE JAN 1      6                         0      6        2
..................................................................


WIND (MPH)
  HIGHEST GUST SPEED    14   HIGHEST GUST DIRECTION     S (200)


SKY COVER
  AVERAGE SKY COVER 0.8


WEATHER CONDITIONS
 THE FOLLOWING WEATHER WAS RECORDED YESTERDAY.
  LIGHT RAIN


RELATIVE HUMIDITY (PERCENT)
 HIGHEST    93
 LOWEST     66
 AVERAGE    80

..........................................................


THE FAIRBANKS AK CLIMATE NORMALS FOR TODAY
                         NORMAL    RECORD    YEAR
 MAXIMUM TEMPERATURE (F)   65        85      2011
 MINIMUM TEMPERATURE (F)   42        28      1927


SUNRISE AND SUNSET
MAY 27 2016..........SUNRISE  347 AM AKDT   SUNSET  1154 PM AKDT
MAY 28 2016..........SUNRISE  344 AM AKDT   SUNSET  1158 PM AKDT


-  INDICATES NEGATIVE NUMBERS.
R  INDICATES RECORD WAS SET OR TIED.
MM INDICATES DATA IS MISSING.
T  INDICATES TRACE AMOUNT.

&&

SNOW DEPTH IS MEASURED AT 3AM AKST/4AM AKDT

----------------------------
AVAILABLE DAYLIGHT

AMOUNT OF DAYLIGHT TODAY  (HOUR:MIN)........20:07
GAIN SINCE YESTERDAY........................6 MINUTES
----------------------------

$$
SDB MAY 16
