000
CDAK49 PAFG 110033
CLIFAI

CLIMATE REPORT
NATIONAL WEATHER SERVICE FAIRBANKS AK
433 PM AKDT THU JUL 10 2014

...................................

...THE FAIRBANKS AK CLIMATE SUMMARY FOR JULY 9 2014...

CLIMATE NORMAL PERIOD 1981 TO 2010
CLIMATE RECORD PERIOD 1904 TO 2014


WEATHER ITEM   OBSERVED TIME   RECORD YEAR NORMAL DEPARTURE LAST
                VALUE   (LST)  VALUE       VALUE  FROM      YEAR
                                                  NORMAL
..................................................................
TEMPERATURE (F)
 YESTERDAY
  MAXIMUM         77    544 PM  87    1915  74      3       67
  MINIMUM         54    357 AM  38    1934  53      1       52
  AVERAGE         66                        64      2       60

PRECIPITATION (IN)
  YESTERDAY        0.00          0.52 1917   0.06  -0.06      T
  MONTH TO DATE    4.49                      0.56   3.93     0.28
  SINCE JUN 1      8.05                      1.93   6.12     0.71
  SINCE JAN 1      9.14                      4.09   5.05     3.05

SNOWFALL (IN)
  YESTERDAY        0.0           0.0  2002   0.0    0.0      0.0
                                      2001
                                      2000
  MONTH TO DATE    0.0                       0.0    0.0      0.0
  SINCE JUN 1      0.0                       0.0    0.0      0.0
  SINCE JUL 1      0.0                       0.0    0.0      0.0
  SNOW DEPTH       0

DEGREE DAYS
 HEATING
  YESTERDAY        0                         3     -3        5
  MONTH TO DATE   15                        27    -12       38
  SINCE JUN 1    207                       187     20      109
  SINCE JUL 1     15                        27    -12       38

 COOLING
  YESTERDAY        1                         1      0        0
  MONTH TO DATE   17                        13      4        5
  SINCE JUN 1     18                        36    -18      140
  SINCE JAN 1     18                        37    -19      153
..................................................................


WIND (MPH)
  HIGHEST GUST SPEED    18   HIGHEST GUST DIRECTION     W (260)


SKY COVER
  AVERAGE SKY COVER 0.8


WEATHER CONDITIONS
 THE FOLLOWING WEATHER WAS RECORDED YESTERDAY.
  NO SIGNIFICANT WEATHER WAS OBSERVED.


RELATIVE HUMIDITY (PERCENT)
 HIGHEST    86
 LOWEST     29
 AVERAGE    58

..........................................................


THE FAIRBANKS AK CLIMATE NORMALS FOR TODAY
                         NORMAL    RECORD    YEAR
 MAXIMUM TEMPERATURE (F)   74        94      1975
 MINIMUM TEMPERATURE (F)   53        34      1934


SUNRISE AND SUNSET
JULY 10 2014..........SUNRISE  338 AM AKDT   SUNSET  1214 AM AKDT
JULY 11 2014..........SUNRISE  341 AM AKDT   SUNSET  1211 AM AKDT


-  INDICATES NEGATIVE NUMBERS.
R  INDICATES RECORD WAS SET OR TIED.
MM INDICATES DATA IS MISSING.
T  INDICATES TRACE AMOUNT.

&&

SNOW DEPTH IS MEASURED AT 3AM AKST/4AM AKDT

----------------------------
AVAILABLE DAYLIGHT

AMOUNT OF DAYLIGHT TODAY  (HOUR:MIN)........20:36
LOSS SINCE YESTERDAY........................6 MINUTES
----------------------------

$$
RM JUL 14
