000
CDAK49 PAFG 260955
CLIFAI

CLIMATE REPORT
NATIONAL WEATHER SERVICE FAIRBANKS AK
155 AM AKDT WED APR 26 2017

...................................

...THE FAIRBANKS AK CLIMATE SUMMARY FOR APRIL 25 2017...

CLIMATE NORMAL PERIOD 1981 TO 2010
CLIMATE RECORD PERIOD 1904 TO 2017


WEATHER ITEM   OBSERVED TIME   RECORD YEAR NORMAL DEPARTURE LAST
                VALUE   (LST)  VALUE       VALUE  FROM      YEAR
                                                  NORMAL
..................................................................
TEMPERATURE (F)
 YESTERDAY
  MAXIMUM         56    350 PM  69    1997  51      5       67
                                      1940
  MINIMUM         33   1155 PM   0    1948  28      5       39
  AVERAGE         45                        39      6       53

PRECIPITATION (IN)
  YESTERDAY        0.00          0.20 2002   0.02  -0.02     0.02
  MONTH TO DATE    0.09                      0.24  -0.15     0.23
  SINCE MAR 1      0.26                      0.49  -0.23     0.76
  SINCE JAN 1      2.46                      1.49   0.97     0.82

SNOWFALL (IN)
  YESTERDAY        0.0           2.0  2002   0.1   -0.1      0.0
  MONTH TO DATE    1.2                       2.6   -1.4      3.7
  SINCE MAR 1      4.7                       7.5   -2.8      7.4
  SINCE JUL 1     83.1                      63.8   19.3     60.0
  SNOW DEPTH       6

DEGREE DAYS
 HEATING
  YESTERDAY       20                        26     -6       12
  MONTH TO DATE  746                       855   -109      591
  SINCE MAR 1   2845                      2515    330     1987
  SINCE JUL 1  12975                     12905     70    11393

 COOLING
  YESTERDAY        0                         0      0        0
  MONTH TO DATE    0                         0      0        0
  SINCE MAR 1      0                         0      0        0
  SINCE JAN 1      0                         0      0        0
..................................................................


WIND (MPH)
  HIGHEST GUST SPEED    14   HIGHEST GUST DIRECTION     N (360)


SKY COVER
  AVERAGE SKY COVER 0.8


WEATHER CONDITIONS
 THE FOLLOWING WEATHER WAS RECORDED YESTERDAY.
  NO SIGNIFICANT WEATHER WAS OBSERVED.


RELATIVE HUMIDITY (PERCENT)
 HIGHEST    64
 LOWEST     38
 AVERAGE    51

..........................................................


THE FAIRBANKS AK CLIMATE NORMALS FOR TODAY
                         NORMAL    RECORD    YEAR
 MAXIMUM TEMPERATURE (F)   52        69      1994
                                             1940
 MINIMUM TEMPERATURE (F)   29         4      1924


SUNRISE AND SUNSET
APRIL 26 2017..........SUNRISE  535 AM AKDT   SUNSET  1006 PM AKDT
APRIL 27 2017..........SUNRISE  531 AM AKDT   SUNSET  1009 PM AKDT


-  INDICATES NEGATIVE NUMBERS.
R  INDICATES RECORD WAS SET OR TIED.
MM INDICATES DATA IS MISSING.
T  INDICATES TRACE AMOUNT.

&&

SNOW DEPTH IS MEASURED AT 3AM AKST/4AM AKDT

----------------------------
AVAILABLE DAYLIGHT

AMOUNT OF DAYLIGHT TODAY  (HOUR:MIN)........16:31
GAIN SINCE YESTERDAY........................8 MINUTES
----------------------------

$$
SDB APR 17
