000
CDAK49 PAFG 100040
CLIFAI

CLIMATE REPORT
NATIONAL WEATHER SERVICE FAIRBANKS AK
340 PM AKST FRI DEC 9 2016

...................................

...THE FAIRBANKS AK CLIMATE SUMMARY FOR DECEMBER 9 2016...
VALID TODAY AS OF 0300 PM LOCAL TIME.

CLIMATE NORMAL PERIOD 1981 TO 2010
CLIMATE RECORD PERIOD 1904 TO 2016


WEATHER ITEM   OBSERVED TIME   RECORD YEAR NORMAL DEPARTURE LAST
                VALUE   (LST)  VALUE       VALUE  FROM      YEAR
                                                  NORMAL
..................................................................
TEMPERATURE (F)
 TODAY
  MAXIMUM        -17    310 AM  42    1960   6    -23        0
  MINIMUM        -24    252 PM -55    1935 -10    -14      -21
  AVERAGE        -20                        -3    -17      -10

PRECIPITATION (IN)
  TODAY            0.00          0.37 1972   0.02  -0.02      T
                                      1961
  MONTH TO DATE    0.41                      0.17   0.24     0.02
  SINCE DEC 1      0.41                      0.17   0.24     0.02
  SINCE JAN 1     14.51                     10.34   4.17    14.33

SNOWFALL (IN)
  TODAY            0.0           4.8  1972   0.3   -0.3       T
  MONTH TO DATE    6.8                       3.3    3.5      0.3
  SINCE DEC 1      6.8                       3.3    3.5      0.3
  SINCE JUL 1     12.0                      29.1  -17.1     50.4
  SNOW DEPTH       7

DEGREE DAYS
 HEATING
  TODAY           85                        68     17       75
  MONTH TO DATE  760                       609    151      629
  SINCE DEC 1    760                       609    151      629
  SINCE JUL 1   4530                      4740   -210     4417

 COOLING
  TODAY            0                         0      0        0
  MONTH TO DATE    0                         0      0        0
  SINCE DEC 1      0                         0      0        0
  SINCE JAN 1     76                        61     15       62
..................................................................


WIND (MPH)
  HIGHEST GUST SPEED     8   HIGHEST GUST DIRECTION    NE (30)


SKY COVER
  AVERAGE SKY COVER 0.1


WEATHER CONDITIONS
 THE FOLLOWING WEATHER WAS RECORDED TODAY.
  NO SIGNIFICANT WEATHER WAS OBSERVED.


RELATIVE HUMIDITY (PERCENT)
 HIGHEST    78
 LOWEST     69
 AVERAGE    74

..........................................................


THE FAIRBANKS AK CLIMATE NORMALS FOR TOMORROW
                         NORMAL    RECORD    YEAR
 MAXIMUM TEMPERATURE (F)    6        45      1940
 MINIMUM TEMPERATURE (F)  -10       -55      1935


SUNRISE AND SUNSET
DECEMBER 09 2016..........SUNRISE  1042 AM AKST   SUNSET  246 PM AKST
DECEMBER 10 2016..........SUNRISE  1044 AM AKST   SUNSET  245 PM AKST


-  INDICATES NEGATIVE NUMBERS.
R  INDICATES RECORD WAS SET OR TIED.
MM INDICATES DATA IS MISSING.
T  INDICATES TRACE AMOUNT.

&&

SNOW DEPTH IS MEASURED AT 3AM AKST/4AM AKDT

----------------------------
AVAILABLE DAYLIGHT

AMOUNT OF DAYLIGHT TODAY  (HOUR:MIN)........4:04
LOSS SINCE YESTERDAY........................3 MINUTES
----------------------------

$$
HFL DEC 16
