000
CDAK49 PAFG 200039
CLIFAI

CLIMATE REPORT
NATIONAL WEATHER SERVICE FAIRBANKS AK
439 PM AKDT SUN OCT 19 2014

...................................

...THE FAIRBANKS AK CLIMATE SUMMARY FOR OCTOBER 19 2014...
VALID TODAY AS OF 0400 PM LOCAL TIME.

CLIMATE NORMAL PERIOD 1981 TO 2010
CLIMATE RECORD PERIOD 1904 TO 2014


WEATHER ITEM   OBSERVED TIME   RECORD YEAR NORMAL DEPARTURE LAST
                VALUE   (LST)  VALUE       VALUE  FROM      YEAR
                                                  NORMAL
..................................................................
TEMPERATURE (F)
 TODAY
  MAXIMUM         35    259 PM  58    1938  29      6       57
  MINIMUM         24   1201 AM -11    1996  14     10       31
  AVERAGE         30                        22      8       44

PRECIPITATION (IN)
  TODAY            0.00          0.36 2004   0.02  -0.02      T
  MONTH TO DATE    0.41                      0.53  -0.12     0.30
  SINCE SEP 1      3.30                      1.63   1.67     2.04
  SINCE JAN 1     16.02                      9.20   6.82     7.84

SNOWFALL (IN)
  TODAY            0.0           5.8  1989   0.3   -0.3      0.0
  MONTH TO DATE    4.7                       5.7   -1.0      0.1
  SINCE SEP 1      5.0                       7.5   -2.5      0.8
  SINCE JUL 1      5.0                       7.5   -2.5      0.8
  SNOW DEPTH       1

DEGREE DAYS
 HEATING
  TODAY           35                        43     -8       21
  MONTH TO DATE  673                       677     -4      485
  SINCE SEP 1   1222                      1282    -60     1115
  SINCE JUL 1   1543                      1671   -128     1374

 COOLING
  TODAY            0                         0      0        0
  MONTH TO DATE    0                         0      0        0
  SINCE SEP 1      0                         0      0        0
  SINCE JAN 1     27                        61    -34      226
..................................................................


WIND (MPH)
  HIGHEST GUST SPEED     7   HIGHEST GUST DIRECTION    NE (50)


SKY COVER
  AVERAGE SKY COVER 0.9


WEATHER CONDITIONS
 THE FOLLOWING WEATHER WAS RECORDED TODAY.
  NO SIGNIFICANT WEATHER WAS OBSERVED.


RELATIVE HUMIDITY (PERCENT)
 HIGHEST    77
 LOWEST     56
 AVERAGE    67

..........................................................


THE FAIRBANKS AK CLIMATE NORMALS FOR TOMORROW
                         NORMAL    RECORD    YEAR
 MAXIMUM TEMPERATURE (F)   28        61      1938
 MINIMUM TEMPERATURE (F)   14       -15      1965


SUNRISE AND SUNSET
OCTOBER 19 2014..........SUNRISE  858 AM AKDT   SUNSET  615 PM AKDT
OCTOBER 20 2014..........SUNRISE  901 AM AKDT   SUNSET  611 PM AKDT


-  INDICATES NEGATIVE NUMBERS.
R  INDICATES RECORD WAS SET OR TIED.
MM INDICATES DATA IS MISSING.
T  INDICATES TRACE AMOUNT.

&&

SNOW DEPTH IS MEASURED AT 3AM AKST/4AM AKDT

----------------------------
AVAILABLE DAYLIGHT

AMOUNT OF DAYLIGHT TODAY  (HOUR:MIN)........9:17
LOSS SINCE YESTERDAY........................7 MINUTES
----------------------------

$$
NTS OCT 14
