000
CDAK49 PAFG 110037
CLIFAI

CLIMATE REPORT
NATIONAL WEATHER SERVICE FAIRBANKS AK
337 PM AKST WED FEB 10 2016

...................................

...THE FAIRBANKS AK CLIMATE SUMMARY FOR FEBRUARY 10 2016...
VALID TODAY AS OF 0300 PM LOCAL TIME.

CLIMATE NORMAL PERIOD 1981 TO 2010
CLIMATE RECORD PERIOD 1904 TO 2016


WEATHER ITEM   OBSERVED TIME   RECORD YEAR NORMAL DEPARTURE LAST
                VALUE   (LST)  VALUE       VALUE  FROM      YEAR
                                                  NORMAL
..................................................................
TEMPERATURE (F)
 TODAY
  MAXIMUM         12    253 PM  44    2004   8      4        2
  MINIMUM        -17    730 AM -52    1932 -14     -3      -30
  AVERAGE         -2                        -3      1      -14

PRECIPITATION (IN)
  TODAY            0.00          0.33 1996   0.02  -0.02     0.00
  MONTH TO DATE    0.05                      0.16  -0.11      T
  SINCE DEC 1      0.13                      1.38  -1.25     1.08
  SINCE JAN 1      0.06                      0.74  -0.68     0.15

SNOWFALL (IN)
  TODAY            0.0           6.4  1996   0.3   -0.3      0.0
  MONTH TO DATE    0.6                       3.0   -2.4       T
  SINCE DEC 1      2.5                      25.4  -22.9     19.8
  SINCE JUL 1     52.6                      51.2    1.4     29.6
  SNOW DEPTH      13

DEGREE DAYS
 HEATING
  TODAY           67                        68     -1       79
  MONTH TO DATE  650                       697    -47      863
  SINCE DEC 1   4621                      5098   -477     4827
  SINCE JUL 1   8409                      9229   -820     8545

 COOLING
  TODAY            0                         0      0        0
  MONTH TO DATE    0                         0      0        0
  SINCE DEC 1      0                         0      0        0
  SINCE JAN 1      0                         0      0        0
..................................................................


WIND (MPH)
  HIGHEST GUST SPEED    11   HIGHEST GUST DIRECTION    NE (30)


SKY COVER
  AVERAGE SKY COVER 0.1


WEATHER CONDITIONS
 THE FOLLOWING WEATHER WAS RECORDED TODAY.
  NO SIGNIFICANT WEATHER WAS OBSERVED.


RELATIVE HUMIDITY (PERCENT)
 HIGHEST    83
 LOWEST     72
 AVERAGE    78

..........................................................


THE FAIRBANKS AK CLIMATE NORMALS FOR TOMORROW
                         NORMAL    RECORD    YEAR
 MAXIMUM TEMPERATURE (F)    8        46      2004
 MINIMUM TEMPERATURE (F)  -14       -53      1932


SUNRISE AND SUNSET
FEBRUARY 10 2016..........SUNRISE  909 AM AKST   SUNSET  505 PM AKST
FEBRUARY 11 2016..........SUNRISE  905 AM AKST   SUNSET  508 PM AKST


-  INDICATES NEGATIVE NUMBERS.
R  INDICATES RECORD WAS SET OR TIED.
MM INDICATES DATA IS MISSING.
T  INDICATES TRACE AMOUNT.

&&

SNOW DEPTH IS MEASURED AT 3AM AKST/4AM AKDT

----------------------------
AVAILABLE DAYLIGHT

AMOUNT OF DAYLIGHT TODAY  (HOUR:MIN)........7:56
GAIN SINCE YESTERDAY........................7 MINUTES
----------------------------

$$
CCC FEB 16
