000
CDAK49 PAFG 310933
CLIFAI

CLIMATE REPORT
NATIONAL WEATHER SERVICE FAIRBANKS AK
133 AM AKDT SUN AUG 31 2014

...................................

...THE FAIRBANKS AK CLIMATE SUMMARY FOR AUGUST 30 2014...

CLIMATE NORMAL PERIOD 1981 TO 2010
CLIMATE RECORD PERIOD 1904 TO 2014


WEATHER ITEM   OBSERVED TIME   RECORD YEAR NORMAL DEPARTURE LAST
                VALUE   (LST)  VALUE       VALUE  FROM      YEAR
                                                  NORMAL
..................................................................
TEMPERATURE (F)
 YESTERDAY
  MAXIMUM         55    436 PM  83    1974  62     -7       58
  MINIMUM         33    639 AM  21    1922  42     -9       47
  AVERAGE         44                        52     -8       53

PRECIPITATION (IN)
  YESTERDAY        0.00          0.83 1962   0.05  -0.05     0.02
  MONTH TO DATE    2.29                      1.83   0.46     2.02
  SINCE JUN 1     11.63                      5.36   6.27     3.46
  SINCE JAN 1     12.72                      7.52   5.20     5.80

SNOWFALL (IN)
  YESTERDAY        0.0           T    1948   0.0    0.0      0.0
  MONTH TO DATE    0.0                       0.0    0.0      0.0
  SINCE JUN 1      0.0                       0.0    0.0      0.0
  SINCE JUL 1      0.0                       0.0    0.0      0.0
  SNOW DEPTH       0

DEGREE DAYS
 HEATING
  YESTERDAY       21                        13      8       12
  MONTH TO DATE  162                       266   -104      169
  SINCE JUN 1    491                       534    -43      309
  SINCE JUL 1    299                       374    -75      238

 COOLING
  YESTERDAY        0                         0      0        0
  MONTH TO DATE    7                         0      7       24
  SINCE JUN 1     27                        54    -27      213
  SINCE JAN 1     27                        55    -28      226
..................................................................


WIND (MPH)
  HIGHEST GUST SPEED    12   HIGHEST GUST DIRECTION     S (200)


SKY COVER
  AVERAGE SKY COVER 0.5


WEATHER CONDITIONS
 THE FOLLOWING WEATHER WAS RECORDED YESTERDAY.
  FOG


RELATIVE HUMIDITY (PERCENT)
 HIGHEST    89
 LOWEST     38
 AVERAGE    64

..........................................................


THE FAIRBANKS AK CLIMATE NORMALS FOR TODAY
                         NORMAL    RECORD    YEAR
 MAXIMUM TEMPERATURE (F)   62        78      1916
 MINIMUM TEMPERATURE (F)   41        25      1922


SUNRISE AND SUNSET
AUGUST 31 2014..........SUNRISE  629 AM AKDT   SUNSET  913 PM AKDT
SEPTEMBER 01 2014..........SUNRISE  633 AM AKDT   SUNSET  909 PM AKDT


-  INDICATES NEGATIVE NUMBERS.
R  INDICATES RECORD WAS SET OR TIED.
MM INDICATES DATA IS MISSING.
T  INDICATES TRACE AMOUNT.

&&

SNOW DEPTH IS MEASURED AT 3AM AKST/4AM AKDT

----------------------------
AVAILABLE DAYLIGHT

AMOUNT OF DAYLIGHT TODAY  (HOUR:MIN)........14:44
LOSS SINCE YESTERDAY........................7 MINUTES
----------------------------

$$
CCC AUG 14
