000
CDUS43 KFGF 230634
CLIFAR


CLIMATE REPORT
NATIONAL WEATHER SERVICE EASTERN NORTH DAKOTA/GRAND FORKS
134 AM CDT FRI JUN 23 2017


...................................

...THE FARGO HECTOR INTL AP ND CLIMATE SUMMARY FOR JUNE 22 2017...

CLIMATE NORMAL PERIOD 1981 TO 2010
CLIMATE RECORD PERIOD 1881 TO 2017


WEATHER ITEM   OBSERVED TIME   RECORD YEAR NORMAL DEPARTURE LAST
                VALUE   (LST)  VALUE       VALUE  FROM      YEAR
                                                  NORMAL
..................................................................
TEMPERATURE (F)
 YESTERDAY
  MAXIMUM         80    230 PM  97    1950  79      1       80
  MINIMUM         52    252 AM  37    1889  57     -5       59
  AVERAGE         66                        68     -2       70

PRECIPITATION (IN)
  YESTERDAY        0.00          2.77 1957   0.13  -0.13     0.11
  MONTH TO DATE    1.90                      2.85  -0.95     1.58
  SINCE JUN 1      1.90                      2.85  -0.95     1.58
  SINCE JAN 1      6.54                      9.66  -3.12     7.06

SNOWFALL (IN)
  YESTERDAY        0.0           0.0    MM   0.0    0.0      0.0
  MONTH TO DATE    0.0                       0.0    0.0      0.0
  SINCE JUN 1      0.0                       0.0    0.0      0.0
  SINCE JUL 1     33.1                      50.4  -17.3     27.4
  SNOW DEPTH       0

DEGREE DAYS
 HEATING
  YESTERDAY        0                         2     -2        0
  MONTH TO DATE    3                        63    -60       19
  SINCE JUN 1      3                        63    -60       19
  SINCE JUL 1   7420                      8792  -1372     7164

 COOLING
  YESTERDAY        1                         5     -4        5
  MONTH TO DATE  121                        66     55      111
  SINCE JUN 1    121                        66     55      111
  SINCE JAN 1    132                        97     35      159
..................................................................


WIND (MPH)
  HIGHEST WIND SPEED    29   HIGHEST WIND DIRECTION     W (270)
  HIGHEST GUST SPEED    35   HIGHEST GUST DIRECTION     W (290)
  AVERAGE WIND SPEED    11.7


SKY COVER
  POSSIBLE SUNSHINE  MM
  AVERAGE SKY COVER 0.1


WEATHER CONDITIONS
 THE FOLLOWING WEATHER WAS RECORDED YESTERDAY.
  NO SIGNIFICANT WEATHER WAS OBSERVED.


RELATIVE HUMIDITY (PERCENT)
 HIGHEST    80           500 AM
 LOWEST     23           300 PM
 AVERAGE    52

..........................................................


THE FARGO HECTOR INTL AP ND CLIMATE NORMALS FOR TODAY
                         NORMAL    RECORD    YEAR
 MAXIMUM TEMPERATURE (F)   79        96      1898
 MINIMUM TEMPERATURE (F)   57        36      1967


SUNRISE AND SUNSET
JUNE 23 2017..........SUNRISE   533 AM CDT   SUNSET   926 PM CDT
JUNE 24 2017..........SUNRISE   533 AM CDT   SUNSET   926 PM CDT


-  INDICATES NEGATIVE NUMBERS.
R  INDICATES RECORD WAS SET OR TIED.
MM INDICATES DATA IS MISSING.
T  INDICATES TRACE AMOUNT.




$$
