000
CDUS43 KFGF 010641
CLIFAR


CLIMATE REPORT
NATIONAL WEATHER SERVICE EASTERN NORTH DAKOTA/GRAND FORKS
136 AM CDT MON SEP 1 2014


...................................

...THE FARGO HECTOR INTL AP ND CLIMATE SUMMARY FOR AUGUST 31 2014...

CLIMATE NORMAL PERIOD 1981 TO 2010
CLIMATE RECORD PERIOD 1881 TO 2014


WEATHER ITEM   OBSERVED TIME   RECORD YEAR NORMAL DEPARTURE LAST
                VALUE   (LST)  VALUE       VALUE  FROM      YEAR
                                                  NORMAL
..................................................................
TEMPERATURE (F)
 YESTERDAY
  MAXIMUM         75    327 PM  95    1953  78     -3       88
  MINIMUM         57   1159 PM  32    1886  54      3       61
  AVERAGE         66                        66      0       75

PRECIPITATION (IN)
  YESTERDAY        0.19          1.92 1989   0.09   0.10      T
  MONTH TO DATE    2.11                      2.56  -0.45     0.39
  SINCE JUN 1      9.44                      9.25   0.19     9.02
  SINCE JAN 1     16.46                     16.06   0.40    21.92

SNOWFALL (IN)
  YESTERDAY        0.0           0.0    MM   0.0    0.0      0.0
  MONTH TO DATE    0.0                       0.0    0.0      0.0
  SINCE JUN 1      0.0                       0.0    0.0      0.0
  SINCE JUL 1      0.0                       0.0    0.0      0.0
  SNOW DEPTH       0

DEGREE DAYS
 HEATING
  YESTERDAY        0                         3     -3        0
  MONTH TO DATE   12                        36    -24       17
  SINCE JUN 1     62                       123    -61       96
  SINCE JUL 1     32                        50    -18       34

 COOLING
  YESTERDAY        1                         3     -2       10
  MONTH TO DATE  157                       165     -8      210
  SINCE JUN 1    422                       474    -52      589
  SINCE JAN 1    501                       505     -4      618
..................................................................


WIND (MPH)
  HIGHEST WIND SPEED    25   HIGHEST WIND DIRECTION     W (260)
  HIGHEST GUST SPEED    32   HIGHEST GUST DIRECTION     W (270)
  AVERAGE WIND SPEED    10.2


SKY COVER
  POSSIBLE SUNSHINE  MM
  AVERAGE SKY COVER 0.6


WEATHER CONDITIONS
 THE FOLLOWING WEATHER WAS RECORDED YESTERDAY.
  RAIN
  LIGHT RAIN
  FOG


RELATIVE HUMIDITY (PERCENT)
 HIGHEST    93           500 AM
 LOWEST     68           300 PM
 AVERAGE    81

..........................................................


THE FARGO HECTOR INTL AP ND CLIMATE NORMALS FOR TODAY
                         NORMAL    RECORD    YEAR
 MAXIMUM TEMPERATURE (F)   77        98      1894
 MINIMUM TEMPERATURE (F)   53        34      1885


SUNRISE AND SUNSET
SEPTEMBER  1 2014.....SUNRISE   647 AM CDT   SUNSET   807 PM CDT
SEPTEMBER  2 2014.....SUNRISE   648 AM CDT   SUNSET   805 PM CDT


-  INDICATES NEGATIVE NUMBERS.
R  INDICATES RECORD WAS SET OR TIED.
MM INDICATES DATA IS MISSING.
T  INDICATES TRACE AMOUNT.




$$
