000
CDUS43 KFGF 130631
CLIFAR


CLIMATE REPORT
NATIONAL WEATHER SERVICE EASTERN NORTH DAKOTA/GRAND FORKS
131 AM CDT SUN JUL 13 2014


...................................

...THE FARGO HECTOR INTL AP ND CLIMATE SUMMARY FOR JULY 12 2014...

CLIMATE NORMAL PERIOD 1981 TO 2010
CLIMATE RECORD PERIOD 1881 TO 2014


WEATHER ITEM   OBSERVED TIME   RECORD YEAR NORMAL DEPARTURE LAST
                VALUE   (LST)  VALUE       VALUE  FROM      YEAR
                                                  NORMAL
..................................................................
TEMPERATURE (F)
 YESTERDAY
  MAXIMUM         82    510 PM 106    1936  82      0       93
  MINIMUM         59    515 AM  41    1926  60     -1       72
  AVERAGE         71                        71      0       83

PRECIPITATION (IN)
  YESTERDAY        T             2.00 1891   0.09  -0.09     0.00
  MONTH TO DATE    1.08                      1.26  -0.18     0.26
  SINCE JUN 1      6.77                      5.16   1.61     7.99
  SINCE JAN 1     13.79                     11.97   1.82    20.89

SNOWFALL (IN)
  YESTERDAY        0.0           0.0    MM   0.0    0.0      0.0
  MONTH TO DATE    0.0                       0.0    0.0      0.0
  SINCE JUN 1      0.0                       0.0    0.0      0.0
  SINCE JUL 1      0.0                       0.0    0.0      0.0
  SNOW DEPTH       0

DEGREE DAYS
 HEATING
  YESTERDAY        0                         1     -1        0
  MONTH TO DATE   10                        12     -2        0
  SINCE JUN 1     40                        85    -45       62
  SINCE JUL 1     10                        12     -2        0

 COOLING
  YESTERDAY        6                         7     -1       18
  MONTH TO DATE   73                        74     -1      126
  SINCE JUN 1    175                       181     -6      272
  SINCE JAN 1    254                       212     42      301
..................................................................


WIND (MPH)
  HIGHEST WIND SPEED    25   HIGHEST WIND DIRECTION     N (10)
  HIGHEST GUST SPEED    32   HIGHEST GUST DIRECTION     N (10)
  AVERAGE WIND SPEED     8.7


SKY COVER
  POSSIBLE SUNSHINE  MM
  AVERAGE SKY COVER 0.2


WEATHER CONDITIONS
 THE FOLLOWING WEATHER WAS RECORDED YESTERDAY.
  HAZE


RELATIVE HUMIDITY (PERCENT)
 HIGHEST    90           300 AM
 LOWEST     42           600 PM
 AVERAGE    66

..........................................................


THE FARGO HECTOR INTL AP ND CLIMATE NORMALS FOR TODAY
                         NORMAL    RECORD    YEAR
 MAXIMUM TEMPERATURE (F)   83       105      1936
 MINIMUM TEMPERATURE (F)   60        42      1967
                                             1950


SUNRISE AND SUNSET
JULY 13 2014..........SUNRISE   546 AM CDT   SUNSET   920 PM CDT
JULY 14 2014..........SUNRISE   547 AM CDT   SUNSET   919 PM CDT


-  INDICATES NEGATIVE NUMBERS.
R  INDICATES RECORD WAS SET OR TIED.
MM INDICATES DATA IS MISSING.
T  INDICATES TRACE AMOUNT.




$$
