000
CDUS43 KFGF 222323
CLIFAR


CLIMATE REPORT
NATIONAL WEATHER SERVICE EASTERN NORTH DAKOTA/GRAND FORKS
521 PM CST WED NOV 22 2017


...................................

...THE FARGO HECTOR INTL AP ND CLIMATE SUMMARY FOR NOVEMBER 22 2017...
VALID TODAY AS OF 0400 PM LOCAL TIME.

CLIMATE NORMAL PERIOD 1981 TO 2010
CLIMATE RECORD PERIOD 1881 TO 2017


WEATHER ITEM   OBSERVED TIME   RECORD YEAR NORMAL DEPARTURE LAST
                VALUE   (LST)  VALUE       VALUE  FROM      YEAR
                                                  NORMAL
..................................................................
TEMPERATURE (F)
 TODAY
  MAXIMUM         32    359 PM  63    2006  33     -1       36
  MINIMUM          8    440 AM -20    1896  17     -9       34
  AVERAGE         20                        25     -5       35

PRECIPITATION (IN)
  TODAY            T             1.40 1886   0.03  -0.03     0.31
  MONTH TO DATE    0.35                      0.78  -0.43     0.55
  SINCE SEP 1      3.95                      5.50  -1.55     5.54
  SINCE JAN 1     14.45                     21.56  -7.11    21.01

SNOWFALL (IN)
  TODAY            T            12.6  2010   0.4   -0.4       T
  MONTH TO DATE    3.3                       5.1   -1.8      2.8
  SINCE SEP 1      3.7                       5.8   -2.1      2.8
  SINCE JUL 1      3.7                       5.8   -2.1      2.8
  SNOW DEPTH       0

DEGREE DAYS
 HEATING
  TODAY           45                        40      5       30
  MONTH TO DATE  858                       743    115      464
  SINCE SEP 1   1547                      1569    -22     1061
  SINCE JUL 1   1563                      1619    -56     1078

 COOLING
  TODAY            0                         0      0        0
  MONTH TO DATE    0                         0      0        0
  SINCE SEP 1     71                        46     25       58
  SINCE JAN 1    518                       551    -33      661
..................................................................


WIND (MPH)
  HIGHEST WIND SPEED    22   HIGHEST WIND DIRECTION     S (160)
  HIGHEST GUST SPEED    30   HIGHEST GUST DIRECTION     S (170)
  AVERAGE WIND SPEED    11.6


SKY COVER
  POSSIBLE SUNSHINE  MM
  AVERAGE SKY COVER 0.5


WEATHER CONDITIONS
 THE FOLLOWING WEATHER WAS RECORDED TODAY.
  LIGHT RAIN
  LIGHT SNOW
  SLEET


RELATIVE HUMIDITY (PERCENT)
 HIGHEST    84           700 AM
 LOWEST     49           400 PM
 AVERAGE    67

..........................................................


THE FARGO HECTOR INTL AP ND CLIMATE NORMALS FOR TOMORROW
                         NORMAL    RECORD    YEAR
 MAXIMUM TEMPERATURE (F)   32        54      1984
 MINIMUM TEMPERATURE (F)   16       -15      1985
                                             1884


SUNRISE AND SUNSET
NOVEMBER 22 2017......SUNRISE   741 AM CST   SUNSET   446 PM CST
NOVEMBER 23 2017......SUNRISE   742 AM CST   SUNSET   445 PM CST


-  INDICATES NEGATIVE NUMBERS.
R  INDICATES RECORD WAS SET OR TIED.
MM INDICATES DATA IS MISSING.
T  INDICATES TRACE AMOUNT.




$$
