969
CDUS43 KFGF 130633
CLIFAR


CLIMATE REPORT
NATIONAL WEATHER SERVICE EASTERN NORTH DAKOTA/GRAND FORKS
1231 AM CST SAT FEB 13 2016


...................................

...THE FARGO HECTOR INTL AP ND CLIMATE SUMMARY FOR FEBRUARY 12 2016...

CLIMATE NORMAL PERIOD 1981 TO 2010
CLIMATE RECORD PERIOD 1881 TO 2016


WEATHER ITEM   OBSERVED TIME   RECORD YEAR NORMAL DEPARTURE LAST
                VALUE   (LST)  VALUE       VALUE  FROM      YEAR
                                                  NORMAL
..................................................................
TEMPERATURE (F)
 YESTERDAY
  MAXIMUM         12   1239 AM  43    1935  23    -11       14
  MINIMUM         -8   1144 PM -30    1905   4    -12      -17
                                      1887
  AVERAGE          2                        14    -12       -1

PRECIPITATION (IN)
  YESTERDAY        0.00          0.63 1908   0.01  -0.01     0.00
  MONTH TO DATE    0.20                      0.20   0.00     0.42
  SINCE DEC 1      1.53                      1.73  -0.20     1.07
  SINCE JAN 1      0.89                      0.90  -0.01     0.82

SNOWFALL (IN)
  YESTERDAY        0.0           4.0  1908   0.2   -0.2      0.0
  MONTH TO DATE    4.0                       2.7    1.3      4.3
  SINCE DEC 1     20.1                      25.1   -5.0      8.2
  SINCE JUL 1     23.0                      33.7  -10.7     11.8
  SNOW DEPTH       3

DEGREE DAYS
 HEATING
  YESTERDAY       63                        52     11       66
  MONTH TO DATE  568                       639    -71      626
  SINCE DEC 1   3455                      3945   -490     3488
  SINCE JUL 1   4896                      5907  -1011     5445

 COOLING
  YESTERDAY        0                         0      0        0
  MONTH TO DATE    0                         0      0        0
  SINCE DEC 1      0                         0      0        0
  SINCE JAN 1      0                         0      0        0
..................................................................


WIND (MPH)
  HIGHEST WIND SPEED    26   HIGHEST WIND DIRECTION     N (350)
  HIGHEST GUST SPEED    30   HIGHEST GUST DIRECTION     N (350)
  AVERAGE WIND SPEED    13.5


SKY COVER
  POSSIBLE SUNSHINE  MM
  AVERAGE SKY COVER 0.2


WEATHER CONDITIONS
 THE FOLLOWING WEATHER WAS RECORDED YESTERDAY.
  FOG
  HAZE


RELATIVE HUMIDITY (PERCENT)
 HIGHEST    76          1200 AM
 LOWEST     59          1100 AM
 AVERAGE    68

..........................................................


THE FARGO HECTOR INTL AP ND CLIMATE NORMALS FOR TODAY
                         NORMAL    RECORD    YEAR
 MAXIMUM TEMPERATURE (F)   23        50      1983
 MINIMUM TEMPERATURE (F)    5       -30      1916


SUNRISE AND SUNSET
FEBRUARY 13 2016......SUNRISE   735 AM CST   SUNSET   548 PM CST
FEBRUARY 14 2016......SUNRISE   734 AM CST   SUNSET   550 PM CST


-  INDICATES NEGATIVE NUMBERS.
R  INDICATES RECORD WAS SET OR TIED.
MM INDICATES DATA IS MISSING.
T  INDICATES TRACE AMOUNT.




$$
