000
CDUS43 KFGF 250637
CLIFAR


CLIMATE REPORT
NATIONAL WEATHER SERVICE EASTERN NORTH DAKOTA/GRAND FORKS
134 AM CDT SAT MAR 25 2017


...................................

...THE FARGO HECTOR INTL AP ND CLIMATE SUMMARY FOR MARCH 24 2017...

CLIMATE NORMAL PERIOD 1981 TO 2010
CLIMATE RECORD PERIOD 1881 TO 2017


WEATHER ITEM   OBSERVED TIME   RECORD YEAR NORMAL DEPARTURE LAST
                VALUE   (LST)  VALUE       VALUE  FROM      YEAR
                                                  NORMAL
..................................................................
TEMPERATURE (F)
 YESTERDAY
  MAXIMUM         40    517 PM  70    1945  41     -1       51
  MINIMUM         28   1158 PM -20    1882  23      5       15
  AVERAGE         34                        32      2       33

PRECIPITATION (IN)
  YESTERDAY        0.00          0.75 1914   0.04  -0.04     0.00
  MONTH TO DATE    0.33                      1.00  -0.67     0.26
  SINCE MAR 1      0.33                      1.00  -0.67     0.26
  SINCE JAN 1      2.10                      2.31  -0.21     1.25

SNOWFALL (IN)
  YESTERDAY        0.0           7.1  1936   0.2   -0.2      0.0
  MONTH TO DATE    1.6                       7.8   -6.2      0.9
  SINCE MAR 1      1.6                       7.8   -6.2      0.9
  SINCE JUL 1     30.9                      45.8  -14.9     25.2
  SNOW DEPTH       0

DEGREE DAYS
 HEATING
  YESTERDAY       31                        33     -2       32
  MONTH TO DATE  940                       936      4      661
  SINCE MAR 1    940                       936      4      661
  SINCE JUL 1   6438                      7614  -1176     6184

 COOLING
  YESTERDAY        0                         0      0        0
  MONTH TO DATE    0                         0      0        0
  SINCE MAR 1      0                         0      0        0
  SINCE JAN 1      0                         0      0        0
..................................................................


WIND (MPH)
  HIGHEST WIND SPEED    20   HIGHEST WIND DIRECTION     N (350)
  HIGHEST GUST SPEED    24   HIGHEST GUST DIRECTION     N (350)
  AVERAGE WIND SPEED    11.1


SKY COVER
  POSSIBLE SUNSHINE  MM
  AVERAGE SKY COVER 0.7


WEATHER CONDITIONS
 THE FOLLOWING WEATHER WAS RECORDED YESTERDAY.
  FOG


RELATIVE HUMIDITY (PERCENT)
 HIGHEST   100           100 AM
 LOWEST     76          1100 AM
 AVERAGE    88

..........................................................


THE FARGO HECTOR INTL AP ND CLIMATE NORMALS FOR TODAY
                         NORMAL    RECORD    YEAR
 MAXIMUM TEMPERATURE (F)   41        71      1925
 MINIMUM TEMPERATURE (F)   24       -11      1894


SUNRISE AND SUNSET
MARCH 25 2017.........SUNRISE   720 AM CDT   SUNSET   747 PM CDT
MARCH 26 2017.........SUNRISE   718 AM CDT   SUNSET   749 PM CDT


-  INDICATES NEGATIVE NUMBERS.
R  INDICATES RECORD WAS SET OR TIED.
MM INDICATES DATA IS MISSING.
T  INDICATES TRACE AMOUNT.




$$
