000
CDUS43 KFGF 200653
CLIFAR


CLIMATE REPORT
NATIONAL WEATHER SERVICE EASTERN NORTH DAKOTA/GRAND FORKS
1251 AM CST TUE FEB 20 2018


...................................

...THE FARGO HECTOR INTL AP ND CLIMATE SUMMARY FOR FEBRUARY 19 2018...

CLIMATE NORMAL PERIOD 1981 TO 2010
CLIMATE RECORD PERIOD 1881 TO 2018


WEATHER ITEM   OBSERVED TIME   RECORD YEAR NORMAL DEPARTURE LAST
                VALUE   (LST)  VALUE       VALUE  FROM      YEAR
                                                  NORMAL
..................................................................
TEMPERATURE (F)
 YESTERDAY
  MAXIMUM         10    333 PM  56    2017  25    -15       56
  MINIMUM          4    837 AM -29    1929   7     -3       33
  AVERAGE          7                        16     -9       45

PRECIPITATION (IN)
  YESTERDAY        0.02          0.32 1948   0.02   0.00     0.00
  MONTH TO DATE    0.24                      0.35  -0.11     0.09
  SINCE DEC 1      1.22                      1.88  -0.66     2.34
  SINCE JAN 1      0.45                      1.05  -0.60     1.07

SNOWFALL (IN)
  YESTERDAY        0.4           3.7  1986   0.3    0.1      0.0
  MONTH TO DATE    3.6                       4.4   -0.8      1.1
  SINCE DEC 1     15.3                      26.8  -11.5     22.5
  SINCE JUL 1     19.0                      35.4  -16.4     26.2
  SNOW DEPTH       3

DEGREE DAYS
 HEATING
  YESTERDAY       58                        49      9       20
  MONTH TO DATE 1140                       989    151      804
  SINCE DEC 1   4381                      4295     86     3862
  SINCE JUL 1   6179                      6257    -78     5167

 COOLING
  YESTERDAY        0                         0      0        0
  MONTH TO DATE    0                         0      0        0
  SINCE DEC 1      0                         0      0        0
  SINCE JAN 1      0                         0      0        0
..................................................................


WIND (MPH)
  HIGHEST WIND SPEED    26   HIGHEST WIND DIRECTION     N (10)
  HIGHEST GUST SPEED    35   HIGHEST GUST DIRECTION     N (360)
  AVERAGE WIND SPEED    20.5


SKY COVER
  POSSIBLE SUNSHINE  MM
  AVERAGE SKY COVER 0.7


WEATHER CONDITIONS
 THE FOLLOWING WEATHER WAS RECORDED YESTERDAY.
  SNOW
  LIGHT SNOW
  FOG
  HAZE


RELATIVE HUMIDITY (PERCENT)
 HIGHEST    80          1200 AM
 LOWEST     63           300 PM
 AVERAGE    72

..........................................................


THE FARGO HECTOR INTL AP ND CLIMATE NORMALS FOR TODAY
                         NORMAL    RECORD    YEAR
 MAXIMUM TEMPERATURE (F)   25        54      2017
 MINIMUM TEMPERATURE (F)    8       -31      2008


SUNRISE AND SUNSET
FEBRUARY 20 2018......SUNRISE   723 AM CST   SUNSET   559 PM CST
FEBRUARY 21 2018......SUNRISE   721 AM CST   SUNSET   601 PM CST


-  INDICATES NEGATIVE NUMBERS.
R  INDICATES RECORD WAS SET OR TIED.
MM INDICATES DATA IS MISSING.
T  INDICATES TRACE AMOUNT.




$$
