000
CDUS46 KHNX 280823
CLIFAT


CLIMATE REPORT
NATIONAL WEATHER SERVICE SAN JOAQUIN VALLEY, CA
122 AM PDT WED SEP 28 2016


...................................

...THE FRESNO CA CLIMATE SUMMARY FOR SEPTEMBER 27 2016...

CLIMATE NORMAL PERIOD 1981 TO 2010
CLIMATE RECORD PERIOD 1887 TO 2016


WEATHER ITEM   OBSERVED TIME   RECORD YEAR NORMAL DEPARTURE
                VALUE   (LST)  VALUE       VALUE  FROM
                                                  NORMAL
...............................................................
TEMPERATURE (F)
 YESTERDAY
  MAXIMUM         99    257 PM 105    1888  88     11
  MINIMUM         63    411 AM  44    1948  59      4
  AVERAGE         81                        73      8

PRECIPITATION (IN)
  YESTERDAY        0.00          0.13 1938   0.01  -0.01
  MONTH TO DATE    T                         0.14  -0.14
  SINCE OCT 1     14.29                     11.47   2.82
  SINCE JAN 1      9.09                      8.00   1.09

SNOWFALL (IN)
  YESTERDAY        0.0
  MONTH TO DATE    0.0
  SINCE SEP 1      0.0
  SINCE JUL 1      0.0
  SNOW DEPTH       0

DEGREE DAYS
 HEATING
  YESTERDAY        0                                0
  MONTH TO DATE    2                                2
  SINCE SEP 1      2                                2
  SINCE JUL 1      2                                2

 COOLING
  YESTERDAY       16                                8
  MONTH TO DATE  302                              -13
  SINCE SEP 1    302                              -13
  SINCE JAN 1   2217                              218
...............................................................


WIND (MPH)
  HIGHEST WIND SPEED    10   HIGHEST WIND DIRECTION     S (160)
  HIGHEST GUST SPEED    13   HIGHEST GUST DIRECTION    SE (120)
  AVERAGE WIND SPEED     3.9




RELATIVE HUMIDITY (PERCENT)
 HIGHEST    56
 LOWEST     10
 AVERAGE    33

..........................................................


THE FRESNO CA CLIMATE NORMALS FOR TODAY
                         NORMAL    RECORD    YEAR
 MAXIMUM TEMPERATURE (F)   87       104      1887
 MINIMUM TEMPERATURE (F)   59        43      1971


SUNRISE AND SUNSET
SEPTEMBER 28 2016.....SUNRISE   652 AM PDT   SUNSET   646 PM PDT
SEPTEMBER 29 2016.....SUNRISE   653 AM PDT   SUNSET   644 PM PDT


-  INDICATES NEGATIVE NUMBERS.
R  INDICATES RECORD WAS SET OR TIED.
MM INDICATES DATA IS MISSING.
T  INDICATES TRACE AMOUNT.




$$
