000
CDUS46 KHNX 270824
CLIFAT


CLIMATE REPORT
NATIONAL WEATHER SERVICE SAN JOAQUIN VALLEY, CA
124 AM PDT TUE JUN 27 2017


...................................

...THE FRESNO CA CLIMATE SUMMARY FOR JUNE 26 2017...

CLIMATE NORMAL PERIOD 1981 TO 2010
CLIMATE RECORD PERIOD 1887 TO 2017


WEATHER ITEM   OBSERVED TIME   RECORD YEAR NORMAL DEPARTURE
                VALUE   (LST)  VALUE       VALUE  FROM
                                                  NORMAL
...............................................................
TEMPERATURE (F)
 YESTERDAY
  MAXIMUM         98        MM 108    1993  95      3
                                      1925
  MINIMUM         67        MM  48    1965  65      2
  AVERAGE         83                        80      3

PRECIPITATION (IN)
  YESTERDAY        0.00          0.12 1941   0.00   0.00
  MONTH TO DATE    0.00                      0.20  -0.20
  SINCE OCT 1     17.20                     11.30   5.90
  SINCE JAN 1     12.64                      7.83   4.81

SNOWFALL (IN)
  YESTERDAY        0.0
  MONTH TO DATE    0.0
  SINCE JUN 1      0.0
  SINCE JUL 1      0.0
  SNOW DEPTH       0

DEGREE DAYS
 HEATING
  YESTERDAY        0                                0
  MONTH TO DATE    4                                4
  SINCE JUN 1      4                                4
  SINCE JUL 1   1940                             -403

 COOLING
  YESTERDAY       18                                3
  MONTH TO DATE  415                              108
  SINCE JUN 1    415                              108
  SINCE JAN 1    666                              118
...............................................................


WIND (MPH)
  HIGHEST WIND SPEED    16   HIGHEST WIND DIRECTION    NW (300)
  HIGHEST GUST SPEED    MM   HIGHEST GUST DIRECTION    MM
  AVERAGE WIND SPEED     8.8




RELATIVE HUMIDITY (PERCENT)
 HIGHEST    63
 LOWEST     16
 AVERAGE    40

..........................................................


THE FRESNO CA CLIMATE NORMALS FOR TODAY
                         NORMAL    RECORD    YEAR
 MAXIMUM TEMPERATURE (F)   95       110      1925
 MINIMUM TEMPERATURE (F)   65        51      1955
                                             1927


SUNRISE AND SUNSET
JUNE 27 2017..........SUNRISE   542 AM PDT   SUNSET   822 PM PDT
JUNE 28 2017..........SUNRISE   542 AM PDT   SUNSET   822 PM PDT


-  INDICATES NEGATIVE NUMBERS.
R  INDICATES RECORD WAS SET OR TIED.
MM INDICATES DATA IS MISSING.
T  INDICATES TRACE AMOUNT.




$$
