000
CDUS46 KHNX 270823
CLIFAT


CLIMATE REPORT
NATIONAL WEATHER SERVICE SAN JOAQUIN VALLEY, CA
122 AM PDT MON MAR 27 2017


...................................

...THE FRESNO CA CLIMATE SUMMARY FOR MARCH 26 2017...

CLIMATE NORMAL PERIOD 1981 TO 2010
CLIMATE RECORD PERIOD 1887 TO 2017


WEATHER ITEM   OBSERVED TIME   RECORD YEAR NORMAL DEPARTURE
                VALUE   (LST)  VALUE       VALUE  FROM
                                                  NORMAL
...............................................................
TEMPERATURE (F)
 YESTERDAY
  MAXIMUM         67    343 PM  87    2015  69     -2
                                      1988
  MINIMUM         47    609 AM  34    1942  46      1
                                      1936
                                      1898
  AVERAGE         57                        58     -1

PRECIPITATION (IN)
  YESTERDAY        0.00          1.35 1924   0.06  -0.06
  MONTH TO DATE    0.95                      1.77  -0.82
  SINCE OCT 1     13.53                      9.46   4.07
  SINCE JAN 1      8.97                      5.99   2.98

SNOWFALL (IN)
  YESTERDAY        0.0
  MONTH TO DATE    0.0
  SINCE MAR 1      0.0
  SINCE JUL 1      0.0
  SNOW DEPTH       0

DEGREE DAYS
 HEATING
  YESTERDAY        8                                1
  MONTH TO DATE  166                              -64
  SINCE MAR 1    166                              -64
  SINCE JUL 1   1780                             -362

 COOLING
  YESTERDAY        0                                0
  MONTH TO DATE   17                               17
  SINCE MAR 1     17                               17
  SINCE JAN 1     17                               17
...............................................................


WIND (MPH)
  HIGHEST WIND SPEED    13   HIGHEST WIND DIRECTION    NW (310)
  HIGHEST GUST SPEED    16   HIGHEST GUST DIRECTION    NW (300)
  AVERAGE WIND SPEED     3.7




RELATIVE HUMIDITY (PERCENT)
 HIGHEST   100
 LOWEST     40
 AVERAGE    70

..........................................................


THE FRESNO CA CLIMATE NORMALS FOR TODAY
                         NORMAL    RECORD    YEAR
 MAXIMUM TEMPERATURE (F)   69        91      2015
 MINIMUM TEMPERATURE (F)   47        31      1972


SUNRISE AND SUNSET
MARCH 27 2017.........SUNRISE   652 AM PDT   SUNSET   717 PM PDT
MARCH 28 2017.........SUNRISE   650 AM PDT   SUNSET   718 PM PDT


-  INDICATES NEGATIVE NUMBERS.
R  INDICATES RECORD WAS SET OR TIED.
MM INDICATES DATA IS MISSING.
T  INDICATES TRACE AMOUNT.




$$
