000
CDUS46 KHNX 170022
CLIFAT


CLIMATE REPORT
NATIONAL WEATHER SERVICE SAN JOAQUIN VALLEY, CA
522 PM PDT WED AUG 16 2017


...................................

...THE FRESNO CA CLIMATE SUMMARY FOR AUGUST 16 2017...
VALID AS OF 0400 PM LOCAL TIME.

CLIMATE NORMAL PERIOD 1981 TO 2010
CLIMATE RECORD PERIOD 1887 TO 2017


WEATHER ITEM   OBSERVED TIME   RECORD YEAR NORMAL DEPARTURE LAST
                VALUE   (LST)  VALUE       VALUE  FROM      YEAR
                                                  NORMAL
..................................................................
TEMPERATURE (F)
 TODAY
  MAXIMUM         90        MM 110    1920  97     -7      101
  MINIMUM         63        MM  53    1976  66     -3       69
                                      1954
  AVERAGE         77                        82     -5       85

PRECIPITATION (IN)
  TODAY            0.00          0.07 1941   0.00   0.00     0.00
  MONTH TO DATE    T                         0.00   0.00     0.00
  SINCE OCT 1     17.20                     11.32   5.88    14.29
  SINCE JAN 1     12.64                      7.85   4.79     9.09

SNOWFALL (IN)
  TODAY            0.0
  MONTH TO DATE    0.0
  SINCE JUN 1      0.0
  SINCE JUL 1      0.0
  SNOW DEPTH       0

DEGREE DAYS
 HEATING
  TODAY            0                         0      0        0
  MONTH TO DATE    0                         0      0        0
  SINCE JUN 1      4                         3      1        0
  SINCE JUL 1      0                         0      0        0

 COOLING
  TODAY           12                        17     -5       20
  MONTH TO DATE  320                       281     39      300
  SINCE JUN 1   1471                      1208    263     1385
  SINCE JAN 1   1722                      1449    273     1663
..................................................................


WIND (MPH)
  HIGHEST WIND SPEED    14   HIGHEST WIND DIRECTION    NW (310)
  HIGHEST GUST SPEED    MM   HIGHEST GUST DIRECTION    MM
  AVERAGE WIND SPEED     7.1




RELATIVE HUMIDITY (PERCENT)
 HIGHEST    78
 LOWEST     32
 AVERAGE    55

..........................................................


THE FRESNO CA CLIMATE NORMALS FOR TOMORROW
                         NORMAL    RECORD    YEAR
 MAXIMUM TEMPERATURE (F)   97       111      1892
 MINIMUM TEMPERATURE (F)   66        53      1968
                                             1918


SUNRISE AND SUNSET
AUGUST 16 2017........SUNRISE   617 AM PDT   SUNSET   748 PM PDT
AUGUST 17 2017........SUNRISE   618 AM PDT   SUNSET   747 PM PDT


-  INDICATES NEGATIVE NUMBERS.
R  INDICATES RECORD WAS SET OR TIED.
MM INDICATES DATA IS MISSING.
T  INDICATES TRACE AMOUNT.




$$
