000
CDUS46 KHNX 180825
CLIFAT


CLIMATE REPORT
NATIONAL WEATHER SERVICE SAN JOAQUIN VALLEY, CA
1224 AM PST WED JAN 18 2017


...................................

...THE FRESNO CA CLIMATE SUMMARY FOR JANUARY 17 2017...

CLIMATE NORMAL PERIOD 1981 TO 2010
CLIMATE RECORD PERIOD 1887 TO 2017


WEATHER ITEM   OBSERVED TIME   RECORD YEAR NORMAL DEPARTURE
                VALUE   (LST)  VALUE       VALUE  FROM
                                                  NORMAL
...............................................................
TEMPERATURE (F)
 YESTERDAY
  MAXIMUM         57    335 PM  74    2014  55      2
  MINIMUM         33    736 AM  20    1888  38     -5
  AVERAGE         45                        46     -1

PRECIPITATION (IN)
  YESTERDAY        0.00          1.04 1914   0.07  -0.07
  MONTH TO DATE    3.86                      1.24   2.62
  SINCE OCT 1      8.42                      4.71   3.71
  SINCE JAN 1      3.86                      1.24   2.62

SNOWFALL (IN)
  YESTERDAY        0.0
  MONTH TO DATE    0.0
  SINCE DEC 1      0.0
  SINCE JUL 1      0.0
  SNOW DEPTH       0

DEGREE DAYS
 HEATING
  YESTERDAY       20                                1
  MONTH TO DATE  273                              -54
  SINCE DEC 1    817                              -85
  SINCE JUL 1   1068                             -222

 COOLING
  YESTERDAY        0                                0
  MONTH TO DATE    0                                0
  SINCE DEC 1      0                                0
  SINCE JAN 1      0                                0
...............................................................


WIND (MPH)
  HIGHEST WIND SPEED    15   HIGHEST WIND DIRECTION     W (270)
  HIGHEST GUST SPEED    17   HIGHEST GUST DIRECTION     W (270)
  AVERAGE WIND SPEED     2.6




RELATIVE HUMIDITY (PERCENT)
 HIGHEST    92
 LOWEST     55
 AVERAGE    74

..........................................................


THE FRESNO CA CLIMATE NORMALS FOR TODAY
                         NORMAL    RECORD    YEAR
 MAXIMUM TEMPERATURE (F)   55        70      2014
                                             2009
                                             1981
 MINIMUM TEMPERATURE (F)   38        23      1943


SUNRISE AND SUNSET
JANUARY 18 2017.......SUNRISE   709 AM PST   SUNSET   510 PM PST
JANUARY 19 2017.......SUNRISE   709 AM PST   SUNSET   511 PM PST


-  INDICATES NEGATIVE NUMBERS.
R  INDICATES RECORD WAS SET OR TIED.
MM INDICATES DATA IS MISSING.
T  INDICATES TRACE AMOUNT.




$$
