000
CDUS46 KHNX 210822
CLIFAT


CLIMATE REPORT
NATIONAL WEATHER SERVICE SAN JOAQUIN VALLEY, CA
122 AM PDT TUE OCT 21 2014


...................................

...THE FRESNO CA CLIMATE SUMMARY FOR OCTOBER 20 2014...

CLIMATE NORMAL PERIOD 1981 TO 2010
CLIMATE RECORD PERIOD 1887 TO 2014


WEATHER ITEM   OBSERVED TIME   RECORD YEAR NORMAL DEPARTURE
                VALUE   (LST)  VALUE       VALUE  FROM
                                                  NORMAL
...............................................................
TEMPERATURE (F)
 YESTERDAY
  MAXIMUM         83    218 PM  94    1927  78      5
  MINIMUM         57    559 AM  35    1949  52      5
  AVERAGE         70                        65      5

PRECIPITATION (IN)
  YESTERDAY        0.00          0.38 1889   0.03  -0.03
  MONTH TO DATE    0.00                      0.32  -0.32
  SINCE JUL 1      0.19                      0.51  -0.32
  SINCE JAN 1      4.27                      8.35  -4.08

SNOWFALL (IN)
  YESTERDAY        0.0
  MONTH TO DATE    0.0
  SINCE SEP 1      0.0
  SINCE JUL 1      0.0
  SNOW DEPTH       0

DEGREE DAYS
 HEATING
  YESTERDAY        0                               -2
  MONTH TO DATE    0                              -21
  SINCE SEP 1      0                              -23
  SINCE JUL 1      0                              -23

 COOLING
  YESTERDAY        5                                3
  MONTH TO DATE  211                              122
  SINCE SEP 1    690                              263
  SINCE JAN 1   2911                              800
...............................................................


WIND (MPH)
  HIGHEST WIND SPEED    24   HIGHEST WIND DIRECTION    NW (320)
  HIGHEST GUST SPEED    31   HIGHEST GUST DIRECTION    NW (300)
  AVERAGE WIND SPEED     8.2




RELATIVE HUMIDITY (PERCENT)
 HIGHEST    67
 LOWEST     33
 AVERAGE    50

..........................................................


THE FRESNO CA CLIMATE NORMALS FOR TODAY
                         NORMAL    RECORD    YEAR
 MAXIMUM TEMPERATURE (F)   77        93      2003
 MINIMUM TEMPERATURE (F)   51        34      1949


SUNRISE AND SUNSET
OCTOBER 21 2014.......SUNRISE   712 AM PDT   SUNSET   614 PM PDT
OCTOBER 22 2014.......SUNRISE   713 AM PDT   SUNSET   613 PM PDT


-  INDICATES NEGATIVE NUMBERS.
R  INDICATES RECORD WAS SET OR TIED.
MM INDICATES DATA IS MISSING.
T  INDICATES TRACE AMOUNT.




$$
