000
CDUS46 KHNX 240823
CLIFAT


CLIMATE REPORT
NATIONAL WEATHER SERVICE SAN JOAQUIN VALLEY, CA
1223 AM PST FRI NOV 24 2017


...................................

...THE FRESNO CA CLIMATE SUMMARY FOR NOVEMBER 23 2017...

CLIMATE NORMAL PERIOD 1981 TO 2010
CLIMATE RECORD PERIOD 1887 TO 2017


WEATHER ITEM   OBSERVED TIME   RECORD YEAR NORMAL DEPARTURE
                VALUE   (LST)  VALUE       VALUE  FROM
                                                  NORMAL
...............................................................
TEMPERATURE (F)
 YESTERDAY
  MAXIMUM         75    321 PM  78    1932  62     13
  MINIMUM         49    709 AM  27    1947  41      8
  AVERAGE         62                        51     11

PRECIPITATION (IN)
  YESTERDAY        0.00          0.70 1885   0.04  -0.04
  MONTH TO DATE    0.22                      0.81  -0.59
  SINCE OCT 1      0.31                      1.44  -1.13
  SINCE JAN 1     13.11                      9.47   3.64

SNOWFALL (IN)
  YESTERDAY        0.0
  MONTH TO DATE    0.0
  SINCE SEP 1      0.0
  SINCE JUL 1      0.0
  SNOW DEPTH       0

DEGREE DAYS
 HEATING
  YESTERDAY        3                              -11
  MONTH TO DATE  147                              -74
  SINCE SEP 1    196                              -88
  SINCE JUL 1    196                              -88

 COOLING
  YESTERDAY        0                                0
  MONTH TO DATE    2                                2
  SINCE SEP 1    449                               11
  SINCE JAN 1   2488                              366
...............................................................


WIND (MPH)
  HIGHEST WIND SPEED    10   HIGHEST WIND DIRECTION    NW (310)
  HIGHEST GUST SPEED    12   HIGHEST GUST DIRECTION    NW (300)
  AVERAGE WIND SPEED     2.6




RELATIVE HUMIDITY (PERCENT)
 HIGHEST    93
 LOWEST     46
 AVERAGE    70

..........................................................


THE FRESNO CA CLIMATE NORMALS FOR TODAY
                         NORMAL    RECORD    YEAR
 MAXIMUM TEMPERATURE (F)   61        78      1939
 MINIMUM TEMPERATURE (F)   41        29      1947
                                             1941


SUNRISE AND SUNSET
NOVEMBER 24 2017......SUNRISE   646 AM PST   SUNSET   445 PM PST
NOVEMBER 25 2017......SUNRISE   647 AM PST   SUNSET   444 PM PST


-  INDICATES NEGATIVE NUMBERS.
R  INDICATES RECORD WAS SET OR TIED.
MM INDICATES DATA IS MISSING.
T  INDICATES TRACE AMOUNT.




$$
