000
CDUS46 KHNX 300834
CLIFAT


CLIMATE REPORT
NATIONAL WEATHER SERVICE SAN JOAQUIN VALLEY, CA
134 AM PDT SAT APR 30 2016


...................................

...THE FRESNO CA CLIMATE SUMMARY FOR APRIL 29 2016...

CLIMATE NORMAL PERIOD 1981 TO 2010
CLIMATE RECORD PERIOD 1887 TO 2016


WEATHER ITEM   OBSERVED TIME   RECORD YEAR NORMAL DEPARTURE
                VALUE   (LST)  VALUE       VALUE  FROM
                                                  NORMAL
...............................................................
TEMPERATURE (F)
 YESTERDAY
  MAXIMUM         80    415 PM  96    1981  79      1
  MINIMUM         53    516 AM  35    1970  52      1
  AVERAGE         67                        66      1

PRECIPITATION (IN)
  YESTERDAY        T             0.47 1951   0.03  -0.03
  MONTH TO DATE    1.06                      0.93   0.13
  SINCE OCT 1     13.94                     10.65   3.29
  SINCE JAN 1      8.74                      7.18   1.56

SNOWFALL (IN)
  YESTERDAY        0.0
  MONTH TO DATE    0.0
  SINCE MAR 1      0.0
  SINCE JUL 1      0.0
  SNOW DEPTH       0

DEGREE DAYS
 HEATING
  YESTERDAY        0                               -2
  MONTH TO DATE   47                              -87
  SINCE MAR 1    236                             -163
  SINCE JUL 1   1937                             -374

 COOLING
  YESTERDAY        2                               -1
  MONTH TO DATE   62                               18
  SINCE MAR 1     63                               14
  SINCE JAN 1     63                               14
...............................................................


WIND (MPH)
  HIGHEST WIND SPEED    22   HIGHEST WIND DIRECTION    NW (300)
  HIGHEST GUST SPEED    27   HIGHEST GUST DIRECTION     W (290)
  AVERAGE WIND SPEED     8.0




RELATIVE HUMIDITY (PERCENT)
 HIGHEST    77
 LOWEST     23
 AVERAGE    50

..........................................................


THE FRESNO CA CLIMATE NORMALS FOR TODAY
                         NORMAL    RECORD    YEAR
 MAXIMUM TEMPERATURE (F)   79       100      1981
 MINIMUM TEMPERATURE (F)   53        37      1951


SUNRISE AND SUNSET
APRIL 30 2016.........SUNRISE   605 AM PDT   SUNSET   747 PM PDT
MAY  1 2016...........SUNRISE   604 AM PDT   SUNSET   748 PM PDT


-  INDICATES NEGATIVE NUMBERS.
R  INDICATES RECORD WAS SET OR TIED.
MM INDICATES DATA IS MISSING.
T  INDICATES TRACE AMOUNT.




$$
