000
CDUS46 KHNX 110025
CLIFAT


CLIMATE REPORT
NATIONAL WEATHER SERVICE SAN JOAQUIN VALLEY, CA
525 PM PDT THU JUL 10 2014


...................................

...THE FRESNO CA CLIMATE SUMMARY FOR JULY 10 2014...
VALID AS OF 0500 PM LOCAL TIME.

CLIMATE NORMAL PERIOD 1981 TO 2010
CLIMATE RECORD PERIOD 1887 TO 2014


WEATHER ITEM   OBSERVED TIME   RECORD YEAR NORMAL DEPARTURE LAST
                VALUE   (LST)  VALUE       VALUE  FROM      YEAR
                                                  NORMAL
..................................................................
TEMPERATURE (F)
 TODAY
  MAXIMUM         99    353 PM 112    2008  98      1      103
  MINIMUM         71    602 AM  54    1904  68      3       74
  AVERAGE         85                        83      2       89

PRECIPITATION (IN)
  TODAY            0.00          0.01 1950   0.01  -0.01     0.00
  MONTH TO DATE    0.00                      0.01  -0.01     0.00
  SINCE JUL 1      0.00                      0.01  -0.01     0.00
  SINCE JAN 1      4.08                      7.85  -3.77     2.28

SNOWFALL (IN)
  TODAY            0.0
  MONTH TO DATE    0.0
  SINCE JUN 1      0.0
  SINCE JUL 1      0.0
  SNOW DEPTH       0

DEGREE DAYS
 HEATING
  TODAY            0                         0      0        0
  MONTH TO DATE    0                         0      0        0
  SINCE JUN 1      0                         3     -3        0
  SINCE JUL 1      0                         0      0        0

 COOLING
  TODAY           20                        18      2       24
  MONTH TO DATE  237                       169     68      253
  SINCE JUN 1    722                       538    184      736
  SINCE JAN 1   1165                       779    386     1143
..................................................................


WIND (MPH)
  HIGHEST WIND SPEED    14   HIGHEST WIND DIRECTION    NW (310)
  HIGHEST GUST SPEED    16   HIGHEST GUST DIRECTION    NW (310)
  AVERAGE WIND SPEED     6.4




RELATIVE HUMIDITY (PERCENT)
 HIGHEST    61
 LOWEST     15
 AVERAGE    38

..........................................................


THE FRESNO CA CLIMATE NORMALS FOR TOMORROW
                         NORMAL    RECORD    YEAR
 MAXIMUM TEMPERATURE (F)   98       110      1961
                                             1897
                                             1896
 MINIMUM TEMPERATURE (F)   68        52      1974


SUNRISE AND SUNSET
JULY 10 2014..........SUNRISE   548 AM PDT   SUNSET   820 PM PDT
JULY 11 2014..........SUNRISE   549 AM PDT   SUNSET   819 PM PDT


-  INDICATES NEGATIVE NUMBERS.
R  INDICATES RECORD WAS SET OR TIED.
MM INDICATES DATA IS MISSING.
T  INDICATES TRACE AMOUNT.




$$
