000
CDUS46 KHNX 080825
CLIFAT


CLIMATE REPORT
NATIONAL WEATHER SERVICE SAN JOAQUIN VALLEY, CA
1224 AM PST THU DEC 8 2016


...................................

...THE FRESNO CA CLIMATE SUMMARY FOR DECEMBER 7 2016...

CLIMATE NORMAL PERIOD 1981 TO 2010
CLIMATE RECORD PERIOD 1887 TO 2016


WEATHER ITEM   OBSERVED TIME   RECORD YEAR NORMAL DEPARTURE
                VALUE   (LST)  VALUE       VALUE  FROM
                                                  NORMAL
...............................................................
TEMPERATURE (F)
 YESTERDAY
  MAXIMUM         51    435 PM  69    1937  57     -6
  MINIMUM         32    451 AM  25    1978  38     -6
  AVERAGE         42                        48     -6

PRECIPITATION (IN)
  YESTERDAY        T             0.82 1918   0.05  -0.05
  MONTH TO DATE    T                         0.31  -0.31
  SINCE OCT 1      2.05                      2.01   0.04
  SINCE JAN 1     11.14                     10.04   1.10

SNOWFALL (IN)
  YESTERDAY        0.0
  MONTH TO DATE    0.0
  SINCE DEC 1      0.0
  SINCE JUL 1      0.0
  SNOW DEPTH       0

DEGREE DAYS
 HEATING
  YESTERDAY       23                                6
  MONTH TO DATE  138                               21
  SINCE DEC 1    138                               21
  SINCE JUL 1    389                             -116

 COOLING
  YESTERDAY        0                                0
  MONTH TO DATE    0                                0
  SINCE DEC 1      0                                0
  SINCE JAN 1   2342                              218
...............................................................


WIND (MPH)
  HIGHEST WIND SPEED     7   HIGHEST WIND DIRECTION    SE (120)
  HIGHEST GUST SPEED    14   HIGHEST GUST DIRECTION     N (20)
  AVERAGE WIND SPEED     3.2




RELATIVE HUMIDITY (PERCENT)
 HIGHEST   100
 LOWEST     59
 AVERAGE    80

..........................................................


THE FRESNO CA CLIMATE NORMALS FOR TODAY
                         NORMAL    RECORD    YEAR
 MAXIMUM TEMPERATURE (F)   56        77      2006
 MINIMUM TEMPERATURE (F)   38        25      1978


SUNRISE AND SUNSET
DECEMBER  8 2016......SUNRISE   659 AM PST   SUNSET   443 PM PST
DECEMBER  9 2016......SUNRISE   700 AM PST   SUNSET   443 PM PST


-  INDICATES NEGATIVE NUMBERS.
R  INDICATES RECORD WAS SET OR TIED.
MM INDICATES DATA IS MISSING.
T  INDICATES TRACE AMOUNT.




$$
