000
CDUS46 KHNX 010026
CLIFAT


CLIMATE REPORT
NATIONAL WEATHER SERVICE SAN JOAQUIN VALLEY, CA
525 PM PDT TUE MAY 31 2016


...................................

...THE FRESNO CA CLIMATE SUMMARY FOR MAY 31 2016...
VALID AS OF 0400 PM LOCAL TIME.

CLIMATE NORMAL PERIOD 1981 TO 2010
CLIMATE RECORD PERIOD 1887 TO 2016


WEATHER ITEM   OBSERVED TIME   RECORD YEAR NORMAL DEPARTURE LAST
                VALUE   (LST)  VALUE       VALUE  FROM      YEAR
                                                  NORMAL
..................................................................
TEMPERATURE (F)
 TODAY
  MAXIMUM         98    342 PM 110    1910  88     10       97
  MINIMUM         67    500 AM  46    1923  59      8       64
  AVERAGE         83                        74      9       81

PRECIPITATION (IN)
  TODAY            0.00          0.15 1961   0.01  -0.01     0.00
                                      1894
  MONTH TO DATE    0.29                      0.43  -0.14     0.57
  SINCE OCT 1     14.23                     11.10   3.13     6.41
  SINCE JAN 1      9.03                      7.63   1.40     3.22

SNOWFALL (IN)
  TODAY            0.0
  MONTH TO DATE    0.0
  SINCE MAR 1      0.0
  SINCE JUL 1      0.0
  SNOW DEPTH       0

DEGREE DAYS
 HEATING
  TODAY            0                         0      0        0
  MONTH TO DATE   10                        29    -19       25
  SINCE MAR 1    246                       431   -185      193
  SINCE JUL 1   1947                      2343   -396     1519

 COOLING
  TODAY           18                         9      9       16
  MONTH TO DATE  214                       190     24      145
  SINCE MAR 1    278                       241     37      273
  SINCE JAN 1    278                       241     37      273
..................................................................


WIND (MPH)
  HIGHEST WIND SPEED    14   HIGHEST WIND DIRECTION    NW (310)
  HIGHEST GUST SPEED    19   HIGHEST GUST DIRECTION    NW (300)
  AVERAGE WIND SPEED     5.3




RELATIVE HUMIDITY (PERCENT)
 HIGHEST    53
 LOWEST     18
 AVERAGE    36

..........................................................


THE FRESNO CA CLIMATE NORMALS FOR TOMORROW
                         NORMAL    RECORD    YEAR
 MAXIMUM TEMPERATURE (F)   88       105      1910
 MINIMUM TEMPERATURE (F)   59        44      1955
                                             1929


SUNRISE AND SUNSET
MAY 31 2016...........SUNRISE   542 AM PDT   SUNSET   812 PM PDT
JUNE  1 2016..........SUNRISE   541 AM PDT   SUNSET   813 PM PDT


-  INDICATES NEGATIVE NUMBERS.
R  INDICATES RECORD WAS SET OR TIED.
MM INDICATES DATA IS MISSING.
T  INDICATES TRACE AMOUNT.




$$
