000
CDUS42 KRAH 302101
CLIFAY


CLIMATE REPORT
NATIONAL WEATHER SERVICE RALEIGH NC
459 PM EDT TUE JUN 30 2015


...................................

...THE FAYETTEVILLE REGL AIRPORT NC CLIMATE SUMMARY FOR JUNE 30 2015...
VALID TODAY AS OF 0458 PM LOCAL TIME.

CLIMATE NORMAL PERIOD 1981 TO 2010
CLIMATE RECORD PERIOD 1910 TO 2015


WEATHER ITEM   OBSERVED TIME   RECORD YEAR NORMAL DEPARTURE LAST
                VALUE   (LST)  VALUE       VALUE  FROM      YEAR
                                                  NORMAL
..................................................................
TEMPERATURE (F)
 TODAY
  MAXIMUM         92    358 PM 102    2012  91      1       91
  MINIMUM         68    523 AM  53    1919  71     -3       66
  AVERAGE         80                        81     -1       79

PRECIPITATION (IN)
  TODAY            0.00          3.74 1983   0.19  -0.19     0.00
  MONTH TO DATE    8.99                      4.35   4.64     2.69
  SINCE JUN 1      8.99                      4.35   4.64     2.69
  SINCE JAN 1     24.26                     20.02   4.24    21.14

DEGREE DAYS
 HEATING
  TODAY            0                         0      0        0
  MONTH TO DATE    0                         0      0        0
  SINCE JUN 1      0                         0      0        0
  SINCE JUL 1   2942                      2732    210     2941

 COOLING
  TODAY           15                        16     -1       14
  MONTH TO DATE  489                       396     93      457
  SINCE JUN 1    489                       396     93      457
  SINCE JAN 1    819                       680    139      823
..................................................................


WIND (MPH)
  HIGHEST WIND SPEED    20   HIGHEST WIND DIRECTION     S (190)
  HIGHEST GUST SPEED    25   HIGHEST GUST DIRECTION    SW (230)
  AVERAGE WIND SPEED     8.0


SKY COVER
  POSSIBLE SUNSHINE  MM
  AVERAGE SKY COVER 0.0


WEATHER CONDITIONS
 THE FOLLOWING WEATHER WAS RECORDED TODAY.
  NO SIGNIFICANT WEATHER WAS OBSERVED.


RELATIVE HUMIDITY (PERCENT)
 HIGHEST    81           500 AM
 LOWEST     44           100 PM
 AVERAGE    63

..........................................................


THE FAYETTEVILLE REGL AIRPORT NC CLIMATE NORMALS FOR TOMORROW
                         NORMAL    RECORD    YEAR
 MAXIMUM TEMPERATURE (F)   91       104      1959
 MINIMUM TEMPERATURE (F)   71        52      1919


SUNRISE AND SUNSET
JUNE 30 2015..........SUNRISE   605 AM EDT   SUNSET   834 PM EDT
JULY  1 2015..........SUNRISE   605 AM EDT   SUNSET   833 PM EDT


-  INDICATES NEGATIVE NUMBERS.
R  INDICATES RECORD WAS SET OR TIED.
MM INDICATES DATA IS MISSING.
T  INDICATES TRACE AMOUNT.




$$
