000
CDUS42 KRAH 161545
CLIFAY


CLIMATE REPORT
NATIONAL WEATHER SERVICE RALEIGH NC
1045 AM EST SAT DEC 16 2017


...................................

...THE FAYETTEVILLE REGL AIRPORT NC CLIMATE SUMMARY FOR DECEMBER 16 2017...
VALID AS OF 1000 AM LOCAL TIME.

CLIMATE NORMAL PERIOD 1981 TO 2010
CLIMATE RECORD PERIOD 1910 TO 2017


WEATHER ITEM   OBSERVED TIME   RECORD YEAR NORMAL DEPARTURE LAST
                VALUE   (LST)  VALUE       VALUE  FROM      YEAR
                                                  NORMAL
..................................................................
TEMPERATURE (F)
 TODAY
  MAXIMUM         38   1211 AM  80    1971  55    -17       35
  MINIMUM         25    659 AM   6    1958  35    -10       22
  AVERAGE         32                        45    -13       29

PRECIPITATION (IN)
  TODAY            0.00          2.17 1936   0.08  -0.08     0.00
  MONTH TO DATE    2.02                      1.55   0.47     1.34
  SINCE DEC 1      2.02                      1.55   0.47     1.34
  SINCE JAN 1     40.85                     43.36  -2.51    54.95

..................................................................


WIND (MPH)
  HIGHEST WIND SPEED     7   HIGHEST WIND DIRECTION     N (340)
  HIGHEST GUST SPEED     9   HIGHEST GUST DIRECTION     N (340)
  AVERAGE WIND SPEED     3.8


SKY COVER
  POSSIBLE SUNSHINE  MM
  AVERAGE SKY COVER 0.0


WEATHER CONDITIONS
 THE FOLLOWING WEATHER WAS RECORDED TODAY.
  NO SIGNIFICANT WEATHER WAS OBSERVED.


RELATIVE HUMIDITY (PERCENT)
 HIGHEST    92           700 AM
 LOWEST     51          1000 AM
 AVERAGE    72

..........................................................




SUNRISE AND SUNSET
DECEMBER 16 2017......SUNRISE   717 AM EST   SUNSET   506 PM EST
DECEMBER 17 2017......SUNRISE   717 AM EST   SUNSET   506 PM EST


-  INDICATES NEGATIVE NUMBERS.
R  INDICATES RECORD WAS SET OR TIED.
MM INDICATES DATA IS MISSING.
T  INDICATES TRACE AMOUNT.




$$
