000
CDUS42 KRAH 240703
CLIFAY


CLIMATE REPORT
NATIONAL WEATHER SERVICE RALEIGH NC
301 AM EDT WED AUG 24 2016


...................................

...THE FAYETTEVILLE REGL AIRPORT NC CLIMATE SUMMARY FOR AUGUST 23 2016...

CLIMATE NORMAL PERIOD 1981 TO 2010
CLIMATE RECORD PERIOD 1910 TO 2016


WEATHER ITEM   OBSERVED TIME   RECORD YEAR NORMAL DEPARTURE LAST
                VALUE   (LST)  VALUE       VALUE  FROM      YEAR
                                                  NORMAL
..................................................................
TEMPERATURE (F)
 YESTERDAY
  MAXIMUM         91    156 PM 103    1983  89      2       88
  MINIMUM         67    634 AM  53    1969  69     -2       65
  AVERAGE         79                        79      0       77

PRECIPITATION (IN)
  YESTERDAY        0.00          4.07 1947   0.17  -0.17     0.00
  MONTH TO DATE    1.14                      4.22  -3.08     1.71
  SINCE JUN 1      8.90                     14.49  -5.59    14.23
  SINCE JAN 1     26.47                     30.16  -3.69    29.50

DEGREE DAYS
 HEATING
  YESTERDAY        0                         0      0        0
  MONTH TO DATE    0                         0      0        0
  SINCE JUN 1      0                         0      0        0
  SINCE JUL 1      0                         0      0        0

 COOLING
  YESTERDAY       14                        14      0       12
  MONTH TO DATE  448                       347    101      360
  SINCE JUN 1   1519                      1250    269     1404
  SINCE JAN 1   1855                      1534    321     1734
..................................................................


WIND (MPH)
  HIGHEST WIND SPEED    14   HIGHEST WIND DIRECTION    NE (50)
  HIGHEST GUST SPEED    17   HIGHEST GUST DIRECTION    NE (50)
  AVERAGE WIND SPEED     5.5


SKY COVER
  POSSIBLE SUNSHINE  MM
  AVERAGE SKY COVER 0.2


WEATHER CONDITIONS
 THE FOLLOWING WEATHER WAS RECORDED YESTERDAY.
  NO SIGNIFICANT WEATHER WAS OBSERVED.


RELATIVE HUMIDITY (PERCENT)
 HIGHEST    87           600 AM
 LOWEST     40           500 PM
 AVERAGE    64

..........................................................


THE FAYETTEVILLE REGL AIRPORT NC CLIMATE NORMALS FOR TODAY
                         NORMAL    RECORD    YEAR
 MAXIMUM TEMPERATURE (F)   89       104      1983
 MINIMUM TEMPERATURE (F)   69        55      1978


SUNRISE AND SUNSET
AUGUST 24 2016........SUNRISE   643 AM EDT   SUNSET   752 PM EDT
AUGUST 25 2016........SUNRISE   643 AM EDT   SUNSET   751 PM EDT


-  INDICATES NEGATIVE NUMBERS.
R  INDICATES RECORD WAS SET OR TIED.
MM INDICATES DATA IS MISSING.
T  INDICATES TRACE AMOUNT.




$$
