000
CDUS42 KRAH 110100
CLIFAY


CLIMATE REPORT
NATIONAL WEATHER SERVICE RALEIGH NC
852 PM EDT THU JUL 10 2014


...................................

...THE FAYETTEVILLE REGL AIRPORT NC CLIMATE SUMMARY FOR JULY 10 2014...
VALID AS OF 0800 PM LOCAL TIME.

CLIMATE NORMAL PERIOD 1981 TO 2010
CLIMATE RECORD PERIOD 1910 TO 2014


WEATHER ITEM   OBSERVED TIME   RECORD YEAR NORMAL DEPARTURE LAST
                VALUE   (LST)  VALUE       VALUE  FROM      YEAR
                                                  NORMAL
..................................................................
TEMPERATURE (F)
 TODAY
  MAXIMUM         94    131 PM 103    1986  91      3       90
  MINIMUM         72    746 PM  56    1984  72      0       74
  AVERAGE         83                        81      2       82

PRECIPITATION (IN)
  TODAY            1.36          2.04 1946   0.19   1.17     0.01
  MONTH TO DATE    1.44                      1.71  -0.27     4.70
  SINCE JUN 1      4.13                      6.06  -1.93    13.28
  SINCE JAN 1     22.58                     21.73   0.85    26.62

DEGREE DAYS
 HEATING
  TODAY            0                         0      0        0
  MONTH TO DATE    0                         0      0        0
  SINCE JUN 1      0                         0      0        0
  SINCE JUL 1      0                         0      0        0

 COOLING
  TODAY           18                        16      2       17
  MONTH TO DATE  170                       160     10      155
  SINCE JUN 1    627                       556     71      550
  SINCE JAN 1    993                       840    153      799
..................................................................


WIND (MPH)
  RESULTANT WIND SPEED   5   RESULTANT WIND DIRECTION   S (200)
  HIGHEST WIND SPEED    30   HIGHEST WIND DIRECTION     S (180)
  HIGHEST GUST SPEED    38   HIGHEST GUST DIRECTION     S (180)
  AVERAGE WIND SPEED     6.9


SKY COVER
  POSSIBLE SUNSHINE  MM
  AVERAGE SKY COVER 0.5


WEATHER CONDITIONS
 THE FOLLOWING WEATHER WAS RECORDED TODAY.
  THUNDERSTORM
  HEAVY RAIN
  RAIN
  LIGHT RAIN
  FOG
  FOG W/VISIBILITY <= 1/4 MILE
  HAZE


RELATIVE HUMIDITY (PERCENT)
 HIGHEST    93           700 PM
 LOWEST     47           200 PM
 AVERAGE    70

..........................................................




SUNRISE AND SUNSET
JULY 10 2014..........SUNRISE   610 AM EDT   SUNSET   832 PM EDT
JULY 11 2014..........SUNRISE   610 AM EDT   SUNSET   831 PM EDT


-  INDICATES NEGATIVE NUMBERS.
R  INDICATES RECORD WAS SET OR TIED.
MM INDICATES DATA IS MISSING.
T  INDICATES TRACE AMOUNT.




$$
