000
CDUS42 KRAH 210537
CLIFAY


CLIMATE REPORT
NATIONAL WEATHER SERVICE RALEIGH NC
136 AM EDT SUN SEP 21 2014


...................................

...THE FAYETTEVILLE REGL AIRPORT NC CLIMATE SUMMARY FOR SEPTEMBER 20 2014...

CLIMATE NORMAL PERIOD 1981 TO 2010
CLIMATE RECORD PERIOD 1910 TO 2014


WEATHER ITEM   OBSERVED TIME   RECORD YEAR NORMAL DEPARTURE LAST
                VALUE   (LST)  VALUE       VALUE  FROM      YEAR
                                                  NORMAL
..................................................................
TEMPERATURE (F)
 YESTERDAY
  MAXIMUM         81    227 PM  98    1954  82     -1       76
  MINIMUM         60    428 AM  28    1941  63     -3       63
  AVERAGE         71                        73     -2       70

PRECIPITATION (IN)
  YESTERDAY        0.00          2.90 1938   0.15  -0.15     0.14
  MONTH TO DATE    6.03                      2.98   3.05     0.29
  SINCE SEP 1      6.03                      2.98   3.05     0.29
  SINCE JAN 1     32.95                     34.41  -1.46    34.85

DEGREE DAYS
 HEATING
  YESTERDAY        0                         0      0        0
  MONTH TO DATE    0                         0      0        0
  SINCE SEP 1      0                         0      0        0
  SINCE JUL 1      0                         0      0        0

 COOLING
  YESTERDAY        6                         8     -2        5
  MONTH TO DATE  252                       206     46      233
  SINCE SEP 1    252                       206     46      233
  SINCE JAN 1   1993                      1846    147     1812
..................................................................


WIND (MPH)
  HIGHEST WIND SPEED    20   HIGHEST WIND DIRECTION     N (20)
  HIGHEST GUST SPEED    24   HIGHEST GUST DIRECTION     N (10)
  AVERAGE WIND SPEED     9.9


SKY COVER
  POSSIBLE SUNSHINE  MM
  AVERAGE SKY COVER 0.0


WEATHER CONDITIONS
 THE FOLLOWING WEATHER WAS RECORDED YESTERDAY.
  FOG


RELATIVE HUMIDITY (PERCENT)
 HIGHEST    97           600 AM
 LOWEST     49           100 PM
 AVERAGE    73

..........................................................


THE FAYETTEVILLE REGL AIRPORT NC CLIMATE NORMALS FOR TODAY
                         NORMAL    RECORD    YEAR
 MAXIMUM TEMPERATURE (F)   82        99      1931
 MINIMUM TEMPERATURE (F)   62        44      1962


SUNRISE AND SUNSET
SEPTEMBER 21 2014.....SUNRISE   703 AM EDT   SUNSET   714 PM EDT
SEPTEMBER 22 2014.....SUNRISE   703 AM EDT   SUNSET   712 PM EDT


-  INDICATES NEGATIVE NUMBERS.
R  INDICATES RECORD WAS SET OR TIED.
MM INDICATES DATA IS MISSING.
T  INDICATES TRACE AMOUNT.




$$
