000
CDUS42 KRAH 260803
CLIFAY


CLIMATE REPORT
NATIONAL WEATHER SERVICE RALEIGH NC
401 AM EDT SAT JUL 26 2014


...................................

...THE FAYETTEVILLE REGL AIRPORT NC CLIMATE SUMMARY FOR JULY 25 2014...

CLIMATE NORMAL PERIOD 1981 TO 2010
CLIMATE RECORD PERIOD 1910 TO 2014


WEATHER ITEM   OBSERVED TIME   RECORD YEAR NORMAL DEPARTURE LAST
                VALUE   (LST)  VALUE       VALUE  FROM      YEAR
                                                  NORMAL
..................................................................
TEMPERATURE (F)
 YESTERDAY
  MAXIMUM         85   1251 PM 103    1914  91     -6       85
  MINIMUM         69    638 AM  58    1947  72     -3       70
  AVERAGE         77                        81     -4       78

PRECIPITATION (IN)
  YESTERDAY        0.00          1.85 1997   0.22  -0.22     0.01
  MONTH TO DATE    1.83                      4.76  -2.93     6.84
  SINCE JUN 1      4.52                      9.11  -4.59    15.42
  SINCE JAN 1     22.97                     24.78  -1.81    28.76

DEGREE DAYS
 HEATING
  YESTERDAY        0                         0      0        0
  MONTH TO DATE    0                         0      0        0
  SINCE JUN 1      0                         0      0        0
  SINCE JUL 1      0                         0      0        0

 COOLING
  YESTERDAY       12                        16     -4       13
  MONTH TO DATE  387                       411    -24      411
  SINCE JUN 1    844                       807     37      806
  SINCE JAN 1   1210                      1091    119     1055
..................................................................


WIND (MPH)
  HIGHEST WIND SPEED    14   HIGHEST WIND DIRECTION     N (20)
  HIGHEST GUST SPEED    17   HIGHEST GUST DIRECTION    NE (30)
  AVERAGE WIND SPEED     6.6


SKY COVER
  POSSIBLE SUNSHINE  MM
  AVERAGE SKY COVER 0.8


WEATHER CONDITIONS
 THE FOLLOWING WEATHER WAS RECORDED YESTERDAY.
  NO SIGNIFICANT WEATHER WAS OBSERVED.


RELATIVE HUMIDITY (PERCENT)
 HIGHEST    97           200 AM
 LOWEST     61           100 PM
 AVERAGE    79

..........................................................


THE FAYETTEVILLE REGL AIRPORT NC CLIMATE NORMALS FOR TODAY
                         NORMAL    RECORD    YEAR
 MAXIMUM TEMPERATURE (F)   91       104      1940
 MINIMUM TEMPERATURE (F)   72        58      1929


SUNRISE AND SUNSET
JULY 26 2014..........SUNRISE   621 AM EDT   SUNSET   823 PM EDT
JULY 27 2014..........SUNRISE   621 AM EDT   SUNSET   822 PM EDT


-  INDICATES NEGATIVE NUMBERS.
R  INDICATES RECORD WAS SET OR TIED.
MM INDICATES DATA IS MISSING.
T  INDICATES TRACE AMOUNT.




$$
