000
CDUS42 KRAH 260739
CLIFAY


CLIMATE REPORT
NATIONAL WEATHER SERVICE RALEIGH NC
237 AM EST SUN FEB 26 2017


...................................

...THE FAYETTEVILLE REGL AIRPORT NC CLIMATE SUMMARY FOR FEBRUARY 25 2017...

CLIMATE NORMAL PERIOD 1981 TO 2010
CLIMATE RECORD PERIOD 1910 TO 2017


WEATHER ITEM   OBSERVED TIME   RECORD YEAR NORMAL DEPARTURE LAST
                VALUE   (LST)  VALUE       VALUE  FROM      YEAR
                                                  NORMAL
..................................................................
TEMPERATURE (F)
 YESTERDAY
  MAXIMUM         83    226 PM  85    1930  61     22       58
  MINIMUM         53    722 AM  11    1967  37     16       41
  AVERAGE         68                        49     19       50

PRECIPITATION (IN)
  YESTERDAY        0.00          1.97 1961   0.09  -0.09     0.00
  MONTH TO DATE    0.99                      2.47  -1.48     6.14
  SINCE DEC 1      6.06                      8.42  -2.36    14.35
  SINCE JAN 1      3.42                      5.77  -2.35     7.84

DEGREE DAYS
 HEATING
  YESTERDAY        0                        16    -16       15
  MONTH TO DATE  225                       453   -228      475
  SINCE DEC 1   1239                      1731   -492     1428
  SINCE JUL 1   1590                      2179   -589     1747

 COOLING
  YESTERDAY        3                         0      3        0
  MONTH TO DATE   14                         0     14        0
  SINCE DEC 1     15                         4     11       47
  SINCE JAN 1     15                         2     13        0
..................................................................


WIND (MPH)
  HIGHEST WIND SPEED    29   HIGHEST WIND DIRECTION    SW (210)
  HIGHEST GUST SPEED    36   HIGHEST GUST DIRECTION    SW (210)
  AVERAGE WIND SPEED    12.2


SKY COVER
  POSSIBLE SUNSHINE  MM
  AVERAGE SKY COVER 0.3


WEATHER CONDITIONS
 THE FOLLOWING WEATHER WAS RECORDED YESTERDAY.
  FOG
  FOG W/VISIBILITY <= 1/4 MILE


RELATIVE HUMIDITY (PERCENT)
 HIGHEST   100           300 AM
 LOWEST     15           800 PM
 AVERAGE    58

..........................................................


THE FAYETTEVILLE REGL AIRPORT NC CLIMATE NORMALS FOR TODAY
                         NORMAL    RECORD    YEAR
 MAXIMUM TEMPERATURE (F)   62        81      1930
 MINIMUM TEMPERATURE (F)   37        13      1967


SUNRISE AND SUNSET
FEBRUARY 26 2017......SUNRISE   648 AM EST   SUNSET   609 PM EST
FEBRUARY 27 2017......SUNRISE   647 AM EST   SUNSET   610 PM EST


-  INDICATES NEGATIVE NUMBERS.
R  INDICATES RECORD WAS SET OR TIED.
MM INDICATES DATA IS MISSING.
T  INDICATES TRACE AMOUNT.

$$
