000
CDUS42 KRAH 281459
CLIFAY

CLIMATE REPORT
NATIONAL WEATHER SERVICE RALEIGH NC
1000 AM EST FRI NOV 28 2014

...................................

...THE FAYETTEVILLE REGL AIRPORT NC CLIMATE SUMMARY FOR NOVEMBER 28 2014...
VALID AS OF 0946 AM LOCAL TIME.

CLIMATE NORMAL PERIOD 1981 TO 2010
CLIMATE RECORD PERIOD 1910 TO 2014


WEATHER ITEM   OBSERVED TIME   RECORD YEAR NORMAL DEPARTURE LAST
                VALUE   (LST)  VALUE       VALUE  FROM      YEAR
                                                  NORMAL
..................................................................
TEMPERATURE (F)
 TODAY
  MAXIMUM                       83    1973  62              46
  MINIMUM         32    721 AM  17    1930  39     -7       26
  AVERAGE                                   51              36

PRECIPITATION (IN)
  TODAY            0.00          2.40 1993   0.10  -0.10     0.00
  MONTH TO DATE    2.84                      2.60   0.24     2.54
  SINCE SEP 1     11.01                     10.21   0.80     4.52
  SINCE JAN 1     37.93                     41.64  -3.71    39.08

..................................................................

WIND (MPH)
  RESULTANT WIND SPEED   9   RESULTANT WIND DIRECTION  NW (330)
  HIGHEST WIND SPEED    17   HIGHEST WIND DIRECTION    NW (330)
  HIGHEST GUST SPEED    21   HIGHEST GUST DIRECTION     N (360)
  AVERAGE WIND SPEED     9.1


SKY COVER
  POSSIBLE SUNSHINE  MM
  AVERAGE SKY COVER 0.0


WEATHER CONDITIONS
 THE FOLLOWING WEATHER WAS RECORDED TODAY.
  NO SIGNIFICANT WEATHER WAS OBSERVED.


RELATIVE HUMIDITY (PERCENT)
 HIGHEST    75           100 AM
 LOWEST     52           900 AM
 AVERAGE    64

..........................................................


SUNRISE AND SUNSET
NOVEMBER 28 2014......SUNRISE   702 AM EST   SUNSET   504 PM EST
NOVEMBER 29 2014......SUNRISE   703 AM EST   SUNSET   504 PM EST


-  INDICATES NEGATIVE NUMBERS.
R  INDICATES RECORD WAS SET OR TIED.
MM INDICATES DATA IS MISSING.
T  INDICATES TRACE AMOUNT.

$$

DJF
