000
CDUS42 KRAH 280807
CLIFAY


CLIMATE REPORT
NATIONAL WEATHER SERVICE RALEIGH NC
406 AM EDT FRI JUL 28 2017


...................................

...THE FAYETTEVILLE REGL AIRPORT NC CLIMATE SUMMARY FOR JULY 27 2017...

CLIMATE NORMAL PERIOD 1981 TO 2010
CLIMATE RECORD PERIOD 1910 TO 2017


WEATHER ITEM   OBSERVED TIME   RECORD YEAR NORMAL DEPARTURE LAST
                VALUE   (LST)  VALUE       VALUE  FROM      YEAR
                                                  NORMAL
..................................................................
TEMPERATURE (F)
 YESTERDAY
  MAXIMUM         92    229 PM 106    1940  91      1      101
  MINIMUM         70    605 AM  56    1920  71     -1       79
  AVERAGE         81                        81      0       90

PRECIPITATION (IN)
  YESTERDAY        0.00          2.08 1969   0.22  -0.22     0.00
  MONTH TO DATE    7.88                      5.20   2.68     4.53
  SINCE JUN 1     12.44                      9.55   2.89     7.74
  SINCE JAN 1     28.08                     25.22   2.86    25.31

DEGREE DAYS
 HEATING
  YESTERDAY        0                         0      0        0
  MONTH TO DATE    0                         0      0        0
  SINCE JUN 1      0                         0      0        0
  SINCE JUL 1      0                         0      0        0

 COOLING
  YESTERDAY       16                        16      0       25
  MONTH TO DATE  530                       443     87      525
  SINCE JUN 1    962                       839    123      977
  SINCE JAN 1   1465                      1123    342     1313
..................................................................


WIND (MPH)
  HIGHEST WIND SPEED    14   HIGHEST WIND DIRECTION    SW (240)
  HIGHEST GUST SPEED    17   HIGHEST GUST DIRECTION     S (160)
  AVERAGE WIND SPEED     5.8


SKY COVER
  POSSIBLE SUNSHINE  MM
  AVERAGE SKY COVER 0.1


WEATHER CONDITIONS
 THE FOLLOWING WEATHER WAS RECORDED YESTERDAY.
  NO SIGNIFICANT WEATHER WAS OBSERVED.


RELATIVE HUMIDITY (PERCENT)
 HIGHEST   100           300 AM
 LOWEST     49           400 PM
 AVERAGE    75

..........................................................


THE FAYETTEVILLE REGL AIRPORT NC CLIMATE NORMALS FOR TODAY
                         NORMAL    RECORD    YEAR
 MAXIMUM TEMPERATURE (F)   91       105      1940
 MINIMUM TEMPERATURE (F)   71        55      1920


SUNRISE AND SUNSET
JULY 28 2017..........SUNRISE   622 AM EDT   SUNSET   821 PM EDT
JULY 29 2017..........SUNRISE   623 AM EDT   SUNSET   821 PM EDT


-  INDICATES NEGATIVE NUMBERS.
R  INDICATES RECORD WAS SET OR TIED.
MM INDICATES DATA IS MISSING.
T  INDICATES TRACE AMOUNT.




$$
