000
CDUS42 KRAH 300726
CLIFAY


CLIMATE REPORT
NATIONAL WEATHER SERVICE RALEIGH NC
325 AM EDT SUN AUG 30 2015


...................................

...THE FAYETTEVILLE REGL AIRPORT NC CLIMATE SUMMARY FOR AUGUST 29 2015...

CLIMATE NORMAL PERIOD 1981 TO 2010
CLIMATE RECORD PERIOD 1910 TO 2015


WEATHER ITEM   OBSERVED TIME   RECORD YEAR NORMAL DEPARTURE LAST
                VALUE   (LST)  VALUE       VALUE  FROM      YEAR
                                                  NORMAL
..................................................................
TEMPERATURE (F)
 YESTERDAY
  MAXIMUM         87    205 PM 100    1932  88     -1       93
  MINIMUM         61    558 AM  55    1942  68     -7       70
  AVERAGE         74                        78     -4       82

PRECIPITATION (IN)
  YESTERDAY        0.00          3.20 1949   0.15  -0.15     0.00
  MONTH TO DATE    1.75                      5.21  -3.46     3.92
  SINCE JUN 1     14.27                     15.48  -1.21     8.47
  SINCE JAN 1     29.54                     31.15  -1.61    26.92

DEGREE DAYS
 HEATING
  YESTERDAY        0                         0      0        0
  MONTH TO DATE    0                         0      0        0
  SINCE JUN 1      0                         0      0        0
  SINCE JUL 1      0                         0      0        0

 COOLING
  YESTERDAY        9                        13     -4       17
  MONTH TO DATE  439                       427     12      399
  SINCE JUN 1   1483                      1330    153     1340
  SINCE JAN 1   1813                      1614    199     1706
..................................................................


WIND (MPH)
  HIGHEST WIND SPEED    12   HIGHEST WIND DIRECTION     N (20)
  HIGHEST GUST SPEED    14   HIGHEST GUST DIRECTION    NE (30)
  AVERAGE WIND SPEED     4.5


SKY COVER
  POSSIBLE SUNSHINE  MM
  AVERAGE SKY COVER 0.0


WEATHER CONDITIONS
 THE FOLLOWING WEATHER WAS RECORDED YESTERDAY.
  NO SIGNIFICANT WEATHER WAS OBSERVED.


RELATIVE HUMIDITY (PERCENT)
 HIGHEST   100           600 AM
 LOWEST     35           300 PM
 AVERAGE    68

..........................................................


THE FAYETTEVILLE REGL AIRPORT NC CLIMATE NORMALS FOR TODAY
                         NORMAL    RECORD    YEAR
 MAXIMUM TEMPERATURE (F)   88       105      1932
 MINIMUM TEMPERATURE (F)   68        46      1965


SUNRISE AND SUNSET
AUGUST 30 2015........SUNRISE   647 AM EDT   SUNSET   745 PM EDT
AUGUST 31 2015........SUNRISE   647 AM EDT   SUNSET   744 PM EDT


-  INDICATES NEGATIVE NUMBERS.
R  INDICATES RECORD WAS SET OR TIED.
MM INDICATES DATA IS MISSING.
T  INDICATES TRACE AMOUNT.




$$
