000
CDUS42 KFFC 142135
CLIFFC


CLIMATE REPORT
NATIONAL WEATHER SERVICE PEACHTREE CITY GA
435 PM EST SUN FEB 14 2016


...................................

...THE PEACHTREE CITY CLIMATE SUMMARY FOR FEBRUARY 14 2016...
VALID TODAY AS OF 0400 PM LOCAL TIME.

CLIMATE NORMAL PERIOD 1981 TO 2010
CLIMATE RECORD PERIOD 9999 TO 9999


WEATHER ITEM   OBSERVED TIME   RECORD YEAR NORMAL DEPARTURE LAST
                VALUE   (LST)  VALUE       VALUE  FROM      YEAR
                                                  NORMAL
..................................................................
TEMPERATURE (F)
 TODAY
  MAXIMUM         49    326 PM  MM      MM  59    -10       62
  MINIMUM         25    312 AM  MM      MM  35    -10       22
  AVERAGE         37                        47    -10       42

PRECIPITATION (IN)
  TODAY            0.00         MM      MM   0.18  -0.18     0.00
  MONTH TO DATE    2.31                      2.24   0.07     1.45
  SINCE DEC 1     21.67                     10.58  11.09     8.89

SNOWFALL (IN)
  TODAY           MM            MM      MM  MM     MM       MM
  MONTH TO DATE    T                        MM     MM        0.0
  SINCE DEC 1      0.2                      MM     MM        0.0
  SINCE JUL 1      0.2                      MM     MM        0.0

DEGREE DAYS
 HEATING
  TODAY           28                        19      9       23
  MONTH TO DATE  298                       276     22      301
  SINCE DEC 1   1326                      1603   -277     1501
  SINCE JUL 1   1712                      2145   -433     2139

 COOLING
  TODAY            0                         0      0        0
  MONTH TO DATE    0                         0      0        0
  SINCE DEC 1     14                         0     14        0
  SINCE JAN 1      0                         0      0        0
..................................................................


WIND (MPH)
  RESULTANT WIND SPEED   5   RESULTANT WIND DIRECTION   E (110)
  HIGHEST WIND SPEED    17   HIGHEST WIND DIRECTION    SE (130)
  HIGHEST GUST SPEED    20   HIGHEST GUST DIRECTION    SE (120)
  AVERAGE WIND SPEED     6.0


SKY COVER
  POSSIBLE SUNSHINE  MM
  AVERAGE SKY COVER 0.1


WEATHER CONDITIONS
 THE FOLLOWING WEATHER WAS RECORDED TODAY.
  NO SIGNIFICANT WEATHER WAS OBSERVED.


RELATIVE HUMIDITY (PERCENT)
 HIGHEST    57           100 AM
 LOWEST     27           100 PM
 AVERAGE    42

..........................................................


THE PEACHTREE CITY CLIMATE NORMALS FOR TOMORROW
                         NORMAL    RECORD    YEAR
 MAXIMUM TEMPERATURE (F)   59        MM        MM
 MINIMUM TEMPERATURE (F)   35        MM        MM


SUNRISE AND SUNSET
FEBRUARY 14 2016......SUNRISE   724 AM EST   SUNSET   622 PM EST
FEBRUARY 15 2016......SUNRISE   723 AM EST   SUNSET   623 PM EST


-  INDICATES NEGATIVE NUMBERS.
R  INDICATES RECORD WAS SET OR TIED.
MM INDICATES DATA IS MISSING.
T  INDICATES TRACE AMOUNT.




$$
