000
CDUS43 KLMK 260631
CLIFFT


CLIMATE REPORT
NATIONAL WEATHER SERVICE LOUISVILLE KY
229 AM EDT SUN MAR 26 2017


...................................

...THE FRANKFORT KY CLIMATE SUMMARY FOR MARCH 25 2017...

CLIMATE NORMAL PERIOD 1981 TO 2010
CLIMATE RECORD PERIOD 1895 TO 2017


WEATHER ITEM   OBSERVED TIME   RECORD YEAR NORMAL DEPARTURE LAST
                VALUE   (LST)  VALUE       VALUE  FROM      YEAR
                                                  NORMAL
..................................................................
TEMPERATURE (F)
 YESTERDAY
  MAXIMUM         79    356 PM  87    1929  60     19       50
  MINIMUM         57    708 AM  11    1974  36     21       31
  AVERAGE         68                        48     20       41

PRECIPITATION (IN)
  YESTERDAY        T             0.92 1921   0.15  -0.15     0.00
  MONTH TO DATE    2.55                      3.45  -0.90     4.60
  SINCE MAR 1      2.55                      3.45  -0.90     4.60
  SINCE JAN 1      8.65                     10.00  -1.35    10.62

SNOWFALL (IN)
  YESTERDAY       MM            MM      MM  MM     MM       MM
  MONTH TO DATE   MM                        MM     MM       MM
  SINCE MAR 1     MM                        MM     MM       MM
  SINCE JUL 1     MM                        MM     MM       MM
  SNOW DEPTH      MM

DEGREE DAYS
 HEATING
  YESTERDAY        0                        17    -17       24
  MONTH TO DATE  503                       531    -28      342
  SINCE MAR 1    503                       531    -28      342
  SINCE JUL 1   3273                      4170   -897     3414

 COOLING
  YESTERDAY        3                         0      3        0
  MONTH TO DATE    5                         0      5        0
  SINCE MAR 1      5                         0      5        0
  SINCE JAN 1      8                         0      8        0
..................................................................


WIND (MPH)
  HIGHEST WIND SPEED    22   HIGHEST WIND DIRECTION     S (200)
  HIGHEST GUST SPEED    28   HIGHEST GUST DIRECTION     S (190)
  AVERAGE WIND SPEED    10.0


SKY COVER
  POSSIBLE SUNSHINE  MM
  AVERAGE SKY COVER 0.2


WEATHER CONDITIONS
 THE FOLLOWING WEATHER WAS RECORDED YESTERDAY.
  NO SIGNIFICANT WEATHER WAS OBSERVED.


RELATIVE HUMIDITY (PERCENT)
 HIGHEST    72           300 AM
 LOWEST     32           300 PM
 AVERAGE    52

..........................................................


THE FRANKFORT KY CLIMATE NORMALS FOR TODAY
                         NORMAL    RECORD    YEAR
 MAXIMUM TEMPERATURE (F)   60        85      1929
 MINIMUM TEMPERATURE (F)   37        11      1974


SUNRISE AND SUNSET
MARCH 26 2017.........SUNRISE   733 AM EDT   SUNSET   757 PM EDT
MARCH 27 2017.........SUNRISE   732 AM EDT   SUNSET   758 PM EDT


-  INDICATES NEGATIVE NUMBERS.
R  INDICATES RECORD WAS SET OR TIED.
MM INDICATES DATA IS MISSING.
T  INDICATES TRACE AMOUNT.




$$
