000
CDUS43 KLMK 210641
CLIFFT


CLIMATE REPORT
NATIONAL WEATHER SERVICE LOUISVILLE KY
141 AM EST SAT JAN 21 2017


...................................

...THE FRANKFORT KY CLIMATE SUMMARY FOR JANUARY 20 2017...

CLIMATE NORMAL PERIOD 1981 TO 2010
CLIMATE RECORD PERIOD 1895 TO 2017


WEATHER ITEM   OBSERVED TIME   RECORD YEAR NORMAL DEPARTURE LAST
                VALUE   (LST)  VALUE       VALUE  FROM      YEAR
                                                  NORMAL
..................................................................
TEMPERATURE (F)
 YESTERDAY
  MAXIMUM         64    234 PM  71    1906  42     22       25
  MINIMUM         50    759 PM -27    1994  23     27       18
  AVERAGE         57                        32     25       22

PRECIPITATION (IN)
  YESTERDAY        0.21          2.40 1988   0.10   0.11     0.22
  MONTH TO DATE    3.59                      2.25   1.34     1.06
  SINCE DEC 1      9.06                      6.26   2.80     7.32
  SINCE JAN 1      3.59                      2.25   1.34     1.06

SNOWFALL (IN)
  YESTERDAY       MM            MM      MM  MM     MM       MM
  MONTH TO DATE   MM                        MM     MM       MM
  SINCE DEC 1     MM                        MM     MM       MM
  SINCE JUL 1     MM                        MM     MM       MM
  SNOW DEPTH      MM

DEGREE DAYS
 HEATING
  YESTERDAY        8                        32    -24       43
  MONTH TO DATE  512                       659   -147      679
  SINCE DEC 1   1385                      1580   -195     1209
  SINCE JUL 1   2003                      2491   -488     1943

 COOLING
  YESTERDAY        0                         0      0        0
  MONTH TO DATE    0                         0      0        0
  SINCE DEC 1      0                         0      0        1
  SINCE JAN 1      0                         0      0        0
..................................................................


WIND (MPH)
  HIGHEST WIND SPEED    21   HIGHEST WIND DIRECTION    SW (220)
  HIGHEST GUST SPEED    26   HIGHEST GUST DIRECTION    SW (220)
  AVERAGE WIND SPEED     9.9


SKY COVER
  POSSIBLE SUNSHINE  MM
  AVERAGE SKY COVER 0.7


WEATHER CONDITIONS
 THE FOLLOWING WEATHER WAS RECORDED YESTERDAY.
  LIGHT RAIN
  FOG


RELATIVE HUMIDITY (PERCENT)
 HIGHEST    89          1200 AM
 LOWEST     60           300 PM
 AVERAGE    75

..........................................................


THE FRANKFORT KY CLIMATE NORMALS FOR TODAY
                         NORMAL    RECORD    YEAR
 MAXIMUM TEMPERATURE (F)   42        75      1906
 MINIMUM TEMPERATURE (F)   23       -20      1984


SUNRISE AND SUNSET
JANUARY 21 2017.......SUNRISE   752 AM EST   SUNSET   550 PM EST
JANUARY 22 2017.......SUNRISE   751 AM EST   SUNSET   551 PM EST


-  INDICATES NEGATIVE NUMBERS.
R  INDICATES RECORD WAS SET OR TIED.
MM INDICATES DATA IS MISSING.
T  INDICATES TRACE AMOUNT.




$$
