865
CDUS43 KLMK 022127
CLIFFT

CLIMATE REPORT
NATIONAL WEATHER SERVICE LOUISVILLE KY
426 PM EST FRI DEC 2 2016


...................................

...THE FRANKFORT KY CLIMATE SUMMARY FOR DECEMBER 2 2016...
VALID TODAY AS OF 0400 PM LOCAL TIME.

CLIMATE NORMAL PERIOD 1981 TO 2010
CLIMATE RECORD PERIOD 1895 TO 2016


WEATHER ITEM   OBSERVED TIME   RECORD YEAR NORMAL DEPARTURE LAST
                VALUE   (LST)  VALUE       VALUE  FROM      YEAR
                                                  NORMAL
..................................................................
TEMPERATURE (F)
 TODAY
  MAXIMUM         43    259 PM  71    1982  49     -6       49
  MINIMUM         28    801 AM  10    1964  30     -2       33
  AVERAGE         36                        39     -3       41

PRECIPITATION (IN)
  TODAY            0.00          1.18 1905   0.14  -0.14     0.01
  MONTH TO DATE    0.00                      0.28  -0.28     0.90
  SINCE DEC 1      0.00                      0.28  -0.28     0.90
  SINCE JAN 1     40.24                     41.89  -1.65    56.05

SNOWFALL (IN)
  TODAY           MM            MM      MM  MM     MM       MM
  MONTH TO DATE   MM                        MM     MM       MM
  SINCE DEC 1     MM                        MM     MM       MM
  SINCE JUL 1     MM                        MM     MM       MM
  SNOW DEPTH      MM

DEGREE DAYS
 HEATING
  TODAY           29                        26      3       24
  MONTH TO DATE   54                        51      3       38
  SINCE DEC 1     54                        51      3       38
  SINCE JUL 1    672                       962   -290      772

 COOLING
  TODAY            0                         0      0        0
  MONTH TO DATE    0                         0      0        0
  SINCE DEC 1      0                         0      0        0
  SINCE JAN 1   1639                      1155    484     1232
..................................................................


WIND (MPH)
  HIGHEST WIND SPEED    12   HIGHEST WIND DIRECTION    NW (320)
  HIGHEST GUST SPEED    16   HIGHEST GUST DIRECTION    NW (310)
  AVERAGE WIND SPEED     4.3


SKY COVER
  POSSIBLE SUNSHINE  MM
  AVERAGE SKY COVER 0.4


WEATHER CONDITIONS
 THE FOLLOWING WEATHER WAS RECORDED TODAY.
  NO SIGNIFICANT WEATHER WAS OBSERVED.


RELATIVE HUMIDITY (PERCENT)
 HIGHEST    85           400 AM
 LOWEST     57           100 PM
 AVERAGE    71

..........................................................


THE FRANKFORT KY CLIMATE NORMALS FOR TOMORROW
                         NORMAL    RECORD    YEAR
 MAXIMUM TEMPERATURE (F)   48        77      1982
 MINIMUM TEMPERATURE (F)   30         0      1929


SUNRISE AND SUNSET
DECEMBER  2 2016......SUNRISE   739 AM EST   SUNSET   520 PM EST
DECEMBER  3 2016......SUNRISE   740 AM EST   SUNSET   520 PM EST


-  INDICATES NEGATIVE NUMBERS.
R  INDICATES RECORD WAS SET OR TIED.
MM INDICATES DATA IS MISSING.
T  INDICATES TRACE AMOUNT.




$$
