000
CDUS43 KLMK 300629
CLIFFT


CLIMATE REPORT
NATIONAL WEATHER SERVICE LOUISVILLE KY
228 AM EDT TUE JUN 30 2015


...................................

...THE FRANKFORT KY CLIMATE SUMMARY FOR JUNE 29 2015...

CLIMATE NORMAL PERIOD 1981 TO 2010
CLIMATE RECORD PERIOD 1895 TO 2015


WEATHER ITEM   OBSERVED TIME   RECORD YEAR NORMAL DEPARTURE LAST
                VALUE   (LST)  VALUE       VALUE  FROM      YEAR
                                                  NORMAL
..................................................................
TEMPERATURE (F)
 YESTERDAY
  MAXIMUM         82    136 PM 106    1936  86     -4       84
  MINIMUM         63    209 AM  48    1985  65     -2       69
  AVERAGE         73                        76     -3       77

PRECIPITATION (IN)
  YESTERDAY        0.25          3.10 1928   0.12   0.13     0.07
  MONTH TO DATE    5.69                      3.98   1.71     3.83
  SINCE JUN 1      5.69                      3.98   1.71     3.83
  SINCE JAN 1     29.09                     23.45   5.64    24.61

SNOWFALL (IN)
  YESTERDAY       MM            MM      MM  MM     MM       MM
  MONTH TO DATE   MM                        MM     MM       MM
  SINCE JUN 1     MM                        MM     MM       MM
  SINCE JUL 1     MM                        MM     MM       MM
  SNOW DEPTH      MM

DEGREE DAYS
 HEATING
  YESTERDAY        0                         0      0        0
  MONTH TO DATE   16                         9      7        3
  SINCE JUN 1     16                         9      7        3
  SINCE JUL 1   5139                      4699    440     5223

 COOLING
  YESTERDAY        8                        10     -2       12
  MONTH TO DATE  287                       225     62      252
  SINCE JUN 1    287                       225     62      252
  SINCE JAN 1    442                       324    118      374
..................................................................


WIND (MPH)
  HIGHEST WIND SPEED    20   HIGHEST WIND DIRECTION    SW (210)
  HIGHEST GUST SPEED    27   HIGHEST GUST DIRECTION    SW (210)
  AVERAGE WIND SPEED     8.0


SKY COVER
  POSSIBLE SUNSHINE  MM
  AVERAGE SKY COVER 0.6


WEATHER CONDITIONS
 THE FOLLOWING WEATHER WAS RECORDED YESTERDAY.
  THUNDERSTORM
  HEAVY RAIN
  LIGHT RAIN


RELATIVE HUMIDITY (PERCENT)
 HIGHEST    93          1100 PM
 LOWEST     62           100 PM
 AVERAGE    78

..........................................................


THE FRANKFORT KY CLIMATE NORMALS FOR TODAY
                         NORMAL    RECORD    YEAR
 MAXIMUM TEMPERATURE (F)   86       102      1913
 MINIMUM TEMPERATURE (F)   65        48      1923


SUNRISE AND SUNSET
JUNE 30 2015..........SUNRISE   620 AM EDT   SUNSET   907 PM EDT
JULY  1 2015..........SUNRISE   620 AM EDT   SUNSET   907 PM EDT


-  INDICATES NEGATIVE NUMBERS.
R  INDICATES RECORD WAS SET OR TIED.
MM INDICATES DATA IS MISSING.
T  INDICATES TRACE AMOUNT.

$$

SCHOETTMER
