762
CDUS43 KFGF 202328
CLIFGF


CLIMATE REPORT
NATIONAL WEATHER SERVICE EASTERN NORTH DAKOTA/GRAND FORKS
627 PM CDT WED SEP 20 2017


...................................

...THE GRAND FORKS UNIV. (NWS) ND CLIMATE SUMMARY FOR SEPTEMBER 20 2017...
VALID TODAY AS OF 0400 PM LOCAL TIME.

CLIMATE NORMAL PERIOD 1981 TO 2010
CLIMATE RECORD PERIOD 1893 TO 2017


WEATHER ITEM   OBSERVED TIME   RECORD YEAR NORMAL DEPARTURE LAST
                VALUE   (LST)  VALUE       VALUE  FROM      YEAR
                                                  NORMAL
..................................................................
TEMPERATURE (F)
 TODAY
  MAXIMUM         72        MM  91    1914  68      4       73
  MINIMUM         52        MM  23    1918  44      8       50
  AVERAGE         62                        56      6       62

PRECIPITATION (IN)
  TODAY            T             1.04 1924   0.05  -0.05     0.00
  MONTH TO DATE    3.04                      1.41   1.63     4.39
  SINCE SEP 1      3.04                      1.41   1.63     4.39
  SINCE JAN 1     15.53                     17.51  -1.98    26.12

SNOWFALL (IN)
  TODAY            0.0           0.0    MM   0.0    0.0      0.0
  MONTH TO DATE    0.0                       0.0    0.0      0.0
  SINCE SEP 1      0.0                       0.0    0.0      0.0
  SINCE JUL 1      T                         0.0    0.0       T
  SNOW DEPTH       0

DEGREE DAYS
 HEATING
  TODAY            3                         9     -6        3
  MONTH TO DATE   80                       124    -44       76
  SINCE SEP 1     80                       124    -44       76
  SINCE JUL 1     98                       188    -90       94

 COOLING
  TODAY            0                         0      0        0
  MONTH TO DATE   46                        28     18       19
  SINCE SEP 1     46                        28     18       19
  SINCE JAN 1    443                       460    -17      453
..................................................................


WIND (MPH)
  HIGHEST WIND SPEED    MM   HIGHEST WIND DIRECTION    MM
  HIGHEST GUST SPEED    MM   HIGHEST GUST DIRECTION    MM
  AVERAGE WIND SPEED    MM


SKY COVER
  POSSIBLE SUNSHINE  MM
  AVERAGE SKY COVER  MM


WEATHER CONDITIONS
 THE FOLLOWING WEATHER WAS RECORDED TODAY.
  NO SIGNIFICANT WEATHER WAS OBSERVED.


RELATIVE HUMIDITY (PERCENT)
 HIGHEST    MM
 LOWEST     MM
 AVERAGE    MM

..........................................................


THE GRAND FORKS UNIV. (NWS) ND CLIMATE NORMALS FOR TOMORROW
                         NORMAL    RECORD    YEAR
 MAXIMUM TEMPERATURE (F)   67        92      1908
 MINIMUM TEMPERATURE (F)   44        24      1934


SUNRISE AND SUNSET
SEPTEMBER 20 2017.....SUNRISE   713 AM CDT   SUNSET   730 PM CDT
SEPTEMBER 21 2017.....SUNRISE   714 AM CDT   SUNSET   728 PM CDT


-  INDICATES NEGATIVE NUMBERS.
R  INDICATES RECORD WAS SET OR TIED.
MM INDICATES DATA IS MISSING.
T  INDICATES TRACE AMOUNT.




$$
