341
CDUS43 KFGF 170725
CLIFGF


CLIMATE REPORT
NATIONAL WEATHER SERVICE EASTERN NORTH DAKOTA/GRAND FORKS
125 AM CST FRI NOV 17 2017


...................................

...THE GRAND FORKS UNIV. (NWS) ND CLIMATE SUMMARY FOR NOVEMBER 16 2017...

CLIMATE NORMAL PERIOD 1981 TO 2010
CLIMATE RECORD PERIOD 1893 TO 2017


WEATHER ITEM   OBSERVED TIME   RECORD YEAR NORMAL DEPARTURE LAST
                VALUE   (LST)  VALUE       VALUE  FROM      YEAR
                                                  NORMAL
..................................................................
TEMPERATURE (F)
 YESTERDAY
  MAXIMUM         32        MM  63    1934  34     -2       56
  MINIMUM         21        MM  -6    1959  19      2       33
  AVERAGE         27                        27      0       45

PRECIPITATION (IN)
  YESTERDAY        0.00          1.42 1930   0.03  -0.03     0.00
  MONTH TO DATE    0.52                      0.55  -0.03     0.02
  SINCE SEP 1      5.75                      4.52   1.23     6.37
  SINCE JAN 1     18.24                     20.62  -2.38    28.10

SNOWFALL (IN)
  YESTERDAY        0.0           5.5  1906   0.2   -0.2      0.0
  MONTH TO DATE    7.5                       2.6    4.9      0.0
  SINCE SEP 1      8.3                       3.6    4.7      0.0
  SINCE JUL 1      8.3                       3.6    4.7       T
  SNOW DEPTH       2

DEGREE DAYS
 HEATING
  YESTERDAY       38                        38      0       20
  MONTH TO DATE  683                       541    142      280
  SINCE SEP 1   1427                      1431     -4      993
  SINCE JUL 1   1445                      1495    -50     1011

 COOLING
  YESTERDAY        0                         0      0        0
  MONTH TO DATE    0                         0      0        0
  SINCE SEP 1     43                        31     12       27
  SINCE JAN 1    440                       463    -23      461
..................................................................


WIND (MPH)
  RESULTANT WIND SPEED  MM   RESULTANT WIND DIRECTION  MM
  HIGHEST WIND SPEED    MM   HIGHEST WIND DIRECTION    MM
  HIGHEST GUST SPEED    MM   HIGHEST GUST DIRECTION    MM
  AVERAGE WIND SPEED    MM


SKY COVER
  POSSIBLE SUNSHINE  MM
  AVERAGE SKY COVER  MM


WEATHER CONDITIONS
 THE FOLLOWING WEATHER WAS RECORDED YESTERDAY.
  NO SIGNIFICANT WEATHER WAS OBSERVED.


RELATIVE HUMIDITY (PERCENT)
 HIGHEST    MM
 LOWEST     MM
 AVERAGE    MM

..........................................................


THE GRAND FORKS UNIV. (NWS) ND CLIMATE NORMALS FOR TODAY
                         NORMAL    RECORD    YEAR
 MAXIMUM TEMPERATURE (F)   34        65      1953
 MINIMUM TEMPERATURE (F)   18       -11      1914


SUNRISE AND SUNSET
NOVEMBER 17 2017......SUNRISE   738 AM CST   SUNSET   448 PM CST
NOVEMBER 18 2017......SUNRISE   739 AM CST   SUNSET   447 PM CST


-  INDICATES NEGATIVE NUMBERS.
R  INDICATES RECORD WAS SET OR TIED.
MM INDICATES DATA IS MISSING.
T  INDICATES TRACE AMOUNT.




$$
