000
CDUS43 KFGF 240633
CLIFGF


CLIMATE REPORT
NATIONAL WEATHER SERVICE EASTERN NORTH DAKOTA/GRAND FORKS
132 AM CDT SUN JUL 24 2016


...................................

...THE GRAND FORKS UNIV. (NWS) ND CLIMATE SUMMARY FOR JULY 23 2016...

CLIMATE NORMAL PERIOD 1981 TO 2010
CLIMATE RECORD PERIOD 1890 TO 2016


WEATHER ITEM   OBSERVED TIME   RECORD YEAR NORMAL DEPARTURE LAST
                VALUE   (LST)  VALUE       VALUE  FROM      YEAR
                                                  NORMAL
..................................................................
TEMPERATURE (F)
 YESTERDAY
  MAXIMUM         75        MM  97    1945  82     -7       87
  MINIMUM         65        MM  47    2004  59      6       66
                                      1953
                                      1917
  AVERAGE         70                        70      0       77

PRECIPITATION (IN)
  YESTERDAY        0.58          1.36 1943   0.09   0.49     1.00
  MONTH TO DATE    6.27                      2.45   3.82     4.76
  SINCE JUN 1      9.99                      6.19   3.80     7.08
  SINCE JAN 1     17.09                     12.24   4.85    12.98

SNOWFALL (IN)
  YESTERDAY        0.0           0.0    MM   0.0    0.0      0.0
  MONTH TO DATE    0.0                       0.0    0.0      0.0
  SINCE JUN 1      0.0                       0.0    0.0      0.0
  SINCE JUL 1      0.0                       0.0    0.0      0.0
  SNOW DEPTH       0

DEGREE DAYS
 HEATING
  YESTERDAY        0                         0      0        0
  MONTH TO DATE    8                        19    -11       12
  SINCE JUN 1     54                       102    -48       58
  SINCE JUL 1      8                        19    -11       12

 COOLING
  YESTERDAY        5                         6     -1       12
  MONTH TO DATE  120                       128     -8      147
  SINCE JUN 1    207                       219    -12      248
  SINCE JAN 1    231                       245    -14      259
..................................................................


WIND (MPH)
  RESULTANT WIND SPEED  MM   RESULTANT WIND DIRECTION  MM
  HIGHEST WIND SPEED    MM   HIGHEST WIND DIRECTION    MM
  HIGHEST GUST SPEED    MM   HIGHEST GUST DIRECTION    MM
  AVERAGE WIND SPEED    MM


SKY COVER
  POSSIBLE SUNSHINE  MM
  AVERAGE SKY COVER  MM


WEATHER CONDITIONS
 THE FOLLOWING WEATHER WAS RECORDED YESTERDAY.
  NO SIGNIFICANT WEATHER WAS OBSERVED.


RELATIVE HUMIDITY (PERCENT)
 HIGHEST    MM
 LOWEST     MM
 AVERAGE    MM

..........................................................


THE GRAND FORKS UNIV. (NWS) ND CLIMATE NORMALS FOR TODAY
                         NORMAL    RECORD    YEAR
 MAXIMUM TEMPERATURE (F)   82        97      1931
 MINIMUM TEMPERATURE (F)   59        41      1913


SUNRISE AND SUNSET
JULY 24 2016..........SUNRISE   556 AM CDT   SUNSET   913 PM CDT
JULY 25 2016..........SUNRISE   557 AM CDT   SUNSET   912 PM CDT


-  INDICATES NEGATIVE NUMBERS.
R  INDICATES RECORD WAS SET OR TIED.
MM INDICATES DATA IS MISSING.
T  INDICATES TRACE AMOUNT.




$$
