000
CDUS43 KFGF 260727
CLIFGF


CLIMATE REPORT
NATIONAL WEATHER SERVICE EASTERN NORTH DAKOTA/GRAND FORKS
225 AM CDT WED JUL 26 2017


...................................

...THE GRAND FORKS UNIV. (NWS) ND CLIMATE SUMMARY FOR JULY 25 2017...

CLIMATE NORMAL PERIOD 1981 TO 2010
CLIMATE RECORD PERIOD 1893 TO 2017


WEATHER ITEM   OBSERVED TIME   RECORD YEAR NORMAL DEPARTURE LAST
                VALUE   (LST)  VALUE       VALUE  FROM      YEAR
                                                  NORMAL
..................................................................
TEMPERATURE (F)
 YESTERDAY
  MAXIMUM         88        MM 103    1931  82      6       89
  MINIMUM         64        MM  41    1905  59      5       59
  AVERAGE         76                        70      6       74

PRECIPITATION (IN)
  YESTERDAY        T             2.40 1993   0.09  -0.09     0.00
  MONTH TO DATE    1.36                      2.63  -1.27     6.29
  SINCE JUN 1      7.00                      6.37   0.63    10.01
  SINCE JAN 1     11.57                     12.42  -0.85    17.11

SNOWFALL (IN)
  YESTERDAY        0.0           0.0    MM   0.0    0.0      0.0
  MONTH TO DATE    T                         0.0    0.0      0.0
  SINCE JUN 1      T                         0.0    0.0      0.0
  SINCE JUL 1      T                         0.0    0.0      0.0
  SNOW DEPTH       0

DEGREE DAYS
 HEATING
  YESTERDAY        0                         0      0        0
  MONTH TO DATE    9                        19    -10        8
  SINCE JUN 1     54                       102    -48       54
  SINCE JUL 1      9                        19    -10        8

 COOLING
  YESTERDAY       11                         6      5        9
  MONTH TO DATE  163                       140     23      136
  SINCE JUN 1    256                       231     25      223
  SINCE JAN 1    256                       257     -1      247
..................................................................


WIND (MPH)
  RESULTANT WIND SPEED  MM   RESULTANT WIND DIRECTION  MM
  HIGHEST WIND SPEED    MM   HIGHEST WIND DIRECTION    MM
  HIGHEST GUST SPEED    MM   HIGHEST GUST DIRECTION    MM
  AVERAGE WIND SPEED    MM


SKY COVER
  POSSIBLE SUNSHINE  MM
  AVERAGE SKY COVER  MM


WEATHER CONDITIONS
 THE FOLLOWING WEATHER WAS RECORDED YESTERDAY.
  LIGHT RAIN


RELATIVE HUMIDITY (PERCENT)
 HIGHEST    MM
 LOWEST     MM
 AVERAGE    MM

..........................................................


THE GRAND FORKS UNIV. (NWS) ND CLIMATE NORMALS FOR TODAY
                         NORMAL    RECORD    YEAR
 MAXIMUM TEMPERATURE (F)   82       103      1941
 MINIMUM TEMPERATURE (F)   59        39      1893


SUNRISE AND SUNSET
JULY 26 2017..........SUNRISE   558 AM CDT   SUNSET   911 PM CDT
JULY 27 2017..........SUNRISE   559 AM CDT   SUNSET   910 PM CDT


-  INDICATES NEGATIVE NUMBERS.
R  INDICATES RECORD WAS SET OR TIED.
MM INDICATES DATA IS MISSING.
T  INDICATES TRACE AMOUNT.




$$
