000
CDUS43 KFGF 282149
CLIFGF


CLIMATE REPORT
NATIONAL WEATHER SERVICE EASTERN NORTH DAKOTA/GRAND FORKS
449 PM CDT SAT MAY 28 2016


...................................

...THE GRAND FORKS UNIV. (NWS) ND CLIMATE SUMMARY FOR MAY 28 2016...
VALID TODAY AS OF 0400 PM LOCAL TIME.

CLIMATE NORMAL PERIOD 1981 TO 2010
CLIMATE RECORD PERIOD 1890 TO 2016


WEATHER ITEM   OBSERVED TIME   RECORD YEAR NORMAL DEPARTURE LAST
                VALUE   (LST)  VALUE       VALUE  FROM      YEAR
                                                  NORMAL
..................................................................
TEMPERATURE (F)
 TODAY
  MAXIMUM         72        MM  95    1934  72      0       79
  MINIMUM         61        MM  25    1947  48     13       55
  AVERAGE         67                        60      7       67

PRECIPITATION (IN)
  TODAY            T             1.05 1923   0.11  -0.11     0.34
  MONTH TO DATE    1.91                      2.42  -0.51     4.35
  SINCE MAR 1      4.70                      4.42   0.28     5.37
  SINCE JAN 1      5.35                      5.72  -0.37     5.90

SNOWFALL (IN)
  TODAY            0.0           0.0    MM   0.0    0.0      0.0
  MONTH TO DATE    T                         0.1   -0.1       T
  SINCE MAR 1      2.3                       8.1   -5.8      3.0
  SINCE JUL 1     29.6                      43.4  -13.8     19.3
  SNOW DEPTH       0

DEGREE DAYS
 HEATING
  TODAY            0                         6     -6        0
  MONTH TO DATE  189                       292   -103      302
  SINCE MAR 1   1796                      2147   -351     1906
  SINCE JUL 1   7728                      9107  -1379     8755

 COOLING
  TODAY            2                         1      1        2
  MONTH TO DATE   23                        23      0       11
  SINCE MAR 1     23                        26     -3       11
  SINCE JAN 1     23                        26     -3       11
..................................................................


WIND (MPH)
  HIGHEST WIND SPEED    MM   HIGHEST WIND DIRECTION    MM
  HIGHEST GUST SPEED    MM   HIGHEST GUST DIRECTION    MM
  AVERAGE WIND SPEED    MM


SKY COVER
  POSSIBLE SUNSHINE  MM
  AVERAGE SKY COVER  MM


WEATHER CONDITIONS
 THE FOLLOWING WEATHER WAS RECORDED TODAY.
  LIGHT RAIN


RELATIVE HUMIDITY (PERCENT)
 HIGHEST    MM
 LOWEST     MM
 AVERAGE    MM

..........................................................


THE GRAND FORKS UNIV. (NWS) ND CLIMATE NORMALS FOR TOMORROW
                         NORMAL    RECORD    YEAR
 MAXIMUM TEMPERATURE (F)   72        96      1939
 MINIMUM TEMPERATURE (F)   48        30      1961


SUNRISE AND SUNSET
MAY 28 2016...........SUNRISE   536 AM CDT   SUNSET   916 PM CDT
MAY 29 2016...........SUNRISE   535 AM CDT   SUNSET   917 PM CDT


-  INDICATES NEGATIVE NUMBERS.
R  INDICATES RECORD WAS SET OR TIED.
MM INDICATES DATA IS MISSING.
T  INDICATES TRACE AMOUNT.




$$
