000
CSUS97 KFGF 210634
CLIFGF


CLIMATE REPORT
NATIONAL WEATHER SERVICE EASTERN NORTH DAKOTA/GRAND FORKS
133 AM CDT MON APR 21 2014


...................................

...THE GRAND FORKS UNIV. (NWS) ND CLIMATE SUMMARY FOR APRIL 20 2014...

CLIMATE NORMAL PERIOD 1981 TO 2010
CLIMATE RECORD PERIOD 1890 TO 2014


WEATHER ITEM   OBSERVED TIME   RECORD YEAR NORMAL DEPARTURE LAST
                VALUE   (LST)  VALUE       VALUE  FROM      YEAR
                                                  NORMAL
..................................................................
TEMPERATURE (F)
 YESTERDAY
  MAXIMUM         72        MM  89    1980  58     14       35
  MINIMUM         30        MM  18    2013  34     -4       18
                                      1938
  AVERAGE         51                        46      5       27

PRECIPITATION (IN)
  YESTERDAY        T             0.94   MM   0.03  -0.03     0.00
  MONTH TO DATE    0.16                      0.57  -0.41     0.63
  SINCE MAR 1      1.27                      1.59  -0.32     1.35
  SINCE JAN 1      2.00                      2.89  -0.89     2.17

SNOWFALL (IN)
  YESTERDAY        0.0           9.0    MM   0.0    0.0      0.0
  MONTH TO DATE    1.1                       0.8    0.3      6.7
  SINCE MAR 1     14.6                       7.2    7.4     25.9
  SINCE JUL 1     60.3                      42.5   17.8     59.5
  SNOW DEPTH       0

DEGREE DAYS
 HEATING
  YESTERDAY       14                        19     -5       38
  MONTH TO DATE  594                       492    102      733
  SINCE MAR 1   2030                      1698    332     2239
  SINCE JUL 1   9776                      8658   1118     9256

 COOLING
  YESTERDAY        0                         0      0        0
  MONTH TO DATE    0                         0      0        0
  SINCE MAR 1      0                         0      0        0
  SINCE JAN 1      0                         0      0        0
..................................................................


WIND (MPH)
  RESULTANT WIND SPEED  MM   RESULTANT WIND DIRECTION  MM
  HIGHEST WIND SPEED    MM   HIGHEST WIND DIRECTION    MM
  HIGHEST GUST SPEED    MM   HIGHEST GUST DIRECTION    MM
  AVERAGE WIND SPEED    MM


SKY COVER
  POSSIBLE SUNSHINE  MM
  AVERAGE SKY COVER  MM


WEATHER CONDITIONS
 THE FOLLOWING WEATHER WAS RECORDED YESTERDAY.
  LIGHT RAIN


RELATIVE HUMIDITY (PERCENT)
 HIGHEST    MM
 LOWEST     MM
 AVERAGE    MM

..........................................................


THE GRAND FORKS UNIV. (NWS) ND CLIMATE NORMALS FOR TODAY
                         NORMAL    RECORD    YEAR
 MAXIMUM TEMPERATURE (F)   58        98      1980
 MINIMUM TEMPERATURE (F)   34        16      1945


SUNRISE AND SUNSET
APRIL 21 2014.........SUNRISE   628 AM CDT   SUNSET   827 PM CDT
APRIL 22 2014.........SUNRISE   626 AM CDT   SUNSET   829 PM CDT


-  INDICATES NEGATIVE NUMBERS.
R  INDICATES RECORD WAS SET OR TIED.
MM INDICATES DATA IS MISSING.
T  INDICATES TRACE AMOUNT.




$$
