000
CDUS45 KFGZ 060822
CLIFLG
CLIMATE REPORT
NATIONAL WEATHER SERVICE FLAGSTAFF, AZ
120 AM MST FRI MAR 6 2015


...................................

...THE FLAGSTAFF AZ AIRPORT CLIMATE SUMMARY FOR MARCH 5 2015...

CLIMATE NORMAL PERIOD 1981 TO 2010
CLIMATE RECORD PERIOD 1898 TO 2015


WEATHER ITEM   OBSERVED TIME   RECORD YEAR NORMAL DEPARTURE LAST
                VALUE   (LST)  VALUE       VALUE  FROM      YEAR
                                                  NORMAL
..................................................................
TEMPERATURE (F)
 YESTERDAY
  MAXIMUM         45    440 PM  68    1910  48     -3       56
  MINIMUM          9    536 AM  -5    1948  22    -13       26
  AVERAGE         27                        35     -8

PRECIPITATION (IN)
  YESTERDAY        0.00          0.77 1907   0.08  -0.08     0.00
  MONTH TO DATE    3.69                      0.39   3.30     1.13
  SINCE SEP 1     15.83                     12.27   3.56     8.84
  SINCE JAN 1      8.00                      4.60   3.40     1.73

SNOWFALL (IN)
  YESTERDAY        0.0           7.0  2004   0.7             0.0
  MONTH TO DATE   17.3                       3.7             1.1
  SINCE JUL 1     56.2                      76.9            34.6
  SNOW DEPTH       0

DEGREE DAYS
 HEATING
  YESTERDAY       38                        30      8       24
  MONTH TO DATE  177                       151     26      128
  SINCE JUL 1   4227                      4990   -763     4729

 COOLING
  YESTERDAY        0                         0      0        0
  MONTH TO DATE    0                         0      0        0
  SINCE JAN 1      0                         0      0        0
..................................................................


WIND (MPH)
  HIGHEST WIND SPEED    15   HIGHEST WIND DIRECTION     E (70)
  HIGHEST GUST SPEED    19   HIGHEST GUST DIRECTION     E (70)
  AVERAGE WIND SPEED     6.0


SKY COVER
  POSSIBLE SUNSHINE  MM
  AVERAGE SKY COVER 0.0


WEATHER CONDITIONS
 THE FOLLOWING WEATHER WAS RECORDED YESTERDAY.
  NO SIGNIFICANT WEATHER WAS OBSERVED.


RELATIVE HUMIDITY (PERCENT)
 HIGHEST    84           500 AM
 LOWEST     24           100 PM
 AVERAGE    54

..........................................................


THE FLAGSTAFF AZ AIRPORT CLIMATE NORMALS FOR TODAY
                         NORMAL    RECORD    YEAR
 MAXIMUM TEMPERATURE (F)   48        68      1910
 MINIMUM TEMPERATURE (F)   22        -2      1935


SUNRISE AND SUNSET
MARCH  6 2015.........SUNRISE   650 AM MST   SUNSET   627 PM MST
MARCH  7 2015.........SUNRISE   649 AM MST   SUNSET   627 PM MST


-  INDICATES NEGATIVE NUMBERS.
R  INDICATES RECORD WAS SET OR TIED.
MM INDICATES DATA IS MISSING.
T  INDICATES TRACE AMOUNT.




$$


&&

-------------------------------------------------------------------
SNOW DEPTH DATA FOR FLAGSTAFF AIRPORT IS REPORTED AT 5 AM MST


-------------------------------------------------------------------
SUPPLEMENTARY CLIMATE DATA FOR NWS BELLEMONT, ARIZONA

SNOW DEPTH (IN) AT 11 AM........................................ 8
WATER EQUIVALENT OF SNOW PACK (IN) AT 11 AM*...................2.3
* ONLY MEASURED IF SNOW DEPTH IS 2.0 INCHES OR GREATER
-------------------------------------------------------------------
