000
CDUS45 KFGZ 250841
CLIFLG
CLIMATE REPORT
NATIONAL WEATHER SERVICE FLAGSTAFF, AZ
139 AM MST SAT OCT 25 2014


...................................

...THE FLAGSTAFF AZ AIRPORT CLIMATE SUMMARY FOR OCTOBER 24 2014...

CLIMATE NORMAL PERIOD 1981 TO 2010
CLIMATE RECORD PERIOD 1898 TO 2014


WEATHER ITEM   OBSERVED TIME   RECORD YEAR NORMAL DEPARTURE LAST
                VALUE   (LST)  VALUE       VALUE  FROM      YEAR
                                                  NORMAL
..................................................................
TEMPERATURE (F)
 YESTERDAY
  MAXIMUM         71    327 PM  79    1959  59     12       65
  MINIMUM         33    702 AM   9    1975  29      4       33
  AVERAGE         52                        44      8

PRECIPITATION (IN)
  YESTERDAY        0.00          2.42 1992   0.04  -0.04     0.00
  MONTH TO DATE    0.69                      1.29  -0.60     0.18
  SINCE SEP 1      3.79                      3.67   0.12     3.43
  SINCE JAN 1     16.63                     17.86  -1.23    21.11

SNOWFALL (IN)
  YESTERDAY        0.0           1.0  1920   0.0             0.0
  MONTH TO DATE    0.0                       0.8             0.6
  SINCE JUL 1      0.0                       0.8             0.6
  SNOW DEPTH       0

DEGREE DAYS
 HEATING
  YESTERDAY       13                        21     -8       16
  MONTH TO DATE  314                       411    -97      486
  SINCE JUL 1    566                       728   -162      780

 COOLING
  YESTERDAY        0                         0      0        0
  MONTH TO DATE    0                         0      0        0
  SINCE JAN 1    109                       117     -8      148
..................................................................


WIND (MPH)
  HIGHEST WIND SPEED    13   HIGHEST WIND DIRECTION    SW (210)
  HIGHEST GUST SPEED    16   HIGHEST GUST DIRECTION     S (200)
  AVERAGE WIND SPEED     2.9


SKY COVER
  POSSIBLE SUNSHINE  MM
  AVERAGE SKY COVER 0.0


WEATHER CONDITIONS
 THE FOLLOWING WEATHER WAS RECORDED YESTERDAY.
  NO SIGNIFICANT WEATHER WAS OBSERVED.


RELATIVE HUMIDITY (PERCENT)
 HIGHEST    89           400 AM
 LOWEST     17           200 PM
 AVERAGE    53

..........................................................


THE FLAGSTAFF AZ AIRPORT CLIMATE NORMALS FOR TODAY
                         NORMAL    RECORD    YEAR
 MAXIMUM TEMPERATURE (F)   59        78      1959
 MINIMUM TEMPERATURE (F)   29        11      1975


SUNRISE AND SUNSET
OCTOBER 25 2014.......SUNRISE   641 AM MST   SUNSET   539 PM MST
OCTOBER 26 2014.......SUNRISE   642 AM MST   SUNSET   538 PM MST


-  INDICATES NEGATIVE NUMBERS.
R  INDICATES RECORD WAS SET OR TIED.
MM INDICATES DATA IS MISSING.
T  INDICATES TRACE AMOUNT.




$$


&&

-------------------------------------------------------------------
SNOW DEPTH DATA FOR FLAGSTAFF AIRPORT IS REPORTED AT 5 AM MST


-------------------------------------------------------------------
SUPPLEMENTARY CLIMATE DATA FOR NWS BELLEMONT, ARIZONA

SNOW DEPTH (IN) AT 11 AM..........................................0
WATER EQUIVALENT OF SNOW PACK (IN) AT 11 AM*......................0
* ONLY MEASURED IF SNOW DEPTH IS 2.0 INCHES OR GREATER
-------------------------------------------------------------------
