000
CDUS45 KFGZ 220733
CLIFLG
CLIMATE REPORT
NATIONAL WEATHER SERVICE FLAGSTAFF, AZ
1232 AM MST THU JUN 22 2017


...................................

...THE FLAGSTAFF AZ AIRPORT CLIMATE SUMMARY FOR JUNE 21 2017...

CLIMATE NORMAL PERIOD 1981 TO 2010
CLIMATE RECORD PERIOD 1898 TO 2017


WEATHER ITEM   OBSERVED TIME   RECORD YEAR NORMAL DEPARTURE LAST
                VALUE   (LST)  VALUE       VALUE  FROM      YEAR
                                                  NORMAL
..................................................................
TEMPERATURE (F)
 YESTERDAY
  MAXIMUM         92    357 PM  93    1936  80     12       90
  MINIMUM         54    313 AM  28    1975  44     10       56
  AVERAGE         73                        62     11

PRECIPITATION (IN)
  YESTERDAY        0.00          0.68 1958   0.01  -0.01     0.45
  MONTH TO DATE    0.12                      0.21  -0.09     0.75
  SINCE SEP 1     18.37                     15.99   2.38    16.60
  SINCE JAN 1      9.76                      8.32   1.44     7.77

SNOWFALL (IN)
  YESTERDAY        0.0           T    1947   0.0             0.0
  MONTH TO DATE    0.0                       0.1             0.0
  SINCE JUL 1     96.7                     101.8            78.3
  SNOW DEPTH       0

DEGREE DAYS
 HEATING
  YESTERDAY        0                         4     -4        0
  MONTH TO DATE   69                       143    -74       67
  SINCE JUL 1   6293                      6916   -623     6656

 COOLING
  YESTERDAY        8                         1      7        8
  MONTH TO DATE   35                         4     31       25
  SINCE JAN 1     35                         4     31       25
..................................................................


WIND (MPH)
  HIGHEST WIND SPEED    16   HIGHEST WIND DIRECTION     S (200)
  HIGHEST GUST SPEED    21   HIGHEST GUST DIRECTION    SW (220)
  AVERAGE WIND SPEED     4.7


SKY COVER
  POSSIBLE SUNSHINE  MM
  AVERAGE SKY COVER 0.0


WEATHER CONDITIONS
 THE FOLLOWING WEATHER WAS RECORDED YESTERDAY.
  HAZE


RELATIVE HUMIDITY (PERCENT)
 HIGHEST    43          1200 AM
 LOWEST      8           300 PM
 AVERAGE    26

..........................................................


THE FLAGSTAFF AZ AIRPORT CLIMATE NORMALS FOR TODAY
                         NORMAL    RECORD    YEAR
 MAXIMUM TEMPERATURE (F)   80        94      1954
 MINIMUM TEMPERATURE (F)   44        31      1947


SUNRISE AND SUNSET
JUNE 22 2017..........SUNRISE   513 AM MST   SUNSET   744 PM MST
JUNE 23 2017..........SUNRISE   513 AM MST   SUNSET   745 PM MST


-  INDICATES NEGATIVE NUMBERS.
R  INDICATES RECORD WAS SET OR TIED.
MM INDICATES DATA IS MISSING.
T  INDICATES TRACE AMOUNT.




$$
&&

-------------------------------------------------------------------
SNOW DEPTH DATA FOR FLAGSTAFF AIRPORT IS REPORTED AT 5 AM MST


-------------------------------------------------------------------
SUPPLEMENTARY CLIMATE DATA FOR NWS BELLEMONT, ARIZONA

SNOW DEPTH (IN) AT 11 AM...................................0.0
WATER EQUIVALENT OF SNOW PACK (IN) AT 11 AM*...............
* ONLY MEASURED IF SNOW DEPTH IS 2.0 INCHES OR GREATER
-------------------------------------------------------------------
