000
CDUS45 KFGZ 190822
CLIFLG
CLIMATE REPORT
NATIONAL WEATHER SERVICE FLAGSTAFF, AZ
119 AM MST SUN FEB 19 2017


...................................

...THE FLAGSTAFF AZ AIRPORT CLIMATE SUMMARY FOR FEBRUARY 18 2017...

CLIMATE NORMAL PERIOD 1981 TO 2010
CLIMATE RECORD PERIOD 1898 TO 2017


WEATHER ITEM   OBSERVED TIME   RECORD YEAR NORMAL DEPARTURE LAST
                VALUE   (LST)  VALUE       VALUE  FROM      YEAR
                                                  NORMAL
..................................................................
TEMPERATURE (F)
 YESTERDAY
  MAXIMUM         40    502 PM  65    1977  45     -5       55
  MINIMUM         32   1159 PM -11    1942  20     12       34
  AVERAGE         36                        32      4

PRECIPITATION (IN)
  YESTERDAY        0.30          0.65 1980   0.08   0.22      T
  MONTH TO DATE    0.61                      1.35  -0.74     0.37
  SINCE SEP 1     13.78                     11.07   2.71    12.61
  SINCE JAN 1      5.17                      3.40   1.77     3.78

SNOWFALL (IN)
  YESTERDAY       MM            16.0  1917   0.7             0.0
  MONTH TO DATE    T                        14.0             7.8
  SINCE JUL 1     64.1                      66.3            71.7
  SNOW DEPTH       0

DEGREE DAYS
 HEATING
  YESTERDAY       29                        33     -4       20
  MONTH TO DATE  498                       605   -107      568
  SINCE JUL 1   4151                      4521   -370     4427

 COOLING
  YESTERDAY        0                         0      0        0
  MONTH TO DATE    0                         0      0        0
  SINCE JAN 1      0                         0      0        0
..................................................................


WIND (MPH)
  HIGHEST WIND SPEED    28   HIGHEST WIND DIRECTION    SW (220)
  HIGHEST GUST SPEED    35   HIGHEST GUST DIRECTION    SW (210)
  AVERAGE WIND SPEED     7.3


SKY COVER
  POSSIBLE SUNSHINE  MM
  AVERAGE SKY COVER 1.0


WEATHER CONDITIONS
 THE FOLLOWING WEATHER WAS RECORDED YESTERDAY.
  RAIN
  LIGHT RAIN
  LIGHT SNOW
  FOG


RELATIVE HUMIDITY (PERCENT)
 HIGHEST   100           400 AM
 LOWEST     70          1200 AM
 AVERAGE    85

..........................................................


THE FLAGSTAFF AZ AIRPORT CLIMATE NORMALS FOR TODAY
                         NORMAL    RECORD    YEAR
 MAXIMUM TEMPERATURE (F)   45        65      1981
 MINIMUM TEMPERATURE (F)   20        -6      1942


SUNRISE AND SUNSET
FEBRUARY 19 2017......SUNRISE   708 AM MST   SUNSET   613 PM MST
FEBRUARY 20 2017......SUNRISE   707 AM MST   SUNSET   614 PM MST


-  INDICATES NEGATIVE NUMBERS.
R  INDICATES RECORD WAS SET OR TIED.
MM INDICATES DATA IS MISSING.
T  INDICATES TRACE AMOUNT.




$$
&&

-------------------------------------------------------------------
SNOW DEPTH DATA FOR FLAGSTAFF AIRPORT IS REPORTED AT 5 AM MST


-------------------------------------------------------------------
SUPPLEMENTARY CLIMATE DATA FOR NWS BELLEMONT, ARIZONA

SNOW DEPTH (IN) AT 11 AM..........................................0
WATER EQUIVALENT OF SNOW PACK (IN) AT 11 AM*......................
* ONLY MEASURED IF SNOW DEPTH IS 2.0 INCHES OR GREATER
-------------------------------------------------------------------
