098
CDUS42 KMFL 232016
CLIFLL


CLIMATE REPORT
NATIONAL WEATHER SERVICE MIAMI, FL
415 PM EDT MON MAY 23 2016


...................................

...THE FORT LAUDERDALE CLIMATE SUMMARY FOR MAY 23 2016...
VALID TODAY AS OF 0400 PM LOCAL TIME.

CLIMATE NORMAL PERIOD 1981 TO 2010
CLIMATE RECORD PERIOD 1912 TO 2016


WEATHER ITEM   OBSERVED TIME   RECORD YEAR NORMAL DEPARTURE LAST
                VALUE   (LST)  VALUE       VALUE  FROM      YEAR
                                                  NORMAL
..................................................................
TEMPERATURE (F)
 TODAY
  MAXIMUM         88    258 PM  94    1951  87      1       88
                                      1940
  MINIMUM         75    609 AM  61    1920  75      0       74
  AVERAGE         82                        81      1       81

PRECIPITATION (IN)
  TODAY            0.00          3.47 1991   0.19  -0.19     0.03
  MONTH TO DATE    2.90                      2.89   0.01     1.74
  SINCE NOV 1     28.42                     21.43   6.99    18.93
  SINCE JAN 1     17.20                     15.73   1.47    13.82

SNOWFALL (IN)
  TODAY            0.0
  MONTH TO DATE    0.0
  SINCE MAR 1      0.0
  SINCE JUL 1      0.0
  SNOW DEPTH       0

DEGREE DAYS
 HEATING
  TODAY            0                         0      0        0
  MONTH TO DATE    0                         0      0        0
  SINCE MAR 1      2                        10     -8        0
  SINCE JUL 1     87                       112    -25       97

 COOLING
  TODAY           17                        16      1       16
  MONTH TO DATE  339                       336      3      338
  SINCE MAR 1   1026                       927     99     1118
  SINCE JAN 1   1285                      1283      2     1399
..................................................................


WIND (MPH)
  HIGHEST WIND SPEED    13   HIGHEST WIND DIRECTION    NW (310)
  HIGHEST GUST SPEED    16   HIGHEST GUST DIRECTION    NW (310)
  AVERAGE WIND SPEED     7.0


SKY COVER
  AVERAGE SKY COVER 0.7


WEATHER CONDITIONS
 THE FOLLOWING WEATHER WAS RECORDED TODAY.
  NO SIGNIFICANT WEATHER WAS OBSERVED.


RELATIVE HUMIDITY (PERCENT)
 HIGHEST    74
 LOWEST     43
 AVERAGE    59

..........................................................


THE FORT LAUDERDALE CLIMATE NORMALS FOR TOMORROW
                         NORMAL    RECORD    YEAR
 MAXIMUM TEMPERATURE (F)   87        94      1951
 MINIMUM TEMPERATURE (F)   76        63      1956
                                             1920


SUNRISE AND SUNSET
MAY 23 2016...........SUNRISE   631 AM EDT   SUNSET   804 PM EDT
MAY 24 2016...........SUNRISE   630 AM EDT   SUNSET   805 PM EDT


-  INDICATES NEGATIVE NUMBERS.
R  INDICATES RECORD WAS SET OR TIED.
MM INDICATES DATA IS MISSING.
T  INDICATES TRACE AMOUNT.




$$
