000
CDUS42 KMFL 120921
CLIFLL


CLIMATE REPORT
NATIONAL WEATHER SERVICE MIAMI, FL
421 AM EST FRI FEB 12 2016


...................................

...THE FORT LAUDERDALE CLIMATE SUMMARY FOR FEBRUARY 11 2016...

CLIMATE NORMAL PERIOD 1981 TO 2010
CLIMATE RECORD PERIOD 1912 TO 2016


WEATHER ITEM   OBSERVED TIME   RECORD YEAR NORMAL DEPARTURE LAST
                VALUE   (LST)  VALUE       VALUE  FROM      YEAR
                                                  NORMAL
..................................................................
TEMPERATURE (F)
 YESTERDAY
  MAXIMUM         70    326 PM  89    1944  78     -8       72
  MINIMUM         48    734 AM  37    1973  64    -16       52
  AVERAGE         59                        71    -12       62

PRECIPITATION (IN)
  YESTERDAY        0.00          1.84 1981   0.12  -0.12     0.00
  MONTH TO DATE    1.58                      1.21   0.37     1.61
  SINCE NOV 1     20.21                     10.54   9.67    10.11
  SINCE JAN 1      8.99                      4.84   4.15     5.00

SNOWFALL (IN)
  YESTERDAY        0.0
  MONTH TO DATE    0.0
  SINCE DEC 1      0.0
  SINCE JUL 1      0.0
  SNOW DEPTH       0

DEGREE DAYS
 HEATING
  YESTERDAY        6                         1      5        3
  MONTH TO DATE   30                        11     19        3
  SINCE DEC 1     75                        89    -14       42
  SINCE JUL 1     75                        91    -16       52

 COOLING
  YESTERDAY        0                         7     -7        0
  MONTH TO DATE   51                        68    -17       41
  SINCE DEC 1    572                       454    118      418
  SINCE JAN 1    175                       238    -63      206
..................................................................


WIND (MPH)
  HIGHEST WIND SPEED    15   HIGHEST WIND DIRECTION    NE (60)
  HIGHEST GUST SPEED    20   HIGHEST GUST DIRECTION     N (350)
  AVERAGE WIND SPEED     6.3


SKY COVER
  AVERAGE SKY COVER 0.5


WEATHER CONDITIONS
 THE FOLLOWING WEATHER WAS RECORDED YESTERDAY.
  NO SIGNIFICANT WEATHER WAS OBSERVED.


RELATIVE HUMIDITY (PERCENT)
 HIGHEST    77
 LOWEST     25
 AVERAGE    51

..........................................................


THE FORT LAUDERDALE CLIMATE NORMALS FOR TODAY
                         NORMAL    RECORD    YEAR
 MAXIMUM TEMPERATURE (F)   78        89      1913
 MINIMUM TEMPERATURE (F)   64        36      1919


SUNRISE AND SUNSET
FEBRUARY 12 2016......SUNRISE   659 AM EST   SUNSET   611 PM EST
FEBRUARY 13 2016......SUNRISE   658 AM EST   SUNSET   612 PM EST


-  INDICATES NEGATIVE NUMBERS.
R  INDICATES RECORD WAS SET OR TIED.
MM INDICATES DATA IS MISSING.
T  INDICATES TRACE AMOUNT.




$$
