000
CDUS42 KMFL 242119
CLIFLL


CLIMATE REPORT
NATIONAL WEATHER SERVICE MIAMI, FL
419 PM EST FRI FEB 24 2017


...................................

...THE FORT LAUDERDALE CLIMATE SUMMARY FOR FEBRUARY 24 2017...
VALID TODAY AS OF 0400 PM LOCAL TIME.

CLIMATE NORMAL PERIOD 1981 TO 2010
CLIMATE RECORD PERIOD 1912 TO 2017


WEATHER ITEM   OBSERVED TIME   RECORD YEAR NORMAL DEPARTURE LAST
                VALUE   (LST)  VALUE       VALUE  FROM      YEAR
                                                  NORMAL
..................................................................
TEMPERATURE (F)
 TODAY
  MAXIMUM         84    306 PM  89    2008  78      6       85
  MINIMUM         65    735 AM  35    1989  65      0       69
  AVERAGE         75                        71      4       77

PRECIPITATION (IN)
  TODAY            0.00          1.10 1968   0.10  -0.10     0.13
  MONTH TO DATE    1.53                      2.59  -1.06     3.32
  SINCE NOV 1      7.87                     11.92  -4.05    21.95
  SINCE JAN 1      3.24                      6.22  -2.98    10.73

SNOWFALL (IN)
  TODAY            0.0
  MONTH TO DATE    0.0
  SINCE DEC 1      0.0
  SINCE JUL 1      0.0
  SNOW DEPTH       0

DEGREE DAYS
 HEATING
  TODAY            0                         1     -1        0
  MONTH TO DATE    0                        24    -24       33
  SINCE DEC 1     29                       102    -73       78
  SINCE JUL 1     29                       104    -75       78

 COOLING
  TODAY           10                         7      3       12
  MONTH TO DATE  196                       159     37      128
  SINCE DEC 1    752                       545    207      649
  SINCE JAN 1    409                       329     80      252
..................................................................


WIND (MPH)
  HIGHEST WIND SPEED    10   HIGHEST WIND DIRECTION     S (160)
  HIGHEST GUST SPEED    MM   HIGHEST GUST DIRECTION    MM
  AVERAGE WIND SPEED     5.8


SKY COVER
  AVERAGE SKY COVER 0.4


WEATHER CONDITIONS
 THE FOLLOWING WEATHER WAS RECORDED TODAY.
  FOG


RELATIVE HUMIDITY (PERCENT)
 HIGHEST   100
 LOWEST     54
 AVERAGE    77

..........................................................


THE FORT LAUDERDALE CLIMATE NORMALS FOR TOMORROW
                         NORMAL    RECORD    YEAR
 MAXIMUM TEMPERATURE (F)   78        87      2014
 MINIMUM TEMPERATURE (F)   65        35      1989
                                             1947


SUNRISE AND SUNSET
FEBRUARY 24 2017......SUNRISE   648 AM EST   SUNSET   619 PM EST
FEBRUARY 25 2017......SUNRISE   647 AM EST   SUNSET   620 PM EST


-  INDICATES NEGATIVE NUMBERS.
R  INDICATES RECORD WAS SET OR TIED.
MM INDICATES DATA IS MISSING.
T  INDICATES TRACE AMOUNT.




$$
