000
CDUS42 KMFL 250825
CLIFLL


CLIMATE REPORT
NATIONAL WEATHER SERVICE MIAMI, FL
425 AM EDT FRI JUL 25 2014


...................................

...THE FORT LAUDERDALE CLIMATE SUMMARY FOR JULY 24 2014...

CLIMATE NORMAL PERIOD 1981 TO 2010
CLIMATE RECORD PERIOD 1839 TO 2014


WEATHER ITEM   OBSERVED TIME   RECORD YEAR NORMAL DEPARTURE LAST
                VALUE   (LST)  VALUE       VALUE  FROM      YEAR
                                                  NORMAL
..................................................................
TEMPERATURE (F)
 YESTERDAY
  MAXIMUM         91    320 PM  96    1983  91      0       92
  MINIMUM         78    611 AM  70    1985  79     -1       79
  AVERAGE         85                        85      0       86

PRECIPITATION (IN)
  YESTERDAY        T             1.70 1985   0.17  -0.17     0.00
  MONTH TO DATE    8.21                      4.74   3.47    14.53
  SINCE JUN 1     16.85                     14.90   1.95    29.25
  SINCE JAN 1     37.45                     32.39   5.06    54.03

SNOWFALL (IN)
  YESTERDAY        0.0
  MONTH TO DATE    0.0
  SINCE JUN 1      0.0
  SINCE JUL 1      0.0
  SNOW DEPTH       0

DEGREE DAYS
 HEATING
  YESTERDAY        0                         0      0        0
  MONTH TO DATE    0                         0      0        0
  SINCE JUN 1      0                         0      0        0
  SINCE JUL 1      0                         0      0        0

 COOLING
  YESTERDAY       20                        20      0       21
  MONTH TO DATE  469                       461      8      397
  SINCE JUN 1    985                      1004    -19      941
  SINCE JAN 1   2520                      2422     98     2337
..................................................................


WIND (MPH)
  HIGHEST WIND SPEED     9   HIGHEST WIND DIRECTION     S (160)
  HIGHEST GUST SPEED     9   HIGHEST GUST DIRECTION     S (160)
  AVERAGE WIND SPEED     4.8


SKY COVER
  AVERAGE SKY COVER 0.4


WEATHER CONDITIONS
 THE FOLLOWING WEATHER WAS RECORDED YESTERDAY.
  THUNDERSTORM
  LIGHT RAIN


RELATIVE HUMIDITY (PERCENT)
 HIGHEST    85
 LOWEST     59
 AVERAGE    72

..........................................................


THE FORT LAUDERDALE CLIMATE NORMALS FOR TODAY
                         NORMAL    RECORD    YEAR
 MAXIMUM TEMPERATURE (F)   91        98      1975
 MINIMUM TEMPERATURE (F)   79        69      1988
                                             1928


SUNRISE AND SUNSET
JULY 25 2014..........SUNRISE   643 AM EDT   SUNSET   811 PM EDT
JULY 26 2014..........SUNRISE   643 AM EDT   SUNSET   810 PM EDT


-  INDICATES NEGATIVE NUMBERS.
R  INDICATES RECORD WAS SET OR TIED.
MM INDICATES DATA IS MISSING.
T  INDICATES TRACE AMOUNT.




$$
