000
CDUS42 KMFL 260840
CLIFLL


CLIMATE REPORT
NATIONAL WEATHER SERVICE MIAMI, FL
440 AM EDT THU MAR 26 2015


...................................

...THE FORT LAUDERDALE CLIMATE SUMMARY FOR MARCH 25 2015...

CLIMATE NORMAL PERIOD 1981 TO 2010
CLIMATE RECORD PERIOD 1839 TO 2015


WEATHER ITEM   OBSERVED TIME   RECORD YEAR NORMAL DEPARTURE LAST
                VALUE   (LST)  VALUE       VALUE  FROM      YEAR
                                                  NORMAL
..................................................................
TEMPERATURE (F)
 YESTERDAY
  MAXIMUM         86   1134 AM  90    1975  81      5       85
  MINIMUM         69    610 AM  41    1915  67      2       63
  AVERAGE         78                        74      4       74

PRECIPITATION (IN)
  YESTERDAY        T             0.76 1932   0.11  -0.11     0.09
  MONTH TO DATE    0.49                      2.63  -2.14     2.27
  SINCE NOV 1     12.94                     14.92  -1.98    19.90
  SINCE JAN 1      7.83                      9.22  -1.39     7.78

SNOWFALL (IN)
  YESTERDAY        0.0
  MONTH TO DATE    0.0
  SINCE MAR 1      0.0
  SINCE JUL 1      0.0
  SNOW DEPTH       0

DEGREE DAYS
 HEATING
  YESTERDAY        0                         0      0        0
  MONTH TO DATE    0                         7     -7        0
  SINCE MAR 1      0                         7     -7        0
  SINCE JUL 1     97                       109    -12       80

 COOLING
  YESTERDAY       13                         9      4        9
  MONTH TO DATE  291                       200     91      226
  SINCE MAR 1    291                       200     91      226
  SINCE JAN 1    572                       556     16      614
..................................................................


WIND (MPH)
  HIGHEST WIND SPEED    14   HIGHEST WIND DIRECTION    SE (130)
  HIGHEST GUST SPEED    20   HIGHEST GUST DIRECTION    SE (140)
  AVERAGE WIND SPEED     6.0


SKY COVER
  AVERAGE SKY COVER 0.5


WEATHER CONDITIONS
 THE FOLLOWING WEATHER WAS RECORDED YESTERDAY.
  FOG


RELATIVE HUMIDITY (PERCENT)
 HIGHEST   100
 LOWEST     48
 AVERAGE    74

..........................................................


THE FORT LAUDERDALE CLIMATE NORMALS FOR TODAY
                         NORMAL    RECORD    YEAR
 MAXIMUM TEMPERATURE (F)   81        90      1935
                                             1923
 MINIMUM TEMPERATURE (F)   67        45      1947


SUNRISE AND SUNSET
MARCH 26 2015.........SUNRISE   718 AM EDT   SUNSET   735 PM EDT
MARCH 27 2015.........SUNRISE   717 AM EDT   SUNSET   735 PM EDT


-  INDICATES NEGATIVE NUMBERS.
R  INDICATES RECORD WAS SET OR TIED.
MM INDICATES DATA IS MISSING.
T  INDICATES TRACE AMOUNT.




$$
