000
CDUS42 KMFL 012115
CLIFLL


CLIMATE REPORT
NATIONAL WEATHER SERVICE MIAMI, FL
415 PM EST SUN FEB 1 2015


...................................

...THE FORT LAUDERDALE CLIMATE SUMMARY FOR FEBRUARY 1 2015...
VALID TODAY AS OF 0400 PM LOCAL TIME.

CLIMATE NORMAL PERIOD 1981 TO 2010
CLIMATE RECORD PERIOD 1839 TO 2015


WEATHER ITEM   OBSERVED TIME   RECORD YEAR NORMAL DEPARTURE LAST
                VALUE   (LST)  VALUE       VALUE  FROM      YEAR
                                                  NORMAL
..................................................................
TEMPERATURE (F)
 TODAY
  MAXIMUM         75    214 PM  86    1972  77     -2       83
  MINIMUM         65    525 AM  33    1966  63      2       71
  AVERAGE         70                        70      0       77

PRECIPITATION (IN)
  TODAY            0.00          3.62 2004   0.11  -0.11     0.00
  MONTH TO DATE    0.00                      0.11  -0.11     0.00
  SINCE NOV 1      8.50                      9.44  -0.94    16.28
  SINCE JAN 1      3.39                      3.74  -0.35     4.16

SNOWFALL (IN)
  TODAY            0.0
  MONTH TO DATE    0.0
  SINCE DEC 1      0.0
  SINCE JUL 1      0.0
  SNOW DEPTH       0

DEGREE DAYS
 HEATING
  TODAY            0                         1     -1
  MONTH TO DATE    0                         1     -1
  SINCE DEC 1     39                        79    -40
  SINCE JUL 1     49                        81    -32

 COOLING
  TODAY            5                         6     -1
  MONTH TO DATE    5                         6     -1
  SINCE DEC 1    382                       392    -10
  SINCE JAN 1    170                       176     -6
..................................................................


WIND (MPH)
  HIGHEST WIND SPEED    22   HIGHEST WIND DIRECTION     E (100)
  HIGHEST GUST SPEED    30   HIGHEST GUST DIRECTION    SE (120)
  AVERAGE WIND SPEED    15.5


SKY COVER
  AVERAGE SKY COVER 0.6


WEATHER CONDITIONS
 THE FOLLOWING WEATHER WAS RECORDED TODAY.
  NO SIGNIFICANT WEATHER WAS OBSERVED.


RELATIVE HUMIDITY (PERCENT)
 HIGHEST    63
 LOWEST     49
 AVERAGE    56

..........................................................


THE FORT LAUDERDALE CLIMATE NORMALS FOR TOMORROW
                         NORMAL    RECORD    YEAR
 MAXIMUM TEMPERATURE (F)   77        89      2007
 MINIMUM TEMPERATURE (F)   63        38      1979
                                             1942


SUNRISE AND SUNSET
FEBRUARY  1 2015......SUNRISE   705 AM EST   SUNSET   604 PM EST
FEBRUARY  2 2015......SUNRISE   704 AM EST   SUNSET   604 PM EST


-  INDICATES NEGATIVE NUMBERS.
R  INDICATES RECORD WAS SET OR TIED.
MM INDICATES DATA IS MISSING.
T  INDICATES TRACE AMOUNT.




$$
