000
CDUS42 KMFL 180821
CLIFLL


CLIMATE REPORT
NATIONAL WEATHER SERVICE MIAMI, FL
421 AM EDT FRI AUG 18 2017


...................................

...THE FORT LAUDERDALE CLIMATE SUMMARY FOR AUGUST 17 2017...

CLIMATE NORMAL PERIOD 1981 TO 2010
CLIMATE RECORD PERIOD 1912 TO 2017


WEATHER ITEM   OBSERVED TIME   RECORD YEAR NORMAL DEPARTURE LAST
                VALUE   (LST)  VALUE       VALUE  FROM      YEAR
                                                  NORMAL
..................................................................
TEMPERATURE (F)
 YESTERDAY
  MAXIMUM         91    243 PM  98    1924  90      1       89
  MINIMUM         81    610 AM  66    1974  79      2       79
  AVERAGE         86                        85      1       84

PRECIPITATION (IN)
  YESTERDAY        0.00          1.98 1941   0.23  -0.23     0.12
  MONTH TO DATE    4.60                      3.87   0.73     4.28
  SINCE JUN 1     22.18                     20.01   2.17    15.74
  SINCE JAN 1     33.78                     37.50  -3.72    34.69

SNOWFALL (IN)
  YESTERDAY        0.0
  MONTH TO DATE    0.0
  SINCE JUN 1      0.0
  SINCE JUL 1      0.0
  SNOW DEPTH       0

DEGREE DAYS
 HEATING
  YESTERDAY        0                         0      0        0
  MONTH TO DATE    0                         0      0        0
  SINCE JUN 1      0                         0      0        0
  SINCE JUL 1      0                         0      0        0

 COOLING
  YESTERDAY       21                        20      1       19
  MONTH TO DATE  346                       340      6      313
  SINCE JUN 1   1485                      1481      4     1508
  SINCE JAN 1   3062                      2899    163     2922
..................................................................


WIND (MPH)
  HIGHEST WIND SPEED    16   HIGHEST WIND DIRECTION     E (100)
  HIGHEST GUST SPEED    21   HIGHEST GUST DIRECTION    SE (140)
  AVERAGE WIND SPEED     7.6


SKY COVER
  AVERAGE SKY COVER 0.5


WEATHER CONDITIONS
 THE FOLLOWING WEATHER WAS RECORDED YESTERDAY.
  NO SIGNIFICANT WEATHER WAS OBSERVED.


RELATIVE HUMIDITY (PERCENT)
 HIGHEST    79
 LOWEST     60
 AVERAGE    70

..........................................................


THE FORT LAUDERDALE CLIMATE NORMALS FOR TODAY
                         NORMAL    RECORD    YEAR
 MAXIMUM TEMPERATURE (F)   90        98      1921
 MINIMUM TEMPERATURE (F)   79        68      1921


SUNRISE AND SUNSET
AUGUST 18 2017........SUNRISE   655 AM EDT   SUNSET   754 PM EDT
AUGUST 19 2017........SUNRISE   655 AM EDT   SUNSET   753 PM EDT


-  INDICATES NEGATIVE NUMBERS.
R  INDICATES RECORD WAS SET OR TIED.
MM INDICATES DATA IS MISSING.
T  INDICATES TRACE AMOUNT.




$$
