000
CDUS42 KMFL 302016
CLIFLL


CLIMATE REPORT
NATIONAL WEATHER SERVICE MIAMI, FL
416 PM EDT SAT APR 30 2016


...................................

...THE FORT LAUDERDALE CLIMATE SUMMARY FOR APRIL 30 2016...
VALID TODAY AS OF 0400 PM LOCAL TIME.

CLIMATE NORMAL PERIOD 1981 TO 2010
CLIMATE RECORD PERIOD 1912 TO 2016


WEATHER ITEM   OBSERVED TIME   RECORD YEAR NORMAL DEPARTURE LAST
                VALUE   (LST)  VALUE       VALUE  FROM      YEAR
                                                  NORMAL
..................................................................
TEMPERATURE (F)
 TODAY
  MAXIMUM         83   1116 AM  97    1971  84     -1       81
  MINIMUM         75    548 AM  51    1916  72      3       71
  AVERAGE         79                        78      1       76

PRECIPITATION (IN)
  TODAY            0.00          3.05 1964   0.06  -0.06     0.00
  MONTH TO DATE    0.73                      2.89  -2.16     4.12
  SINCE NOV 1     25.52                     18.54   6.98    17.19
  SINCE JAN 1     14.30                     12.84   1.46    12.08

SNOWFALL (IN)
  TODAY            0.0
  MONTH TO DATE    0.0
  SINCE MAR 1      0.0
  SINCE JUL 1      0.0
  SNOW DEPTH       0

DEGREE DAYS
 HEATING
  TODAY            0                         0      0        0
  MONTH TO DATE    0                         0      0        0
  SINCE MAR 1      2                        10     -8        0
  SINCE JUL 1     87                       112    -25       97

 COOLING
  TODAY           14                        13      1       11
  MONTH TO DATE  364                       337     27      448
  SINCE MAR 1    687                       591     96      780
  SINCE JAN 1    946                       947     -1     1061
..................................................................


WIND (MPH)
  HIGHEST WIND SPEED    20   HIGHEST WIND DIRECTION    SE (120)
  HIGHEST GUST SPEED    29   HIGHEST GUST DIRECTION     E (110)
  AVERAGE WIND SPEED    11.5


SKY COVER
  AVERAGE SKY COVER 0.5


WEATHER CONDITIONS
 THE FOLLOWING WEATHER WAS RECORDED TODAY.
  NO SIGNIFICANT WEATHER WAS OBSERVED.


RELATIVE HUMIDITY (PERCENT)
 HIGHEST    69
 LOWEST     51
 AVERAGE    60

..........................................................


THE FORT LAUDERDALE CLIMATE NORMALS FOR TOMORROW
                         NORMAL    RECORD    YEAR
 MAXIMUM TEMPERATURE (F)   84        92      1971
                                             1924
                                             1923
 MINIMUM TEMPERATURE (F)   72        56      1999


SUNRISE AND SUNSET
APRIL 30 2016.........SUNRISE   644 AM EDT   SUNSET   752 PM EDT
MAY  1 2016...........SUNRISE   643 AM EDT   SUNSET   753 PM EDT


-  INDICATES NEGATIVE NUMBERS.
R  INDICATES RECORD WAS SET OR TIED.
MM INDICATES DATA IS MISSING.
T  INDICATES TRACE AMOUNT.




$$
