000
CDUS42 KMFL 232016
CLIFLL


CLIMATE REPORT
NATIONAL WEATHER SERVICE MIAMI, FL
415 PM EDT FRI JUN 23 2017


...................................

...THE FORT LAUDERDALE CLIMATE SUMMARY FOR JUNE 23 2017...
VALID TODAY AS OF 0400 PM LOCAL TIME.

CLIMATE NORMAL PERIOD 1981 TO 2010
CLIMATE RECORD PERIOD 1912 TO 2017


WEATHER ITEM   OBSERVED TIME   RECORD YEAR NORMAL DEPARTURE LAST
                VALUE   (LST)  VALUE       VALUE  FROM      YEAR
                                                  NORMAL
..................................................................
TEMPERATURE (F)
 TODAY
  MAXIMUM         89   1250 PM  95    1939  89      0       91
  MINIMUM         79    300 AM  69    1935  78      1       80
                                      1925
                                      1922
  AVERAGE         84                        83      1       86

PRECIPITATION (IN)
  TODAY            T             2.92 2002   0.34  -0.34     0.06
  MONTH TO DATE   11.70                      7.70   4.00     7.01
  SINCE JUN 1     11.70                      7.70   4.00     7.01
  SINCE JAN 1     23.30                     25.19  -1.89    25.96

SNOWFALL (IN)
  TODAY            0.0
  MONTH TO DATE    0.0
  SINCE JUN 1      0.0
  SINCE JUL 1      0.0
  SNOW DEPTH       0

DEGREE DAYS
 HEATING
  TODAY            0                         0      0        0
  MONTH TO DATE    0                         0      0        0
  SINCE JUN 1      0                         0      0        0
  SINCE JUL 1     35                       112    -77       87

 COOLING
  TODAY           19                        18      1       21
  MONTH TO DATE  391                       411    -20      426
  SINCE JUN 1    391                       411    -20      426
  SINCE JAN 1   1968                      1829    139     1840
..................................................................


WIND (MPH)
  HIGHEST WIND SPEED    21   HIGHEST WIND DIRECTION    SE (130)
  HIGHEST GUST SPEED    26   HIGHEST GUST DIRECTION    SE (130)
  AVERAGE WIND SPEED    13.4


SKY COVER
  AVERAGE SKY COVER 0.4


WEATHER CONDITIONS
 THE FOLLOWING WEATHER WAS RECORDED TODAY.
  NO SIGNIFICANT WEATHER WAS OBSERVED.


RELATIVE HUMIDITY (PERCENT)
 HIGHEST    85
 LOWEST     63
 AVERAGE    74

..........................................................


THE FORT LAUDERDALE CLIMATE NORMALS FOR TOMORROW
                         NORMAL    RECORD    YEAR
 MAXIMUM TEMPERATURE (F)   89        97      1944
 MINIMUM TEMPERATURE (F)   78        68      1930
                                             1914


SUNRISE AND SUNSET
JUNE 23 2017..........SUNRISE   630 AM EDT   SUNSET   816 PM EDT
JUNE 24 2017..........SUNRISE   630 AM EDT   SUNSET   816 PM EDT


-  INDICATES NEGATIVE NUMBERS.
R  INDICATES RECORD WAS SET OR TIED.
MM INDICATES DATA IS MISSING.
T  INDICATES TRACE AMOUNT.




$$
