000
CDUS42 KMFL 190923
CLIFLL


CLIMATE REPORT
NATIONAL WEATHER SERVICE MIAMI, FL
422 AM EST FRI JAN 19 2018


...................................

...THE FORT LAUDERDALE CLIMATE SUMMARY FOR JANUARY 18 2018...

CLIMATE NORMAL PERIOD 1981 TO 2010
CLIMATE RECORD PERIOD 1912 TO 2018


WEATHER ITEM   OBSERVED TIME   RECORD YEAR NORMAL DEPARTURE LAST
                VALUE   (LST)  VALUE       VALUE  FROM      YEAR
                                                  NORMAL
..................................................................
TEMPERATURE (F)
 YESTERDAY
  MAXIMUM         62    355 PM  86    1925  76    -14       79
  MINIMUM         41    752 AM  33    1977  61    -20       67
  AVERAGE         52                        69    -17       73

PRECIPITATION (IN)
  YESTERDAY        0.00          0.75 1970   0.11  -0.11     0.00
  MONTH TO DATE    2.09                      1.49   0.60     0.65
  SINCE NOV 1      8.72                      7.19   1.53     5.28
  SINCE JAN 1      2.09                      1.49   0.60     0.65

SNOWFALL (IN)
  YESTERDAY        0.0
  MONTH TO DATE    0.0
  SINCE DEC 1      0.0
  SINCE JUL 1      0.0
  SNOW DEPTH       0

DEGREE DAYS
 HEATING
  YESTERDAY       13                         1     12        0
  MONTH TO DATE   72                        34     38       11
  SINCE DEC 1    112                        64     48       13
  SINCE JUL 1    114                        66     48       13

 COOLING
  YESTERDAY        0                         5     -5        8
  MONTH TO DATE   46                        99    -53      143
  SINCE DEC 1    253                       315    -62      486
  SINCE JAN 1     46                        99    -53      143
..................................................................


WIND (MPH)
  HIGHEST WIND SPEED    15   HIGHEST WIND DIRECTION     N (340)
  HIGHEST GUST SPEED    22   HIGHEST GUST DIRECTION    NW (320)
  AVERAGE WIND SPEED    10.1


SKY COVER
  AVERAGE SKY COVER 0.5


WEATHER CONDITIONS
 THE FOLLOWING WEATHER WAS RECORDED YESTERDAY.
  NO SIGNIFICANT WEATHER WAS OBSERVED.


RELATIVE HUMIDITY (PERCENT)
 HIGHEST    93
 LOWEST     60
 AVERAGE    77

..........................................................


THE FORT LAUDERDALE CLIMATE NORMALS FOR TODAY
                         NORMAL    RECORD    YEAR
 MAXIMUM TEMPERATURE (F)   76        87      1936
 MINIMUM TEMPERATURE (F)   62        28      1977


SUNRISE AND SUNSET
JANUARY 19 2018.......SUNRISE   709 AM EST   SUNSET   554 PM EST
JANUARY 20 2018.......SUNRISE   709 AM EST   SUNSET   555 PM EST


-  INDICATES NEGATIVE NUMBERS.
R  INDICATES RECORD WAS SET OR TIED.
MM INDICATES DATA IS MISSING.
T  INDICATES TRACE AMOUNT.




$$
