000
CDUS42 KILM 232141
CLIFLO


CLIMATE REPORT
NATIONAL WEATHER SERVICE WILMINGTON NC
441 PM EST THU NOV 23 2017


...................................

...THE FLORENCE SC CLIMATE SUMMARY FOR NOVEMBER 23 2017...
VALID TODAY AS OF 0400 PM LOCAL TIME.

CLIMATE NORMAL PERIOD 1981 TO 2010
CLIMATE RECORD PERIOD 1948 TO 2017


WEATHER ITEM   OBSERVED TIME   RECORD YEAR NORMAL DEPARTURE LAST
                VALUE   (LST)  VALUE       VALUE  FROM      YEAR
                                                  NORMAL
..................................................................
TEMPERATURE (F)
 TODAY
  MAXIMUM         50    205 PM  80    1979  65    -15       64
  MINIMUM         41    721 AM  24    1976  42     -1       31
  AVERAGE         46                        53     -7       48

PRECIPITATION (IN)
  TODAY            0.00          1.34 1960   0.09  -0.09     0.00
  MONTH TO DATE    0.70                      2.03  -1.33     0.79
  SINCE SEP 1      6.39                      8.78  -2.39    23.38
  SINCE JAN 1     37.97                     39.26  -1.29    56.26

SNOWFALL (IN)
  TODAY           MM
  MONTH TO DATE   MM
  SINCE SEP 1     MM
  SINCE JUL 1     MM
  SNOW DEPTH      MM

DEGREE DAYS
 HEATING
  TODAY           19                        12      7       17
  MONTH TO DATE  221                       212      9      233
  SINCE SEP 1    311                       329    -18      265
  SINCE JUL 1    311                       329    -18      265

 COOLING
  TODAY            0                         0      0        0
  MONTH TO DATE   14                        16     -2        6
  SINCE SEP 1    466                       388     78      533
  SINCE JAN 1   2248                      2058    190     2570
..................................................................


WIND (MPH)
  HIGHEST WIND SPEED    13   HIGHEST WIND DIRECTION    NE (40)
  HIGHEST GUST SPEED    15   HIGHEST GUST DIRECTION     N (10)
  AVERAGE WIND SPEED     8.3


SKY COVER
  POSSIBLE SUNSHINE  MM
  AVERAGE SKY COVER 0.0


WEATHER CONDITIONS
 THE FOLLOWING WEATHER WAS RECORDED TODAY.
  NO SIGNIFICANT WEATHER WAS OBSERVED.


RELATIVE HUMIDITY (PERCENT)
 HIGHEST    70           700 AM
 LOWEST     53           300 AM
 AVERAGE    62

..........................................................


THE FLORENCE SC CLIMATE NORMALS FOR TOMORROW
                         NORMAL    RECORD    YEAR
 MAXIMUM TEMPERATURE (F)   65        83      1973
 MINIMUM TEMPERATURE (F)   41        19      1970


SUNRISE AND SUNSET
NOVEMBER 23 2017......SUNRISE   659 AM EST   SUNSET   511 PM EST
NOVEMBER 24 2017......SUNRISE   700 AM EST   SUNSET   511 PM EST


-  INDICATES NEGATIVE NUMBERS.
R  INDICATES RECORD WAS SET OR TIED.
MM INDICATES DATA IS MISSING.
T  INDICATES TRACE AMOUNT.




$$
