000
CDUS42 KILM 290849
CLIFLO


CLIMATE REPORT
NATIONAL WEATHER SERVICE WILMINGTON NC
448 AM EDT WED MAR 29 2017


...................................

...THE FLORENCE SC CLIMATE SUMMARY FOR MARCH 28 2017...

CLIMATE NORMAL PERIOD 1981 TO 2010
CLIMATE RECORD PERIOD 1948 TO 2017


WEATHER ITEM   OBSERVED TIME   RECORD YEAR NORMAL DEPARTURE LAST
                VALUE   (LST)  VALUE       VALUE  FROM      YEAR
                                                  NORMAL
..................................................................
TEMPERATURE (F)
 YESTERDAY
  MAXIMUM         85    355 PM  87    2007  71     14       81
  MINIMUM         60    236 AM  28    1982  46     14       57
  AVERAGE         73                        59     14       69

PRECIPITATION (IN)
  YESTERDAY        0.02          1.63 1980   0.10  -0.08     0.10
  MONTH TO DATE    1.25                      3.01  -1.76     1.63
  SINCE MAR 1      1.25                      3.01  -1.76     1.63
  SINCE JAN 1      6.12                      9.16  -3.04     9.09

SNOWFALL (IN)
  YESTERDAY       MM
  MONTH TO DATE   MM
  SINCE MAR 1     MM
  SINCE JUL 1     MM
  SNOW DEPTH      MM

DEGREE DAYS
 HEATING
  YESTERDAY        0                         7     -7        0
  MONTH TO DATE  331                       288     43      153
  SINCE MAR 1    331                       288     43      153
  SINCE JUL 1   1776                      2354   -578     1813

 COOLING
  YESTERDAY        8                         1      7        4
  MONTH TO DATE   27                        15     12       46
  SINCE MAR 1     27                        15     12       46
  SINCE JAN 1     40                        21     19       47
..................................................................


WIND (MPH)
  HIGHEST WIND SPEED    20   HIGHEST WIND DIRECTION     W (260)
  HIGHEST GUST SPEED    24   HIGHEST GUST DIRECTION     W (260)
  AVERAGE WIND SPEED     7.6


SKY COVER
  POSSIBLE SUNSHINE  MM
  AVERAGE SKY COVER 0.3


WEATHER CONDITIONS
 THE FOLLOWING WEATHER WAS RECORDED YESTERDAY.
  THUNDERSTORM
  LIGHT RAIN
  FOG


RELATIVE HUMIDITY (PERCENT)
 HIGHEST    97           300 AM
 LOWEST     37           400 PM
 AVERAGE    67

..........................................................


THE FLORENCE SC CLIMATE NORMALS FOR TODAY
                         NORMAL    RECORD    YEAR
 MAXIMUM TEMPERATURE (F)   71        89      1985
 MINIMUM TEMPERATURE (F)   47        28      2015
                                             1966


SUNRISE AND SUNSET
MARCH 29 2017.........SUNRISE   710 AM EDT   SUNSET   738 PM EDT
MARCH 30 2017.........SUNRISE   709 AM EDT   SUNSET   738 PM EDT


-  INDICATES NEGATIVE NUMBERS.
R  INDICATES RECORD WAS SET OR TIED.
MM INDICATES DATA IS MISSING.
T  INDICATES TRACE AMOUNT.




$$
