000
CDUS42 KILM 170845
CLIFLO


CLIMATE REPORT
NATIONAL WEATHER SERVICE WILMINGTON NC
444 AM EDT THU APR 17 2014


...................................

...THE FLORENCE SC CLIMATE SUMMARY FOR APRIL 16 2014...

CLIMATE NORMAL PERIOD 1981 TO 2010
CLIMATE RECORD PERIOD 1948 TO 2014


WEATHER ITEM   OBSERVED TIME   RECORD YEAR NORMAL DEPARTURE LAST
                VALUE   (LST)  VALUE       VALUE  FROM      YEAR
                                                  NORMAL
..................................................................
TEMPERATURE (F)
 YESTERDAY
  MAXIMUM         59    434 PM  90    2006  76    -17       80
                                      1967
  MINIMUM         36    542 AM  32    1962  51    -15       59
  AVERAGE         48                        63    -15       70

PRECIPITATION (IN)
  YESTERDAY        0.00          1.76 1958   0.08  -0.08     0.00
  MONTH TO DATE    1.59                      1.38   0.21     1.50
  SINCE MAR 1      6.14                      4.71   1.43     3.99
  SINCE JAN 1     11.86                     10.86   1.00    10.51

SNOWFALL (IN)
  YESTERDAY       MM
  MONTH TO DATE   MM
  SINCE MAR 1     MM
  SINCE JUL 1     MM
  SNOW DEPTH      MM

DEGREE DAYS
 HEATING
  YESTERDAY       17                         4     13        0
  MONTH TO DATE   45                        84    -39       65
  SINCE MAR 1    488                       394     94      529
  SINCE JUL 1   2617                      2460    157     2276

 COOLING
  YESTERDAY        0                         2     -2        5
  MONTH TO DATE   36                        29      7       39
  SINCE MAR 1     40                        47     -7       47
  SINCE JAN 1     46                        53     -7       68
..................................................................


WIND (MPH)
  HIGHEST WIND SPEED    22   HIGHEST WIND DIRECTION    NE (30)
  HIGHEST GUST SPEED    32   HIGHEST GUST DIRECTION    NE (30)
  AVERAGE WIND SPEED    11.2


SKY COVER
  POSSIBLE SUNSHINE  MM
  AVERAGE SKY COVER 0.0


WEATHER CONDITIONS
 THE FOLLOWING WEATHER WAS RECORDED YESTERDAY.
  NO SIGNIFICANT WEATHER WAS OBSERVED.


RELATIVE HUMIDITY (PERCENT)
 HIGHEST    73          1100 PM
 LOWEST     30           200 PM
 AVERAGE    52

..........................................................


THE FLORENCE SC CLIMATE NORMALS FOR TODAY
                         NORMAL    RECORD    YEAR
 MAXIMUM TEMPERATURE (F)   76        93      2006
 MINIMUM TEMPERATURE (F)   51        33      1949


SUNRISE AND SUNSET
APRIL 17 2014.........SUNRISE   645 AM EDT   SUNSET   752 PM EDT
APRIL 18 2014.........SUNRISE   644 AM EDT   SUNSET   753 PM EDT


-  INDICATES NEGATIVE NUMBERS.
R  INDICATES RECORD WAS SET OR TIED.
MM INDICATES DATA IS MISSING.
T  INDICATES TRACE AMOUNT.




$$
