000
CDUS42 KILM 040841
CLIFLO


CLIMATE REPORT
NATIONAL WEATHER SERVICE WILMINGTON NC
441 AM EDT WED MAY 4 2016


...................................

...THE FLORENCE SC CLIMATE SUMMARY FOR MAY 3 2016...

CLIMATE NORMAL PERIOD 1981 TO 2010
CLIMATE RECORD PERIOD 1948 TO 2016


WEATHER ITEM   OBSERVED TIME   RECORD YEAR NORMAL DEPARTURE LAST
                VALUE   (LST)  VALUE       VALUE  FROM      YEAR
                                                  NORMAL
..................................................................
TEMPERATURE (F)
 YESTERDAY
  MAXIMUM         85    328 PM  94    1959  80      5       83
  MINIMUM         66    559 AM  42    1963  55     11       49
  AVERAGE         76                        68      8       66

PRECIPITATION (IN)
  YESTERDAY        0.65          1.06 2007   0.09   0.56     0.00
  MONTH TO DATE    1.33                      0.26   1.07      T
  SINCE MAR 1      8.30                      6.21   2.09     6.80
  SINCE JAN 1     15.76                     12.36   3.40    13.73

DEGREE DAYS
 HEATING
  YESTERDAY        0                         2     -2        0
  MONTH TO DATE    0                         6     -6        1
  SINCE MAR 1    278                       440   -162      306
  SINCE JUL 1   1938                      2506   -568     2544

 COOLING
  YESTERDAY       11                         4      7        1
  MONTH TO DATE   28                        12     16        1
  SINCE MAR 1    159                       102     57      115
  SINCE JAN 1    160                       108     52      118
..................................................................


WIND (MPH)
  HIGHEST WIND SPEED    17   HIGHEST WIND DIRECTION     W (250)
  HIGHEST GUST SPEED    21   HIGHEST GUST DIRECTION     W (250)
  AVERAGE WIND SPEED     7.6


SKY COVER
  POSSIBLE SUNSHINE  MM
  AVERAGE SKY COVER 0.5


WEATHER CONDITIONS
 THE FOLLOWING WEATHER WAS RECORDED YESTERDAY.
  THUNDERSTORM
  HEAVY RAIN
  LIGHT RAIN
  FOG


RELATIVE HUMIDITY (PERCENT)
 HIGHEST    93           600 AM
 LOWEST     51           300 PM
 AVERAGE    72

..........................................................


THE FLORENCE SC CLIMATE NORMALS FOR TODAY
                         NORMAL    RECORD    YEAR
 MAXIMUM TEMPERATURE (F)   80        91      1981
 MINIMUM TEMPERATURE (F)   56        38      1971


SUNRISE AND SUNSET
MAY  4 2016...........SUNRISE   626 AM EDT   SUNSET   806 PM EDT
MAY  5 2016...........SUNRISE   625 AM EDT   SUNSET   806 PM EDT


-  INDICATES NEGATIVE NUMBERS.
R  INDICATES RECORD WAS SET OR TIED.
MM INDICATES DATA IS MISSING.
T  INDICATES TRACE AMOUNT.




$$
