000
CDUS42 KILM 060940
CLIFLO


CLIMATE REPORT
NATIONAL WEATHER SERVICE WILMINGTON NC
440 AM EST TUE DEC 6 2016


...................................

...THE FLORENCE SC CLIMATE SUMMARY FOR DECEMBER 5 2016...

CLIMATE NORMAL PERIOD 1981 TO 2010
CLIMATE RECORD PERIOD 1948 TO 2016


WEATHER ITEM   OBSERVED TIME   RECORD YEAR NORMAL DEPARTURE LAST
                VALUE   (LST)  VALUE       VALUE  FROM      YEAR
                                                  NORMAL
..................................................................
TEMPERATURE (F)
 YESTERDAY
  MAXIMUM         63    306 PM  82    1998  61      2       60
  MINIMUM         45    639 AM  21    2000  39      6       36
  AVERAGE         54                        50      4       48

PRECIPITATION (IN)
  YESTERDAY        1.26R         0.99 1977   0.09   1.17     0.00
  MONTH TO DATE    1.38                      0.45   0.93     0.20
  SINCE DEC 1      1.38                      0.45   0.93     0.20
  SINCE JAN 1     57.78                     40.35  17.43    50.14

SNOWFALL (IN)
  YESTERDAY       MM
  MONTH TO DATE   MM
  SINCE DEC 1     MM
  SINCE JUL 1     MM
  SNOW DEPTH      MM

DEGREE DAYS
 HEATING
  YESTERDAY       11                        16     -5       17
  MONTH TO DATE   71                        76     -5       59
  SINCE DEC 1     71                        76     -5       59
  SINCE JUL 1    384                       498   -114      323

 COOLING
  YESTERDAY        0                         0      0        0
  MONTH TO DATE    0                         0      0        0
  SINCE DEC 1      0                         0      0        0
  SINCE JAN 1   2582                      2059    523     2470
..................................................................


WIND (MPH)
  HIGHEST WIND SPEED    13   HIGHEST WIND DIRECTION    NE (60)
  HIGHEST GUST SPEED    17   HIGHEST GUST DIRECTION     N (350)
  AVERAGE WIND SPEED     6.0


SKY COVER
  POSSIBLE SUNSHINE  MM
  AVERAGE SKY COVER 0.8


WEATHER CONDITIONS
 THE FOLLOWING WEATHER WAS RECORDED YESTERDAY.
  HEAVY RAIN
  RAIN
  LIGHT RAIN
  FOG


RELATIVE HUMIDITY (PERCENT)
 HIGHEST   100           500 AM
 LOWEST     64           400 PM
 AVERAGE    82

..........................................................


THE FLORENCE SC CLIMATE NORMALS FOR TODAY
                         NORMAL    RECORD    YEAR
 MAXIMUM TEMPERATURE (F)   60        81      2013
                                             1998
 MINIMUM TEMPERATURE (F)   38        23      2010
                                             1987


SUNRISE AND SUNSET
DECEMBER  6 2016......SUNRISE   711 AM EST   SUNSET   509 PM EST
DECEMBER  7 2016......SUNRISE   712 AM EST   SUNSET   509 PM EST


-  INDICATES NEGATIVE NUMBERS.
R  INDICATES RECORD WAS SET OR TIED.
MM INDICATES DATA IS MISSING.
T  INDICATES TRACE AMOUNT.




$$
