000
CDUS42 KILM 230942
CLIFLO


CLIMATE REPORT
NATIONAL WEATHER SERVICE WILMINGTON NC
442 AM EST SUN NOV 23 2014


...................................

...THE FLORENCE SC CLIMATE SUMMARY FOR NOVEMBER 22 2014...

CLIMATE NORMAL PERIOD 1981 TO 2010
CLIMATE RECORD PERIOD 1948 TO 2014


WEATHER ITEM   OBSERVED TIME   RECORD YEAR NORMAL DEPARTURE LAST
                VALUE   (LST)  VALUE       VALUE  FROM      YEAR
                                                  NORMAL
..................................................................
TEMPERATURE (F)
 YESTERDAY
  MAXIMUM         61    415 PM  80    2011  65     -4       73
  MINIMUM         27    703 AM  20    2008  42    -15       56
                                      2000
  AVERAGE         44                        54    -10       65

PRECIPITATION (IN)
  YESTERDAY        0.00          1.95 1948   0.09  -0.09      T
  MONTH TO DATE    0.42                      1.94  -1.52     0.77
  SINCE SEP 1     10.16                      8.69   1.47     2.49
  SINCE JAN 1     38.15                     39.17  -1.02    48.95

SNOWFALL (IN)
  YESTERDAY       MM
  MONTH TO DATE   MM
  SINCE SEP 1     MM
  SINCE JUL 1     MM
  SNOW DEPTH      MM

DEGREE DAYS
 HEATING
  YESTERDAY       21                        12      9        0
  MONTH TO DATE  326                       200    126      221
  SINCE SEP 1    395                       317     78      303
  SINCE JUL 1    395                       317     78      303

 COOLING
  YESTERDAY        0                         0      0        0
  MONTH TO DATE    5                        16    -11       16
  SINCE SEP 1    449                       388     61      419
  SINCE JAN 1   2281                      2058    223     2046
..................................................................


WIND (MPH)
  HIGHEST WIND SPEED    10   HIGHEST WIND DIRECTION     E (100)
  HIGHEST GUST SPEED    14   HIGHEST GUST DIRECTION     E (100)
  AVERAGE WIND SPEED     4.0


SKY COVER
  POSSIBLE SUNSHINE  MM
  AVERAGE SKY COVER 0.0


WEATHER CONDITIONS
 THE FOLLOWING WEATHER WAS RECORDED YESTERDAY.
  NO SIGNIFICANT WEATHER WAS OBSERVED.


RELATIVE HUMIDITY (PERCENT)
 HIGHEST    82          1100 PM
 LOWEST     23           200 PM
 AVERAGE    53

..........................................................


THE FLORENCE SC CLIMATE NORMALS FOR TODAY
                         NORMAL    RECORD    YEAR
 MAXIMUM TEMPERATURE (F)   65        80      1979
 MINIMUM TEMPERATURE (F)   42        24      1976


SUNRISE AND SUNSET
NOVEMBER 23 2014......SUNRISE   659 AM EST   SUNSET   511 PM EST
NOVEMBER 24 2014......SUNRISE   700 AM EST   SUNSET   511 PM EST


-  INDICATES NEGATIVE NUMBERS.
R  INDICATES RECORD WAS SET OR TIED.
MM INDICATES DATA IS MISSING.
T  INDICATES TRACE AMOUNT.




$$
