466
CDUS42 KTBW 090933
CLIFMY


CLIMATE REPORT
NATIONAL WEATHER SERVICE TAMPA BAY FL
432 AM EST FRI DEC 9 2016


...................................

...THE FORT MYERS CLIMATE SUMMARY FOR DECEMBER 8 2016...

CLIMATE NORMAL PERIOD 1981 TO 2010
CLIMATE RECORD PERIOD 1902 TO 2016


WEATHER ITEM   OBSERVED TIME   RECORD YEAR NORMAL DEPARTURE LAST
                VALUE   (LST)  VALUE       VALUE  FROM      YEAR
                                                  NORMAL
..................................................................
TEMPERATURE (F)
 YESTERDAY
  MAXIMUM         76    220 PM  90    1978  78     -2       73
  MINIMUM         64    709 AM  37    1937  58      6       58
  AVERAGE         70                        68      2       66

PRECIPITATION (IN)
  YESTERDAY        T             0.95 1979   0.05  -0.05     0.00
  MONTH TO DATE    0.20                      0.37  -0.17     2.95
  SINCE DEC 1      0.20                      0.37  -0.17     2.95
  SINCE JAN 1     63.82                     54.59   9.23    60.25

DEGREE DAYS
 HEATING
  YESTERDAY        0                         2     -2        0
  MONTH TO DATE    0                        11    -11        0
  SINCE DEC 1      0                        11    -11        0
  SINCE JUL 1      5                        29    -24        0

 COOLING
  YESTERDAY        5                         4      1        1
  MONTH TO DATE   82                        39     43       47
  SINCE DEC 1     82                        39     43       47
  SINCE JAN 1   4090                      3902    188     4373
..................................................................


WIND (MPH)
  RESULTANT WIND SPEED   7   RESULTANT WIND DIRECTION   N (20)
  HIGHEST WIND SPEED    14   HIGHEST WIND DIRECTION    NE (30)
  HIGHEST GUST SPEED    19   HIGHEST GUST DIRECTION    NW (300)
  AVERAGE WIND SPEED     7.3


SKY COVER
  POSSIBLE SUNSHINE  MM
  AVERAGE SKY COVER 0.6


WEATHER CONDITIONS
 THE FOLLOWING WEATHER WAS RECORDED YESTERDAY.
  LIGHT RAIN


RELATIVE HUMIDITY (PERCENT)
 HIGHEST    87           100 AM
 LOWEST     63           900 PM

..........................................................


THE FORT MYERS CLIMATE NORMALS FOR TODAY
                         NORMAL    RECORD    YEAR
 MAXIMUM TEMPERATURE (F)   78        87      1986
 MINIMUM TEMPERATURE (F)   58        42      1984
                                             1973
                                             1959


SUNRISE AND SUNSET
DECEMBER  9 2016......SUNRISE   705 AM EST   SUNSET   535 PM EST
DECEMBER 10 2016......SUNRISE   705 AM EST   SUNSET   536 PM EST


-  INDICATES NEGATIVE NUMBERS.
R  INDICATES RECORD WAS SET OR TIED.
MM INDICATES DATA IS MISSING.
T  INDICATES TRACE AMOUNT.




$$


&&
------------------------------------------------------------------
******************** SUPPLEMENTAL DATA ***************************

...GULF WATER TEMPERATURE AT FORT MYERS BEACH 73 DEGREES
