000
CDUS42 KTBW 262120
CLIFMY


CLIMATE REPORT
NATIONAL WEATHER SERVICE TAMPA BAY FL
518 PM EDT SUN MAR 26 2017


...................................

...THE FORT MYERS CLIMATE SUMMARY FOR MARCH 26 2017...
VALID TODAY AS OF 0500 PM LOCAL TIME.

CLIMATE NORMAL PERIOD 1981 TO 2010
CLIMATE RECORD PERIOD 1902 TO 2017


WEATHER ITEM   OBSERVED TIME   RECORD YEAR NORMAL DEPARTURE LAST
                VALUE   (LST)  VALUE       VALUE  FROM      YEAR
                                                  NORMAL
..................................................................
TEMPERATURE (F)
 TODAY
  MAXIMUM         85    354 PM  92    1949  82      3       87
  MINIMUM         66    700 AM  44    1956  61      5       70
  AVERAGE         76                        71      5       79

PRECIPITATION (IN)
  TODAY            T             2.40 1970   0.09  -0.09     0.00
  MONTH TO DATE    0.16                      2.45  -2.29     0.55
  SINCE MAR 1      0.16                      2.45  -2.29     0.55
  SINCE JAN 1      2.41                      6.54  -4.13    15.66

DEGREE DAYS
 HEATING
  TODAY            0                         0      0        0
  MONTH TO DATE   11                        21    -10        9
  SINCE MAR 1     11                        21    -10        9
  SINCE JUL 1     76                       281   -205      204

 COOLING
  TODAY           11                         6      5       14
  MONTH TO DATE  187                       142     45      189
  SINCE MAR 1    187                       142     45      189
  SINCE JAN 1    529                       327    202      300
..................................................................


WIND (MPH)
  RESULTANT WIND SPEED   6   RESULTANT WIND DIRECTION   E (90)
  HIGHEST WIND SPEED    16   HIGHEST WIND DIRECTION     E (110)
  HIGHEST GUST SPEED    20   HIGHEST GUST DIRECTION     E (90)
  AVERAGE WIND SPEED     6.1


SKY COVER
  POSSIBLE SUNSHINE  MM
  AVERAGE SKY COVER 0.6


WEATHER CONDITIONS
 THE FOLLOWING WEATHER WAS RECORDED TODAY.
  LIGHT RAIN


RELATIVE HUMIDITY (PERCENT)
 HIGHEST    93           700 AM
 LOWEST     40           200 PM

..........................................................


THE FORT MYERS CLIMATE NORMALS FOR TOMORROW
                         NORMAL    RECORD    YEAR
 MAXIMUM TEMPERATURE (F)   82        91      1989
                                             1950
 MINIMUM TEMPERATURE (F)   61        44      2013


SUNRISE AND SUNSET
MARCH 26 2017.........SUNRISE   725 AM EDT   SUNSET   742 PM EDT
MARCH 27 2017.........SUNRISE   724 AM EDT   SUNSET   742 PM EDT


-  INDICATES NEGATIVE NUMBERS.
R  INDICATES RECORD WAS SET OR TIED.
MM INDICATES DATA IS MISSING.
T  INDICATES TRACE AMOUNT.




$$


&&
------------------------------------------------------------------
******************** SUPPLEMENTAL DATA ***************************

...GULF WATER TEMPERATURE AT FORT MYERS BEACH 72 DEGREES
