000
CDUS42 KTBW 190838
CLIFMY


CLIMATE REPORT
NATIONAL WEATHER SERVICE TAMPA BAY FL
435 AM EDT SAT APR 19 2014


...................................

...THE FORT MYERS CLIMATE SUMMARY FOR APRIL 18 2014...

CLIMATE NORMAL PERIOD 1981 TO 2010
CLIMATE RECORD PERIOD 1902 TO 2014


WEATHER ITEM   OBSERVED TIME   RECORD YEAR NORMAL DEPARTURE LAST
                VALUE   (LST)  VALUE       VALUE  FROM      YEAR
                                                  NORMAL
..................................................................
TEMPERATURE (F)
 YESTERDAY
  MAXIMUM         85    124 PM  95    1944  85      0       91
  MINIMUM         72    648 AM  49    1956  63      9       71
  AVERAGE         79                        74      5       81

PRECIPITATION (IN)
  YESTERDAY        0.00          1.75 1916   0.07  -0.07     0.41
  MONTH TO DATE    0.93                      1.35  -0.42     1.85
  SINCE MAR 1      4.12                      4.23  -0.11     2.63
  SINCE JAN 1      7.56                      8.32  -0.76     5.11

DEGREE DAYS
 HEATING
  YESTERDAY        0                         0      0        0
  MONTH TO DATE    0                         0      0        0
  SINCE MAR 1      9                        24    -15       85
  SINCE JUL 1    178                       284   -106      201

 COOLING
  YESTERDAY       14                         9      5       16
  MONTH TO DATE  173                       146     27      213
  SINCE MAR 1    334                       322     12      284
  SINCE JAN 1    595                       507     88      595
..................................................................


WIND (MPH)
  RESULTANT WIND SPEED   7   RESULTANT WIND DIRECTION   S (160)
  HIGHEST WIND SPEED    18   HIGHEST WIND DIRECTION     S (180)
  HIGHEST GUST SPEED    26   HIGHEST GUST DIRECTION     S (170)
  AVERAGE WIND SPEED     9.1


SKY COVER
  POSSIBLE SUNSHINE  MM
  AVERAGE SKY COVER 0.4


WEATHER CONDITIONS
 THE FOLLOWING WEATHER WAS RECORDED YESTERDAY.
  LIGHT RAIN


RELATIVE HUMIDITY (PERCENT)
 HIGHEST    94           900 PM
 LOWEST     55           100 PM

..........................................................


THE FORT MYERS CLIMATE NORMALS FOR TODAY
                         NORMAL    RECORD    YEAR
 MAXIMUM TEMPERATURE (F)   85        93      1972
 MINIMUM TEMPERATURE (F)   64        49      2001


SUNRISE AND SUNSET
APRIL 19 2014.........SUNRISE   700 AM EDT   SUNSET   753 PM EDT
APRIL 20 2014.........SUNRISE   659 AM EDT   SUNSET   754 PM EDT


-  INDICATES NEGATIVE NUMBERS.
R  INDICATES RECORD WAS SET OR TIED.
MM INDICATES DATA IS MISSING.
T  INDICATES TRACE AMOUNT.




$$


&&
------------------------------------------------------------------
******************** SUPPLEMENTAL DATA ***************************

...GULF WATER TEMPERATURE AT NAPLES 77 DEGREES.
