000
CDUS42 KTBW 040929
CLIFMY


CLIMATE REPORT
NATIONAL WEATHER SERVICE TAMPA BAY FL
427 AM EST WED MAR 4 2015


...................................

...THE FORT MYERS CLIMATE SUMMARY FOR MARCH 3 2015...

CLIMATE NORMAL PERIOD 1981 TO 2010
CLIMATE RECORD PERIOD 1902 TO 2015


WEATHER ITEM   OBSERVED TIME   RECORD YEAR NORMAL DEPARTURE LAST
                VALUE   (LST)  VALUE       VALUE  FROM      YEAR
                                                  NORMAL
..................................................................
TEMPERATURE (F)
 YESTERDAY
  MAXIMUM         87R   250 PM  87    2008  79      8       81
                                      1964
                                      1963
  MINIMUM         63    535 AM  33    1980  58      5       60
  AVERAGE         75                        68      7       71

PRECIPITATION (IN)
  YESTERDAY        0.00          2.00 1989   0.09  -0.09     0.00
  MONTH TO DATE    0.01                      0.24  -0.23     0.00
  SINCE MAR 1      0.01                      0.24  -0.23     0.00
  SINCE JAN 1      3.20                      4.33  -1.13     3.44

DEGREE DAYS
 HEATING
  YESTERDAY        0                         1     -1        0
  MONTH TO DATE    0                         3     -3        0
  SINCE MAR 1      0                         3     -3        0
  SINCE JUL 1    231                       263    -32      169

 COOLING
  YESTERDAY       10                         5      5        6
  MONTH TO DATE   33                        15     18       13
  SINCE MAR 1     33                        15     18       13
  SINCE JAN 1    181                       200    -19      274
..................................................................


WIND (MPH)
  RESULTANT WIND SPEED   6   RESULTANT WIND DIRECTION  SE (120)
  HIGHEST WIND SPEED    17   HIGHEST WIND DIRECTION    SE (130)
  HIGHEST GUST SPEED    24   HIGHEST GUST DIRECTION     S (160)
  AVERAGE WIND SPEED     7.0


SKY COVER
  POSSIBLE SUNSHINE  MM
  AVERAGE SKY COVER 0.2


WEATHER CONDITIONS
 THE FOLLOWING WEATHER WAS RECORDED YESTERDAY.
  FOG
  FOG W/VISIBILITY <= 1/4 MILE


RELATIVE HUMIDITY (PERCENT)
 HIGHEST   100           300 AM
 LOWEST     42           300 PM

..........................................................


THE FORT MYERS CLIMATE NORMALS FOR TODAY
                         NORMAL    RECORD    YEAR
 MAXIMUM TEMPERATURE (F)   79        93      1948
 MINIMUM TEMPERATURE (F)   58        37      1943


SUNRISE AND SUNSET
MARCH  4 2015.........SUNRISE   648 AM EST   SUNSET   630 PM EST
MARCH  5 2015.........SUNRISE   647 AM EST   SUNSET   631 PM EST


-  INDICATES NEGATIVE NUMBERS.
R  INDICATES RECORD WAS SET OR TIED.
MM INDICATES DATA IS MISSING.
T  INDICATES TRACE AMOUNT.




$$


&&
------------------------------------------------------------------
******************** SUPPLEMENTAL DATA ***************************

...GULF WATER TEMPERATURE AT FORT MYERS BEACH 76
