000
CDUS43 KDTX 280535
CLIFNT


CLIMATE REPORT
NATIONAL WEATHER SERVICE DETROIT/PONTIAC MI
1235 AM EST TUE FEB 28 2017


...................................

...THE FLINT MI CLIMATE SUMMARY FOR FEBRUARY 27 2017...

CLIMATE NORMAL PERIOD 1981 TO 2010
CLIMATE RECORD PERIOD 1921 TO 2017


WEATHER ITEM   OBSERVED TIME   RECORD YEAR NORMAL DEPARTURE LAST
                VALUE   (LST)  VALUE       VALUE  FROM      YEAR
                                                  NORMAL
..................................................................
TEMPERATURE (F)
 YESTERDAY
  MAXIMUM         51    422 PM  58    1932  36     15       45
  MINIMUM         32    737 AM -17    2015  19     13       28
  AVERAGE         42                        28     14       37

PRECIPITATION (IN)
  YESTERDAY        0.00          0.81 1948   0.06  -0.06     0.00
  MONTH TO DATE    1.75                      1.42   0.33     1.99
  SINCE DEC 1      6.47                      4.97   1.50     5.53
  SINCE JAN 1      4.88                      3.05   1.83     3.63

SNOWFALL (IN)
  YESTERDAY        0.0           2.2  1954   0.4   -0.4      0.0
  MONTH TO DATE    1.9                      10.5   -8.6     22.7
  SINCE DEC 1     32.5                      35.4   -2.9     39.8
  SINCE JUL 1     32.5                      38.3   -5.8     50.6
  SNOW DEPTH       0

DEGREE DAYS
 HEATING
  YESTERDAY       23                        37    -14       28
  MONTH TO DATE  826                      1086   -260      968
  SINCE DEC 1   3087                      3569   -482     2844
  SINCE JUL 1   4128                      5050   -922     3825

 COOLING
  YESTERDAY        0                         0      0        0
  MONTH TO DATE    0                         0      0        0
  SINCE DEC 1      0                         0      0        0
  SINCE JAN 1      0                         0      0        0
..................................................................


WIND (MPH)
  HIGHEST WIND SPEED    17   HIGHEST WIND DIRECTION    SW (240)
  HIGHEST GUST SPEED    23   HIGHEST GUST DIRECTION    SW (210)
  AVERAGE WIND SPEED     8.5


SKY COVER
  POSSIBLE SUNSHINE  MM
  AVERAGE SKY COVER 0.2


WEATHER CONDITIONS
 THE FOLLOWING WEATHER WAS RECORDED YESTERDAY.
  NO SIGNIFICANT WEATHER WAS OBSERVED.


RELATIVE HUMIDITY (PERCENT)
 HIGHEST    76          1000 PM
 LOWEST     39           500 PM
 AVERAGE    58

..........................................................


THE FLINT MI CLIMATE NORMALS FOR TODAY
                         NORMAL    RECORD    YEAR
 MAXIMUM TEMPERATURE (F)   37        58      2016
 MINIMUM TEMPERATURE (F)   20       -16      2014


SUNRISE AND SUNSET
FEBRUARY 28 2017......SUNRISE   712 AM EST   SUNSET   623 PM EST
MARCH  1 2017.........SUNRISE   710 AM EST   SUNSET   625 PM EST


-  INDICATES NEGATIVE NUMBERS.
R  INDICATES RECORD WAS SET OR TIED.
MM INDICATES DATA IS MISSING.
T  INDICATES TRACE AMOUNT.




$$
