000
CDUS43 KDTX 280539
CLIFNT


CLIMATE REPORT
NATIONAL WEATHER SERVICE DETROIT/PONTIAC MI
139 AM EDT SUN MAY 28 2017


...................................

...THE FLINT MI CLIMATE SUMMARY FOR MAY 27 2017...

CLIMATE NORMAL PERIOD 1981 TO 2010
CLIMATE RECORD PERIOD 1921 TO 2017


WEATHER ITEM   OBSERVED TIME   RECORD YEAR NORMAL DEPARTURE LAST
                VALUE   (LST)  VALUE       VALUE  FROM      YEAR
                                                  NORMAL
..................................................................
TEMPERATURE (F)
 YESTERDAY
  MAXIMUM         76    429 PM  90    1987  72      4       87
  MINIMUM         50    454 AM  31    1994  49      1       62
                                      1961
  AVERAGE         63                        60      3       75

PRECIPITATION (IN)
  YESTERDAY        0.00          0.98 2009   0.10  -0.10     0.00
  MONTH TO DATE    2.38                      2.68  -0.30     1.72
  SINCE MAR 1     10.78                      7.48   3.30     8.38
  SINCE JAN 1     16.33                     10.59   5.74    12.23

SNOWFALL (IN)
  YESTERDAY        0.0           0.0    MM   0.0    0.0      0.0
  MONTH TO DATE    0.0                       0.0    0.0       T
  SINCE MAR 1      6.9                       8.8   -1.9     18.4
  SINCE JUL 1     39.4                      47.4   -8.0     69.0
  SNOW DEPTH       0

DEGREE DAYS
 HEATING
  YESTERDAY        2                         6     -4        0
  MONTH TO DATE  268                       258     10      207
  SINCE MAR 1   1630                      1777   -147     1486
  SINCE JUL 1   5779                      6865  -1086     5356

 COOLING
  YESTERDAY        0                         2     -2       10
  MONTH TO DATE   17                        20     -3       38
  SINCE MAR 1     20                        24     -4       39
  SINCE JAN 1     20                        24     -4       39
..................................................................


WIND (MPH)
  HIGHEST WIND SPEED     9   HIGHEST WIND DIRECTION     S (180)
  HIGHEST GUST SPEED    12   HIGHEST GUST DIRECTION     S (180)
  AVERAGE WIND SPEED     2.3


SKY COVER
  POSSIBLE SUNSHINE  MM
  AVERAGE SKY COVER 0.3


WEATHER CONDITIONS
 THE FOLLOWING WEATHER WAS RECORDED YESTERDAY.
  FOG
  HAZE


RELATIVE HUMIDITY (PERCENT)
 HIGHEST   100           500 AM
 LOWEST     46           400 PM
 AVERAGE    73

..........................................................


THE FLINT MI CLIMATE NORMALS FOR TODAY
                         NORMAL    RECORD    YEAR
 MAXIMUM TEMPERATURE (F)   72        93      2012
 MINIMUM TEMPERATURE (F)   49        31      2008


SUNRISE AND SUNSET
MAY 28 2017...........SUNRISE   601 AM EDT   SUNSET   904 PM EDT
MAY 29 2017...........SUNRISE   600 AM EDT   SUNSET   905 PM EDT


-  INDICATES NEGATIVE NUMBERS.
R  INDICATES RECORD WAS SET OR TIED.
MM INDICATES DATA IS MISSING.
T  INDICATES TRACE AMOUNT.




$$
