000
CDUS43 KDTX 230548
CLIFNT


CLIMATE REPORT
NATIONAL WEATHER SERVICE DETROIT/PONTIAC MI
148 AM EDT SUN APR 23 2017


...................................

...THE FLINT MI CLIMATE SUMMARY FOR APRIL 22 2017...

CLIMATE NORMAL PERIOD 1981 TO 2010
CLIMATE RECORD PERIOD 1921 TO 2017


WEATHER ITEM   OBSERVED TIME   RECORD YEAR NORMAL DEPARTURE LAST
                VALUE   (LST)  VALUE       VALUE  FROM      YEAR
                                                  NORMAL
..................................................................
TEMPERATURE (F)
 YESTERDAY
  MAXIMUM         60    307 PM  84    1985  60      0       59
                                      1980
  MINIMUM         36    252 AM  20    1927  38     -2       42
  AVERAGE         48                        49     -1       51

PRECIPITATION (IN)
  YESTERDAY        0.00          1.75 1999   0.09  -0.09     0.00
  MONTH TO DATE    3.95                      2.13   1.82     1.55
  SINCE MAR 1      7.16                      4.04   3.12     5.88
  SINCE JAN 1     12.71                      7.15   5.56     9.73

SNOWFALL (IN)
  YESTERDAY        0.0           0.6  1986   0.1   -0.1      0.0
  MONTH TO DATE    1.5                       2.1   -0.6      6.8
  SINCE MAR 1      6.9                       8.6   -1.7     18.4
  SINCE JUL 1     39.4                      47.2   -7.8     69.0
  SNOW DEPTH       0

DEGREE DAYS
 HEATING
  YESTERDAY       17                        16      1       14
  MONTH TO DATE  322                       444   -122      443
  SINCE MAR 1   1280                      1401   -121     1157
  SINCE JUL 1   5429                      6489  -1060     5027

 COOLING
  YESTERDAY        0                         0      0        0
  MONTH TO DATE    1                         0      1        0
  SINCE MAR 1      1                         0      1        1
  SINCE JAN 1      1                         0      1        1
..................................................................


WIND (MPH)
  HIGHEST WIND SPEED    17   HIGHEST WIND DIRECTION     N (10)
  HIGHEST GUST SPEED    21   HIGHEST GUST DIRECTION     N (20)
  AVERAGE WIND SPEED     6.1


SKY COVER
  POSSIBLE SUNSHINE  MM
  AVERAGE SKY COVER 0.0


WEATHER CONDITIONS
 THE FOLLOWING WEATHER WAS RECORDED YESTERDAY.
  NO SIGNIFICANT WEATHER WAS OBSERVED.


RELATIVE HUMIDITY (PERCENT)
 HIGHEST    92           100 AM
 LOWEST     31           500 PM
 AVERAGE    62

..........................................................


THE FLINT MI CLIMATE NORMALS FOR TODAY
                         NORMAL    RECORD    YEAR
 MAXIMUM TEMPERATURE (F)   61        88      1925
 MINIMUM TEMPERATURE (F)   38        22      1986
                                             1930


SUNRISE AND SUNSET
APRIL 23 2017.........SUNRISE   640 AM EDT   SUNSET   827 PM EDT
APRIL 24 2017.........SUNRISE   639 AM EDT   SUNSET   828 PM EDT


-  INDICATES NEGATIVE NUMBERS.
R  INDICATES RECORD WAS SET OR TIED.
MM INDICATES DATA IS MISSING.
T  INDICATES TRACE AMOUNT.




$$
