000
CDUS43 KDTX 040536
CLIFNT


CLIMATE REPORT
NATIONAL WEATHER SERVICE DETROIT/PONTIAC MI
136 AM EDT FRI SEP 4 2015


...................................

...THE FLINT MI CLIMATE SUMMARY FOR SEPTEMBER 3 2015...

CLIMATE NORMAL PERIOD 1981 TO 2010
CLIMATE RECORD PERIOD 1921 TO 2015


WEATHER ITEM   OBSERVED TIME   RECORD YEAR NORMAL DEPARTURE LAST
                VALUE   (LST)  VALUE       VALUE  FROM      YEAR
                                                  NORMAL
..................................................................
TEMPERATURE (F)
 YESTERDAY
  MAXIMUM         86   1101 AM  97    1953  77      9       83
  MINIMUM         66    617 AM  35    1946  55     11       56
  AVERAGE         76                        66     10       70

PRECIPITATION (IN)
  YESTERDAY        1.11          1.66 2008   0.12   0.99     0.00
  MONTH TO DATE    1.11                      0.36   0.75     0.68
  SINCE SEP 1      1.11                      0.36   0.75     0.68
  SINCE JAN 1     20.48                     20.92  -0.44    27.67

SNOWFALL (IN)
  YESTERDAY        0.0           0.0    MM   0.0    0.0      0.0
  MONTH TO DATE    0.0                       0.0    0.0      0.0
  SINCE SEP 1      0.0                       0.0    0.0      0.0
  SINCE JUL 1      0.0                       0.0    0.0      0.0
  SNOW DEPTH       0

DEGREE DAYS
 HEATING
  YESTERDAY        0                         2     -2        0
  MONTH TO DATE    0                         6     -6        0
  SINCE SEP 1      0                         6     -6        0
  SINCE JUL 1     22                        50    -28       24

 COOLING
  YESTERDAY       11                         3      8        5
  MONTH TO DATE   36                         9     27       22
  SINCE SEP 1     36                         9     27       22
  SINCE JAN 1    649                       486    163      554
..................................................................


WIND (MPH)
  HIGHEST WIND SPEED    36   HIGHEST WIND DIRECTION    NW (300)
  HIGHEST GUST SPEED    58   HIGHEST GUST DIRECTION     W (290)
  AVERAGE WIND SPEED     6.2


SKY COVER
  POSSIBLE SUNSHINE  MM
  AVERAGE SKY COVER 0.3


WEATHER CONDITIONS
 THE FOLLOWING WEATHER WAS RECORDED YESTERDAY.
  THUNDERSTORM
  HEAVY RAIN
  RAIN
  LIGHT RAIN
  FOG
  HAZE


RELATIVE HUMIDITY (PERCENT)
 HIGHEST    90           700 AM
 LOWEST     57          1100 AM
 AVERAGE    74

..........................................................


THE FLINT MI CLIMATE NORMALS FOR TODAY
                         NORMAL    RECORD    YEAR
 MAXIMUM TEMPERATURE (F)   77        91      1929
 MINIMUM TEMPERATURE (F)   54        37      1997


SUNRISE AND SUNSET
SEPTEMBER  4 2015.....SUNRISE   702 AM EDT   SUNSET   805 PM EDT
SEPTEMBER  5 2015.....SUNRISE   703 AM EDT   SUNSET   803 PM EDT


-  INDICATES NEGATIVE NUMBERS.
R  INDICATES RECORD WAS SET OR TIED.
MM INDICATES DATA IS MISSING.
T  INDICATES TRACE AMOUNT.




$$
