000
CDUS43 KDTX 180536
CLIFNT


CLIMATE REPORT
NATIONAL WEATHER SERVICE DETROIT/PONTIAC MI
1236 AM EST SAT NOV 18 2017


...................................

...THE FLINT MI CLIMATE SUMMARY FOR NOVEMBER 17 2017...

CLIMATE NORMAL PERIOD 1981 TO 2010
CLIMATE RECORD PERIOD 1921 TO 2017


WEATHER ITEM   OBSERVED TIME   RECORD YEAR NORMAL DEPARTURE LAST
                VALUE   (LST)  VALUE       VALUE  FROM      YEAR
                                                  NORMAL
..................................................................
TEMPERATURE (F)
 YESTERDAY
  MAXIMUM         43   1114 PM  70    1953  46     -3       63
  MINIMUM         30    235 AM   9    1959  31     -1       30
  AVERAGE         37                        38     -1       47

PRECIPITATION (IN)
  YESTERDAY        0.24          1.93 1952   0.09   0.15     0.00
  MONTH TO DATE    2.04                      1.55   0.49     0.61
  SINCE SEP 1      7.57                      7.77  -0.20     8.20
  SINCE JAN 1     33.26                     28.33   4.93    27.75

SNOWFALL (IN)
  YESTERDAY        0.0           2.9  1989   0.1   -0.1      0.0
  MONTH TO DATE    T                         0.7   -0.7      0.0
  SINCE SEP 1      0.1                       1.1   -1.0       T
  SINCE JUL 1      0.1                       1.1   -1.0       T
  SNOW DEPTH       0

DEGREE DAYS
 HEATING
  YESTERDAY       28                        27      1       18
  MONTH TO DATE  468                       401     67      278
  SINCE SEP 1    919                      1053   -134      717
  SINCE JUL 1    951                      1097   -146      717

 COOLING
  YESTERDAY        0                         0      0        0
  MONTH TO DATE    0                         0      0        0
  SINCE SEP 1    110                        54     56       83
  SINCE JAN 1    567                       531     36     1022
..................................................................


WIND (MPH)
  HIGHEST WIND SPEED    22   HIGHEST WIND DIRECTION     S (170)
  HIGHEST GUST SPEED    29   HIGHEST GUST DIRECTION     S (180)
  AVERAGE WIND SPEED    10.6


SKY COVER
  POSSIBLE SUNSHINE  MM
  AVERAGE SKY COVER 0.7


WEATHER CONDITIONS
 THE FOLLOWING WEATHER WAS RECORDED YESTERDAY.
  HEAVY RAIN
  LIGHT RAIN


RELATIVE HUMIDITY (PERCENT)
 HIGHEST    78           200 AM
 LOWEST     62           200 PM
 AVERAGE    70

..........................................................


THE FLINT MI CLIMATE NORMALS FOR TODAY
                         NORMAL    RECORD    YEAR
 MAXIMUM TEMPERATURE (F)   46        71      2016
 MINIMUM TEMPERATURE (F)   30        11      1959


SUNRISE AND SUNSET
NOVEMBER 18 2017......SUNRISE   731 AM EST   SUNSET   509 PM EST
NOVEMBER 19 2017......SUNRISE   733 AM EST   SUNSET   508 PM EST


-  INDICATES NEGATIVE NUMBERS.
R  INDICATES RECORD WAS SET OR TIED.
MM INDICATES DATA IS MISSING.
T  INDICATES TRACE AMOUNT.




$$
