000
CDUS43 KFSD 292239
CLIFSD


CLIMATE REPORT
NATIONAL WEATHER SERVICE SIOUX FALLS SD
538 PM CDT FRI MAY 29 2015


...................................

...THE SIOUX FALLS SD CLIMATE SUMMARY FOR MAY 29 2015...
VALID TODAY AS OF 0500 PM LOCAL TIME.

CLIMATE NORMAL PERIOD 1981 TO 2010
CLIMATE RECORD PERIOD 1893 TO 2015


WEATHER ITEM   OBSERVED TIME   RECORD YEAR NORMAL DEPARTURE LAST
                VALUE   (LST)  VALUE       VALUE  FROM      YEAR
                                                  NORMAL
..................................................................
TEMPERATURE (F)
 TODAY
  MAXIMUM         70   1124 AM  99    1934  74     -4       85
  MINIMUM         64    359 PM  28    1947  51     13       53
  AVERAGE         67                        62      5       69

PRECIPITATION (IN)
  TODAY            0.76          4.22 2004   0.11   0.65     0.00
  MONTH TO DATE    4.00                      3.15   0.85     1.22
  SINCE MAR 1      5.33                      7.92  -2.59     3.10
  SINCE JAN 1      6.55                      9.08  -2.53     4.09

SNOWFALL (IN)
  TODAY            0.0          MM      MM   0.0    0.0      0.0
  MONTH TO DATE    T                         0.4   -0.4      0.0
  SINCE MAR 1      1.7                      13.4  -11.7     11.1
  SINCE JUL 1     31.9                      44.9  -13.0     45.3
  SNOW DEPTH       0

DEGREE DAYS
 HEATING
  TODAY            0                         5     -5        0
  MONTH TO DATE  207                       240    -33      270
  SINCE MAR 1   1458                      1797   -339     1941
  SINCE JUL 1   7207                      7647   -440     8288

 COOLING
  TODAY            2                         2      0        4
  MONTH TO DATE   20                        28     -8       29
  SINCE MAR 1     24                        33     -9       29
  SINCE JAN 1     24                        33     -9       29
..................................................................


WIND (MPH)
  HIGHEST WIND SPEED    25   HIGHEST WIND DIRECTION    NE (30)
  HIGHEST GUST SPEED    34   HIGHEST GUST DIRECTION    NE (30)
  AVERAGE WIND SPEED     7.5


SKY COVER
  POSSIBLE SUNSHINE  MM
  AVERAGE SKY COVER 0.9


WEATHER CONDITIONS
 THE FOLLOWING WEATHER WAS RECORDED TODAY.
  HEAVY RAIN
  RAIN
  LIGHT RAIN
  FOG


RELATIVE HUMIDITY (PERCENT)
 HIGHEST    93           200 AM
 LOWEST     84          1100 AM
 AVERAGE    89

..........................................................


THE SIOUX FALLS SD CLIMATE NORMALS FOR TOMORROW
                         NORMAL    RECORD    YEAR
 MAXIMUM TEMPERATURE (F)   74       104      1934
 MINIMUM TEMPERATURE (F)   51        30      1897


SUNRISE AND SUNSET
MAY 29 2015...........SUNRISE   550 AM CDT   SUNSET   859 PM CDT
MAY 30 2015...........SUNRISE   550 AM CDT   SUNSET   900 PM CDT


-  INDICATES NEGATIVE NUMBERS.
R  INDICATES RECORD WAS SET OR TIED.
MM INDICATES DATA IS MISSING.
T  INDICATES TRACE AMOUNT.




$$
