000
CDUS43 KFSD 310045
CLIFSD


CLIMATE REPORT
NATIONAL WEATHER SERVICE SIOUX FALLS SD
745 PM CDT SAT AUG 30 2014


...................................

...THE SIOUX FALLS SD CLIMATE SUMMARY FOR AUGUST 30 2014...
VALID AS OF 0700 PM LOCAL TIME.

CLIMATE NORMAL PERIOD 1981 TO 2010
CLIMATE RECORD PERIOD 1893 TO 2014


WEATHER ITEM   OBSERVED TIME   RECORD YEAR NORMAL DEPARTURE LAST
                VALUE   (LST)  VALUE       VALUE  FROM      YEAR
                                                  NORMAL
..................................................................
TEMPERATURE (F)
 TODAY
  MAXIMUM         73    546 PM 104    2012  79     -6       87
  MINIMUM         63    658 AM  37    1893  57      6       67
  AVERAGE         68                        68      0       77

PRECIPITATION (IN)
  TODAY            0.00          1.76 1962   0.11  -0.11     0.00
  MONTH TO DATE    4.95                      2.95   2.00     2.64
  SINCE JUN 1     19.45                      9.96   9.49     7.52
  SINCE JAN 1     24.43                     19.29   5.14    19.83

SNOWFALL (IN)
  TODAY            0.0           0.0    MM   0.0    0.0      0.0
  MONTH TO DATE    0.0                       0.0    0.0      0.0
  SINCE JUN 1      T                         0.0    0.0      0.0
  SINCE JUL 1      T                         0.0    0.0      0.0
  SNOW DEPTH       0

DEGREE DAYS
 HEATING
  TODAY            0                         2     -2        0
  MONTH TO DATE    3                        19    -16       15
  SINCE JUN 1     50                        78    -28      103
  SINCE JUL 1     18                        27     -9       34

 COOLING
  TODAY            3                         5     -2       12
  MONTH TO DATE  183                       195    -12      217
  SINCE JUN 1    491                       586    -95      602
  SINCE JAN 1    544                       622    -78      644
..................................................................


WIND (MPH)
  HIGHEST WIND SPEED    13   HIGHEST WIND DIRECTION     N (340)
  HIGHEST GUST SPEED    16   HIGHEST GUST DIRECTION    NW (310)
  AVERAGE WIND SPEED     7.2


SKY COVER
  POSSIBLE SUNSHINE  MM
  AVERAGE SKY COVER 0.7


WEATHER CONDITIONS
 THE FOLLOWING WEATHER WAS RECORDED TODAY.
  THUNDERSTORM
  FOG


RELATIVE HUMIDITY (PERCENT)
 HIGHEST    MM
 LOWEST     MM
 AVERAGE    MM

..........................................................


THE SIOUX FALLS SD CLIMATE NORMALS FOR TOMORROW
                         NORMAL    RECORD    YEAR
 MAXIMUM TEMPERATURE (F)   79        97      1898
 MINIMUM TEMPERATURE (F)   56        37      1895


SUNRISE AND SUNSET
AUGUST 30 2014........SUNRISE   648 AM CDT   SUNSET   806 PM CDT
AUGUST 31 2014........SUNRISE   650 AM CDT   SUNSET   804 PM CDT


-  INDICATES NEGATIVE NUMBERS.
R  INDICATES RECORD WAS SET OR TIED.
MM INDICATES DATA IS MISSING.
T  INDICATES TRACE AMOUNT.



&&
.........................................................

ADDITIONAL WEATHER INFORMATION FOR TODAY
        TEMPERATURE / HUMIDITY
AT  4 AM      66    /    93%
AT  7 AM      63    /    93%
AT 10 AM      66    /    86%
AT  1 PM      68    /    75%
AT  4 PM      69    /    73%
AT  7 PM      70    /    73%

$$
