000
CDUS43 KFSD 250640
CLIFSD


CLIMATE REPORT
NATIONAL WEATHER SERVICE SIOUX FALLS SD
139 AM CDT THU MAY 25 2017


...................................

...THE SIOUX FALLS SD CLIMATE SUMMARY FOR MAY 24 2017...

CLIMATE NORMAL PERIOD 1981 TO 2010
CLIMATE RECORD PERIOD 1893 TO 2017


WEATHER ITEM   OBSERVED TIME   RECORD YEAR NORMAL DEPARTURE LAST
                VALUE   (LST)  VALUE       VALUE  FROM      YEAR
                                                  NORMAL
..................................................................
TEMPERATURE (F)
 YESTERDAY
  MAXIMUM         65    449 PM  96    1939  72     -7       86
  MINIMUM         43    429 AM  27    1897  49     -6       61
  AVERAGE         54                        61     -7       74

PRECIPITATION (IN)
  YESTERDAY        0.00          1.35 1908   0.12  -0.12     0.00
  MONTH TO DATE    3.16                      2.59   0.57     1.34
  SINCE MAR 1      6.57                      7.36  -0.79     8.05
  SINCE JAN 1      7.68                      8.52  -0.84     9.73

SNOWFALL (IN)
  YESTERDAY        0.0          MM      MM   0.0    0.0      0.0
  MONTH TO DATE    2.2                       0.4    1.8      0.0
  SINCE MAR 1     11.5                      13.4   -1.9     12.2
  SINCE JUL 1     42.9                      44.9   -2.0     68.5
  SNOW DEPTH       0

DEGREE DAYS
 HEATING
  YESTERDAY       11                         6      5        0
  MONTH TO DATE  209                       214     -5      211
  SINCE MAR 1   1593                      1771   -178     1457
  SINCE JUL 1   6399                      7621  -1222     6493

 COOLING
  YESTERDAY        0                         1     -1        9
  MONTH TO DATE   25                        20      5       21
  SINCE MAR 1     26                        25      1       21
  SINCE JAN 1     26                        25      1       21
..................................................................


WIND (MPH)
  HIGHEST WIND SPEED    15   HIGHEST WIND DIRECTION    SE (120)
  HIGHEST GUST SPEED    20   HIGHEST GUST DIRECTION    SE (120)
  AVERAGE WIND SPEED     7.0


SKY COVER
  POSSIBLE SUNSHINE  MM
  AVERAGE SKY COVER 0.6


WEATHER CONDITIONS
 THE FOLLOWING WEATHER WAS RECORDED YESTERDAY.
  FOG


RELATIVE HUMIDITY (PERCENT)
 HIGHEST   100           200 AM
 LOWEST     52           500 PM
 AVERAGE    76

..........................................................


THE SIOUX FALLS SD CLIMATE NORMALS FOR TODAY
                         NORMAL    RECORD    YEAR
 MAXIMUM TEMPERATURE (F)   72       100      1967
 MINIMUM TEMPERATURE (F)   49        31      1901


SUNRISE AND SUNSET
MAY 25 2017...........SUNRISE   553 AM CDT   SUNSET   856 PM CDT
MAY 26 2017...........SUNRISE   552 AM CDT   SUNSET   856 PM CDT


-  INDICATES NEGATIVE NUMBERS.
R  INDICATES RECORD WAS SET OR TIED.
MM INDICATES DATA IS MISSING.
T  INDICATES TRACE AMOUNT.




$$
