000
CDUS43 KFSD 302230
CLIFSD


CLIMATE REPORT
NATIONAL WEATHER SERVICE SIOUX FALLS SD
430 PM CST FRI JAN 30 2015


...................................

...THE SIOUX FALLS SD CLIMATE SUMMARY FOR JANUARY 30 2015...
VALID TODAY AS OF 0400 PM LOCAL TIME.

CLIMATE NORMAL PERIOD 1981 TO 2010
CLIMATE RECORD PERIOD 1893 TO 2015


WEATHER ITEM   OBSERVED TIME   RECORD YEAR NORMAL DEPARTURE LAST
                VALUE   (LST)  VALUE       VALUE  FROM      YEAR
                                                  NORMAL
..................................................................
TEMPERATURE (F)
 TODAY
  MAXIMUM         38    359 PM  58    1989  28     10       36
  MINIMUM         18    734 AM -27    1899   8     10        0
  AVERAGE         28                        18     10       18

PRECIPITATION (IN)
  TODAY            0.00          0.39 1929   0.02  -0.02     0.10
  MONTH TO DATE    0.57                      0.54   0.03     0.31
  SINCE DEC 1      1.90                      1.23   0.67     1.44
  SINCE JAN 1      0.57                      0.54   0.03     0.31

SNOWFALL (IN)
  TODAY            0.0           4.5  1929   0.2   -0.2      0.9
  MONTH TO DATE    6.6                       7.4   -0.8      4.7
  SINCE DEC 1     12.5                      15.6   -3.1     17.3
  SINCE JUL 1     20.8                      24.3   -3.5     25.2
  SNOW DEPTH       0

DEGREE DAYS
 HEATING
  TODAY           37                        47    -10       47
  MONTH TO DATE 1327                      1457   -130     1541
  SINCE DEC 1   2576                      2878   -302     3188
  SINCE JUL 1   4332                      4590   -258     4809

 COOLING
  TODAY            0                         0      0        0
  MONTH TO DATE    0                         0      0        0
  SINCE DEC 1      0                         0      0        0
  SINCE JAN 1      0                         0      0        0
..................................................................


WIND (MPH)
  HIGHEST WIND SPEED    22   HIGHEST WIND DIRECTION     S (180)
  HIGHEST GUST SPEED    27   HIGHEST GUST DIRECTION     S (190)
  AVERAGE WIND SPEED    10.4


SKY COVER
  POSSIBLE SUNSHINE  MM
  AVERAGE SKY COVER 0.6


WEATHER CONDITIONS
 THE FOLLOWING WEATHER WAS RECORDED TODAY.
  NO SIGNIFICANT WEATHER WAS OBSERVED.


RELATIVE HUMIDITY (PERCENT)
 HIGHEST    84           100 AM
 LOWEST     64           300 PM
 AVERAGE    74

..........................................................


THE SIOUX FALLS SD CLIMATE NORMALS FOR TOMORROW
                         NORMAL    RECORD    YEAR
 MAXIMUM TEMPERATURE (F)   28        57      1911
 MINIMUM TEMPERATURE (F)    8       -27      1918


SUNRISE AND SUNSET
JANUARY 30 2015.......SUNRISE   746 AM CST   SUNSET   535 PM CST
JANUARY 31 2015.......SUNRISE   745 AM CST   SUNSET   537 PM CST


-  INDICATES NEGATIVE NUMBERS.
R  INDICATES RECORD WAS SET OR TIED.
MM INDICATES DATA IS MISSING.
T  INDICATES TRACE AMOUNT.




$$
