000
CDUS44 KTSA 250902
CLIFSM

CLIMATE REPORT
NATIONAL WEATHER SERVICE TULSA OK
1247 AM CST SAT FEB 25 2017


...................................

...THE FORT SMITH ARKANSAS CLIMATE SUMMARY FOR FEBRUARY 24 2017...

CLIMATE NORMAL PERIOD 1981 TO 2010
CLIMATE RECORD PERIOD 1882 TO 2017


WEATHER ITEM   OBSERVED TIME   RECORD YEAR NORMAL DEPARTURE LAST
                VALUE   (LST)  VALUE       VALUE  FROM      YEAR
                                                  NORMAL
..................................................................
TEMPERATURE (F)
 YESTERDAY
  MAXIMUM         73    103 AM  84    1918  58     15       52
  MINIMUM         36   1159 PM  18    1967  36      0       35
                                      1965
  AVERAGE         55                        47      8       44

PRECIPITATION (IN)
  YESTERDAY        0.00          1.86 1979   0.10  -0.10      T
  MONTH TO DATE    2.48                      2.34   0.14     1.76
  SINCE DEC 1      5.59                      8.44  -2.85    12.96
  SINCE JAN 1      4.82                      5.15  -0.33     2.15

SNOWFALL (IN)
  YESTERDAY        0.0                                       0.0
  MONTH TO DATE    0.0                                       0.0
  SINCE DEC 1      2.0                                        T
  SINCE JUL 1      2.0                                        T

DEGREE DAYS
 HEATING
  YESTERDAY       10                        18     -8       21
  MONTH TO DATE  254                       513   -259      401
  SINCE DEC 1   1568                      2039   -471     1633
  SINCE JUL 1   1854                      2604   -750     1990
..................................................................


WIND (MPH)
  HIGHEST WIND SPEED    22   HIGHEST WIND DIRECTION    NW (330)
  HIGHEST GUST SPEED    28   HIGHEST GUST DIRECTION     W (290)
  AVERAGE WIND SPEED    15.0


SKY COVER
  POSSIBLE SUNSHINE  MM
  AVERAGE SKY COVER 0.3


WEATHER CONDITIONS
 THE FOLLOWING WEATHER WAS RECORDED YESTERDAY.
  NO SIGNIFICANT WEATHER WAS OBSERVED.


RELATIVE HUMIDITY (PERCENT)
 HIGHEST    71           700 AM
 LOWEST     28           500 PM
 AVERAGE    50

..........................................................


THE FORT SMITH ARKANSAS CLIMATE NORMALS FOR TODAY
                         NORMAL    RECORD    YEAR
 MAXIMUM TEMPERATURE (F)   59        80      1917
 MINIMUM TEMPERATURE (F)   36        12      1967


SUNRISE AND SUNSET
FEBRUARY 25 2017......SUNRISE   652 AM CST   SUNSET   610 PM CST
FEBRUARY 26 2017......SUNRISE   651 AM CST   SUNSET   610 PM CST


-  INDICATES NEGATIVE NUMBERS.
R  INDICATES RECORD WAS SET OR TIED.
MM INDICATES DATA IS MISSING.
T  INDICATES TRACE AMOUNT.




$$

&&
...........................................................

THE ARKANSAS RIVER AT VAN BUREN

                   OBSERVED      24 HOUR     24 HOUR
                    VALUE        CHANGE      FORECAST

 STAGE (FEET)
  THIS MORNING       19.4         +0.0

MEAN FLOW (CFS)
  TODAY                                        -99
...........................................................
ALL DATA MEASURED AT THE FORT SMITH REGIONAL AIRPORT
