000
CDUS44 KTSA 300800
CLIFSM

CLIMATE REPORT
NATIONAL WEATHER SERVICE TULSA OK
147 AM CDT SUN AUG 30 2015


...................................

...THE FORT SMITH ARKANSAS CLIMATE SUMMARY FOR AUGUST 29 2015...

CLIMATE NORMAL PERIOD 1981 TO 2010
CLIMATE RECORD PERIOD 1882 TO 2015


WEATHER ITEM   OBSERVED TIME   RECORD YEAR NORMAL DEPARTURE LAST
                VALUE   (LST)  VALUE       VALUE  FROM      YEAR
                                                  NORMAL
..................................................................
TEMPERATURE (F)
 YESTERDAY
  MAXIMUM         89    423 PM 105    2000  92     -3       90
                                      1954
  MINIMUM         71    728 AM  51    1986  69      2       72
  AVERAGE         80                        80      0       81

PRECIPITATION (IN)
  YESTERDAY        0.03          1.22 1935   0.08  -0.05     0.10
  MONTH TO DATE    4.43                      2.41   2.02     1.49
  SINCE JUN 1     16.35                      9.99   6.36     8.62
  SINCE JAN 1     49.60                     29.18  20.42    23.36

DEGREE DAYS
 COOLING
  YESTERDAY       15                        15      0       16
  MONTH TO DATE  444                       502    -58      493
  SINCE JUN 1   1541                      1423    118     1350
  SINCE JAN 1   1781                      1667    114     1628
..................................................................


WIND (MPH)
  HIGHEST WIND SPEED    13   HIGHEST WIND DIRECTION     E (100)
  HIGHEST GUST SPEED    16   HIGHEST GUST DIRECTION     E (110)
  AVERAGE WIND SPEED     6.4


SKY COVER
  POSSIBLE SUNSHINE  MM
  AVERAGE SKY COVER 0.4


WEATHER CONDITIONS
 THE FOLLOWING WEATHER WAS RECORDED YESTERDAY.
  THUNDERSTORM
  LIGHT RAIN


RELATIVE HUMIDITY (PERCENT)
 HIGHEST    82          1100 PM
 LOWEST     47           300 PM
 AVERAGE    65

..........................................................


THE FORT SMITH ARKANSAS CLIMATE NORMALS FOR TODAY
                         NORMAL    RECORD    YEAR
 MAXIMUM TEMPERATURE (F)   91       107      2000
 MINIMUM TEMPERATURE (F)   69        52      1986


SUNRISE AND SUNSET
AUGUST 30 2015........SUNRISE   648 AM CDT   SUNSET   747 PM CDT
AUGUST 31 2015........SUNRISE   649 AM CDT   SUNSET   746 PM CDT


-  INDICATES NEGATIVE NUMBERS.
R  INDICATES RECORD WAS SET OR TIED.
MM INDICATES DATA IS MISSING.
T  INDICATES TRACE AMOUNT.




$$

&&
...........................................................

THE ARKANSAS RIVER AT VAN BUREN

                   OBSERVED      24 HOUR     24 HOUR
                    VALUE        CHANGE      FORECAST

 STAGE (FEET)
  THIS MORNING       19.3         +0.2

MEAN FLOW (CFS)
  TODAY                                        19900
...........................................................
ALL DATA MEASURED AT THE FORT SMITH REGIONAL AIRPORT
