034
CDUS44 KTSA 230811
CLIFSM

CLIMATE REPORT
NATIONAL WEATHER SERVICE TULSA OK
147 AM CDT SUN JUL 23 2017


...................................

...THE FORT SMITH ARKANSAS CLIMATE SUMMARY FOR JULY 22 2017...

CLIMATE NORMAL PERIOD 1981 TO 2010
CLIMATE RECORD PERIOD 1882 TO 2017


WEATHER ITEM   OBSERVED TIME   RECORD YEAR NORMAL DEPARTURE LAST
                VALUE   (LST)  VALUE       VALUE  FROM      YEAR
                                                  NORMAL
..................................................................
TEMPERATURE (F)
 YESTERDAY
  MAXIMUM         99    441 PM 106    2011  94      5      101
                                      1943
  MINIMUM         76    525 AM  51    1970  72      4       79
  AVERAGE         88                        83      5       90

PRECIPITATION (IN)
  YESTERDAY        0.00          3.88 1950   0.10  -0.10     0.00
  MONTH TO DATE    4.06                      2.38   1.68     3.60
  SINCE JUN 1     12.56                      6.66   5.90     5.51
  SINCE JAN 1     34.64                     25.85   8.79    22.72

DEGREE DAYS
 COOLING
  YESTERDAY       23                        18      5       25
  MONTH TO DATE  407                       376     31      428
  SINCE JUN 1    807                       761     46      931
  SINCE JAN 1   1125                      1005    120     1116
..................................................................


WIND (MPH)
  HIGHEST WIND SPEED    10   HIGHEST WIND DIRECTION    SW (210)
  HIGHEST GUST SPEED    14   HIGHEST GUST DIRECTION     S (200)
  AVERAGE WIND SPEED     5.3


SKY COVER
  POSSIBLE SUNSHINE  MM
  AVERAGE SKY COVER 0.0


WEATHER CONDITIONS
 THE FOLLOWING WEATHER WAS RECORDED YESTERDAY.
  FOG


RELATIVE HUMIDITY (PERCENT)
 HIGHEST    94           500 AM
 LOWEST     39           300 PM
 AVERAGE    67

..........................................................


THE FORT SMITH ARKANSAS CLIMATE NORMALS FOR TODAY
                         NORMAL    RECORD    YEAR
 MAXIMUM TEMPERATURE (F)   94       107      2011
 MINIMUM TEMPERATURE (F)   72        54      1947


SUNRISE AND SUNSET
JULY 23 2017..........SUNRISE   620 AM CDT   SUNSET   828 PM CDT
JULY 24 2017..........SUNRISE   620 AM CDT   SUNSET   827 PM CDT


-  INDICATES NEGATIVE NUMBERS.
R  INDICATES RECORD WAS SET OR TIED.
MM INDICATES DATA IS MISSING.
T  INDICATES TRACE AMOUNT.




$$

&&
...........................................................

THE ARKANSAS RIVER AT VAN BUREN

                   OBSERVED      24 HOUR     24 HOUR
                    VALUE        CHANGE      FORECAST

 STAGE (FEET)
  THIS MORNING       19.6         +0.0

 MEAN FLOW (CFS)
  TODAY                                        554
...........................................................
ALL DATA MEASURED AT THE FORT SMITH REGIONAL AIRPORT
