000
CDUS44 KTSA 240803
CLIFSM

CLIMATE REPORT
NATIONAL WEATHER SERVICE TULSA OK
147 AM CDT SUN SEP 24 2017


...................................

...THE FORT SMITH ARKANSAS CLIMATE SUMMARY FOR SEPTEMBER 23 2017...

CLIMATE NORMAL PERIOD 1981 TO 2010
CLIMATE RECORD PERIOD 1882 TO 2017


WEATHER ITEM   OBSERVED TIME   RECORD YEAR NORMAL DEPARTURE LAST
                VALUE   (LST)  VALUE       VALUE  FROM      YEAR
                                                  NORMAL
..................................................................
TEMPERATURE (F)
 YESTERDAY
  MAXIMUM         94    335 PM  97    2000  82     12       93
  MINIMUM         69    551 AM  40    1995  59     10       66
                                      1883
  AVERAGE         82                        71     11       80

PRECIPITATION (IN)
  YESTERDAY        0.00          2.52 1988   0.14  -0.14     0.00
  MONTH TO DATE    T                         3.05  -3.05     1.79
  SINCE SEP 1      T                         3.05  -3.05     1.79
  SINCE JAN 1     42.11                     32.41   9.70    28.44

DEGREE DAYS
 HEATING
  YESTERDAY        0                         1     -1        0
  MONTH TO DATE    0                         6     -6        0
  SINCE SEP 1      0                         6     -6        0
  SINCE JUL 1      0                         6     -6        0

 COOLING
  YESTERDAY       17                         7     10       15
  MONTH TO DATE  263                       241     22      330
  SINCE SEP 1    263                       241     22      330
  SINCE JAN 1   2027                      1936     91     2181
..................................................................


WIND (MPH)
  HIGHEST WIND SPEED    13   HIGHEST WIND DIRECTION     E (80)
  HIGHEST GUST SPEED    17   HIGHEST GUST DIRECTION     E (80)
  AVERAGE WIND SPEED     4.8


SKY COVER
  POSSIBLE SUNSHINE  MM
  AVERAGE SKY COVER 0.2


WEATHER CONDITIONS
 THE FOLLOWING WEATHER WAS RECORDED YESTERDAY.
  FOG


RELATIVE HUMIDITY (PERCENT)
 HIGHEST    97           600 AM
 LOWEST     39           400 PM
 AVERAGE    68

..........................................................


THE FORT SMITH ARKANSAS CLIMATE NORMALS FOR TODAY
                         NORMAL    RECORD    YEAR
 MAXIMUM TEMPERATURE (F)   82        97      1920
 MINIMUM TEMPERATURE (F)   59        36      1989


SUNRISE AND SUNSET
SEPTEMBER 24 2017.....SUNRISE   707 AM CDT   SUNSET   711 PM CDT
SEPTEMBER 25 2017.....SUNRISE   708 AM CDT   SUNSET   709 PM CDT


-  INDICATES NEGATIVE NUMBERS.
R  INDICATES RECORD WAS SET OR TIED.
MM INDICATES DATA IS MISSING.
T  INDICATES TRACE AMOUNT.




$$

&&
...........................................................

THE ARKANSAS RIVER AT VAN BUREN

                   OBSERVED      24 HOUR     24 HOUR
                    VALUE        CHANGE      FORECAST

 STAGE (FEET)
  THIS MORNING       19.2         -0.5

 MEAN FLOW (CFS)
  TODAY                                        604
...........................................................
ALL DATA MEASURED AT THE FORT SMITH REGIONAL AIRPORT
