000
CDUS44 KTSA 250902
CLIFSM

CLIMATE REPORT
NATIONAL WEATHER SERVICE TULSA OK
302 AM CST SUN JAN 25 2015


...................................

...THE FORT SMITH ARKANSAS CLIMATE SUMMARY FOR JANUARY 24 2015...

CLIMATE NORMAL PERIOD 1981 TO 2010
CLIMATE RECORD PERIOD 1882 TO 2015


WEATHER ITEM   OBSERVED TIME   RECORD YEAR NORMAL DEPARTURE LAST
                VALUE   (LST)  VALUE       VALUE  FROM      YEAR
                                                  NORMAL
..................................................................
TEMPERATURE (F)
 YESTERDAY
  MAXIMUM         56    430 PM  80    1950  51      5       42
  MINIMUM         27    721 AM  -7    1894  29     -2        8
  AVERAGE         42                        40      2       25

PRECIPITATION (IN)
  YESTERDAY        0.00          4.83 1949   0.10  -0.10     0.00
  MONTH TO DATE    2.16                      2.15   0.01     0.79
  SINCE DEC 1      4.47                      5.44  -0.97     4.89
  SINCE JAN 1      2.16                      2.15   0.01     0.79

SNOWFALL (IN)
  YESTERDAY        0.0                                       0.0
  MONTH TO DATE    T                                          T
  SINCE DEC 1      T                                         5.0
  SINCE JUL 1      T                                         5.0

DEGREE DAYS
 HEATING
  YESTERDAY       23                        25     -2       40
  MONTH TO DATE  658                       620     38      668
  SINCE DEC 1   1317                      1354    -37     1465
  SINCE JUL 1   1936                      1919     17     2055
..................................................................


WIND (MPH)
  HIGHEST WIND SPEED    15   HIGHEST WIND DIRECTION    SW (240)
  HIGHEST GUST SPEED    19   HIGHEST GUST DIRECTION     W (280)
  AVERAGE WIND SPEED     6.2


SKY COVER
  POSSIBLE SUNSHINE  MM
  AVERAGE SKY COVER 0.0


WEATHER CONDITIONS
 THE FOLLOWING WEATHER WAS RECORDED YESTERDAY.
  FOG
  HAZE


RELATIVE HUMIDITY (PERCENT)
 HIGHEST    85           300 AM
 LOWEST     41           200 PM
 AVERAGE    63

..........................................................


THE FORT SMITH ARKANSAS CLIMATE NORMALS FOR TODAY
                         NORMAL    RECORD    YEAR
 MAXIMUM TEMPERATURE (F)   51        80      1950
 MINIMUM TEMPERATURE (F)   29         2      1905


SUNRISE AND SUNSET
JANUARY 25 2015.......SUNRISE   722 AM CST   SUNSET   538 PM CST
JANUARY 26 2015.......SUNRISE   721 AM CST   SUNSET   539 PM CST


-  INDICATES NEGATIVE NUMBERS.
R  INDICATES RECORD WAS SET OR TIED.
MM INDICATES DATA IS MISSING.
T  INDICATES TRACE AMOUNT.




$$

&&
...........................................................

THE ARKANSAS RIVER AT VAN BUREN

                   OBSERVED      24 HOUR     24 HOUR
                    VALUE        CHANGE      FORECAST

 STAGE (FEET)
  THIS MORNING       19.4         +0.6

MEAN FLOW (CFS)
  TODAY                                        4700
...........................................................
ALL DATA MEASURED AT THE FORT SMITH REGIONAL AIRPORT
