000
CDUS44 KTSA 260811
CLIFSM

CLIMATE REPORT
NATIONAL WEATHER SERVICE TULSA OK
147 AM CDT TUE MAY 26 2015


...................................

...THE FORT SMITH ARKANSAS CLIMATE SUMMARY FOR MAY 25 2015...

CLIMATE NORMAL PERIOD 1981 TO 2010
CLIMATE RECORD PERIOD 1882 TO 2015


WEATHER ITEM   OBSERVED TIME   RECORD YEAR NORMAL DEPARTURE LAST
                VALUE   (LST)  VALUE       VALUE  FROM      YEAR
                                                  NORMAL
..................................................................
TEMPERATURE (F)
 YESTERDAY
  MAXIMUM         83    221 PM  95    1964  83      0       87
  MINIMUM         63   1159 PM  47    2001  62      1       65
                                      1979
  AVERAGE         73                        72      1       76

PRECIPITATION (IN)
  YESTERDAY        0.58          2.22 1994   0.16   0.42      T
  MONTH TO DATE   18.33                      4.47  13.86     4.62
  SINCE MAR 1     27.12                     12.62  14.50    11.41
  SINCE JAN 1     31.73                     18.19  13.54    13.18

DEGREE DAYS
 COOLING
  YESTERDAY        8                         8      0       11
  MONTH TO DATE  125                       127     -2      163
  SINCE MAR 1    193                       192      1      214
  SINCE JAN 1    193                       193      0      214
..................................................................


WIND (MPH)
  HIGHEST WIND SPEED    25   HIGHEST WIND DIRECTION     S (190)
  HIGHEST GUST SPEED    39   HIGHEST GUST DIRECTION     S (200)
  AVERAGE WIND SPEED     8.1


SKY COVER
  POSSIBLE SUNSHINE  MM
  AVERAGE SKY COVER 0.9


WEATHER CONDITIONS
 THE FOLLOWING WEATHER WAS RECORDED YESTERDAY.
  THUNDERSTORM
  HEAVY RAIN
  RAIN
  LIGHT RAIN
  FOG
  FOG W/VISIBILITY <= 1/4 MILE


RELATIVE HUMIDITY (PERCENT)
 HIGHEST    93          1200 AM
 LOWEST     58           200 PM
 AVERAGE    76

..........................................................


THE FORT SMITH ARKANSAS CLIMATE NORMALS FOR TODAY
                         NORMAL    RECORD    YEAR
 MAXIMUM TEMPERATURE (F)   83        95      2012
                                             1964
 MINIMUM TEMPERATURE (F)   62        44      1988


SUNRISE AND SUNSET
MAY 26 2015...........SUNRISE   606 AM CDT   SUNSET   823 PM CDT
MAY 27 2015...........SUNRISE   606 AM CDT   SUNSET   824 PM CDT


-  INDICATES NEGATIVE NUMBERS.
R  INDICATES RECORD WAS SET OR TIED.
MM INDICATES DATA IS MISSING.
T  INDICATES TRACE AMOUNT.




$$

&&
...........................................................

THE ARKANSAS RIVER AT VAN BUREN

                   OBSERVED      24 HOUR     24 HOUR
                    VALUE        CHANGE      FORECAST

 STAGE (FEET)
  THIS MORNING       32.5         +3.9

MEAN FLOW (CFS)
  TODAY                                        -99
...........................................................
ALL DATA MEASURED AT THE FORT SMITH REGIONAL AIRPORT
