000
CDUS44 KTSA 140810
CLIFSM

CLIMATE REPORT
NATIONAL WEATHER SERVICE TULSA OK
302 AM CDT MON JUL 14 2014


...................................

...THE FORT SMITH ARKANSAS CLIMATE SUMMARY FOR JULY 13 2014...

CLIMATE NORMAL PERIOD 1981 TO 2010
CLIMATE RECORD PERIOD 1882 TO 2014


WEATHER ITEM   OBSERVED TIME   RECORD YEAR NORMAL DEPARTURE LAST
                VALUE   (LST)  VALUE       VALUE  FROM      YEAR
                                                  NORMAL
..................................................................
TEMPERATURE (F)
 YESTERDAY
  MAXIMUM         95    452 PM 111    1954  93      2       91
  MINIMUM         73    541 AM  55    1975  72      1       68
  AVERAGE         84                        82      2       80

PRECIPITATION (IN)
  YESTERDAY        0.00          1.44 1961   0.10  -0.10     0.00
  MONTH TO DATE    0.97                      1.48  -0.51     0.00
  SINCE JUN 1      5.42                      5.76  -0.34     6.10
  SINCE JAN 1     20.16                     24.95  -4.79    27.08

DEGREE DAYS
 COOLING
  YESTERDAY       19                        17      2       15
  MONTH TO DATE  208                       217     -9      219
  SINCE JUN 1    646                       602     44      672
  SINCE JAN 1    924                       846     78      946
..................................................................


WIND (MPH)
  HIGHEST WIND SPEED    16   HIGHEST WIND DIRECTION    SW (230)
  HIGHEST GUST SPEED    20   HIGHEST GUST DIRECTION     W (250)
  AVERAGE WIND SPEED     5.3


SKY COVER
  POSSIBLE SUNSHINE  MM
  AVERAGE SKY COVER 0.0


WEATHER CONDITIONS
 THE FOLLOWING WEATHER WAS RECORDED YESTERDAY.
  HAZE


RELATIVE HUMIDITY (PERCENT)
 HIGHEST    94           200 AM
 LOWEST     43           400 PM
 AVERAGE    69

..........................................................


THE FORT SMITH ARKANSAS CLIMATE NORMALS FOR TODAY
                         NORMAL    RECORD    YEAR
 MAXIMUM TEMPERATURE (F)   93       111      1954
 MINIMUM TEMPERATURE (F)   72        54      1964


SUNRISE AND SUNSET
JULY 14 2014..........SUNRISE   613 AM CDT   SUNSET   833 PM CDT
JULY 15 2014..........SUNRISE   614 AM CDT   SUNSET   833 PM CDT


-  INDICATES NEGATIVE NUMBERS.
R  INDICATES RECORD WAS SET OR TIED.
MM INDICATES DATA IS MISSING.
T  INDICATES TRACE AMOUNT.




$$

&&
...........................................................

THE ARKANSAS RIVER AT VAN BUREN

                   OBSERVED      24 HOUR     24 HOUR
                    VALUE        CHANGE      FORECAST

 STAGE (FEET)
  THIS MORNING       19.6         +0.1

MEAN FLOW (CFS)
  TODAY                                        19900
...........................................................
ALL DATA MEASURED AT THE FORT SMITH REGIONAL AIRPORT
