000
CDUS44 KTSA 040906
CLIFSM

CLIMATE REPORT
NATIONAL WEATHER SERVICE TULSA OK
1247 AM CST WED MAR 4 2015


...................................

...THE FORT SMITH ARKANSAS CLIMATE SUMMARY FOR MARCH 3 2015...

CLIMATE NORMAL PERIOD 1981 TO 2010
CLIMATE RECORD PERIOD 1882 TO 2015


WEATHER ITEM   OBSERVED TIME   RECORD YEAR NORMAL DEPARTURE LAST
                VALUE   (LST)  VALUE       VALUE  FROM      YEAR
                                                  NORMAL
..................................................................
TEMPERATURE (F)
 YESTERDAY
  MAXIMUM         45   1159 PM  81    1976  61    -16       29
  MINIMUM         36    912 AM   8    2002  38     -2       12
  AVERAGE         41                        49     -8       21

PRECIPITATION (IN)
  YESTERDAY        0.19          4.66 2008   0.11   0.08     0.01
  MONTH TO DATE    0.30                      0.32  -0.02     1.04
  SINCE MAR 1      0.30                      0.32  -0.02     1.04
  SINCE JAN 1      4.91                      5.89  -0.98     2.81

SNOWFALL (IN)
  YESTERDAY        0.0                                         T
  MONTH TO DATE    0.0                                       0.5
  SINCE MAR 1      0.0                                       0.5
  SINCE JUL 1      5.6                                      10.7

DEGREE DAYS
 HEATING
  YESTERDAY       24                        16      8       44
  MONTH TO DATE   80                        49     31       85
  SINCE MAR 1     80                        49     31       85
  SINCE JUL 1   2894                      2722    172     3030

 COOLING
  YESTERDAY        0                         0      0        0
  MONTH TO DATE    0                         0      0        0
  SINCE MAR 1      0                         0      0        0
  SINCE JAN 1      0                         1     -1        0
..................................................................


WIND (MPH)
  HIGHEST WIND SPEED    12   HIGHEST WIND DIRECTION     E (80)
  HIGHEST GUST SPEED    14   HIGHEST GUST DIRECTION     E (70)
  AVERAGE WIND SPEED     5.9


SKY COVER
  POSSIBLE SUNSHINE  MM
  AVERAGE SKY COVER 1.0


WEATHER CONDITIONS
 THE FOLLOWING WEATHER WAS RECORDED YESTERDAY.
  LIGHT RAIN
  FOG
  FOG W/VISIBILITY <= 1/4 MILE


RELATIVE HUMIDITY (PERCENT)
 HIGHEST   100           900 AM
 LOWEST     82          1200 AM
 AVERAGE    91

..........................................................


THE FORT SMITH ARKANSAS CLIMATE NORMALS FOR TODAY
                         NORMAL    RECORD    YEAR
 MAXIMUM TEMPERATURE (F)   61        84      1938
 MINIMUM TEMPERATURE (F)   38        11      2002


SUNRISE AND SUNSET
MARCH  4 2015.........SUNRISE   643 AM CST   SUNSET   615 PM CST
MARCH  5 2015.........SUNRISE   642 AM CST   SUNSET   616 PM CST


-  INDICATES NEGATIVE NUMBERS.
R  INDICATES RECORD WAS SET OR TIED.
MM INDICATES DATA IS MISSING.
T  INDICATES TRACE AMOUNT.




$$

&&
...........................................................

THE ARKANSAS RIVER AT VAN BUREN

                   OBSERVED      24 HOUR     24 HOUR
                    VALUE        CHANGE      FORECAST

 STAGE (FEET)
  THIS MORNING       19.3         +0.2

MEAN FLOW (CFS)
  TODAY                                        11400
...........................................................
ALL DATA MEASURED AT THE FORT SMITH REGIONAL AIRPORT
