000
CDUS42 KFFC 130817
CLIFTY


CLIMATE REPORT
NATIONAL WEATHER SERVICE PEACHTREE CITY GA
417 AM EDT SUN JUL 13 2014


...................................

...THE FULTON COUNTY AIRPORT CLIMATE SUMMARY FOR JULY 12 2014...

CLIMATE NORMAL PERIOD 1981 TO 2010
CLIMATE RECORD PERIOD 9999 TO 9999


WEATHER ITEM   OBSERVED TIME   RECORD YEAR NORMAL DEPARTURE LAST
                VALUE   (LST)  VALUE       VALUE  FROM      YEAR
                                                  NORMAL
..................................................................
TEMPERATURE (F)
 YESTERDAY
  MAXIMUM         92    508 PM  MM      MM  90      2       89
  MINIMUM         69    558 AM  MM      MM  70     -1       70
  AVERAGE         81                        80      1       80

PRECIPITATION (IN)
  YESTERDAY        T            MM      MM   0.19  -0.19     0.00
  MONTH TO DATE    0.49                      2.25  -1.76     5.00
  SINCE JUN 1      3.21                      6.38  -3.17    11.30
  SINCE JAN 1     22.01                     27.87  -5.86    21.55

DEGREE DAYS
 COOLING
  YESTERDAY       16                        15      1       15
  MONTH TO DATE  168                       174     -6      149
  SINCE JUN 1    546                       524     22      523
  SINCE JAN 1    762                       724     38      686
..................................................................


WIND (MPH)
  RESULTANT WIND SPEED   1   RESULTANT WIND DIRECTION   E (100)
  HIGHEST WIND SPEED     9   HIGHEST WIND DIRECTION     N (10)
  HIGHEST GUST SPEED    15   HIGHEST GUST DIRECTION     E (110)
  AVERAGE WIND SPEED     2.4


SKY COVER
  AVERAGE SKY COVER 0.3


WEATHER CONDITIONS
 THE FOLLOWING WEATHER WAS RECORDED YESTERDAY.
  FOG


RELATIVE HUMIDITY (PERCENT)
 HIGHEST    97           100 AM
 LOWEST     44           500 PM
 AVERAGE    71

..........................................................


THE FULTON COUNTY AIRPORT CLIMATE NORMALS FOR TODAY
                         NORMAL    RECORD    YEAR
 MAXIMUM TEMPERATURE (F)   90        MM        MM
 MINIMUM TEMPERATURE (F)   70        MM        MM


SUNRISE AND SUNSET
JULY 13 2014..........SUNRISE   637 AM EDT   SUNSET   850 PM EDT
JULY 14 2014..........SUNRISE   638 AM EDT   SUNSET   850 PM EDT


-  INDICATES NEGATIVE NUMBERS.
R  INDICATES RECORD WAS SET OR TIED.
MM INDICATES DATA IS MISSING.
T  INDICATES TRACE AMOUNT.




$$
