000
CDUS42 KFFC 260835
CLIFTY


CLIMATE REPORT
NATIONAL WEATHER SERVICE PEACHTREE CITY GA
435 AM EDT TUE JUL 26 2016


...................................

...THE FULTON COUNTY AIRPORT CLIMATE SUMMARY FOR JULY 25 2016...

CLIMATE NORMAL PERIOD 1981 TO 2010
CLIMATE RECORD PERIOD 9999 TO 9999


WEATHER ITEM   OBSERVED TIME   RECORD YEAR NORMAL DEPARTURE LAST
                VALUE   (LST)  VALUE       VALUE  FROM      YEAR
                                                  NORMAL
..................................................................
TEMPERATURE (F)
 YESTERDAY
  MAXIMUM         97    304 PM  MM      MM  90      7       92
  MINIMUM         72    608 AM  MM      MM  71      1       71
  AVERAGE         85                        80      5       82

PRECIPITATION (IN)
  YESTERDAY        0.25         MM      MM   0.12   0.13     0.00
  MONTH TO DATE    1.89                      4.40  -2.51     2.89
  SINCE JUN 1      4.28                      8.53  -4.25     3.89
  SINCE JAN 1     21.09                     30.02  -8.93    23.27

DEGREE DAYS
 COOLING
  YESTERDAY       20                        15      5       17
  MONTH TO DATE  446                       369     77      396
  SINCE JUN 1    885                       719    166      822
  SINCE JAN 1   1117                       919    198     1097
..................................................................


WIND (MPH)
  RESULTANT WIND SPEED   1   RESULTANT WIND DIRECTION  NW (310)
  HIGHEST WIND SPEED    17   HIGHEST WIND DIRECTION    SW (210)
  HIGHEST GUST SPEED    23   HIGHEST GUST DIRECTION    SW (210)
  AVERAGE WIND SPEED     2.8


SKY COVER
  AVERAGE SKY COVER 0.4


WEATHER CONDITIONS
 THE FOLLOWING WEATHER WAS RECORDED YESTERDAY.
  THUNDERSTORM
  HEAVY RAIN
  LIGHT RAIN


RELATIVE HUMIDITY (PERCENT)
 HIGHEST    94          1000 PM
 LOWEST     38           500 PM
 AVERAGE    66

..........................................................


THE FULTON COUNTY AIRPORT CLIMATE NORMALS FOR TODAY
                         NORMAL    RECORD    YEAR
 MAXIMUM TEMPERATURE (F)   89        MM        MM
 MINIMUM TEMPERATURE (F)   71        MM        MM


SUNRISE AND SUNSET
JULY 26 2016..........SUNRISE   646 AM EDT   SUNSET   843 PM EDT
JULY 27 2016..........SUNRISE   647 AM EDT   SUNSET   842 PM EDT


-  INDICATES NEGATIVE NUMBERS.
R  INDICATES RECORD WAS SET OR TIED.
MM INDICATES DATA IS MISSING.
T  INDICATES TRACE AMOUNT.




$$
