000
CDUS46 KSGX 291419
CLIFUL


CLIMATE REPORT
NATIONAL WEATHER SERVICE SAN DIEGO, CA
719 AM PDT WED MAR 29 2017


...................................

...THE FULLERTON AIRPORT CA CLIMATE SUMMARY FOR MARCH 28 2017...

CLIMATE NORMAL PERIOD 1981 TO 2010
CLIMATE RECORD PERIOD 1998 TO 2017


WEATHER ITEM   OBSERVED TIME   RECORD YEAR NORMAL DEPARTURE LAST
                VALUE   (LST)  VALUE       VALUE  FROM      YEAR
                                                  NORMAL
..................................................................
TEMPERATURE (F)
 YESTERDAY
  MAXIMUM         80    348 PM  94    2004  71      9       67
  MINIMUM         51    608 AM  46    2007  50      1       52
  AVERAGE         66                        60      6       60

PRECIPITATION (IN)
  YESTERDAY        0.00          1.19 2006   0.04  -0.04     0.04
  MONTH TO DATE    0.26                      2.06  -1.80     0.92
  SINCE OCT 1     16.34                     12.24   4.10     5.10
  SINCE JAN 1     10.43                      8.34   2.09     4.05

DEGREE DAYS
 HEATING
  YESTERDAY        0                         5     -5        5
  MONTH TO DATE   54                       155   -101       45
  SINCE MAR 1     54                       155   -101       45
  SINCE JUL 1    751                      1077   -326      724

 COOLING
  YESTERDAY        1                         0      1        0
  MONTH TO DATE   35                         8     27       21
  SINCE MAR 1     35                         8     27       21
  SINCE JAN 1     38                        17     21       93
..................................................................


WIND (MPH)
  RESULTANT WIND SPEED   1   RESULTANT WIND DIRECTION  NE (30)
  HIGHEST WIND SPEED     9   HIGHEST WIND DIRECTION     W (280)
  HIGHEST GUST SPEED    16   HIGHEST GUST DIRECTION     W (290)
  AVERAGE WIND SPEED     2.8


SKY COVER
  POSSIBLE SUNSHINE  MM
  AVERAGE SKY COVER 0.0


WEATHER CONDITIONS
 THE FOLLOWING WEATHER WAS RECORDED YESTERDAY.
  NO SIGNIFICANT WEATHER WAS OBSERVED.


RELATIVE HUMIDITY (PERCENT)
 HIGHEST    83           300 AM
 LOWEST     14           300 PM
 AVERAGE    49

..........................................................


THE FULLERTON AIRPORT CA CLIMATE NORMALS FOR TODAY
                         NORMAL    RECORD    YEAR
 MAXIMUM TEMPERATURE (F)   71        93      2004
 MINIMUM TEMPERATURE (F)   50        45      2007


SUNRISE AND SUNSET
MARCH 29 2017.........SUNRISE   643 AM PDT   SUNSET   711 PM PDT
MARCH 30 2017.........SUNRISE   642 AM PDT   SUNSET   711 PM PDT


-  INDICATES NEGATIVE NUMBERS.
R  INDICATES RECORD WAS SET OR TIED.
MM INDICATES DATA IS MISSING.
T  INDICATES TRACE AMOUNT.




$$
