000
CDUS46 KSGX 240017
CLIFUL


CLIMATE REPORT
NATIONAL WEATHER SERVICE SAN DIEGO, CA
417 PM PST THU FEB 23 2017


...................................

...THE FULLERTON AIRPORT CA CLIMATE SUMMARY FOR FEBRUARY 23 2017...
VALID TODAY AS OF 0400 PM LOCAL TIME.

CLIMATE NORMAL PERIOD 1981 TO 2010
CLIMATE RECORD PERIOD 1998 TO 2017


WEATHER ITEM   OBSERVED TIME   RECORD YEAR NORMAL DEPARTURE LAST
                VALUE   (LST)  VALUE       VALUE  FROM      YEAR
                                                  NORMAL
..................................................................
TEMPERATURE (F)
 TODAY
  MAXIMUM         64    219 PM  84    2016  69     -5       84
  MINIMUM         43    636 AM  39    2006  49     -6       50
  AVERAGE         54                        59     -5       67

PRECIPITATION (IN)
  TODAY            0.00          0.45 2005   0.13  -0.13     0.00
  MONTH TO DATE    2.89                      2.72   0.17     0.47
  SINCE OCT 1     15.93                      9.65   6.28     4.18
  SINCE JAN 1     10.02                      5.75   4.27     3.13

DEGREE DAYS
 HEATING
  TODAY           11                         7      4        0
  MONTH TO DATE  113                       173    -60       68
  SINCE DEC 1    575                       726   -151      574
  SINCE JUL 1    639                       890   -251      679

 COOLING
  TODAY            0                         0      0        2
  MONTH TO DATE    3                         0      3       57
  SINCE DEC 1      3                         5     -2       58
  SINCE JAN 1      3                         4     -1       57
..................................................................


WIND (MPH)
  RESULTANT WIND SPEED   2   RESULTANT WIND DIRECTION   W (290)
  HIGHEST WIND SPEED    15   HIGHEST WIND DIRECTION     W (280)
  HIGHEST GUST SPEED    28   HIGHEST GUST DIRECTION     W (260)
  AVERAGE WIND SPEED     3.2


SKY COVER
  POSSIBLE SUNSHINE  MM
  AVERAGE SKY COVER 0.0


WEATHER CONDITIONS
 THE FOLLOWING WEATHER WAS RECORDED TODAY.
  NO SIGNIFICANT WEATHER WAS OBSERVED.


RELATIVE HUMIDITY (PERCENT)
 HIGHEST    77          1200 AM
 LOWEST     20           200 PM
 AVERAGE    49

..........................................................


THE FULLERTON AIRPORT CA CLIMATE NORMALS FOR TOMORROW
                         NORMAL    RECORD    YEAR
 MAXIMUM TEMPERATURE (F)   69        86      2016
 MINIMUM TEMPERATURE (F)   49        40      2007


SUNRISE AND SUNSET
FEBRUARY 23 2017......SUNRISE   627 AM PST   SUNSET   544 PM PST
FEBRUARY 24 2017......SUNRISE   626 AM PST   SUNSET   544 PM PST


-  INDICATES NEGATIVE NUMBERS.
R  INDICATES RECORD WAS SET OR TIED.
MM INDICATES DATA IS MISSING.
T  INDICATES TRACE AMOUNT.




$$
