000
CDUS46 KSGX 241130
CLIFUL


CLIMATE REPORT
NATIONAL WEATHER SERVICE SAN DIEGO, CA
430 AM PDT WED MAY 24 2017


...................................

...THE FULLERTON AIRPORT CA CLIMATE SUMMARY FOR MAY 23 2017...

CLIMATE NORMAL PERIOD 1981 TO 2010
CLIMATE RECORD PERIOD 1998 TO 2017


WEATHER ITEM   OBSERVED TIME   RECORD YEAR NORMAL DEPARTURE LAST
                VALUE   (LST)  VALUE       VALUE  FROM      YEAR
                                                  NORMAL
..................................................................
TEMPERATURE (F)
 YESTERDAY
  MAXIMUM         85R   349 PM  82    2001  75     10       72
  MINIMUM         60    511 AM  54    2016  59      1       54
                                      2010
  AVERAGE         73                        67      6       63

PRECIPITATION (IN)
  YESTERDAY        0.00          0.01 2008   0.00   0.00     0.00
  MONTH TO DATE    0.54                      0.23   0.31     0.05
  SINCE OCT 1     16.91                     13.44   3.47     5.26
  SINCE JAN 1     11.00                      9.54   1.46     4.21

DEGREE DAYS
 HEATING
  YESTERDAY        0                         1     -1        2
  MONTH TO DATE   26                        28     -2       10
  SINCE MAR 1     98                       300   -202       91
  SINCE JUL 1    795                      1222   -427      770

 COOLING
  YESTERDAY        8                         3      5        0
  MONTH TO DATE   82                        47     35       43
  SINCE MAR 1    220                        90    130      148
  SINCE JAN 1    223                        99    124      220
..................................................................


WIND (MPH)
  RESULTANT WIND SPEED   2   RESULTANT WIND DIRECTION   S (170)
  HIGHEST WIND SPEED    14   HIGHEST WIND DIRECTION    SW (210)
  HIGHEST GUST SPEED    18   HIGHEST GUST DIRECTION    SW (210)
  AVERAGE WIND SPEED     4.1


SKY COVER
  POSSIBLE SUNSHINE  MM
  AVERAGE SKY COVER 0.1


WEATHER CONDITIONS
 THE FOLLOWING WEATHER WAS RECORDED YESTERDAY.
  FOG
  HAZE


RELATIVE HUMIDITY (PERCENT)
 HIGHEST    90           200 AM
 LOWEST     37           300 PM
 AVERAGE    64

..........................................................


THE FULLERTON AIRPORT CA CLIMATE NORMALS FOR TODAY
                         NORMAL    RECORD    YEAR
 MAXIMUM TEMPERATURE (F)   75        85      2006
 MINIMUM TEMPERATURE (F)   59        54      2010


SUNRISE AND SUNSET
MAY 24 2017...........SUNRISE   545 AM PDT   SUNSET   753 PM PDT
MAY 25 2017...........SUNRISE   545 AM PDT   SUNSET   753 PM PDT


-  INDICATES NEGATIVE NUMBERS.
R  INDICATES RECORD WAS SET OR TIED.
MM INDICATES DATA IS MISSING.
T  INDICATES TRACE AMOUNT.




$$
