000
CDUS46 KSGX 251429
CLIFUL


CLIMATE REPORT
NATIONAL WEATHER SERVICE SAN DIEGO, CA
729 AM PDT FRI JUL 25 2014


...................................

...THE FULLERTON AIRPORT CA CLIMATE SUMMARY FOR JULY 24 2014...

CLIMATE NORMAL PERIOD 1981 TO 2010
CLIMATE RECORD PERIOD 1998 TO 2014


WEATHER ITEM   OBSERVED TIME   RECORD YEAR NORMAL DEPARTURE LAST
                VALUE   (LST)  VALUE       VALUE  FROM      YEAR
                                                  NORMAL
..................................................................
TEMPERATURE (F)
 YESTERDAY
  MAXIMUM         98    309 PM 101    2006  84     14       88
  MINIMUM         66    505 AM  58    1999  65      1       66
  AVERAGE         82                        74      8       77

PRECIPITATION (IN)
  YESTERDAY        0.00          0.00   MM   0.00   0.00     0.00
  MONTH TO DATE    T                         0.03  -0.03      T
  SINCE JUL 1      T                         0.03  -0.03      T
  SINCE JAN 1      3.46                      9.68  -6.22     2.53

SNOWFALL (IN)
  YESTERDAY        0.0
  MONTH TO DATE    0.0
  SINCE JAN 1      0.0
  SINCE JUL 1      0.0
  SNOW DEPTH       0

DEGREE DAYS
 HEATING
  YESTERDAY        0                         0      0        0
  MONTH TO DATE    0                         0      0        0
  SINCE JUN 1      0                         2     -2        0
  SINCE JUL 1      0                         0      0        0

 COOLING
  YESTERDAY       17                         9      8       12
  MONTH TO DATE  288                       204     84      300
  SINCE JUN 1    505                       349    156      575
  SINCE JAN 1    863                       472    391      930
..................................................................


WIND (MPH)
  RESULTANT WIND SPEED   2   RESULTANT WIND DIRECTION   S (200)
  HIGHEST WIND SPEED    12   HIGHEST WIND DIRECTION     S (200)
  HIGHEST GUST SPEED    15   HIGHEST GUST DIRECTION     W (250)
  AVERAGE WIND SPEED     3.9


SKY COVER
  POSSIBLE SUNSHINE  MM
  AVERAGE SKY COVER 0.0


WEATHER CONDITIONS
 THE FOLLOWING WEATHER WAS RECORDED YESTERDAY.
  NO SIGNIFICANT WEATHER WAS OBSERVED.


RELATIVE HUMIDITY (PERCENT)
 HIGHEST    78           400 AM
 LOWEST     25           400 PM
 AVERAGE    52

..........................................................


THE FULLERTON AIRPORT CA CLIMATE NORMALS FOR TODAY
                         NORMAL    RECORD    YEAR
 MAXIMUM TEMPERATURE (F)   84        91      2007
 MINIMUM TEMPERATURE (F)   65        61      2010


SUNRISE AND SUNSET
JULY 25 2014..........SUNRISE   559 AM PDT   SUNSET   758 PM PDT
JULY 26 2014..........SUNRISE   559 AM PDT   SUNSET   757 PM PDT


-  INDICATES NEGATIVE NUMBERS.
R  INDICATES RECORD WAS SET OR TIED.
MM INDICATES DATA IS MISSING.
T  INDICATES TRACE AMOUNT.




$$
