000
CDUS46 KSGX 230119
CLIFUL


CLIMATE REPORT
NATIONAL WEATHER SERVICE SAN DIEGO, CA
519 PM PST THU FEB 22 2018


...................................

...THE FULLERTON AIRPORT CA CLIMATE SUMMARY FOR FEBRUARY 22 2018...
VALID TODAY AS OF 0500 PM LOCAL TIME.

CLIMATE NORMAL PERIOD 1981 TO 2010
CLIMATE RECORD PERIOD 1998 TO 2018


WEATHER ITEM   OBSERVED TIME   RECORD YEAR NORMAL DEPARTURE LAST
                VALUE   (LST)  VALUE       VALUE  FROM      YEAR
                                                  NORMAL
..................................................................
TEMPERATURE (F)
 TODAY
  MAXIMUM         63    216 PM  92    2002  68     -5       66
  MINIMUM         42    342 AM  38    2006  49     -7       51
  AVERAGE         53                        59     -6       59

PRECIPITATION (IN)
  TODAY            0.00          0.97 2005   0.13  -0.13     0.00
  MONTH TO DATE    0.01                      2.59  -2.58     2.89
  SINCE OCT 1      1.22                      9.52  -8.30    15.93
  SINCE JAN 1      1.14                      5.62  -4.48    10.02

DEGREE DAYS
 HEATING
  TODAY           12                         7      5        6
  MONTH TO DATE   98                       166    -68      102
  SINCE DEC 1    354                       719   -365      564
  SINCE JUL 1    376                       883   -507      628

 COOLING
  TODAY            0                         0      0        0
  MONTH TO DATE   10                         0     10        3
  SINCE DEC 1     48                         5     43        3
  SINCE JAN 1     37                         4     33        3
..................................................................


WIND (MPH)
  RESULTANT WIND SPEED   4   RESULTANT WIND DIRECTION   E (110)
  HIGHEST WIND SPEED    15   HIGHEST WIND DIRECTION    SW (210)
  HIGHEST GUST SPEED    20   HIGHEST GUST DIRECTION     S (190)
  AVERAGE WIND SPEED     6.2


SKY COVER
  POSSIBLE SUNSHINE  MM
  AVERAGE SKY COVER 0.4


WEATHER CONDITIONS
 THE FOLLOWING WEATHER WAS RECORDED TODAY.
  NO SIGNIFICANT WEATHER WAS OBSERVED.


RELATIVE HUMIDITY (PERCENT)
 HIGHEST    70           700 AM
 LOWEST     43           200 PM
 AVERAGE    57

..........................................................


THE FULLERTON AIRPORT CA CLIMATE NORMALS FOR TOMORROW
                         NORMAL    RECORD    YEAR
 MAXIMUM TEMPERATURE (F)   69        84      2016
 MINIMUM TEMPERATURE (F)   49        39      2006


SUNRISE AND SUNSET
FEBRUARY 22 2018......SUNRISE   629 AM PST   SUNSET   542 PM PST
FEBRUARY 23 2018......SUNRISE   627 AM PST   SUNSET   543 PM PST


-  INDICATES NEGATIVE NUMBERS.
R  INDICATES RECORD WAS SET OR TIED.
MM INDICATES DATA IS MISSING.
T  INDICATES TRACE AMOUNT.




$$
