000
CDUS41 KCAR 012136
CLIFVE


CLIMATE REPORT
NATIONAL WEATHER SERVICE CARIBOU, ME
435 PM EST SUN FEB 1 2015


...................................

...THE FRENCHVILLE ME CLIMATE SUMMARY FOR FEBRUARY 1 2015...
VALID TODAY AS OF 0400 PM LOCAL TIME.

CLIMATE NORMAL PERIOD 1981 TO 2010
CLIMATE RECORD PERIOD 9999 TO 9999


WEATHER ITEM   OBSERVED TIME   RECORD YEAR NORMAL DEPARTURE LAST
                VALUE   (LST)  VALUE       VALUE  FROM      YEAR
                                                  NORMAL
..................................................................
TEMPERATURE (F)
 TODAY
  MAXIMUM          1   1235 AM              18    -17
  MINIMUM         -4    359 PM               1     -5
  AVERAGE         -1                         9    -10

PRECIPITATION (IN)
  TODAY            0.00         MM      MM   0.02  -0.02     0.11
  MONTH TO DATE    0.00                      0.02  -0.02     0.11
  SINCE DEC 1      3.19                      4.32  -1.13     3.13
  SINCE JAN 1      0.71                      1.78  -1.07     2.11

SNOWFALL (IN)
  TODAY           MM            MM      MM  MM     MM       MM
  MONTH TO DATE   MM                        MM     MM       MM
  SINCE DEC 1     MM                        MM     MM       MM
  SINCE JUL 1     MM                        MM     MM       MM
  SNOW DEPTH      MM

DEGREE DAYS
 HEATING
  TODAY           66                               10
  MONTH TO DATE   66                               10
  SINCE JUL 1   5442                             -158

 COOLING
  TODAY            0                                0
  MONTH TO DATE    0                                0
  SINCE JAN 1      0                                0
..................................................................


WIND (MPH)
  HIGHEST WIND SPEED    32   HIGHEST WIND DIRECTION    NW (320)
  HIGHEST GUST SPEED    43   HIGHEST GUST DIRECTION     W (280)
  AVERAGE WIND SPEED    22.3




..........................................................


THE FRENCHVILLE ME CLIMATE NORMALS FOR TOMORROW
                         NORMAL
 MAXIMUM TEMPERATURE (F)   18
 MINIMUM TEMPERATURE (F)    1


SUNRISE AND SUNSET
FEBRUARY  1 2015......SUNRISE   659 AM EST   SUNSET   435 PM EST
FEBRUARY  2 2015......SUNRISE   658 AM EST   SUNSET   436 PM EST


-  INDICATES NEGATIVE NUMBERS.
R  INDICATES RECORD WAS SET OR TIED.
MM INDICATES DATA IS MISSING.
T  INDICATES TRACE AMOUNT.




$$
