000
CDUS43 KIWX 260537
CLIFWA


CLIMATE REPORT
NATIONAL WEATHER SERVICE NORTHERN INDIANA
1236 AM EST SUN FEB 26 2017


...................................

...THE FORT WAYNE CLIMATE SUMMARY FOR FEBRUARY 25 2017...

CLIMATE NORMAL PERIOD 1981 TO 2010
CLIMATE RECORD PERIOD 1897 TO 2017


WEATHER ITEM   OBSERVED TIME   RECORD YEAR NORMAL DEPARTURE LAST
                VALUE   (LST)  VALUE       VALUE  FROM      YEAR
                                                  NORMAL
..................................................................
TEMPERATURE (F)
 YESTERDAY
  MAXIMUM         43   1210 AM  73    2000  40      3       34
  MINIMUM         27   1159 PM  -8    1900  23      4       29
  AVERAGE         35                        31      4       32

PRECIPITATION (IN)
  YESTERDAY        0.02          1.54 1961   0.08  -0.06     0.06
  MONTH TO DATE    1.57                      1.81  -0.24     1.25
  SINCE DEC 1      8.59                      6.84   1.75     7.02
  SINCE JAN 1      6.28                      4.07   2.21     2.87

SNOWFALL (IN)
  YESTERDAY        0.1           7.0  1960   0.2   -0.1      0.7
  MONTH TO DATE    2.5                       7.0   -4.5      4.9
  SINCE DEC 1     14.7                      25.6  -10.9     12.0
  SINCE JUL 1     15.1                      27.7  -12.6     16.2
  SNOW DEPTH       0

DEGREE DAYS
 HEATING
  YESTERDAY       30                        34     -4       33
  MONTH TO DATE  628                       927   -299      855
  SINCE DEC 1   2778                      3281   -503     2762
  SINCE JUL 1   3623                      4498   -875     3731

 COOLING
  YESTERDAY        0                         0      0        0
  MONTH TO DATE    0                         0      0        0
  SINCE DEC 1      0                         0      0        0
  SINCE JAN 1      0                         0      0        0
..................................................................


WIND (MPH)
  HIGHEST WIND SPEED    32   HIGHEST WIND DIRECTION     W (250)
  HIGHEST GUST SPEED    41   HIGHEST GUST DIRECTION    SW (240)
  AVERAGE WIND SPEED    17.7


SKY COVER
  AVERAGE SKY COVER 0.9


WEATHER CONDITIONS
 THE FOLLOWING WEATHER WAS RECORDED YESTERDAY.
  LIGHT RAIN
  LIGHT SNOW
  FOG
  HAZE


RELATIVE HUMIDITY (PERCENT)
 HIGHEST    82           600 AM
 LOWEST     63           200 PM
 AVERAGE    73

..........................................................


THE FORT WAYNE CLIMATE NORMALS FOR TODAY
                         NORMAL    RECORD    YEAR
 MAXIMUM TEMPERATURE (F)   40        66      1944
 MINIMUM TEMPERATURE (F)   23       -17      1963


SUNRISE AND SUNSET
FEBRUARY 26 2017......SUNRISE   719 AM EST   SUNSET   629 PM EST
FEBRUARY 27 2017......SUNRISE   718 AM EST   SUNSET   630 PM EST


-  INDICATES NEGATIVE NUMBERS.
R  INDICATES RECORD WAS SET OR TIED.
MM INDICATES DATA IS MISSING.
T  INDICATES TRACE AMOUNT.




$$
