000
CDUS43 KIWX 250525
CLIFWA


CLIMATE REPORT
NATIONAL WEATHER SERVICE NORTHERN INDIANA
1222 AM EST SUN JAN 25 2015


...................................

...THE FORT WAYNE CLIMATE SUMMARY FOR JANUARY 24 2015...

CLIMATE NORMAL PERIOD 1981 TO 2010
CLIMATE RECORD PERIOD 1897 TO 2015


WEATHER ITEM   OBSERVED TIME   RECORD YEAR NORMAL DEPARTURE LAST
                VALUE   (LST)  VALUE       VALUE  FROM      YEAR
                                                  NORMAL
..................................................................
TEMPERATURE (F)
 YESTERDAY
  MAXIMUM         37    638 PM  63    1950  32      5       19
  MINIMUM         25    805 AM -16    1936  17      8       -8
  AVERAGE         31                        25      6        6

PRECIPITATION (IN)
  YESTERDAY        0.00          0.79 1950   0.06  -0.06     0.03
  MONTH TO DATE    1.98                      1.78   0.20     2.40
  SINCE DEC 1      3.70                      4.55  -0.85     5.26
  SINCE JAN 1      1.98                      1.78   0.20     2.40

SNOWFALL (IN)
  YESTERDAY        0.0           5.4  1979   0.4   -0.4      0.5
  MONTH TO DATE   10.3                       7.8    2.5     26.2
  SINCE DEC 1     10.9                      16.3   -5.4     36.1
  SINCE JUL 1     15.1                      18.4   -3.3     37.1
  SNOW DEPTH       0

DEGREE DAYS
 HEATING
  YESTERDAY       34                        40     -6       59
  MONTH TO DATE 1046                       959     87     1118
  SINCE DEC 1   2039                      2070    -31     2273
  SINCE JUL 1   3485                      3287    198     3574

 COOLING
  YESTERDAY        0                         0      0        0
  MONTH TO DATE    0                         0      0        0
  SINCE DEC 1      0                         0      0        0
  SINCE JAN 1      0                         0      0        0
..................................................................


WIND (MPH)
  HIGHEST WIND SPEED    18   HIGHEST WIND DIRECTION     W (270)
  HIGHEST GUST SPEED    23   HIGHEST GUST DIRECTION     W (280)
  AVERAGE WIND SPEED    10.1


SKY COVER
  AVERAGE SKY COVER 0.8


WEATHER CONDITIONS
 THE FOLLOWING WEATHER WAS RECORDED YESTERDAY.
  FOG
  HAZE


RELATIVE HUMIDITY (PERCENT)
 HIGHEST    92           800 AM
 LOWEST     76           400 PM
 AVERAGE    84

..........................................................


THE FORT WAYNE CLIMATE NORMALS FOR TODAY
                         NORMAL    RECORD    YEAR
 MAXIMUM TEMPERATURE (F)   32        69      1950
 MINIMUM TEMPERATURE (F)   17        -9      2000
                                             1963
                                             1961


SUNRISE AND SUNSET
JANUARY 25 2015.......SUNRISE   758 AM EST   SUNSET   549 PM EST
JANUARY 26 2015.......SUNRISE   757 AM EST   SUNSET   550 PM EST


-  INDICATES NEGATIVE NUMBERS.
R  INDICATES RECORD WAS SET OR TIED.
MM INDICATES DATA IS MISSING.
T  INDICATES TRACE AMOUNT.




$$
