463
CDUS44 KTSA 220806
CLIFYV

CLIMATE REPORT
NATIONAL WEATHER SERVICE TULSA OK
147 AM CDT TUE AUG 22 2017


...................................

...THE FAYETTEVILLE ARKANSAS CLIMATE SUMMARY FOR AUGUST 21 2017...

CLIMATE NORMAL PERIOD 1981 TO 2010
CLIMATE RECORD PERIOD 1905 TO 2017


WEATHER ITEM   OBSERVED TIME   RECORD YEAR NORMAL DEPARTURE LAST
                VALUE   (LST)  VALUE       VALUE  FROM      YEAR
                                                  NORMAL
..................................................................
TEMPERATURE (F)
 YESTERDAY
  MAXIMUM         88    322 PM 100    2010  89     -1       81
  MINIMUM         68    533 AM  46    1956  65      3       54
  AVERAGE         78                        77      1       68

PRECIPITATION (IN)
  YESTERDAY        0.00                      0.10  -0.10     0.00
  MONTH TO DATE    5.52                      2.17   3.35     0.97
  SINCE JUN 1     14.15                     10.61   3.54    10.72
  SINCE JAN 1     42.70                     30.82  11.88    25.06

DEGREE DAYS
 COOLING
  YESTERDAY       13                        12      1        3
  MONTH TO DATE  201                       268    -67      265
  SINCE JUN 1    840                       904    -64     1037
  SINCE JAN 1    944                      1017    -73     1104
..................................................................


WIND (MPH)
  HIGHEST WIND SPEED    14   HIGHEST WIND DIRECTION    SW (210)
  HIGHEST GUST SPEED    17   HIGHEST GUST DIRECTION    SW (220)
  AVERAGE WIND SPEED     4.8


SKY COVER
  POSSIBLE SUNSHINE  MM
  AVERAGE SKY COVER 0.0


WEATHER CONDITIONS
 THE FOLLOWING WEATHER WAS RECORDED YESTERDAY.
  NO SIGNIFICANT WEATHER WAS OBSERVED.


RELATIVE HUMIDITY (PERCENT)
 HIGHEST   100          1200 AM
 LOWEST     63           300 PM
 AVERAGE    82

..........................................................


THE FAYETTEVILLE ARKANSAS CLIMATE NORMALS FOR TODAY
                         NORMAL    RECORD    YEAR
 MAXIMUM TEMPERATURE (F)   89        99      1983
 MINIMUM TEMPERATURE (F)   65        45      1956


SUNRISE AND SUNSET
AUGUST 22 2017........SUNRISE   641 AM CDT   SUNSET   757 PM CDT
AUGUST 23 2017........SUNRISE   642 AM CDT   SUNSET   756 PM CDT


-  INDICATES NEGATIVE NUMBERS.
R  INDICATES RECORD WAS SET OR TIED.
MM INDICATES DATA IS MISSING.
T  INDICATES TRACE AMOUNT.




$$
