000
CDUS44 KTSA 240818
CLIFYV

CLIMATE REPORT
NATIONAL WEATHER SERVICE TULSA OK
317 AM CDT MON APR 24 2017

...................................

...THE FAYETTEVILLE ARKANSAS CLIMATE SUMMARY FOR APRIL 23 2017...

CLIMATE NORMAL PERIOD 1981 TO 2010
CLIMATE RECORD PERIOD 1905 TO 2017


WEATHER ITEM   OBSERVED TIME   RECORD YEAR NORMAL DEPARTURE LAST
                VALUE   (LST)  VALUE       VALUE  FROM      YEAR
                                                  NORMAL
..................................................................
TEMPERATURE (F)
 YESTERDAY
  MAXIMUM         68    405 PM  88    1989  71     -3       79
  MINIMUM         40   1159 PM  30    1951  47     -7       42
  AVERAGE         54                        59     -5       61

PRECIPITATION (IN)
  YESTERDAY        0.00                      0.17  -0.17     0.00
  MONTH TO DATE    4.66                      3.38   1.28     0.95
  SINCE MAR 1     10.61                      7.33   3.28     4.66
  SINCE JAN 1     14.11                     12.98   1.13     5.81

SNOWFALL (IN)
  YESTERDAY        0.0                                       0.0
  MONTH TO DATE    0.0                                       0.0
  SINCE MAR 1      0.2                                       0.0
  SINCE JUL 1      1.0                                        T

DEGREE DAYS
 HEATING
  YESTERDAY       11                         7      4        4
  MONTH TO DATE  118                       227   -109      201
  SINCE MAR 1    505                       753   -248      625
  SINCE JUL 1   3076                      4056   -980     3441

 COOLING
  YESTERDAY        0                         1     -1        0
  MONTH TO DATE   15                        20     -5        1
  SINCE MAR 1     28                        24      4        3
  SINCE JAN 1     33                        24      9        3
..................................................................


WIND (MPH)
  HIGHEST WIND SPEED    17   HIGHEST WIND DIRECTION     N (350)
  HIGHEST GUST SPEED    23   HIGHEST GUST DIRECTION    NW (330)
  AVERAGE WIND SPEED     4.8


SKY COVER
  POSSIBLE SUNSHINE  MM
  AVERAGE SKY COVER 0.1


WEATHER CONDITIONS
 THE FOLLOWING WEATHER WAS RECORDED YESTERDAY.
  NO SIGNIFICANT WEATHER WAS OBSERVED.


RELATIVE HUMIDITY (PERCENT)
 HIGHEST   100          1200 AM
 LOWEST     34           200 PM
 AVERAGE    67

..........................................................


THE FAYETTEVILLE ARKANSAS CLIMATE NORMALS FOR TODAY
                         NORMAL    RECORD    YEAR
 MAXIMUM TEMPERATURE (F)   71        86      1989
 MINIMUM TEMPERATURE (F)   47        30      2005


SUNRISE AND SUNSET
APRIL 24 2017.........SUNRISE   632 AM CDT   SUNSET   758 PM CDT
APRIL 25 2017.........SUNRISE   631 AM CDT   SUNSET   759 PM CDT


-  INDICATES NEGATIVE NUMBERS.
R  INDICATES RECORD WAS SET OR TIED.
MM INDICATES DATA IS MISSING.
T  INDICATES TRACE AMOUNT.




$$
