000
CDUS44 KTSA 290804
CLIFYV

CLIMATE REPORT
NATIONAL WEATHER SERVICE TULSA OK
302 AM CDT TUE JUL 29 2014


...................................

...THE FAYETTEVILLE ARKANSAS CLIMATE SUMMARY FOR JULY 28 2014...

CLIMATE NORMAL PERIOD 1981 TO 2010
CLIMATE RECORD PERIOD 1905 TO 2014


WEATHER ITEM   OBSERVED TIME   RECORD YEAR NORMAL DEPARTURE LAST
                VALUE   (LST)  VALUE       VALUE  FROM      YEAR
                                                  NORMAL
..................................................................
TEMPERATURE (F)
 YESTERDAY
  MAXIMUM         85    304 PM 104    1986  90     -5       85
  MINIMUM         60    533 AM  55    2004  67     -7       61
  AVERAGE         73                        78     -5       73

PRECIPITATION (IN)
  YESTERDAY        0.00                      0.09  -0.09      T
  MONTH TO DATE    0.94                      3.19  -2.25     2.59
  SINCE JUN 1      5.04                      8.17  -3.13     3.96
  SINCE JAN 1     19.56                     28.38  -8.82    28.06

DEGREE DAYS
 COOLING
  YESTERDAY        8                        13     -5        8
  MONTH TO DATE  241                       351   -110      314
  SINCE JUN 1    503                       596    -93      604
  SINCE JAN 1    651                       709    -58      740
..................................................................


WIND (MPH)
  HIGHEST WIND SPEED    16   HIGHEST WIND DIRECTION    NW (330)
  HIGHEST GUST SPEED    23   HIGHEST GUST DIRECTION    NW (330)
  AVERAGE WIND SPEED     4.9


SKY COVER
  POSSIBLE SUNSHINE  MM
  AVERAGE SKY COVER 0.0


WEATHER CONDITIONS
 THE FOLLOWING WEATHER WAS RECORDED YESTERDAY.
  FOG


RELATIVE HUMIDITY (PERCENT)
 HIGHEST   100           400 AM
 LOWEST     40           300 PM
 AVERAGE    70

..........................................................


THE FAYETTEVILLE ARKANSAS CLIMATE NORMALS FOR TODAY
                         NORMAL    RECORD    YEAR
 MAXIMUM TEMPERATURE (F)   90       106      1986
 MINIMUM TEMPERATURE (F)   67        55      1969


SUNRISE AND SUNSET
JULY 29 2014..........SUNRISE   622 AM CDT   SUNSET   824 PM CDT
JULY 30 2014..........SUNRISE   622 AM CDT   SUNSET   823 PM CDT


-  INDICATES NEGATIVE NUMBERS.
R  INDICATES RECORD WAS SET OR TIED.
MM INDICATES DATA IS MISSING.
T  INDICATES TRACE AMOUNT.




$$
