000
CDUS44 KTSA 290953 RRA
CLIFYV

CLIMATE REPORT
NATIONAL WEATHER SERVICE TULSA OK
400 AM CDT THU SEP 29 2016

...................................

...THE FAYETTEVILLE ARKANSAS CLIMATE SUMMARY FOR SEPTEMBER 28 2016...

CLIMATE NORMAL PERIOD 1981 TO 2010
CLIMATE RECORD PERIOD 1905 TO 2016


WEATHER ITEM   OBSERVED TIME   RECORD YEAR NORMAL DEPARTURE LAST
                VALUE   (LST)  VALUE       VALUE  FROM      YEAR
                                                  NORMAL
..................................................................
TEMPERATURE (F)
 YESTERDAY
  MAXIMUM         79    210 PM 100    1953  76      3       83
  MINIMUM         50    623 AM  35    1967  51     -1       54
  AVERAGE         65                        63      2       69

PRECIPITATION (IN)
  YESTERDAY        0.00                      0.17  -0.17     0.00
  MONTH TO DATE    2.64                      4.50  -1.86     1.75
  SINCE SEP 1      2.64                      4.50  -1.86     1.75
  SINCE JAN 1     27.74                     36.39  -8.65    44.44

DEGREE DAYS
 HEATING
  YESTERDAY        0                         4     -4        0
  MONTH TO DATE   11                        40    -29       13
  SINCE SEP 1     11                        40    -29       13
  SINCE JUL 1     11                        41    -30       14

 COOLING
  YESTERDAY        0                         2     -2        4
  MONTH TO DATE  208                       153     55      179
  SINCE SEP 1    208                       153     55      179
  SINCE JAN 1   1427                      1278    149     1304
..................................................................


WIND (MPH)
  HIGHEST WIND SPEED    18   HIGHEST WIND DIRECTION     N (340)
  HIGHEST GUST SPEED    23   HIGHEST GUST DIRECTION    NW (330)
  AVERAGE WIND SPEED     6.6


SKY COVER
  POSSIBLE SUNSHINE  MM
  AVERAGE SKY COVER 0.0


WEATHER CONDITIONS
 THE FOLLOWING WEATHER WAS RECORDED YESTERDAY.
  NO SIGNIFICANT WEATHER WAS OBSERVED.


RELATIVE HUMIDITY (PERCENT)
 HIGHEST    96           100 AM
 LOWEST     36           400 PM
 AVERAGE    66

..........................................................


THE FAYETTEVILLE ARKANSAS CLIMATE NORMALS FOR TODAY
                         NORMAL    RECORD    YEAR
 MAXIMUM TEMPERATURE (F)   75        98      1953
 MINIMUM TEMPERATURE (F)   51        31      1967


SUNRISE AND SUNSET
SEPTEMBER 29 2016.....SUNRISE   711 AM CDT   SUNSET   702 PM CDT
SEPTEMBER 30 2016.....SUNRISE   711 AM CDT   SUNSET   701 PM CDT


-  INDICATES NEGATIVE NUMBERS.
R  INDICATES RECORD WAS SET OR TIED.
MM INDICATES DATA IS MISSING.
T  INDICATES TRACE AMOUNT.




$$
