000
CDUS44 KTSA 261543
CLIFYV

CLIMATE REPORT
NATIONAL WEATHER SERVICE TULSA OK
942 AM CST SUN FEB 26 2017


...................................

...THE FAYETTEVILLE ARKANSAS CLIMATE SUMMARY FOR FEBRUARY 26 2017...
VALID AS OF 0900 AM LOCAL TIME.

CLIMATE NORMAL PERIOD 1981 TO 2010
CLIMATE RECORD PERIOD 1905 TO 2017


WEATHER ITEM   OBSERVED RECORD YEAR NORMAL DEPARTURE LAST
                VALUE   VALUE       VALUE  FROM      YEAR
                                           NORMAL
...........................................................
TEMPERATURE (F)
 TODAY
  MAXIMUM         32     74    1976  54
  MINIMUM         21      6    1960  31
  AVERAGE         27

PRECIPITATION (IN)
  TODAY            0.00   2.12 1984   0.11  -0.11     0.00
  MONTH TO DATE    1.10               2.59  -1.49     0.64
  SINCE DEC 1      5.32               8.67  -3.35    12.10
  SINCE JAN 1      3.49               5.43  -1.94     1.15

SNOWFALL (IN)
  TODAY            0.0                                0.0
  MONTH TO DATE    0.0                                 T
  SINCE DEC 1      0.8                                 T
  SINCE JUL 1      0.8                                 T

DEGREE DAYS
 HEATING
  TODAY           38
...........................................................


WIND (MPH)
  RESULTANT WIND SPEED   1   RESULTANT WIND DIRECTION   S (160)
  HIGHEST WIND SPEED     3   HIGHEST WIND DIRECTION     S (160)
  HIGHEST GUST SPEED     6   HIGHEST GUST DIRECTION    SE (130)


SKY COVER
  POSSIBLE SUNSHINE  MM
  AVERAGE SKY COVER 0.1


WEATHER CONDITIONS
 THE FOLLOWING WEATHER WAS RECORDED TODAY.
  FOG
  HAZE


RELATIVE HUMIDITY (PERCENT)
 HIGHEST    96
 LOWEST     49
 AVERAGE    73

..........................................................


THE FAYETTEVILLE ARKANSAS CLIMATE NORMALS FOR TOMORROW
                         NORMAL    RECORD    YEAR
 MAXIMUM TEMPERATURE (F)   55        75      1976
 MINIMUM TEMPERATURE (F)   32        10      2002


SUNRISE AND SUNSET
FEBRUARY 26 2017......SUNRISE   650 AM CST   SUNSET   609 PM CST
FEBRUARY 27 2017......SUNRISE   649 AM CST   SUNSET   610 PM CST


-  INDICATES NEGATIVE NUMBERS.
R  INDICATES RECORD WAS SET OR TIED.
MM INDICATES DATA IS MISSING.
T  INDICATES TRACE AMOUNT.




$$
