000
CDUS44 KTSA 232225
CLIFYV

CLIMATE REPORT
NATIONAL WEATHER SERVICE TULSA OK
418 PM CST THU NOV 23 2017


...................................

...THE FAYETTEVILLE ARKANSAS CLIMATE SUMMARY FOR NOVEMBER 23 2017...
VALID TODAY AS OF 0400 PM LOCAL TIME.

CLIMATE NORMAL PERIOD 1981 TO 2010
CLIMATE RECORD PERIOD 1905 TO 2017


WEATHER ITEM   OBSERVED TIME   RECORD YEAR NORMAL DEPARTURE LAST
                VALUE   (LST)  VALUE       VALUE  FROM      YEAR
                                                  NORMAL
..................................................................
TEMPERATURE (F)
 TODAY
  MAXIMUM         63    259 PM  73    1973  55      8       59
  MINIMUM         25    319 AM  13    1970  33     -8       43
  AVERAGE         44                        44      0       51

PRECIPITATION (IN)
  TODAY            0.00                      0.13  -0.13     0.12
  MONTH TO DATE    0.43                      3.28  -2.85     0.32
  SINCE SEP 1      5.79                     12.43  -6.64     5.93
  SINCE JAN 1     48.63                     44.32   4.31    31.11

SNOWFALL (IN)
  TODAY            0.0                                       0.0
  MONTH TO DATE    0.0                                       0.0
  SINCE SEP 1      0.0                                       0.0
  SINCE JUL 1      0.0                                       0.0

DEGREE DAYS
 HEATING
  TODAY           21                        21      0       14
  MONTH TO DATE  325                       372    -47      257
  SINCE SEP 1    604                       671    -67      379
  SINCE JUL 1    604                       672    -68      379
..................................................................


WIND (MPH)
  HIGHEST WIND SPEED    12   HIGHEST WIND DIRECTION     W (280)
  HIGHEST GUST SPEED    16   HIGHEST GUST DIRECTION     S (200)
  AVERAGE WIND SPEED     3.3


SKY COVER
  POSSIBLE SUNSHINE  MM
  AVERAGE SKY COVER 0.0


WEATHER CONDITIONS
 THE FOLLOWING WEATHER WAS RECORDED TODAY.
  HAZE


RELATIVE HUMIDITY (PERCENT)
 HIGHEST    92          1200 AM
 LOWEST     27           100 PM
 AVERAGE    60

..........................................................


THE FAYETTEVILLE ARKANSAS CLIMATE NORMALS FOR TOMORROW
                         NORMAL    RECORD    YEAR
 MAXIMUM TEMPERATURE (F)   55        76      1965
 MINIMUM TEMPERATURE (F)   33         9      1970


SUNRISE AND SUNSET
NOVEMBER 23 2017......SUNRISE   701 AM CST   SUNSET   505 PM CST
NOVEMBER 24 2017......SUNRISE   702 AM CST   SUNSET   504 PM CST


-  INDICATES NEGATIVE NUMBERS.
R  INDICATES RECORD WAS SET OR TIED.
MM INDICATES DATA IS MISSING.
T  INDICATES TRACE AMOUNT.




$$
