000
CDUS44 KTSA 210917
CLIFYV

CLIMATE REPORT
NATIONAL WEATHER SERVICE TULSA OK
315 AM CST SAT JAN 21 2017


...................................

...THE FAYETTEVILLE ARKANSAS CLIMATE SUMMARY FOR JANUARY 20 2017...

CLIMATE NORMAL PERIOD 1981 TO 2010
CLIMATE RECORD PERIOD 1905 TO 2017


WEATHER ITEM   OBSERVED TIME   RECORD YEAR NORMAL DEPARTURE LAST
                VALUE   (LST)  VALUE       VALUE  FROM      YEAR
                                                  NORMAL
..................................................................
TEMPERATURE (F)
 YESTERDAY
  MAXIMUM         66    329 PM  75    1986  46     20       34
  MINIMUM         42   1236 AM -12    1985  25     17       29
  AVERAGE         54                        36     18       32

PRECIPITATION (IN)
  YESTERDAY        0.00                      0.09  -0.09      T
  MONTH TO DATE    1.19                      1.86  -0.67     0.41
  SINCE DEC 1      3.02                      5.10  -2.08    11.36
  SINCE JAN 1      1.19                      1.86  -0.67     0.41

SNOWFALL (IN)
  YESTERDAY        0.0                                        T
  MONTH TO DATE    0.5                                        T
  SINCE DEC 1      0.8                                        T
  SINCE JUL 1      0.8                                        T

DEGREE DAYS
 HEATING
  YESTERDAY       11                        29    -18       33
  MONTH TO DATE  514                       598    -84      631
  SINCE DEC 1   1354                      1452    -98     1269
  SINCE JUL 1   1881                      2281   -400     1911
..................................................................


WIND (MPH)
  HIGHEST WIND SPEED    28   HIGHEST WIND DIRECTION     S (200)
  HIGHEST GUST SPEED    34   HIGHEST GUST DIRECTION     S (190)
  AVERAGE WIND SPEED     9.5


SKY COVER
  POSSIBLE SUNSHINE  MM
  AVERAGE SKY COVER 0.3


WEATHER CONDITIONS
 THE FOLLOWING WEATHER WAS RECORDED YESTERDAY.
  FOG


RELATIVE HUMIDITY (PERCENT)
 HIGHEST   100          1200 AM
 LOWEST     43           400 PM
 AVERAGE    72

..........................................................


THE FAYETTEVILLE ARKANSAS CLIMATE NORMALS FOR TODAY
                         NORMAL    RECORD    YEAR
 MAXIMUM TEMPERATURE (F)   47        71      1957
 MINIMUM TEMPERATURE (F)   25        -4      1984


SUNRISE AND SUNSET
JANUARY 21 2017.......SUNRISE   724 AM CST   SUNSET   532 PM CST
JANUARY 22 2017.......SUNRISE   724 AM CST   SUNSET   533 PM CST


-  INDICATES NEGATIVE NUMBERS.
R  INDICATES RECORD WAS SET OR TIED.
MM INDICATES DATA IS MISSING.
T  INDICATES TRACE AMOUNT.




$$
