000
CDUS44 KTSA 250907 RRA
CLIFYV

CLIMATE REPORT
NATIONAL WEATHER SERVICE TULSA OK
400 AM CDT THU AUG 25 2016

...................................

...THE FAYETTEVILLE ARKANSAS CLIMATE SUMMARY FOR AUGUST 24 2016...

CLIMATE NORMAL PERIOD 1981 TO 2010
CLIMATE RECORD PERIOD 1905 TO 2016


WEATHER ITEM   OBSERVED TIME   RECORD YEAR NORMAL DEPARTURE LAST
                VALUE   (LST)  VALUE       VALUE  FROM      YEAR
                                                  NORMAL
..................................................................
TEMPERATURE (F)
 YESTERDAY
  MAXIMUM         90    327 PM  99    1983  88      2       80
                                      1982
                                      1978
  MINIMUM         72   1159 PM  52    1949  64      8       55
  AVERAGE         81                        76      5       68

PRECIPITATION (IN)
  YESTERDAY        0.00                      0.11  -0.11     0.00
  MONTH TO DATE    0.97                      2.47  -1.50     4.41
  SINCE JUN 1     10.72                     10.91  -0.19    19.23
  SINCE JAN 1     24.98                     31.12  -6.14    42.69

DEGREE DAYS
 COOLING
  YESTERDAY       16                        11      5        3
  MONTH TO DATE  296                       303     -7      235
  SINCE JUN 1   1068                       939    129      982
  SINCE JAN 1   1135                      1052     83     1079
..................................................................


WIND (MPH)
  HIGHEST WIND SPEED    18   HIGHEST WIND DIRECTION     S (180)
  HIGHEST GUST SPEED    25   HIGHEST GUST DIRECTION     S (180)
  AVERAGE WIND SPEED    10.4


SKY COVER
  POSSIBLE SUNSHINE  MM
  AVERAGE SKY COVER 0.0


WEATHER CONDITIONS
 THE FOLLOWING WEATHER WAS RECORDED YESTERDAY.
  NO SIGNIFICANT WEATHER WAS OBSERVED.


RELATIVE HUMIDITY (PERCENT)
 HIGHEST    93           500 AM
 LOWEST     55           500 PM
 AVERAGE    74

..........................................................


THE FAYETTEVILLE ARKANSAS CLIMATE NORMALS FOR TODAY
                         NORMAL    RECORD    YEAR
 MAXIMUM TEMPERATURE (F)   88        99      1990
                                             1978
 MINIMUM TEMPERATURE (F)   64        49      2015
                                             1966


SUNRISE AND SUNSET
AUGUST 25 2016........SUNRISE   643 AM CDT   SUNSET   753 PM CDT
AUGUST 26 2016........SUNRISE   644 AM CDT   SUNSET   752 PM CDT


-  INDICATES NEGATIVE NUMBERS.
R  INDICATES RECORD WAS SET OR TIED.
MM INDICATES DATA IS MISSING.
T  INDICATES TRACE AMOUNT.




$$
