417
CDUS44 KTSA 221418
CLIFYV

CLIMATE REPORT
NATIONAL WEATHER SERVICE TULSA OK
912 AM CDT MON MAY 22 2017


...................................

...THE FAYETTEVILLE ARKANSAS CLIMATE SUMMARY FOR MAY 22 2017...
VALID AS OF 0900 AM LOCAL TIME.

CLIMATE NORMAL PERIOD 1981 TO 2010
CLIMATE RECORD PERIOD 1905 TO 2017


WEATHER ITEM   OBSERVED RECORD YEAR NORMAL DEPARTURE LAST
                VALUE   VALUE       VALUE  FROM      YEAR
                                           NORMAL
...........................................................
TEMPERATURE (F)
 TODAY
  MAXIMUM         61     89    1953  77
  MINIMUM         49     40    1967  56
  AVERAGE         55

PRECIPITATION (IN)
  TODAY            0.00   3.93 1957   0.20  -0.20     0.00
  MONTH TO DATE    4.65               4.35   0.30     2.06
  SINCE MAR 1     23.46              12.87  10.59     9.72
  SINCE JAN 1     26.96              18.52   8.44    10.87

DEGREE DAYS
 COOLING
  TODAY            0
...........................................................


WIND (MPH)
  RESULTANT WIND SPEED   2   RESULTANT WIND DIRECTION   S (180)
  HIGHEST WIND SPEED     7   HIGHEST WIND DIRECTION     S (190)
  HIGHEST GUST SPEED     8   HIGHEST GUST DIRECTION     S (200)


SKY COVER
  POSSIBLE SUNSHINE  MM
  AVERAGE SKY COVER 0.0


WEATHER CONDITIONS
 THE FOLLOWING WEATHER WAS RECORDED TODAY.
  NO SIGNIFICANT WEATHER WAS OBSERVED.


RELATIVE HUMIDITY (PERCENT)
 HIGHEST   100
 LOWEST     80
 AVERAGE    90

..........................................................


THE FAYETTEVILLE ARKANSAS CLIMATE NORMALS FOR TOMORROW
                         NORMAL    RECORD    YEAR
 MAXIMUM TEMPERATURE (F)   78        92      1962
 MINIMUM TEMPERATURE (F)   56        35      1963


SUNRISE AND SUNSET
MAY 22 2017...........SUNRISE   606 AM CDT   SUNSET   821 PM CDT
MAY 23 2017...........SUNRISE   605 AM CDT   SUNSET   822 PM CDT


-  INDICATES NEGATIVE NUMBERS.
R  INDICATES RECORD WAS SET OR TIED.
MM INDICATES DATA IS MISSING.
T  INDICATES TRACE AMOUNT.




$$
