000
CDUS44 KTSA 202220
CLIFYV

CLIMATE REPORT
NATIONAL WEATHER SERVICE TULSA OK
420 PM CST THU NOV 20 2014


...................................

...THE FAYETTEVILLE ARKANSAS CLIMATE SUMMARY FOR NOVEMBER 20 2014...
VALID TODAY AS OF 0400 PM LOCAL TIME.

CLIMATE NORMAL PERIOD 1981 TO 2010
CLIMATE RECORD PERIOD 1905 TO 2014


WEATHER ITEM   OBSERVED TIME   RECORD YEAR NORMAL DEPARTURE LAST
                VALUE   (LST)  VALUE       VALUE  FROM      YEAR
                                                  NORMAL
..................................................................
TEMPERATURE (F)
 TODAY
  MAXIMUM         59    216 PM  81    1989  57      2       60
  MINIMUM         21    705 AM  19    2000  35    -14       45
                                      1952
  AVERAGE         40                        46     -6       53

PRECIPITATION (IN)
  TODAY            0.00                      0.14  -0.14     0.00
  MONTH TO DATE    1.48                      2.88  -1.40     0.77
  SINCE SEP 1     12.29                     12.03   0.26     9.99
  SINCE JAN 1     35.42                     43.92  -8.50    41.06

SNOWFALL (IN)
  TODAY            0.0                                       0.0
  MONTH TO DATE    T                                         0.0
  SINCE SEP 1      T                                         0.0
  SINCE JUL 1      T                                         0.0

DEGREE DAYS
 HEATING
  TODAY           25                        19      6       12
  MONTH TO DATE  496                       311    185      325
  SINCE SEP 1    729                       610    119      595
  SINCE JUL 1    733                       611    122      595
..................................................................


WIND (MPH)
  HIGHEST WIND SPEED    13   HIGHEST WIND DIRECTION     S (180)
  HIGHEST GUST SPEED    16   HIGHEST GUST DIRECTION     S (180)
  AVERAGE WIND SPEED     3.3


SKY COVER
  POSSIBLE SUNSHINE  MM
  AVERAGE SKY COVER 0.0


WEATHER CONDITIONS
 THE FOLLOWING WEATHER WAS RECORDED TODAY.
  NO SIGNIFICANT WEATHER WAS OBSERVED.


RELATIVE HUMIDITY (PERCENT)
 HIGHEST   100           200 AM
 LOWEST     40          1200 PM
 AVERAGE    70

..........................................................


THE FAYETTEVILLE ARKANSAS CLIMATE NORMALS FOR TOMORROW
                         NORMAL    RECORD    YEAR
 MAXIMUM TEMPERATURE (F)   56        74      1966
 MINIMUM TEMPERATURE (F)   34        12      1964


SUNRISE AND SUNSET
NOVEMBER 20 2014......SUNRISE   658 AM CST   SUNSET   506 PM CST
NOVEMBER 21 2014......SUNRISE   659 AM CST   SUNSET   506 PM CST


-  INDICATES NEGATIVE NUMBERS.
R  INDICATES RECORD WAS SET OR TIED.
MM INDICATES DATA IS MISSING.
T  INDICATES TRACE AMOUNT.




$$
