000
CDUS44 KTSA 262228
CLIFYV

CLIMATE REPORT
NATIONAL WEATHER SERVICE TULSA OK
418 PM CST WED NOV 26 2014


...................................

...THE FAYETTEVILLE ARKANSAS CLIMATE SUMMARY FOR NOVEMBER 26 2014...
VALID TODAY AS OF 0400 PM LOCAL TIME.

CLIMATE NORMAL PERIOD 1981 TO 2010
CLIMATE RECORD PERIOD 1905 TO 2014


WEATHER ITEM   OBSERVED TIME   RECORD YEAR NORMAL DEPARTURE LAST
                VALUE   (LST)  VALUE       VALUE  FROM      YEAR
                                                  NORMAL
..................................................................
TEMPERATURE (F)
 TODAY
  MAXIMUM         52    152 PM  75    1965  54     -2       45
  MINIMUM         24    319 AM  12    1975  32     -8       27
  AVERAGE         38                        43     -5       36

PRECIPITATION (IN)
  TODAY            T                         0.13  -0.13      T
  MONTH TO DATE    2.50                      3.69  -1.19     2.24
  SINCE SEP 1     13.31                     12.84   0.47    11.46
  SINCE JAN 1     36.44                     44.73  -8.29    42.53

SNOWFALL (IN)
  TODAY           0.0                                         T
  MONTH TO DATE    T                                          T
  SINCE SEP 1      T                                          T
  SINCE JUL 1      T                                          T

DEGREE DAYS
 HEATING
  TODAY           27                        22      5       29
  MONTH TO DATE  624                       437    187      500
  SINCE SEP 1    857                       736    121      770
  SINCE JUL 1    861                       737    124      770
..................................................................


WIND (MPH)
  HIGHEST WIND SPEED    24   HIGHEST WIND DIRECTION    NW (320)
  HIGHEST GUST SPEED    32   HIGHEST GUST DIRECTION     W (290)
  AVERAGE WIND SPEED     7.2


SKY COVER
  POSSIBLE SUNSHINE  MM
  AVERAGE SKY COVER 0.5


WEATHER CONDITIONS
 THE FOLLOWING WEATHER WAS RECORDED TODAY.
  NO SIGNIFICANT WEATHER WAS OBSERVED.


RELATIVE HUMIDITY (PERCENT)
 HIGHEST   100           300 AM
 LOWEST     41           200 PM
 AVERAGE    71

..........................................................


THE FAYETTEVILLE ARKANSAS CLIMATE NORMALS FOR TOMORROW
                         NORMAL    RECORD    YEAR
 MAXIMUM TEMPERATURE (F)   54        74      1989
                                             1964
                                             1960
 MINIMUM TEMPERATURE (F)   32         6      1975


SUNRISE AND SUNSET
NOVEMBER 26 2014......SUNRISE   704 AM CST   SUNSET   504 PM CST
NOVEMBER 27 2014......SUNRISE   705 AM CST   SUNSET   503 PM CST


-  INDICATES NEGATIVE NUMBERS.
R  INDICATES RECORD WAS SET OR TIED.
MM INDICATES DATA IS MISSING.
T  INDICATES TRACE AMOUNT.




$$
