000
CDUS43 KUNR 290833
CLIGCC


CLIMATE REPORT
NATIONAL WEATHER SERVICE RAPID CITY SD
231 AM MDT FRI APR 29 2016


...................................

...THE GILLETTE AIRPORT WY CLIMATE SUMMARY FOR APRIL 28 2016...

CLIMATE NORMAL PERIOD 1981 TO 2010
CLIMATE RECORD PERIOD 9999 TO 9999


WEATHER ITEM   OBSERVED TIME   NORMAL DEPARTURE LAST
                VALUE   (LST)  VALUE  FROM      YEAR
                                      NORMAL
......................................................
TEMPERATURE (F)
 YESTERDAY
  MAXIMUM         38    432 PM  60    -22       63
  MINIMUM         29    232 AM  34     -5       34
  AVERAGE         34            47    -13       49

PRECIPITATION (IN)
  YESTERDAY        0.02          0.08  -0.06     0.00
  MONTH TO DATE    2.49          1.32   1.17     1.20
  SINCE MAR 1      3.60          2.28   1.32     1.65
  SINCE JAN 1      5.11          3.06   2.05     2.50

DEGREE DAYS
 HEATING
  YESTERDAY       31            18     13       16
  MONTH TO DATE  556           633    -77      586
  SINCE MAR 1   1344          1572   -228     1283
  SINCE JUL 1   6075          6980   -905     6373

 COOLING
  YESTERDAY        0             0      0        0
  MONTH TO DATE    0             0      0        0
  SINCE MAR 1      0             0      0        0
  SINCE JAN 1      0             0      0        0
......................................................


WIND (MPH)
  HIGHEST WIND SPEED    14   HIGHEST WIND DIRECTION    NE (40)
  HIGHEST GUST SPEED    17   HIGHEST GUST DIRECTION    NE (40)
  AVERAGE WIND SPEED     6.0


SKY COVER
  AVERAGE SKY COVER 1.0


WEATHER CONDITIONS
 THE FOLLOWING WEATHER WAS RECORDED YESTERDAY.
  LIGHT SNOW
  FOG
  HAZE


RELATIVE HUMIDITY (PERCENT)
 HIGHEST   100          1200 AM
 LOWEST     76           300 PM
 AVERAGE    88

..........................................................




SUNRISE AND SUNSET
APRIL 29 2016.........SUNRISE   555 AM MDT   SUNSET   804 PM MDT
APRIL 30 2016.........SUNRISE   554 AM MDT   SUNSET   806 PM MDT


-  INDICATES NEGATIVE NUMBERS.
R  INDICATES RECORD WAS SET OR TIED.
MM INDICATES DATA IS MISSING.
T  INDICATES TRACE AMOUNT.




$$
