000
CDUS43 KUNR 240833
CLIGCC


CLIMATE REPORT
NATIONAL WEATHER SERVICE RAPID CITY SD
232 AM MDT MON JUL 24 2017


...................................

...THE GILLETTE AIRPORT WY CLIMATE SUMMARY FOR JULY 23 2017...

CLIMATE NORMAL PERIOD 1981 TO 2010
CLIMATE RECORD PERIOD 9999 TO 9999


WEATHER ITEM   OBSERVED TIME   NORMAL DEPARTURE LAST
                VALUE   (LST)  VALUE  FROM      YEAR
                                      NORMAL
......................................................
TEMPERATURE (F)
 YESTERDAY
  MAXIMUM         96    422 PM  88      8       86
  MINIMUM         54   1226 AM  57     -3       53
  AVERAGE         75            72      3       70

PRECIPITATION (IN)
  YESTERDAY        0.13          0.05   0.08     0.00
  MONTH TO DATE    0.51          1.26  -0.75     0.19
  SINCE JUN 1      2.41          3.47  -1.06     0.63
  SINCE JAN 1      9.60          9.13   0.47     6.47

DEGREE DAYS
 HEATING
  YESTERDAY        0             0      0        0
  MONTH TO DATE    0            14    -14        7
  SINCE JUN 1     90           156    -66       41
  SINCE JUL 1      0            14    -14        7

 COOLING
  YESTERDAY       10             8      2        5
  MONTH TO DATE  277           152    125      160
  SINCE JUN 1    330           212    118      324
  SINCE JAN 1    334           220    114      324
......................................................


WIND (MPH)
  HIGHEST WIND SPEED    38   HIGHEST WIND DIRECTION     W (250)
  HIGHEST GUST SPEED    53   HIGHEST GUST DIRECTION    SW (230)
  AVERAGE WIND SPEED     8.9


SKY COVER
  AVERAGE SKY COVER 0.0


WEATHER CONDITIONS
 THE FOLLOWING WEATHER WAS RECORDED YESTERDAY.
  LIGHT RAIN
  HAZE


RELATIVE HUMIDITY (PERCENT)
 HIGHEST    57          1100 PM
 LOWEST     14           200 PM
 AVERAGE    36

..........................................................




SUNRISE AND SUNSET
JULY 24 2017..........SUNRISE   541 AM MDT   SUNSET   836 PM MDT
JULY 25 2017..........SUNRISE   542 AM MDT   SUNSET   835 PM MDT


-  INDICATES NEGATIVE NUMBERS.
R  INDICATES RECORD WAS SET OR TIED.
MM INDICATES DATA IS MISSING.
T  INDICATES TRACE AMOUNT.




$$
