000
CDUS43 KUNR 310833
CLIGCC


CLIMATE REPORT
NATIONAL WEATHER SERVICE RAPID CITY SD
231 AM MDT THU JUL 31 2014


...................................

...THE GILLETTE AIRPORT WY CLIMATE SUMMARY FOR JULY 30 2014...

CLIMATE NORMAL PERIOD 1981 TO 2010
CLIMATE RECORD PERIOD 9999 TO 9999


WEATHER ITEM   OBSERVED TIME   NORMAL DEPARTURE LAST
                VALUE   (LST)  VALUE  FROM      YEAR
                                      NORMAL
......................................................
TEMPERATURE (F)
 YESTERDAY
  MAXIMUM         83    442 PM  88     -5       82
  MINIMUM         54   1111 PM  57     -3       56
  AVERAGE         69            72     -3       69

PRECIPITATION (IN)
  YESTERDAY        0.00          0.05  -0.05      T
  MONTH TO DATE    0.38          1.61  -1.23     2.89
  SINCE JUN 1      3.51          3.82  -0.31     5.40
  SINCE JAN 1     13.11          9.48   3.63    12.44

DEGREE DAYS
 HEATING
  YESTERDAY        0             0      0        0
  MONTH TO DATE   13            14     -1        0
  SINCE JUN 1    205           156     49      117
  SINCE JUL 1     13            14     -1        0

 COOLING
  YESTERDAY        4             8     -4        4
  MONTH TO DATE  174           208    -34      215
  SINCE JUN 1    189           268    -79      261
  SINCE JAN 1    197           276    -79      269
......................................................


WIND (MPH)
  HIGHEST WIND SPEED    15   HIGHEST WIND DIRECTION    NE (40)
  HIGHEST GUST SPEED    21   HIGHEST GUST DIRECTION    NE (30)
  AVERAGE WIND SPEED     5.6


SKY COVER
  AVERAGE SKY COVER 0.0


WEATHER CONDITIONS
 THE FOLLOWING WEATHER WAS RECORDED YESTERDAY.
  NO SIGNIFICANT WEATHER WAS OBSERVED.


RELATIVE HUMIDITY (PERCENT)
 HIGHEST    80          1200 AM
 LOWEST     20           200 PM
 AVERAGE    50

..........................................................




SUNRISE AND SUNSET
JULY 31 2014..........SUNRISE   548 AM MDT   SUNSET   828 PM MDT
AUGUST  1 2014........SUNRISE   549 AM MDT   SUNSET   827 PM MDT


-  INDICATES NEGATIVE NUMBERS.
R  INDICATES RECORD WAS SET OR TIED.
MM INDICATES DATA IS MISSING.
T  INDICATES TRACE AMOUNT.




$$
