000
CDUS43 KUNR 200833
CLIGCC


CLIMATE REPORT
NATIONAL WEATHER SERVICE RAPID CITY SD
133 AM MST MON NOV 20 2017


...................................

...THE GILLETTE AIRPORT WY CLIMATE SUMMARY FOR NOVEMBER 19 2017...

CLIMATE NORMAL PERIOD 1981 TO 2010
CLIMATE RECORD PERIOD 9999 TO 9999


WEATHER ITEM   OBSERVED TIME   NORMAL DEPARTURE LAST
                VALUE   (LST)  VALUE  FROM      YEAR
                                      NORMAL
......................................................
TEMPERATURE (F)
 YESTERDAY
  MAXIMUM         53    124 PM  43     10       44
  MINIMUM         32   1244 AM  20     12       17
  AVERAGE         43            31     12       31

PRECIPITATION (IN)
  YESTERDAY        0.00          0.01  -0.01     0.00
  MONTH TO DATE    0.41          0.38   0.03     0.27
  SINCE SEP 1      3.11          2.84   0.27     4.22
  SINCE JAN 1     13.26         13.32  -0.06    13.38

DEGREE DAYS
 HEATING
  YESTERDAY       22            34    -12       34
  MONTH TO DATE  594           562     32      371
  SINCE SEP 1   1485          1414     71     1029
  SINCE JUL 1   1520          1471     49     1083

 COOLING
  YESTERDAY        0             0      0        0
  MONTH TO DATE    0             0      0        0
  SINCE SEP 1     65            42     23       25
  SINCE JAN 1    617           502    115      569
......................................................


WIND (MPH)
  HIGHEST WIND SPEED    28   HIGHEST WIND DIRECTION    SW (240)
  HIGHEST GUST SPEED    34   HIGHEST GUST DIRECTION    SW (230)
  AVERAGE WIND SPEED    18.9


SKY COVER
  AVERAGE SKY COVER 0.0


WEATHER CONDITIONS
 THE FOLLOWING WEATHER WAS RECORDED YESTERDAY.
  NO SIGNIFICANT WEATHER WAS OBSERVED.


RELATIVE HUMIDITY (PERCENT)
 HIGHEST    51          1200 AM
 LOWEST     22          1200 PM
 AVERAGE    37

..........................................................




SUNRISE AND SUNSET
NOVEMBER 20 2017......SUNRISE   705 AM MST   SUNSET   430 PM MST
NOVEMBER 21 2017......SUNRISE   706 AM MST   SUNSET   430 PM MST


-  INDICATES NEGATIVE NUMBERS.
R  INDICATES RECORD WAS SET OR TIED.
MM INDICATES DATA IS MISSING.
T  INDICATES TRACE AMOUNT.




$$
