000
CDUS43 KUNR 290833
CLIGCC


CLIMATE REPORT
NATIONAL WEATHER SERVICE RAPID CITY SD
233 AM MDT MON MAY 29 2017


...................................

...THE GILLETTE AIRPORT WY CLIMATE SUMMARY FOR MAY 28 2017...

CLIMATE NORMAL PERIOD 1981 TO 2010
CLIMATE RECORD PERIOD 9999 TO 9999


WEATHER ITEM   OBSERVED TIME   NORMAL DEPARTURE LAST
                VALUE   (LST)  VALUE  FROM      YEAR
                                      NORMAL
......................................................
TEMPERATURE (F)
 YESTERDAY
  MAXIMUM         71    154 PM  70      1       69
  MINIMUM         45    304 AM  43      2       41
  AVERAGE         58            56      2       55

PRECIPITATION (IN)
  YESTERDAY        0.00          0.08  -0.08     0.00
  MONTH TO DATE    1.25          2.18  -0.93     0.45
  SINCE MAR 1      6.35          4.61   1.74     4.11
  SINCE JAN 1      7.19          5.39   1.80     5.62

DEGREE DAYS
 HEATING
  YESTERDAY        7             9     -2       10
  MONTH TO DATE  350           359     -9      382
  SINCE MAR 1   1703          1967   -264     1777
  SINCE JUL 1   6460          7375   -915     6508

 COOLING
  YESTERDAY        0             0      0        0
  MONTH TO DATE    4             0      4        0
  SINCE MAR 1      4             0      4        0
  SINCE JAN 1      4             0      4        0
......................................................


WIND (MPH)
  HIGHEST WIND SPEED    43   HIGHEST WIND DIRECTION     N (360)
  HIGHEST GUST SPEED    51   HIGHEST GUST DIRECTION     N (350)
  AVERAGE WIND SPEED    16.7


SKY COVER
  AVERAGE SKY COVER 0.4


WEATHER CONDITIONS
 THE FOLLOWING WEATHER WAS RECORDED YESTERDAY.
  NO SIGNIFICANT WEATHER WAS OBSERVED.


RELATIVE HUMIDITY (PERCENT)
 HIGHEST    82          1100 PM
 LOWEST     31           200 PM
 AVERAGE    57

..........................................................




SUNRISE AND SUNSET
MAY 29 2017...........SUNRISE   523 AM MDT   SUNSET   837 PM MDT
MAY 30 2017...........SUNRISE   522 AM MDT   SUNSET   838 PM MDT


-  INDICATES NEGATIVE NUMBERS.
R  INDICATES RECORD WAS SET OR TIED.
MM INDICATES DATA IS MISSING.
T  INDICATES TRACE AMOUNT.




$$
