000
CDUS43 KDDC 272341
CLIGCK


CLIMATE REPORT
NATIONAL WEATHER SERVICE DODGE CITY KS
537 PM CST TUE JAN 27 2015


...................................

...THE GARDEN CITY REGIONAL ARPT KS CLIMATE SUMMARY FOR JANUARY 27 2015...
VALID TODAY AS OF 0500 PM LOCAL TIME.

CLIMATE NORMAL PERIOD 1981 TO 2010
CLIMATE RECORD PERIOD 1948 TO 2015


WEATHER ITEM   OBSERVED TIME   RECORD YEAR NORMAL DEPARTURE LAST
                VALUE   (LST)  VALUE       VALUE  FROM      YEAR
                                                  NORMAL
..................................................................
TEMPERATURE (F)
 TODAY
  MAXIMUM         79R   328 PM  71    1970  45     34       24
                                      2003
  MINIMUM         32    538 AM -10    1963  18     14       12
  AVERAGE         56                        31     25       18

PRECIPITATION (IN)
  TODAY            0.00          0.40 1973   0.01  -0.01     0.01
  MONTH TO DATE    0.05                      0.29  -0.24     0.02
  SINCE DEC 1      0.10                      0.81  -0.71     0.03
  SINCE JAN 1      0.05                      0.29  -0.24     0.02

DEGREE DAYS
 HEATING
  TODAY            9                        34    -25       47
  MONTH TO DATE  889                       918    -29      893
  SINCE DEC 1   1871                      1952    -81     1970
  SINCE JUL 1   2910                      3041   -131     3014

 COOLING
  TODAY            0                         0      0        0
  MONTH TO DATE    0                         0      0        0
  SINCE DEC 1      0                         0      0        0
  SINCE JAN 1      0                         0      0        0
..................................................................


WIND (MPH)
  HIGHEST WIND SPEED    21   HIGHEST WIND DIRECTION    SW (220)
  HIGHEST GUST SPEED    26   HIGHEST GUST DIRECTION    SW (230)
  AVERAGE WIND SPEED    10.5



WEATHER CONDITIONS
 THE FOLLOWING WEATHER WAS RECORDED TODAY.
  NO SIGNIFICANT WEATHER WAS OBSERVED.


RELATIVE HUMIDITY (PERCENT)
 HIGHEST    82           300 AM
 LOWEST     13           200 PM
 AVERAGE    48

..........................................................


THE GARDEN CITY REGIONAL ARPT KS CLIMATE NORMALS FOR TOMORROW
                         NORMAL    RECORD    YEAR
 MAXIMUM TEMPERATURE (F)   45        75      1986
 MINIMUM TEMPERATURE (F)   18        -5      1966


SUNRISE AND SUNSET
JANUARY 27 2015.......SUNRISE   751 AM CST   SUNSET   600 PM CST
JANUARY 28 2015.......SUNRISE   751 AM CST   SUNSET   601 PM CST


-  INDICATES NEGATIVE NUMBERS.
R  INDICATES RECORD WAS SET OR TIED.
MM INDICATES DATA IS MISSING.
T  INDICATES TRACE AMOUNT.




$$
