000
CDUS43 KDDC 271006
CLIGCK


CLIMATE REPORT
NATIONAL WEATHER SERVICE DODGE CITY KS
506 AM CDT WED MAY 27 2015


...................................

...THE GARDEN CITY REGIONAL ARPT KS CLIMATE SUMMARY FOR MAY 26 2015...

CLIMATE NORMAL PERIOD 1981 TO 2010
CLIMATE RECORD PERIOD 1948 TO 2015


WEATHER ITEM   OBSERVED TIME   RECORD YEAR NORMAL DEPARTURE LAST
                VALUE   (LST)  VALUE       VALUE  FROM      YEAR
                                                  NORMAL
..................................................................
TEMPERATURE (F)
 YESTERDAY
  MAXIMUM         77    532 PM 106    1953  79     -2       78
  MINIMUM         48    602 AM  33    1992  54     -6       55
  AVERAGE         63                        66     -3       67

PRECIPITATION (IN)
  YESTERDAY        0.00          0.55 1964   0.11  -0.11     0.05
  MONTH TO DATE    6.27                      2.33   3.94     0.69
  SINCE MAR 1      6.95                      5.51   1.44     1.20
  SINCE JAN 1      7.72                      6.39   1.33     1.36

DEGREE DAYS
 HEATING
  YESTERDAY        2                         2      0
  MONTH TO DATE  161                       120     41
  SINCE MAR 1   1041                      1158   -117
  SINCE JUL 1   4949                      5182   -233

 COOLING
  YESTERDAY        0                         4     -4
  MONTH TO DATE   17                        55    -38
  SINCE MAR 1     24                        67    -43
  SINCE JAN 1     24                        67    -43
..................................................................


WIND (MPH)
  HIGHEST WIND SPEED    15   HIGHEST WIND DIRECTION    NE (40)
  HIGHEST GUST SPEED    17   HIGHEST GUST DIRECTION    NE (50)
  AVERAGE WIND SPEED     6.1



WEATHER CONDITIONS
 THE FOLLOWING WEATHER WAS RECORDED YESTERDAY.
  NO SIGNIFICANT WEATHER WAS OBSERVED.


RELATIVE HUMIDITY (PERCENT)
 HIGHEST    93           400 AM
 LOWEST     38           400 PM
 AVERAGE    66

..........................................................


THE GARDEN CITY REGIONAL ARPT KS CLIMATE NORMALS FOR TODAY
                         NORMAL    RECORD    YEAR
 MAXIMUM TEMPERATURE (F)   80       101      2006
 MINIMUM TEMPERATURE (F)   54        32      1950


SUNRISE AND SUNSET
MAY 27 2015...........SUNRISE   625 AM CDT   SUNSET   856 PM CDT
MAY 28 2015...........SUNRISE   624 AM CDT   SUNSET   857 PM CDT


-  INDICATES NEGATIVE NUMBERS.
R  INDICATES RECORD WAS SET OR TIED.
MM INDICATES DATA IS MISSING.
T  INDICATES TRACE AMOUNT.




$$
