000
CDUS43 KDDC 260731
CLIGCK


CLIMATE REPORT
NATIONAL WEATHER SERVICE DODGE CITY KS
230 AM CDT FRI MAY 26 2017


...................................

...THE GARDEN CITY REGIONAL ARPT KS CLIMATE SUMMARY FOR MAY 25 2017...

CLIMATE NORMAL PERIOD 1981 TO 2010
CLIMATE RECORD PERIOD 1948 TO 2017


WEATHER ITEM   OBSERVED TIME   RECORD YEAR NORMAL DEPARTURE LAST
                VALUE   (LST)  VALUE       VALUE  FROM      YEAR
                                                  NORMAL
..................................................................
TEMPERATURE (F)
 YESTERDAY
  MAXIMUM         91    414 PM 103    1953  79     12       86
  MINIMUM         49    555 AM  36    2002  53     -4       53
  AVERAGE         70                        66      4       70

PRECIPITATION (IN)
  YESTERDAY        0.01          1.71 1996   0.10  -0.09     0.00
  MONTH TO DATE    0.96                      2.22  -1.26     0.38
  SINCE MAR 1      6.90                      5.40   1.50     4.92
  SINCE JAN 1      8.19                      6.28   1.91     5.14

DEGREE DAYS
 HEATING
  YESTERDAY        0                         2     -2
  MONTH TO DATE  141                       118     23
  SINCE MAR 1    954                      1156   -202
  SINCE JUL 1   4428                      5180   -752

 COOLING
  YESTERDAY        5                         4      1
  MONTH TO DATE   45                        51     -6
  SINCE MAR 1     82                        63     19
  SINCE JAN 1     82                        63     19
..................................................................


WIND (MPH)
  HIGHEST WIND SPEED    38   HIGHEST WIND DIRECTION    NE (30)
  HIGHEST GUST SPEED    45   HIGHEST GUST DIRECTION    NE (30)
  AVERAGE WIND SPEED    14.9



WEATHER CONDITIONS
 THE FOLLOWING WEATHER WAS RECORDED YESTERDAY.
  THUNDERSTORM
  LIGHT RAIN


RELATIVE HUMIDITY (PERCENT)
 HIGHEST    86           600 AM
 LOWEST     23           400 PM
 AVERAGE    55

..........................................................


THE GARDEN CITY REGIONAL ARPT KS CLIMATE NORMALS FOR TODAY
                         NORMAL    RECORD    YEAR
 MAXIMUM TEMPERATURE (F)   79       106      1953
 MINIMUM TEMPERATURE (F)   54        33      1992


SUNRISE AND SUNSET
MAY 26 2017...........SUNRISE   625 AM CDT   SUNSET   856 PM CDT
MAY 27 2017...........SUNRISE   624 AM CDT   SUNSET   856 PM CDT


-  INDICATES NEGATIVE NUMBERS.
R  INDICATES RECORD WAS SET OR TIED.
MM INDICATES DATA IS MISSING.
T  INDICATES TRACE AMOUNT.




$$
