000
CDUS43 KDDC 220707
CLIGCK


CLIMATE REPORT
NATIONAL WEATHER SERVICE DODGE CITY KS
206 AM CDT FRI SEP 22 2017


...................................

...THE GARDEN CITY REGIONAL ARPT KS CLIMATE SUMMARY FOR SEPTEMBER 21 2017...

CLIMATE NORMAL PERIOD 1981 TO 2010
CLIMATE RECORD PERIOD 1948 TO 2017


WEATHER ITEM   OBSERVED TIME   RECORD YEAR NORMAL DEPARTURE LAST
                VALUE   (LST)  VALUE       VALUE  FROM      YEAR
                                                  NORMAL
..................................................................
TEMPERATURE (F)
 YESTERDAY
  MAXIMUM         97    355 PM  99    2005  80     17       95
  MINIMUM         50    553 AM  28    1983  52     -2       70
  AVERAGE         74                        66      8       83

PRECIPITATION (IN)
  YESTERDAY        0.00          0.98 1963   0.04  -0.04     0.00
  MONTH TO DATE    1.10                      1.07   0.03     0.19
  SINCE SEP 1      1.10                      1.07   0.03     0.19
  SINCE JAN 1     15.92                     16.72  -0.80    20.02

DEGREE DAYS
 HEATING
  YESTERDAY        0                         3     -3
  MONTH TO DATE   12                        29    -17
  SINCE SEP 1     12                        29    -17
  SINCE JUL 1     12                        33    -21

 COOLING
  YESTERDAY        9                         4      5
  MONTH TO DATE  165                       136     29
  SINCE SEP 1    165                       136     29
  SINCE JAN 1   1312                      1252     60
..................................................................


WIND (MPH)
  HIGHEST WIND SPEED    35   HIGHEST WIND DIRECTION     S (190)
  HIGHEST GUST SPEED    43   HIGHEST GUST DIRECTION     S (180)
  AVERAGE WIND SPEED    15.2



WEATHER CONDITIONS
 THE FOLLOWING WEATHER WAS RECORDED YESTERDAY.
  NO SIGNIFICANT WEATHER WAS OBSERVED.


RELATIVE HUMIDITY (PERCENT)
 HIGHEST    71           300 AM
 LOWEST     13           400 PM
 AVERAGE    42

..........................................................


THE GARDEN CITY REGIONAL ARPT KS CLIMATE NORMALS FOR TODAY
                         NORMAL    RECORD    YEAR
 MAXIMUM TEMPERATURE (F)   80        96      2016
 MINIMUM TEMPERATURE (F)   51        29      1995


SUNRISE AND SUNSET
SEPTEMBER 22 2017.....SUNRISE   731 AM CDT   SUNSET   739 PM CDT
SEPTEMBER 23 2017.....SUNRISE   732 AM CDT   SUNSET   738 PM CDT


-  INDICATES NEGATIVE NUMBERS.
R  INDICATES RECORD WAS SET OR TIED.
MM INDICATES DATA IS MISSING.
T  INDICATES TRACE AMOUNT.




$$
