000
CDUS43 KDDC 221428
CLIGCK


CLIMATE REPORT
NATIONAL WEATHER SERVICE DODGE CITY KS
826 AM CST WED NOV 22 2017


...................................

...THE GARDEN CITY REGIONAL ARPT KS CLIMATE SUMMARY FOR NOVEMBER 22 2017...
VALID AS OF 0800 AM LOCAL TIME.

CLIMATE NORMAL PERIOD 1981 TO 2010
CLIMATE RECORD PERIOD 1948 TO 2017


WEATHER ITEM   OBSERVED TIME   RECORD YEAR NORMAL DEPARTURE LAST
                VALUE   (LST)  VALUE       VALUE  FROM      YEAR
                                                  NORMAL
..................................................................
TEMPERATURE (F)
 TODAY
  MAXIMUM         31    759 AM  74    1974  52    -21       51
  MINIMUM         19    145 AM   7    1975  25     -6       42
  AVERAGE         25                        38    -13       47

PRECIPITATION (IN)
  TODAY            0.00          0.08 1971   0.02  -0.02     0.00
  MONTH TO DATE    0.01                      0.42  -0.41     0.07
  SINCE SEP 1      5.75                      3.17   2.58     0.26
  SINCE JAN 1     20.57                     18.82   1.75    20.09

..................................................................


WIND (MPH)
  HIGHEST WIND SPEED    14   HIGHEST WIND DIRECTION     S (180)
  HIGHEST GUST SPEED    20   HIGHEST GUST DIRECTION     S (180)



WEATHER CONDITIONS
 THE FOLLOWING WEATHER WAS RECORDED TODAY.
  NO SIGNIFICANT WEATHER WAS OBSERVED.


RELATIVE HUMIDITY (PERCENT)
 HIGHEST    84           500 AM
 LOWEST     68          1200 AM

..........................................................


THE GARDEN CITY REGIONAL ARPT KS CLIMATE NORMALS FOR TOMORROW
                         NORMAL    RECORD    YEAR
 MAXIMUM TEMPERATURE (F)   52        72      2005
 MINIMUM TEMPERATURE (F)   24         7      2003


SUNRISE AND SUNSET
NOVEMBER 22 2017......SUNRISE   731 AM CST   SUNSET   527 PM CST
NOVEMBER 23 2017......SUNRISE   732 AM CST   SUNSET   526 PM CST


-  INDICATES NEGATIVE NUMBERS.
R  INDICATES RECORD WAS SET OR TIED.
MM INDICATES DATA IS MISSING.
T  INDICATES TRACE AMOUNT.




$$
