000
CDUS43 KDDC 282343
CLIGCK


CLIMATE REPORT
NATIONAL WEATHER SERVICE DODGE CITY KS
541 PM CST FRI NOV 28 2014


...................................

...THE GARDEN CITY REGIONAL ARPT KS CLIMATE SUMMARY FOR NOVEMBER 28 2014...
VALID TODAY AS OF 0500 PM LOCAL TIME.

CLIMATE NORMAL PERIOD 1981 TO 2010
CLIMATE RECORD PERIOD 1948 TO 2014


WEATHER ITEM   OBSERVED TIME   RECORD YEAR NORMAL DEPARTURE LAST
                VALUE   (LST)  VALUE       VALUE  FROM      YEAR
                                                  NORMAL
..................................................................
TEMPERATURE (F)
 TODAY
  MAXIMUM         77    310 PM  78    1949  49     28       45
  MINIMUM         26    527 AM  -5    1976  22      4       24
  AVERAGE         52                        36     16       35

PRECIPITATION (IN)
  TODAY            0.00          0.15 1977   0.02  -0.02     0.00
  MONTH TO DATE    0.01                      0.52  -0.51     0.98
  SINCE SEP 1      3.74                      3.27   0.47     4.67
  SINCE JAN 1     21.39                     18.92   2.47    14.84

DEGREE DAYS
 HEATING
  TODAY           13                        29    -16       30
  MONTH TO DATE  709                       642     67      633
  SINCE SEP 1    988                      1028    -40      997
  SINCE JUL 1    998                      1032    -34      997

 COOLING
  TODAY            0                         0      0        0
  MONTH TO DATE    0                         0      0        0
  SINCE SEP 1    182                       182      0      249
  SINCE JAN 1   1342                      1298     44     1591
..................................................................


WIND (MPH)
  HIGHEST WIND SPEED    18   HIGHEST WIND DIRECTION     W (250)
  HIGHEST GUST SPEED    23   HIGHEST GUST DIRECTION    SW (240)
  AVERAGE WIND SPEED     9.1



WEATHER CONDITIONS
 THE FOLLOWING WEATHER WAS RECORDED TODAY.
  NO SIGNIFICANT WEATHER WAS OBSERVED.


RELATIVE HUMIDITY (PERCENT)
 HIGHEST    92           500 AM
 LOWEST     11           200 PM
 AVERAGE    52

..........................................................


THE GARDEN CITY REGIONAL ARPT KS CLIMATE NORMALS FOR TOMORROW
                         NORMAL    RECORD    YEAR
 MAXIMUM TEMPERATURE (F)   49        73      1973
 MINIMUM TEMPERATURE (F)   22         6      1992


SUNRISE AND SUNSET
NOVEMBER 28 2014......SUNRISE   737 AM CST   SUNSET   525 PM CST
NOVEMBER 29 2014......SUNRISE   738 AM CST   SUNSET   524 PM CST


-  INDICATES NEGATIVE NUMBERS.
R  INDICATES RECORD WAS SET OR TIED.
MM INDICATES DATA IS MISSING.
T  INDICATES TRACE AMOUNT.




$$
