000
CDUS43 KDDC 011006
CLIGCK


CLIMATE REPORT
NATIONAL WEATHER SERVICE DODGE CITY KS
506 AM CDT TUE SEP 1 2015


...................................

...THE GARDEN CITY REGIONAL ARPT KS CLIMATE SUMMARY FOR AUGUST 31 2015...

CLIMATE NORMAL PERIOD 1981 TO 2010
CLIMATE RECORD PERIOD 1948 TO 2015


WEATHER ITEM   OBSERVED TIME   RECORD YEAR NORMAL DEPARTURE LAST
                VALUE   (LST)  VALUE       VALUE  FROM      YEAR
                                                  NORMAL
..................................................................
TEMPERATURE (F)
 YESTERDAY
  MAXIMUM         97    233 PM 104    2011  87     10      100
  MINIMUM         60    648 AM  47    1993  61     -1       65
  AVERAGE         79                        74      5       83

PRECIPITATION (IN)
  YESTERDAY        0.00          1.70 1949   0.07  -0.07      T
  MONTH TO DATE    1.89                      2.45  -0.56     1.85
  SINCE JUN 1     10.97                      8.71   2.26    16.29
  SINCE JAN 1     19.79                     15.65   4.14    17.65

DEGREE DAYS
 HEATING
  YESTERDAY        0                         0      0
  MONTH TO DATE    0                         0      0
  SINCE JUN 1      0                        20    -20
  SINCE JUL 1      0                         4     -4

 COOLING
  YESTERDAY       14                         9      5
  MONTH TO DATE  349                       365    -16
  SINCE JUN 1   1105                      1027     78
  SINCE JAN 1   1135                      1116     19
..................................................................


WIND (MPH)
  HIGHEST WIND SPEED    26   HIGHEST WIND DIRECTION     S (180)
  HIGHEST GUST SPEED    33   HIGHEST GUST DIRECTION    SW (210)
  AVERAGE WIND SPEED    12.8



WEATHER CONDITIONS
 THE FOLLOWING WEATHER WAS RECORDED YESTERDAY.
  NO SIGNIFICANT WEATHER WAS OBSERVED.


RELATIVE HUMIDITY (PERCENT)
 HIGHEST    90           400 AM
 LOWEST     20           200 PM
 AVERAGE    55

..........................................................


THE GARDEN CITY REGIONAL ARPT KS CLIMATE NORMALS FOR TODAY
                         NORMAL    RECORD    YEAR
 MAXIMUM TEMPERATURE (F)   87       106      2011
 MINIMUM TEMPERATURE (F)   60        48      1949


SUNRISE AND SUNSET
SEPTEMBER  1 2015.....SUNRISE   713 AM CDT   SUNSET   813 PM CDT
SEPTEMBER  2 2015.....SUNRISE   713 AM CDT   SUNSET   811 PM CDT


-  INDICATES NEGATIVE NUMBERS.
R  INDICATES RECORD WAS SET OR TIED.
MM INDICATES DATA IS MISSING.
T  INDICATES TRACE AMOUNT.




$$
