000
CDUS43 KDDC 271020
CLIGCK


CLIMATE REPORT
NATIONAL WEATHER SERVICE DODGE CITY KS
518 AM CDT WED AUG 27 2014


...................................

...THE GARDEN CITY REGIONAL ARPT KS CLIMATE SUMMARY FOR AUGUST 26 2014...

CLIMATE NORMAL PERIOD 1981 TO 2010
CLIMATE RECORD PERIOD 1948 TO 2014


WEATHER ITEM   OBSERVED TIME   RECORD YEAR NORMAL DEPARTURE LAST
                VALUE   (LST)  VALUE       VALUE  FROM      YEAR
                                                  NORMAL
..................................................................
TEMPERATURE (F)
 YESTERDAY
  MAXIMUM         90    353 PM 106    2011  89      1       94
  MINIMUM         62    706 AM  50    2010  62      0       67
  AVERAGE         76                        75      1       81

PRECIPITATION (IN)
  YESTERDAY        0.06          2.02 1948   0.06   0.00     0.00
  MONTH TO DATE    1.03                      2.14  -1.11     4.92
  SINCE JUN 1     15.47                      8.40   7.07     8.59
  SINCE JAN 1     16.83                     15.34   1.49    10.16

DEGREE DAYS
 HEATING
  YESTERDAY        0                         0      0
  MONTH TO DATE    0                         0      0
  SINCE JUN 1     21                        17      4
  SINCE JUL 1     10                         1      9

 COOLING
  YESTERDAY       11                        10      1
  MONTH TO DATE  349                       316     33
  SINCE JUN 1    965                       978    -13
  SINCE JAN 1   1108                      1067     41
..................................................................


WIND (MPH)
  HIGHEST WIND SPEED    20   HIGHEST WIND DIRECTION    SE (130)
  HIGHEST GUST SPEED    24   HIGHEST GUST DIRECTION     E (110)
  AVERAGE WIND SPEED     9.3



WEATHER CONDITIONS
 THE FOLLOWING WEATHER WAS RECORDED YESTERDAY.
  THUNDERSTORM
  LIGHT RAIN
  FOG


RELATIVE HUMIDITY (PERCENT)
 HIGHEST    93           500 AM
 LOWEST     37           300 PM
 AVERAGE    65

..........................................................


THE GARDEN CITY REGIONAL ARPT KS CLIMATE NORMALS FOR TODAY
                         NORMAL    RECORD    YEAR
 MAXIMUM TEMPERATURE (F)   88       104      1994
 MINIMUM TEMPERATURE (F)   62        48      1992


SUNRISE AND SUNSET
AUGUST 27 2014........SUNRISE   708 AM CDT   SUNSET   820 PM CDT
AUGUST 28 2014........SUNRISE   709 AM CDT   SUNSET   818 PM CDT


-  INDICATES NEGATIVE NUMBERS.
R  INDICATES RECORD WAS SET OR TIED.
MM INDICATES DATA IS MISSING.
T  INDICATES TRACE AMOUNT.




$$
