000
CDUS43 KDDC 311009
CLIGCK


CLIMATE REPORT
NATIONAL WEATHER SERVICE DODGE CITY KS
508 AM CDT THU JUL 31 2014


...................................

...THE GARDEN CITY REGIONAL ARPT KS CLIMATE SUMMARY FOR JULY 30 2014...

CLIMATE NORMAL PERIOD 1981 TO 2010
CLIMATE RECORD PERIOD 1948 TO 2014


WEATHER ITEM   OBSERVED TIME   RECORD YEAR NORMAL DEPARTURE LAST
                VALUE   (LST)  VALUE       VALUE  FROM      YEAR
                                                  NORMAL
..................................................................
TEMPERATURE (F)
 YESTERDAY
  MAXIMUM         71    444 PM 105    1980  92    -21       86
  MINIMUM         59   1159 PM  49    1971  65     -6       68
  AVERAGE         65                        78    -13       77

PRECIPITATION (IN)
  YESTERDAY        1.89R         1.52 1950   0.09   1.80     0.00
  MONTH TO DATE    3.56                      2.69   0.87     1.06
  SINCE JUN 1     14.44                      6.17   8.27     3.20
  SINCE JAN 1     15.80                     13.11   2.69     4.77

DEGREE DAYS
 HEATING
  YESTERDAY        0                         0      0
  MONTH TO DATE   10                         0     10
  SINCE JUN 1     21                        16      5
  SINCE JUL 1     10                         0     10

 COOLING
  YESTERDAY        0                        13    -13
  MONTH TO DATE  338                       398    -60
  SINCE JUN 1    612                       650    -38
  SINCE JAN 1    755                       739     16
..................................................................


WIND (MPH)
  HIGHEST WIND SPEED    24   HIGHEST WIND DIRECTION    NE (60)
  HIGHEST GUST SPEED    30   HIGHEST GUST DIRECTION    NE (60)
  AVERAGE WIND SPEED    11.5



WEATHER CONDITIONS
 THE FOLLOWING WEATHER WAS RECORDED YESTERDAY.
  THUNDERSTORM
  HEAVY RAIN
  RAIN
  LIGHT RAIN
  FOG


RELATIVE HUMIDITY (PERCENT)
 HIGHEST   100           300 AM
 LOWEST     61           600 PM
 AVERAGE    81

..........................................................


THE GARDEN CITY REGIONAL ARPT KS CLIMATE NORMALS FOR TODAY
                         NORMAL    RECORD    YEAR
 MAXIMUM TEMPERATURE (F)   91       104      1991
 MINIMUM TEMPERATURE (F)   65        54      1971


SUNRISE AND SUNSET
JULY 31 2014..........SUNRISE   645 AM CDT   SUNSET   853 PM CDT
AUGUST  1 2014........SUNRISE   646 AM CDT   SUNSET   852 PM CDT


-  INDICATES NEGATIVE NUMBERS.
R  INDICATES RECORD WAS SET OR TIED.
MM INDICATES DATA IS MISSING.
T  INDICATES TRACE AMOUNT.




$$
