000
CDUS43 KDDC 270707
CLIGCK


CLIMATE REPORT
NATIONAL WEATHER SERVICE DODGE CITY KS
206 AM CDT MON MAR 27 2017


...................................

...THE GARDEN CITY REGIONAL ARPT KS CLIMATE SUMMARY FOR MARCH 26 2017...

CLIMATE NORMAL PERIOD 1981 TO 2010
CLIMATE RECORD PERIOD 1948 TO 2017


WEATHER ITEM   OBSERVED TIME   RECORD YEAR NORMAL DEPARTURE LAST
                VALUE   (LST)  VALUE       VALUE  FROM      YEAR
                                                  NORMAL
..................................................................
TEMPERATURE (F)
 YESTERDAY
  MAXIMUM         47    520 PM  88    1972  61    -14       49
  MINIMUM         37    558 AM   3    1955  32      5       32
  AVERAGE         42                        46     -4       41

PRECIPITATION (IN)
  YESTERDAY        0.00          0.37 2010   0.06  -0.06      T
  MONTH TO DATE    0.22                      1.16  -0.94      T
  SINCE MAR 1      0.22                      1.16  -0.94      T
  SINCE JAN 1      1.51                      2.04  -0.53     0.22

DEGREE DAYS
 HEATING
  YESTERDAY       23                        19      4
  MONTH TO DATE  415                       575   -160
  SINCE MAR 1    415                       575   -160
  SINCE JUL 1   3889                      4599   -710

 COOLING
  YESTERDAY        0                         0      0
  MONTH TO DATE    8                         0      8
  SINCE MAR 1      8                         0      8
  SINCE JAN 1      8                         0      8
..................................................................


WIND (MPH)
  HIGHEST WIND SPEED    22   HIGHEST WIND DIRECTION     E (110)
  HIGHEST GUST SPEED    27   HIGHEST GUST DIRECTION     E (110)
  AVERAGE WIND SPEED    13.1



WEATHER CONDITIONS
 THE FOLLOWING WEATHER WAS RECORDED YESTERDAY.
  FOG
  FOG W/VISIBILITY <= 1/4 MILE


RELATIVE HUMIDITY (PERCENT)
 HIGHEST   100           700 AM
 LOWEST     85          1200 AM
 AVERAGE    93

..........................................................


THE GARDEN CITY REGIONAL ARPT KS CLIMATE NORMALS FOR TODAY
                         NORMAL    RECORD    YEAR
 MAXIMUM TEMPERATURE (F)   61        84      1988
 MINIMUM TEMPERATURE (F)   32        12      1955


SUNRISE AND SUNSET
MARCH 27 2017.........SUNRISE   735 AM CDT   SUNSET   802 PM CDT
MARCH 28 2017.........SUNRISE   734 AM CDT   SUNSET   802 PM CDT


-  INDICATES NEGATIVE NUMBERS.
R  INDICATES RECORD WAS SET OR TIED.
MM INDICATES DATA IS MISSING.
T  INDICATES TRACE AMOUNT.




$$
