000
CDUS43 KDDC 260713
CLIGCK


CLIMATE REPORT
NATIONAL WEATHER SERVICE DODGE CITY KS
212 AM CDT WED APR 26 2017


...................................

...THE GARDEN CITY REGIONAL ARPT KS CLIMATE SUMMARY FOR APRIL 25 2017...

CLIMATE NORMAL PERIOD 1981 TO 2010
CLIMATE RECORD PERIOD 1948 TO 2017


WEATHER ITEM   OBSERVED TIME   RECORD YEAR NORMAL DEPARTURE LAST
                VALUE   (LST)  VALUE       VALUE  FROM      YEAR
                                                  NORMAL
..................................................................
TEMPERATURE (F)
 YESTERDAY
  MAXIMUM         58    340 PM  92    2012  70    -12       75
  MINIMUM         43    455 AM  28    1978  42      1       45
  AVERAGE         51                        56     -5       60

PRECIPITATION (IN)
  YESTERDAY        0.00          1.20 1990   0.06  -0.06     0.00
  MONTH TO DATE    1.49                      1.38   0.11     3.28
  SINCE MAR 1      3.99                      2.84   1.15     3.28
  SINCE JAN 1      5.28                      3.72   1.56     3.50

DEGREE DAYS
 HEATING
  YESTERDAY       14                        10      4
  MONTH TO DATE  228                       332   -104
  SINCE MAR 1    738                       996   -258
  SINCE JUL 1   4212                      5020   -808

 COOLING
  YESTERDAY        0                         1     -1
  MONTH TO DATE   29                         6     23
  SINCE MAR 1     37                         6     31
  SINCE JAN 1     37                         6     31
..................................................................


WIND (MPH)
  HIGHEST WIND SPEED    28   HIGHEST WIND DIRECTION     N (360)
  HIGHEST GUST SPEED    34   HIGHEST GUST DIRECTION     N (10)
  AVERAGE WIND SPEED    15.1



WEATHER CONDITIONS
 THE FOLLOWING WEATHER WAS RECORDED YESTERDAY.
  NO SIGNIFICANT WEATHER WAS OBSERVED.


RELATIVE HUMIDITY (PERCENT)
 HIGHEST   100           600 AM
 LOWEST     62           100 PM
 AVERAGE    81

..........................................................


THE GARDEN CITY REGIONAL ARPT KS CLIMATE NORMALS FOR TODAY
                         NORMAL    RECORD    YEAR
 MAXIMUM TEMPERATURE (F)   71        94      1956
 MINIMUM TEMPERATURE (F)   43        27      2006


SUNRISE AND SUNSET
APRIL 26 2017.........SUNRISE   653 AM CDT   SUNSET   829 PM CDT
APRIL 27 2017.........SUNRISE   651 AM CDT   SUNSET   830 PM CDT


-  INDICATES NEGATIVE NUMBERS.
R  INDICATES RECORD WAS SET OR TIED.
MM INDICATES DATA IS MISSING.
T  INDICATES TRACE AMOUNT.




$$
