000
CDUS41 KPHI 300628
CLIGED


CLIMATE REPORT
NATIONAL WEATHER SERVICE MOUNT HOLLY NJ
228 AM EDT TUE SEP 30 2014


...................................

...THE GEORGETOWN DE CLIMATE SUMMARY FOR SEPTEMBER 29 2014...

CLIMATE NORMAL PERIOD 1981 TO 2010
CLIMATE RECORD PERIOD 1948 TO 2014


WEATHER ITEM   OBSERVED TIME   RECORD YEAR NORMAL DEPARTURE LAST
                VALUE   (LST)  VALUE       VALUE  FROM      YEAR
                                                  NORMAL
..................................................................
TEMPERATURE (F)
 YESTERDAY
  MAXIMUM         78   1136 AM  90    1954  74      4       73
  MINIMUM         61    416 AM  37    1978  54      7       51
  AVERAGE         70                        64      6       62

PRECIPITATION (IN)
  YESTERDAY        0.06          1.31 1996   0.13  -0.07     0.00
  MONTH TO DATE    3.89                      4.01  -0.12     0.69
  SINCE SEP 1      3.89                      4.01  -0.12     0.69
  SINCE JAN 1     34.19                     33.28   0.91    42.68

SNOWFALL (IN)
  YESTERDAY       MM            MM      MM  MM     MM       MM
  MONTH TO DATE   MM                        MM     MM       MM
  SINCE SEP 1     MM                        MM     MM       MM
  SINCE JUL 1     MM                        MM     MM       MM
  SNOW DEPTH      MM

DEGREE DAYS
 HEATING
  YESTERDAY        0                         3     -3        3
  MONTH TO DATE   15                        33    -18       49
  SINCE SEP 1     15                        33    -18       49
  SINCE JUL 1     15                        34    -19       49

 COOLING
  YESTERDAY        5                         2      3        0
  MONTH TO DATE  171                       140     31      136
  SINCE SEP 1    171                       140     31      136
  SINCE JAN 1   1122                      1169    -47     1323
..................................................................


WIND (MPH)
  HIGHEST WIND SPEED    12   HIGHEST WIND DIRECTION     S (160)
  HIGHEST GUST SPEED    13   HIGHEST GUST DIRECTION     S (170)
  AVERAGE WIND SPEED     6.4


SKY COVER
  POSSIBLE SUNSHINE  MM
  AVERAGE SKY COVER 0.4


WEATHER CONDITIONS
 THE FOLLOWING WEATHER WAS RECORDED YESTERDAY.
  LIGHT RAIN
  FOG
  FOG W/VISIBILITY <= 1/4 MILE


RELATIVE HUMIDITY (PERCENT)
 HIGHEST    97           400 AM
 LOWEST     60           200 PM
 AVERAGE    79

..........................................................


THE GEORGETOWN DE CLIMATE NORMALS FOR TODAY
                         NORMAL    RECORD    YEAR
 MAXIMUM TEMPERATURE (F)   73        88      1973
 MINIMUM TEMPERATURE (F)   53        33      1951


SUNRISE AND SUNSET
SEPTEMBER 30 2014.....SUNRISE   656 AM EDT   SUNSET   646 PM EDT
OCTOBER  1 2014.......SUNRISE   657 AM EDT   SUNSET   644 PM EDT


-  INDICATES NEGATIVE NUMBERS.
R  INDICATES RECORD WAS SET OR TIED.
MM INDICATES DATA IS MISSING.
T  INDICATES TRACE AMOUNT.




$$
