000
CDUS41 KPHI 272130
CLIGED


CLIMATE REPORT
NATIONAL WEATHER SERVICE MOUNT HOLLY NJ
529 PM EDT WED MAY 27 2015


...................................

...THE GEORGETOWN DE CLIMATE SUMMARY FOR MAY 27 2015...
VALID TODAY AS OF 0500 PM LOCAL TIME.

CLIMATE NORMAL PERIOD 1981 TO 2010
CLIMATE RECORD PERIOD 1948 TO 2015


WEATHER ITEM   OBSERVED TIME   RECORD YEAR NORMAL DEPARTURE LAST
                VALUE   (LST)  VALUE       VALUE  FROM      YEAR
                                                  NORMAL
..................................................................
TEMPERATURE (F)
 TODAY
  MAXIMUM         89    300 PM  95    1965  77     12       90
  MINIMUM         68    330 AM  39    1967  56     12       68
  AVERAGE         79                        67     12       79

PRECIPITATION (IN)
  TODAY            0.00          0.84 1961   0.13  -0.13     0.14
  MONTH TO DATE    1.19                      3.04  -1.85     2.67
  SINCE MAR 1      7.91                     10.72  -2.81     9.54
  SINCE JAN 1     14.74                     16.43  -1.69    16.72

SNOWFALL (IN)
  TODAY           MM            MM      MM  MM     MM       MM
  MONTH TO DATE   MM                        MM     MM       MM
  SINCE MAR 1     MM                        MM     MM       MM
  SINCE JUL 1     MM                        MM     MM       MM
  SNOW DEPTH      MM

DEGREE DAYS
 HEATING
  TODAY            0                         2     -2        0
  MONTH TO DATE   63                       127    -64       55
  SINCE MAR 1   1128                      1107     21     1133
  SINCE JUL 1   4616                      4387    229     4488

 COOLING
  TODAY           14                         4     10       14
  MONTH TO DATE  121                        58     63       86
  SINCE MAR 1    126                        78     48       98
  SINCE JAN 1    126                        78     48       98
..................................................................


WIND (MPH)
  HIGHEST WIND SPEED    21   HIGHEST WIND DIRECTION    SW (210)
  HIGHEST GUST SPEED    27   HIGHEST GUST DIRECTION    SW (230)
  AVERAGE WIND SPEED    12.7


SKY COVER
  POSSIBLE SUNSHINE  MM
  AVERAGE SKY COVER 0.5


WEATHER CONDITIONS
 THE FOLLOWING WEATHER WAS RECORDED TODAY.
  NO SIGNIFICANT WEATHER WAS OBSERVED.


RELATIVE HUMIDITY (PERCENT)
 HIGHEST    90           300 AM
 LOWEST     47           300 PM
 AVERAGE    69

..........................................................


THE GEORGETOWN DE CLIMATE NORMALS FOR TOMORROW
                         NORMAL    RECORD    YEAR
 MAXIMUM TEMPERATURE (F)   77        93      1965
 MINIMUM TEMPERATURE (F)   57        39      1972


SUNRISE AND SUNSET
MAY 27 2015...........SUNRISE   541 AM EDT   SUNSET   817 PM EDT
MAY 28 2015...........SUNRISE   541 AM EDT   SUNSET   817 PM EDT


-  INDICATES NEGATIVE NUMBERS.
R  INDICATES RECORD WAS SET OR TIED.
MM INDICATES DATA IS MISSING.
T  INDICATES TRACE AMOUNT.




$$
