000
CDUS41 KPHI 210631
CLIGED


CLIMATE REPORT
NATIONAL WEATHER SERVICE MOUNT HOLLY NJ
129 AM EST TUE FEB 21 2017


...................................

...THE GEORGETOWN DE CLIMATE SUMMARY FOR FEBRUARY 20 2017...

CLIMATE NORMAL PERIOD 1981 TO 2010
CLIMATE RECORD PERIOD 1948 TO 2017


WEATHER ITEM   OBSERVED TIME   RECORD YEAR NORMAL DEPARTURE LAST
                VALUE   (LST)  VALUE       VALUE  FROM      YEAR
                                                  NORMAL
..................................................................
TEMPERATURE (F)
 YESTERDAY
  MAXIMUM         62    322 PM  68    2002  48     14       63
                                      1961
  MINIMUM         33   1139 PM  -3    2015  29      4       40
  AVERAGE         48                        38     10       52

PRECIPITATION (IN)
  YESTERDAY        0.00          0.54 1979   0.10  -0.10     0.00
  MONTH TO DATE    0.56                      1.97  -1.41     2.78
  SINCE DEC 1      6.49                      8.18  -1.69     9.81
  SINCE JAN 1      3.69                      4.89  -1.20     5.65

DEGREE DAYS
 HEATING
  YESTERDAY       17                        27    -10       13
  MONTH TO DATE  436                       564   -128      559
  SINCE DEC 1   1956                      2290   -334     1874
  SINCE JUL 1   2590                      3074   -484     2514

 COOLING
  YESTERDAY        0                         0      0        0
  MONTH TO DATE    0                         0      0        0
  SINCE DEC 1      0                         0      0        9
  SINCE JAN 1      0                         0      0        0
..................................................................


WIND (MPH)
  HIGHEST WIND SPEED    15   HIGHEST WIND DIRECTION    NE (30)
  HIGHEST GUST SPEED    20   HIGHEST GUST DIRECTION    NE (30)
  AVERAGE WIND SPEED     4.8


SKY COVER
  POSSIBLE SUNSHINE  MM
  AVERAGE SKY COVER 0.0


WEATHER CONDITIONS
 THE FOLLOWING WEATHER WAS RECORDED YESTERDAY.
  FOG
  HAZE


RELATIVE HUMIDITY (PERCENT)
 HIGHEST    92           700 AM
 LOWEST     34           300 PM
 AVERAGE    63

..........................................................


THE GEORGETOWN DE CLIMATE NORMALS FOR TODAY
                         NORMAL    RECORD    YEAR
 MAXIMUM TEMPERATURE (F)   48        71      2014
 MINIMUM TEMPERATURE (F)   29        -4      2015


SUNRISE AND SUNSET
FEBRUARY 21 2017......SUNRISE   644 AM EST   SUNSET   546 PM EST
FEBRUARY 22 2017......SUNRISE   643 AM EST   SUNSET   547 PM EST


-  INDICATES NEGATIVE NUMBERS.
R  INDICATES RECORD WAS SET OR TIED.
MM INDICATES DATA IS MISSING.
T  INDICATES TRACE AMOUNT.




$$
