082
CDUS41 KPHI 040631
CLIGED


CLIMATE REPORT
NATIONAL WEATHER SERVICE MOUNT HOLLY NJ
131 AM EST SUN DEC 4 2016


...................................

...THE GEORGETOWN DE CLIMATE SUMMARY FOR DECEMBER 3 2016...

CLIMATE NORMAL PERIOD 1981 TO 2010
CLIMATE RECORD PERIOD 1948 TO 2016


WEATHER ITEM   OBSERVED TIME   RECORD YEAR NORMAL DEPARTURE LAST
                VALUE   (LST)  VALUE       VALUE  FROM      YEAR
                                                  NORMAL
..................................................................
TEMPERATURE (F)
 YESTERDAY
  MAXIMUM         52    336 PM  71    2012  52      0       57
  MINIMUM         40    544 AM  12    1976  34      6       39
  AVERAGE         46                        43      3       48

PRECIPITATION (IN)
  YESTERDAY        0.00          2.83 1967   0.13  -0.13     0.00
  MONTH TO DATE    0.10                      0.36  -0.26     0.59
  SINCE DEC 1      0.10                      0.36  -0.26     0.59
  SINCE JAN 1     45.37                     40.84   4.53    35.80

SNOWFALL (IN)
  YESTERDAY       MM            MM      MM  MM     MM       MM
  MONTH TO DATE   MM                        MM     MM       MM
  SINCE DEC 1     MM                        MM     MM       MM
  SINCE JUL 1     MM                        MM     MM       MM
  SNOW DEPTH      MM

DEGREE DAYS
 HEATING
  YESTERDAY       19                        22     -3       17
  MONTH TO DATE   53                        65    -12       33
  SINCE DEC 1     53                        65    -12       33
  SINCE JUL 1    687                       849   -162      673

 COOLING
  YESTERDAY        0                         0      0        0
  MONTH TO DATE    0                         0      0        0
  SINCE DEC 1      0                         0      0        0
  SINCE JAN 1   1506                      1196    310     1413
..................................................................


WIND (MPH)
  HIGHEST WIND SPEED    18   HIGHEST WIND DIRECTION    NW (310)
  HIGHEST GUST SPEED    29   HIGHEST GUST DIRECTION    NW (330)
  AVERAGE WIND SPEED     8.7


SKY COVER
  POSSIBLE SUNSHINE  MM
  AVERAGE SKY COVER 0.2


WEATHER CONDITIONS
 THE FOLLOWING WEATHER WAS RECORDED YESTERDAY.
  NO SIGNIFICANT WEATHER WAS OBSERVED.


RELATIVE HUMIDITY (PERCENT)
 HIGHEST    65           600 AM
 LOWEST     41           200 PM
 AVERAGE    53

..........................................................


THE GEORGETOWN DE CLIMATE NORMALS FOR TODAY
                         NORMAL    RECORD    YEAR
 MAXIMUM TEMPERATURE (F)   52        73      2012
 MINIMUM TEMPERATURE (F)   33        11      1976


SUNRISE AND SUNSET
DECEMBER  4 2016......SUNRISE   704 AM EST   SUNSET   440 PM EST
DECEMBER  5 2016......SUNRISE   705 AM EST   SUNSET   440 PM EST


-  INDICATES NEGATIVE NUMBERS.
R  INDICATES RECORD WAS SET OR TIED.
MM INDICATES DATA IS MISSING.
T  INDICATES TRACE AMOUNT.




$$
