000
CDUS41 KPHI 010629
CLIGED


CLIMATE REPORT
NATIONAL WEATHER SERVICE MOUNT HOLLY NJ
229 AM EDT SUN MAY 1 2016


...................................

...THE GEORGETOWN DE CLIMATE SUMMARY FOR APRIL 30 2016...

CLIMATE NORMAL PERIOD 1981 TO 2010
CLIMATE RECORD PERIOD 1948 TO 2016


WEATHER ITEM   OBSERVED TIME   RECORD YEAR NORMAL DEPARTURE LAST
                VALUE   (LST)  VALUE       VALUE  FROM      YEAR
                                                  NORMAL
..................................................................
TEMPERATURE (F)
 YESTERDAY
  MAXIMUM         58    224 PM  90    1974  69    -11       72
  MINIMUM         48    602 AM  32    1992  48      0       49
  AVERAGE         53                        58     -5       61

PRECIPITATION (IN)
  YESTERDAY        0.00          1.20 1990   0.08  -0.08      T
  MONTH TO DATE    3.82                      3.63   0.19     2.95
  SINCE MAR 1      5.36                      7.68  -2.32     6.72
  SINCE JAN 1     11.83                     13.39  -1.56    13.55

SNOWFALL (IN)
  YESTERDAY       MM            MM      MM  MM     MM       MM
  MONTH TO DATE   MM                        MM     MM       MM
  SINCE MAR 1     MM                        MM     MM       MM
  SINCE JUL 1     MM                        MM     MM       MM
  SNOW DEPTH      MM

DEGREE DAYS
 HEATING
  YESTERDAY       12                         8      4        4
  MONTH TO DATE  372                       348     24      312
  SINCE MAR 1    822                       980   -158     1065
  SINCE JUL 1   3500                      4260   -760     4553

 COOLING
  YESTERDAY        0                         1     -1        0
  MONTH TO DATE   19                        18      1        5
  SINCE MAR 1     21                        20      1        5
  SINCE JAN 1     21                        20      1        5
..................................................................


WIND (MPH)
  HIGHEST WIND SPEED    14   HIGHEST WIND DIRECTION    NE (50)
  HIGHEST GUST SPEED    19   HIGHEST GUST DIRECTION     E (100)
  AVERAGE WIND SPEED     7.5


SKY COVER
  POSSIBLE SUNSHINE  MM
  AVERAGE SKY COVER 0.9


WEATHER CONDITIONS
 THE FOLLOWING WEATHER WAS RECORDED YESTERDAY.
  FOG


RELATIVE HUMIDITY (PERCENT)
 HIGHEST   100           600 AM
 LOWEST     66          1100 AM
 AVERAGE    83

..........................................................


THE GEORGETOWN DE CLIMATE NORMALS FOR TODAY
                         NORMAL    RECORD    YEAR
 MAXIMUM TEMPERATURE (F)   69        89      2010
 MINIMUM TEMPERATURE (F)   48        34      1987


SUNRISE AND SUNSET
MAY  1 2016...........SUNRISE   603 AM EDT   SUNSET   754 PM EDT
MAY  2 2016...........SUNRISE   602 AM EDT   SUNSET   755 PM EDT


-  INDICATES NEGATIVE NUMBERS.
R  INDICATES RECORD WAS SET OR TIED.
MM INDICATES DATA IS MISSING.
T  INDICATES TRACE AMOUNT.




$$
