000
CDUS41 KPHI 180632
CLIGED


CLIMATE REPORT
NATIONAL WEATHER SERVICE MOUNT HOLLY NJ
229 AM EDT FRI APR 18 2014


...................................

...THE GEORGETOWN DE CLIMATE SUMMARY FOR APRIL 17 2014...

CLIMATE NORMAL PERIOD 1981 TO 2010
CLIMATE RECORD PERIOD 1948 TO 2014


WEATHER ITEM   OBSERVED TIME   RECORD YEAR NORMAL DEPARTURE LAST
                VALUE   (LST)  VALUE       VALUE  FROM      YEAR
                                                  NORMAL
..................................................................
TEMPERATURE (F)
 YESTERDAY
  MAXIMUM         50    108 PM  94    2002  65    -15       76
  MINIMUM         31    523 AM  29    2005  44    -13       56
                                      1966
  AVERAGE         41                        54    -13       66

PRECIPITATION (IN)
  YESTERDAY        0.00          1.51 1954   0.11  -0.11     0.00
  MONTH TO DATE    1.99                      2.24  -0.25     1.53
  SINCE MAR 1      5.35                      6.29  -0.94     5.11
  SINCE JAN 1     12.53                     12.00   0.53    10.08

SNOWFALL (IN)
  YESTERDAY       MM            MM      MM  MM     MM       MM
  MONTH TO DATE   MM                        MM     MM       MM
  SINCE MAR 1     MM                        MM     MM       MM
  SINCE JUL 1     MM                        MM     MM       MM
  SNOW DEPTH      MM

DEGREE DAYS
 HEATING
  YESTERDAY       24                        11     13        0
  MONTH TO DATE  190                       227    -37      171
  SINCE MAR 1    930                       859     71      903
  SINCE JUL 1   4285                      4139    146     3883

 COOLING
  YESTERDAY        0                         1     -1        1
  MONTH TO DATE   12                         7      5       24
  SINCE MAR 1     12                         9      3       24
  SINCE JAN 1     12                         9      3       24
..................................................................


WIND (MPH)
  HIGHEST WIND SPEED    20   HIGHEST WIND DIRECTION     E (80)
  HIGHEST GUST SPEED    25   HIGHEST GUST DIRECTION    NE (40)
  AVERAGE WIND SPEED     9.9


SKY COVER
  POSSIBLE SUNSHINE  MM
  AVERAGE SKY COVER 0.6


WEATHER CONDITIONS
 THE FOLLOWING WEATHER WAS RECORDED YESTERDAY.
  NO SIGNIFICANT WEATHER WAS OBSERVED.


RELATIVE HUMIDITY (PERCENT)
 HIGHEST    92           500 AM
 LOWEST     50          1000 AM
 AVERAGE    71

..........................................................


THE GEORGETOWN DE CLIMATE NORMALS FOR TODAY
                         NORMAL    RECORD    YEAR
 MAXIMUM TEMPERATURE (F)   65        90      1976
 MINIMUM TEMPERATURE (F)   44        27      1996


SUNRISE AND SUNSET
APRIL 18 2014.........SUNRISE   621 AM EDT   SUNSET   741 PM EDT
APRIL 19 2014.........SUNRISE   620 AM EDT   SUNSET   742 PM EDT


-  INDICATES NEGATIVE NUMBERS.
R  INDICATES RECORD WAS SET OR TIED.
MM INDICATES DATA IS MISSING.
T  INDICATES TRACE AMOUNT.




$$
