000
CDUS41 KPHI 220606
CLIGED


CLIMATE REPORT
NATIONAL WEATHER SERVICE MOUNT HOLLY NJ
105 AM EST WED NOV 22 2017


...................................

...THE GEORGETOWN DE CLIMATE SUMMARY FOR NOVEMBER 21 2017...

CLIMATE NORMAL PERIOD 1981 TO 2010
CLIMATE RECORD PERIOD 1948 TO 2017


WEATHER ITEM   OBSERVED TIME   RECORD YEAR NORMAL DEPARTURE LAST
                VALUE   (LST)  VALUE       VALUE  FROM      YEAR
                                                  NORMAL
..................................................................
TEMPERATURE (F)
 YESTERDAY
  MAXIMUM         61    240 PM  75    1985  57      4       45
  MINIMUM         36    731 AM  17    1951  37     -1       34
  AVERAGE         49                        47      2       40

PRECIPITATION (IN)
  YESTERDAY        0.00          1.82 1954   0.10  -0.10     0.00
  MONTH TO DATE    1.47                      2.36  -0.89     0.23
  SINCE SEP 1      7.09                     10.21  -3.12    15.79
  SINCE JAN 1     41.10                     39.48   1.62    45.15

DEGREE DAYS
 HEATING
  YESTERDAY       16                        18     -2       25
  MONTH TO DATE  305                       319    -14      299
  SINCE SEP 1    445                       604   -159      476
  SINCE JUL 1    445                       605   -160      476

 COOLING
  YESTERDAY        0                         0      0        0
  MONTH TO DATE    6                         0      6        5
  SINCE SEP 1    284                       165    119      290
  SINCE JAN 1   1517                      1194    323     1504
..................................................................


WIND (MPH)
  HIGHEST WIND SPEED    26   HIGHEST WIND DIRECTION    SW (220)
  HIGHEST GUST SPEED    33   HIGHEST GUST DIRECTION    SW (220)
  AVERAGE WIND SPEED    10.4


SKY COVER
  POSSIBLE SUNSHINE  MM
  AVERAGE SKY COVER 0.1


WEATHER CONDITIONS
 THE FOLLOWING WEATHER WAS RECORDED YESTERDAY.
  NO SIGNIFICANT WEATHER WAS OBSERVED.


RELATIVE HUMIDITY (PERCENT)
 HIGHEST    85           500 AM
 LOWEST     42           200 PM
 AVERAGE    64

..........................................................


THE GEORGETOWN DE CLIMATE NORMALS FOR TODAY
                         NORMAL    RECORD    YEAR
 MAXIMUM TEMPERATURE (F)   56        75      1953
 MINIMUM TEMPERATURE (F)   37        16      1987


SUNRISE AND SUNSET
NOVEMBER 22 2017......SUNRISE   651 AM EST   SUNSET   444 PM EST
NOVEMBER 23 2017......SUNRISE   653 AM EST   SUNSET   443 PM EST


-  INDICATES NEGATIVE NUMBERS.
R  INDICATES RECORD WAS SET OR TIED.
MM INDICATES DATA IS MISSING.
T  INDICATES TRACE AMOUNT.




$$
