000
CDUS41 KPHI 252130
CLIGED


CLIMATE REPORT
NATIONAL WEATHER SERVICE MOUNT HOLLY NJ
528 PM EDT THU AUG 25 2016


...................................

...THE GEORGETOWN DE CLIMATE SUMMARY FOR AUGUST 25 2016...
VALID TODAY AS OF 0500 PM LOCAL TIME.

CLIMATE NORMAL PERIOD 1981 TO 2010
CLIMATE RECORD PERIOD 1948 TO 2016


WEATHER ITEM   OBSERVED TIME   RECORD YEAR NORMAL DEPARTURE LAST
                VALUE   (LST)  VALUE       VALUE  FROM      YEAR
                                                  NORMAL
..................................................................
TEMPERATURE (F)
 TODAY
  MAXIMUM         87    328 PM  95    2007  84      3       85
                                      1968
  MINIMUM         61    502 AM  45    1952  65     -4       64
  AVERAGE         74                        75     -1       75

PRECIPITATION (IN)
  TODAY            0.00          4.25 1958   0.14  -0.14      T
  MONTH TO DATE    3.88                      2.84   1.04     2.32
  SINCE JUN 1     11.13                     11.64  -0.51    10.46
  SINCE JAN 1     29.36                     28.58   0.78    25.20

SNOWFALL (IN)
  TODAY           MM            MM      MM  MM     MM       MM
  MONTH TO DATE   MM                        MM     MM       MM
  SINCE JUN 1     MM                        MM     MM       MM
  SINCE JUL 1     MM                        MM     MM       MM
  SNOW DEPTH      MM

DEGREE DAYS
 HEATING
  TODAY            0                         0      0        0
  MONTH TO DATE    0                         0      0        0
  SINCE JUN 1      1                        13    -12       21
  SINCE JUL 1      0                         0      0        0

 COOLING
  TODAY            9                        10     -1       10
  MONTH TO DATE  347                       277     70      271
  SINCE JUN 1   1042                       883    159      944
  SINCE JAN 1   1132                       977    155     1119
..................................................................


WIND (MPH)
  HIGHEST WIND SPEED    18   HIGHEST WIND DIRECTION     S (200)
  HIGHEST GUST SPEED    24   HIGHEST GUST DIRECTION     S (180)
  AVERAGE WIND SPEED     7.0


SKY COVER
  POSSIBLE SUNSHINE  MM
  AVERAGE SKY COVER 0.1


WEATHER CONDITIONS
 THE FOLLOWING WEATHER WAS RECORDED TODAY.
  NO SIGNIFICANT WEATHER WAS OBSERVED.


RELATIVE HUMIDITY (PERCENT)
 HIGHEST   100           500 AM
 LOWEST     53           300 PM
 AVERAGE    77

..........................................................


THE GEORGETOWN DE CLIMATE NORMALS FOR TOMORROW
                         NORMAL    RECORD    YEAR
 MAXIMUM TEMPERATURE (F)   84        97      1968
 MINIMUM TEMPERATURE (F)   65        47      1977


SUNRISE AND SUNSET
AUGUST 25 2016........SUNRISE   625 AM EDT   SUNSET   741 PM EDT
AUGUST 26 2016........SUNRISE   626 AM EDT   SUNSET   740 PM EDT


-  INDICATES NEGATIVE NUMBERS.
R  INDICATES RECORD WAS SET OR TIED.
MM INDICATES DATA IS MISSING.
T  INDICATES TRACE AMOUNT.




$$
