000
CDUS41 KPHI 310634
CLIGED


CLIMATE REPORT
NATIONAL WEATHER SERVICE MOUNT HOLLY NJ
132 AM EST SAT JAN 31 2015


...................................

...THE GEORGETOWN DE CLIMATE SUMMARY FOR JANUARY 30 2015...

CLIMATE NORMAL PERIOD 1981 TO 2010
CLIMATE RECORD PERIOD 1948 TO 2015


WEATHER ITEM   OBSERVED TIME   RECORD YEAR NORMAL DEPARTURE LAST
                VALUE   (LST)  VALUE       VALUE  FROM      YEAR
                                                  NORMAL
..................................................................
TEMPERATURE (F)
 YESTERDAY
  MAXIMUM         44   1209 PM  77    2002  44      0       30
  MINIMUM         23   1159 PM  -5    2014  27     -4       -5
  AVERAGE         34                        35     -1       13

PRECIPITATION (IN)
  YESTERDAY        T             1.40 1966   0.09  -0.09     0.00
  MONTH TO DATE    4.53                      2.83   1.70     3.04
  SINCE DEC 1      8.06                      6.12   1.94     7.93
  SINCE JAN 1      4.53                      2.83   1.70     3.04

SNOWFALL (IN)
  YESTERDAY       MM            MM      MM  MM     MM       MM
  MONTH TO DATE   MM                        MM     MM       MM
  SINCE DEC 1     MM                        MM     MM       MM
  SINCE JUL 1     MM                        MM     MM       MM
  SNOW DEPTH      MM

DEGREE DAYS
 HEATING
  YESTERDAY       31                        30      1       52
  MONTH TO DATE  927                       897     30     1013
  SINCE DEC 1   1623                      1695    -72     1706
  SINCE JUL 1   2386                      2479    -93     2509

 COOLING
  YESTERDAY        0                         0      0        0
  MONTH TO DATE    0                         0      0        0
  SINCE DEC 1      0                         0      0        4
  SINCE JAN 1      0                         0      0        0
..................................................................


WIND (MPH)
  HIGHEST WIND SPEED    21   HIGHEST WIND DIRECTION    NW (320)
  HIGHEST GUST SPEED    34   HIGHEST GUST DIRECTION    NW (320)
  AVERAGE WIND SPEED    11.2


SKY COVER
  POSSIBLE SUNSHINE  MM
  AVERAGE SKY COVER 0.6


WEATHER CONDITIONS
 THE FOLLOWING WEATHER WAS RECORDED YESTERDAY.
  LIGHT SNOW
  HAZE


RELATIVE HUMIDITY (PERCENT)
 HIGHEST    64           600 AM
 LOWEST     39           100 PM
 AVERAGE    52

..........................................................


THE GEORGETOWN DE CLIMATE NORMALS FOR TODAY
                         NORMAL    RECORD    YEAR
 MAXIMUM TEMPERATURE (F)   44        67      2013
 MINIMUM TEMPERATURE (F)   27         3      1961


SUNRISE AND SUNSET
JANUARY 31 2015.......SUNRISE   708 AM EST   SUNSET   522 PM EST
FEBRUARY  1 2015......SUNRISE   707 AM EST   SUNSET   523 PM EST


-  INDICATES NEGATIVE NUMBERS.
R  INDICATES RECORD WAS SET OR TIED.
MM INDICATES DATA IS MISSING.
T  INDICATES TRACE AMOUNT.




$$
