000
CDUS41 KPHI 080627
CLIGED


CLIMATE REPORT
NATIONAL WEATHER SERVICE MOUNT HOLLY NJ
127 AM EST MON FEB 8 2016


...................................

...THE GEORGETOWN DE CLIMATE SUMMARY FOR FEBRUARY 7 2016...

CLIMATE NORMAL PERIOD 1981 TO 2010
CLIMATE RECORD PERIOD 1948 TO 2016


WEATHER ITEM   OBSERVED TIME   RECORD YEAR NORMAL DEPARTURE LAST
                VALUE   (LST)  VALUE       VALUE  FROM      YEAR
                                                  NORMAL
..................................................................
TEMPERATURE (F)
 YESTERDAY
  MAXIMUM         42    317 PM  61    2009  45     -3       49
  MINIMUM         25    543 AM   2    1996  27     -2       20
  AVERAGE         34                        36     -2       35

PRECIPITATION (IN)
  YESTERDAY        0.00          0.96 1951   0.09  -0.09     0.00
  MONTH TO DATE    1.20                      0.68   0.52     0.75
  SINCE DEC 1      8.23                      6.89   1.34     8.81
  SINCE JAN 1      4.07                      3.60   0.47     5.28

SNOWFALL (IN)
  YESTERDAY       MM            MM      MM  MM     MM       MM
  MONTH TO DATE   MM                        MM     MM       MM
  SINCE DEC 1     MM                        MM     MM       MM
  SINCE JUL 1     MM                        MM     MM       MM
  SNOW DEPTH      MM

DEGREE DAYS
 HEATING
  YESTERDAY       31                        29      2       30
  MONTH TO DATE  146                       203    -57      227
  SINCE DEC 1   1461                      1929   -468     1890
  SINCE JUL 1   2101                      2713   -612     2653

 COOLING
  YESTERDAY        0                         0      0        0
  MONTH TO DATE    0                         0      0        0
  SINCE DEC 1      9                         0      9        0
  SINCE JAN 1      0                         0      0        0
..................................................................


WIND (MPH)
  HIGHEST WIND SPEED    18   HIGHEST WIND DIRECTION    NE (30)
  HIGHEST GUST SPEED    25   HIGHEST GUST DIRECTION     N (360)
  AVERAGE WIND SPEED     6.9


SKY COVER
  POSSIBLE SUNSHINE  MM
  AVERAGE SKY COVER 0.0


WEATHER CONDITIONS
 THE FOLLOWING WEATHER WAS RECORDED YESTERDAY.
  FOG


RELATIVE HUMIDITY (PERCENT)
 HIGHEST    92           100 AM
 LOWEST     49           200 PM
 AVERAGE    71

..........................................................


THE GEORGETOWN DE CLIMATE NORMALS FOR TODAY
                         NORMAL    RECORD    YEAR
 MAXIMUM TEMPERATURE (F)   45        69      1965
 MINIMUM TEMPERATURE (F)   27         3      1967


SUNRISE AND SUNSET
FEBRUARY  8 2016......SUNRISE   701 AM EST   SUNSET   531 PM EST
FEBRUARY  9 2016......SUNRISE   700 AM EST   SUNSET   532 PM EST


-  INDICATES NEGATIVE NUMBERS.
R  INDICATES RECORD WAS SET OR TIED.
MM INDICATES DATA IS MISSING.
T  INDICATES TRACE AMOUNT.




$$
