000
CDUS46 KOTX 170832
CLIGEG


CLIMATE REPORT
NATIONAL WEATHER SERVICE SPOKANE, WA
1231 AM PST FRI NOV 17 2017


...................................

...THE SPOKANE WA AIRPORT CLIMATE SUMMARY FOR NOVEMBER 16 2017...

CLIMATE NORMAL PERIOD 1981 TO 2010
CLIMATE RECORD PERIOD 1881 TO 2017


WEATHER ITEM   OBSERVED TIME   RECORD YEAR NORMAL DEPARTURE LAST
                VALUE   (LST)  VALUE       VALUE  FROM      YEAR
                                                  NORMAL
..................................................................
TEMPERATURE (F)
 YESTERDAY
  MAXIMUM         43    125 PM  61    1919  41      2       44
  MINIMUM         35   1006 PM  -6    1955  30      5       31
  AVERAGE         39                        36      3       38

PRECIPITATION (IN)
  YESTERDAY        0.14          0.76 1953   0.08   0.06     0.15
  MONTH TO DATE    1.45                      1.15   0.30     0.83
  SINCE OCT 1      2.85                      2.33   0.52     7.06
  SINCE JAN 1     18.03                     13.11   4.92    16.07

SNOWFALL (IN)
  YESTERDAY        T             3.3  1996   0.3   -0.3      0.7
  MONTH TO DATE    7.2                       2.5    4.7      0.7
  SINCE SEP 1      7.2                       2.6    4.6      0.7
  SINCE JUL 1      7.2                       2.6    4.6      0.7
  SNOW DEPTH       0

DEGREE DAYS
 HEATING
  YESTERDAY       26                        29     -3       27
  MONTH TO DATE  460                       426     34      262
  SINCE SEP 1   1186                      1149     37      928
  SINCE JUL 1   1189                      1214    -25      958

 COOLING
  YESTERDAY        0                         0      0        0
  MONTH TO DATE    0                         0      0        0
  SINCE SEP 1     89                        39     50        7
  SINCE JAN 1    794                       450    344      494
..................................................................


WIND (MPH)
  HIGHEST WIND SPEED    24   HIGHEST WIND DIRECTION    SW (220)
  HIGHEST GUST SPEED    31   HIGHEST GUST DIRECTION    SW (210)
  AVERAGE WIND SPEED    11.6


SKY COVER
  POSSIBLE SUNSHINE  MM
  AVERAGE SKY COVER 0.8


WEATHER CONDITIONS
 THE FOLLOWING WEATHER WAS RECORDED YESTERDAY.
  RAIN
  LIGHT RAIN
  LIGHT SNOW
  FOG


RELATIVE HUMIDITY (PERCENT)
 HIGHEST   100           100 AM
 LOWEST     70           100 PM
 AVERAGE    85

..........................................................


THE SPOKANE WA AIRPORT CLIMATE NORMALS FOR TODAY
                         NORMAL    RECORD    YEAR
 MAXIMUM TEMPERATURE (F)   41        60      1908
 MINIMUM TEMPERATURE (F)   30         8      2000


SUNRISE AND SUNSET
NOVEMBER 17 2017......SUNRISE   659 AM PST   SUNSET   411 PM PST
NOVEMBER 18 2017......SUNRISE   700 AM PST   SUNSET   410 PM PST


-  INDICATES NEGATIVE NUMBERS.
R  INDICATES RECORD WAS SET OR TIED.
MM INDICATES DATA IS MISSING.
T  INDICATES TRACE AMOUNT.




$$
