000
CDUS46 KOTX 190449
CLIGEG


CLIMATE REPORT
NATIONAL WEATHER SERVICE SPOKANE, WA
849 PM PST THU JAN 18 2018


...................................

...THE SPOKANE WA AIRPORT CLIMATE SUMMARY FOR JANUARY 18 2018...
VALID AS OF 0800 PM LOCAL TIME.

CLIMATE NORMAL PERIOD 1981 TO 2010
CLIMATE RECORD PERIOD 1881 TO 2018


WEATHER ITEM   OBSERVED TIME   RECORD YEAR NORMAL DEPARTURE LAST
                VALUE   (LST)  VALUE       VALUE  FROM      YEAR
                                                  NORMAL
..................................................................
TEMPERATURE (F)
 TODAY
  MAXIMUM         44    505 AM  54    1919  35      9       41
  MINIMUM         34    754 PM -28    1883  25      9       30
  AVERAGE         39                        30      9       36

PRECIPITATION (IN)
  TODAY            0.33          0.60 1932   0.06   0.27     0.41
  MONTH TO DATE    1.66                      1.12   0.54     1.60
  SINCE OCT 1      8.82                      6.90   1.92    10.89
  SINCE JAN 1      1.66                      1.12   0.54     1.60

SNOWFALL (IN)
  TODAY           MM             4.3  1913   0.3   MM        0.7
  MONTH TO DATE    6.7                       7.7   -1.0     12.3
  SINCE DEC 1     23.8                      22.3    1.5     31.3
  SINCE JUL 1     31.0                      29.8    1.2     34.6
  SNOW DEPTH       0

DEGREE DAYS
 HEATING
  TODAY           26                        35     -9       29
  MONTH TO DATE  587                       654    -67      915
  SINCE DEC 1   1766                      1821    -55     2204
  SINCE JUL 1   3306                      3488   -182     3537

 COOLING
  TODAY            0                         0      0        0
  MONTH TO DATE    0                         0      0        0
  SINCE DEC 1      0                         0      0        0
  SINCE JAN 1      0                         0      0        0
..................................................................


WIND (MPH)
  HIGHEST WIND SPEED    26   HIGHEST WIND DIRECTION     S (200)
  HIGHEST GUST SPEED    34   HIGHEST GUST DIRECTION     S (200)
  AVERAGE WIND SPEED    12.4


SKY COVER
  POSSIBLE SUNSHINE  MM
  AVERAGE SKY COVER 0.9


WEATHER CONDITIONS
 THE FOLLOWING WEATHER WAS RECORDED TODAY.
  RAIN
  LIGHT RAIN
  FOG


RELATIVE HUMIDITY (PERCENT)
 HIGHEST   100           100 AM
 LOWEST     89           500 AM
 AVERAGE    95

..........................................................


THE SPOKANE WA AIRPORT CLIMATE NORMALS FOR TOMORROW
                         NORMAL    RECORD    YEAR
 MAXIMUM TEMPERATURE (F)   35        51      1944
 MINIMUM TEMPERATURE (F)   25       -25      1883


SUNRISE AND SUNSET
JANUARY 18 2018.......SUNRISE   731 AM PST   SUNSET   430 PM PST
JANUARY 19 2018.......SUNRISE   731 AM PST   SUNSET   432 PM PST


-  INDICATES NEGATIVE NUMBERS.
R  INDICATES RECORD WAS SET OR TIED.
MM INDICATES DATA IS MISSING.
T  INDICATES TRACE AMOUNT.




$$
