904
CDUS46 KOTX 110430
CLIGEG


CLIMATE REPORT
NATIONAL WEATHER SERVICE SPOKANE, WA
830 PM PST SAT DEC 10 2016


...................................

...THE SPOKANE WA AIRPORT CLIMATE SUMMARY FOR DECEMBER 10 2016...
VALID TODAY AS OF 0800 PM LOCAL TIME.

CLIMATE NORMAL PERIOD 1981 TO 2010
CLIMATE RECORD PERIOD 1881 TO 2016


WEATHER ITEM   OBSERVED TIME   RECORD YEAR NORMAL DEPARTURE LAST
                VALUE   (LST)  VALUE       VALUE  FROM      YEAR
                                                  NORMAL
..................................................................
TEMPERATURE (F)
 TODAY
  MAXIMUM         22    754 PM  60    1939  32    -10       44
  MINIMUM         18   1246 AM  -8    1972  23     -5       34
  AVERAGE         20                        28     -8       39

PRECIPITATION (IN)
  TODAY            0.18          0.66 1937   0.08   0.10     0.18
  MONTH TO DATE    0.32                      0.82  -0.50     2.25
  SINCE OCT 1      8.12                      4.30   3.82     4.16
  SINCE JAN 1     17.13                     15.08   2.05    11.88

DEGREE DAYS
 HEATING
  TODAY           45                        37      8       26
  MONTH TO DATE  386                       363     23      274
  SINCE DEC 1    386                       363     23      274
  SINCE JUL 1   1719                      2030   -311     1708

 COOLING
  TODAY            0                         0      0        0
  MONTH TO DATE    0                         0      0        0
  SINCE DEC 1      0                         0      0        0
  SINCE JAN 1    494                       450     44      828
..................................................................


WIND (MPH)
  HIGHEST WIND SPEED    13   HIGHEST WIND DIRECTION     E (70)
  HIGHEST GUST SPEED    14   HIGHEST GUST DIRECTION     E (70)
  AVERAGE WIND SPEED     6.1


SKY COVER
  POSSIBLE SUNSHINE  MM
  AVERAGE SKY COVER 1.0


WEATHER CONDITIONS
 THE FOLLOWING WEATHER WAS RECORDED TODAY.
  SNOW
  LIGHT SNOW
  FOG


RELATIVE HUMIDITY (PERCENT)
 HIGHEST    91           800 AM
 LOWEST     84          1200 AM
 AVERAGE    88

..........................................................


THE SPOKANE WA AIRPORT CLIMATE NORMALS FOR TOMORROW
                         NORMAL    RECORD    YEAR
 MAXIMUM TEMPERATURE (F)   32        56      2014
 MINIMUM TEMPERATURE (F)   23        -9      1922


SUNRISE AND SUNSET
DECEMBER 10 2016......SUNRISE   728 AM PST   SUNSET   358 PM PST
DECEMBER 11 2016......SUNRISE   729 AM PST   SUNSET   358 PM PST


-  INDICATES NEGATIVE NUMBERS.
R  INDICATES RECORD WAS SET OR TIED.
MM INDICATES DATA IS MISSING.
T  INDICATES TRACE AMOUNT.




$$
