000
CDUS46 KOTX 210828
CLIGEG


CLIMATE REPORT
NATIONAL WEATHER SERVICE SPOKANE, WA
124 AM PDT MON APR 21 2014


...................................

...THE SPOKANE WA AIRPORT CLIMATE SUMMARY FOR APRIL 20 2014...

CLIMATE NORMAL PERIOD 1981 TO 2010
CLIMATE RECORD PERIOD 1881 TO 2014


WEATHER ITEM   OBSERVED TIME   RECORD YEAR NORMAL DEPARTURE LAST
                VALUE   (LST)  VALUE       VALUE  FROM      YEAR
                                                  NORMAL
..................................................................
TEMPERATURE (F)
 YESTERDAY
  MAXIMUM         56    210 PM  83    1942  58     -2       60
  MINIMUM         35    534 AM  21    1927  37     -2       37
  AVERAGE         46                        48     -2       49

PRECIPITATION (IN)
  YESTERDAY        0.00        0.45   1997  0.04  -0.04     0.00
  MONTH TO DATE    0.47                     0.89  -0.42     0.83
  SINCE OCT 1      8.50                    11.40  -2.90    11.38
  SINCE JAN 1      6.17                     5.62   0.55     4.02

SNOWFALL (IN)
  YESTERDAY        0.0         1.3    2008  0.0    0.0      0.0
  MONTH TO DATE    0.0                      0.9   -0.9       T
  SINCE MAR 1      5.8                      4.4    1.4      0.9
  SINCE JUL 1     37.6                     44.7   -7.1     43.5
  SNOW DEPTH       0

DEGREE DAYS
 HEATING
  YESTERDAY       19                        17      2       16
  MONTH TO DATE  357                       381    -24      391
  SINCE MAR 1   1137                      1148    -11     1121
  SINCE JUL 1   6180                      5977    203     5658

 COOLING
  YESTERDAY        0                         0      0        0
  MONTH TO DATE    0                         0      0        0
  SINCE MAR 1      0                         0      0        0
  SINCE JAN 1      0                         0      0        0
..................................................................


WIND (MPH)
  HIGHEST WIND SPEED    24   HIGHEST WIND DIRECTION    SW (220)
  HIGHEST GUST SPEED    31   HIGHEST GUST DIRECTION    SW (220)
  AVERAGE WIND SPEED     8.1


SKY COVER
  POSSIBLE SUNSHINE  MM
  AVERAGE SKY COVER 0.4


WEATHER CONDITIONS
 THE FOLLOWING WEATHER WAS RECORDED YESTERDAY.
  NO SIGNIFICANT WEATHER WAS OBSERVED.


RELATIVE HUMIDITY (PERCENT)
 HIGHEST    82           500 AM
 LOWEST     30           200 PM
 AVERAGE    56

..........................................................


THE SPOKANE WA AIRPORT CLIMATE NORMALS FOR TODAY
                         NORMAL    RECORD    YEAR
 MAXIMUM TEMPERATURE (F)   59        87      1906
 MINIMUM TEMPERATURE (F)   37        21      1968


SUNRISE AND SUNSET
APRIL 21 2014.........SUNRISE   550 AM PDT   SUNSET   748 PM PDT
APRIL 22 2014.........SUNRISE   548 AM PDT   SUNSET   750 PM PDT


-  INDICATES NEGATIVE NUMBERS.
R  INDICATES RECORD WAS SET OR TIED.
MM INDICATES DATA IS MISSING.
T  INDICATES TRACE AMOUNT.

$$
