000
CDUS46 KOTX 220828
CLIGEG


CLIMATE REPORT
NATIONAL WEATHER SERVICE SPOKANE, WA
1227 AM PST SAT NOV 22 2014


...................................

...THE SPOKANE WA AIRPORT CLIMATE SUMMARY FOR NOVEMBER 21 2014...

CLIMATE NORMAL PERIOD 1981 TO 2010
CLIMATE RECORD PERIOD 1881 TO 2014


WEATHER ITEM   OBSERVED TIME   RECORD YEAR NORMAL DEPARTURE LAST
                VALUE   (LST)  VALUE       VALUE  FROM      YEAR
                                                  NORMAL
..................................................................
TEMPERATURE (F)
 YESTERDAY
  MAXIMUM         44   1155 PM  56    2002  39      5       34
  MINIMUM         30    526 AM -10    1900  28      2       16
  AVERAGE         37                        34      3       25

PRECIPITATION (IN)
  YESTERDAY        0.38          0.67 1992   0.09   0.29     0.00
  MONTH TO DATE    1.03                      1.56  -0.53     1.49
  SINCE OCT 1      2.45                      2.74  -0.29     1.58
  SINCE JAN 1     12.71                     13.52  -0.81    10.61

SNOWFALL (IN)
  YESTERDAY        0.0           5.1  1896   0.3   -0.3      0.0
  MONTH TO DATE    0.5                       4.0   -3.5      2.7
  SINCE SEP 1      0.5                       4.1   -3.6      2.7
  SINCE JUL 1      0.5                       4.1   -3.6      2.7
  SNOW DEPTH       0

DEGREE DAYS
 HEATING
  YESTERDAY       28                        31     -3       40
  MONTH TO DATE  649                       579     70      570
  SINCE SEP 1   1100                      1302   -202     1320
  SINCE JUL 1   1112                      1367   -255     1327

 COOLING
  YESTERDAY        0                         0      0        0
  MONTH TO DATE    0                         0      0        0
  SINCE SEP 1     48                        39      9      108
  SINCE JAN 1    654                       450    204      709
..................................................................


WIND (MPH)
  HIGHEST WIND SPEED    26   HIGHEST WIND DIRECTION    SW (210)
  HIGHEST GUST SPEED    35   HIGHEST GUST DIRECTION     S (200)
  AVERAGE WIND SPEED     6.5


SKY COVER
  POSSIBLE SUNSHINE  MM
  AVERAGE SKY COVER 1.0


WEATHER CONDITIONS
 THE FOLLOWING WEATHER WAS RECORDED YESTERDAY.
  RAIN
  LIGHT RAIN
  FOG


RELATIVE HUMIDITY (PERCENT)
 HIGHEST   100           100 AM
 LOWEST     79          1200 PM
 AVERAGE    90

..........................................................


THE SPOKANE WA AIRPORT CLIMATE NORMALS FOR TODAY
                         NORMAL    RECORD    YEAR
 MAXIMUM TEMPERATURE (F)   38        57      1933
                                             1909
 MINIMUM TEMPERATURE (F)   28        -5      2003


SUNRISE AND SUNSET
NOVEMBER 22 2014......SUNRISE   706 AM PST   SUNSET   407 PM PST
NOVEMBER 23 2014......SUNRISE   707 AM PST   SUNSET   406 PM PST


-  INDICATES NEGATIVE NUMBERS.
R  INDICATES RECORD WAS SET OR TIED.
MM INDICATES DATA IS MISSING.
T  INDICATES TRACE AMOUNT.




$$
