000
CDUS46 KOTX 272353
CLIGEG


CLIMATE REPORT
NATIONAL WEATHER SERVICE SPOKANE, WA
453 PM PDT SAT MAY 27 2017


...................................

...THE SPOKANE WA AIRPORT CLIMATE SUMMARY FOR MAY 27 2017...
VALID AS OF 0400 PM LOCAL TIME.

CLIMATE NORMAL PERIOD 1981 TO 2010
CLIMATE RECORD PERIOD 1881 TO 2017


WEATHER ITEM   OBSERVED TIME   RECORD YEAR NORMAL DEPARTURE LAST
                VALUE   (LST)  VALUE       VALUE  FROM      YEAR
                                                  NORMAL
..................................................................
TEMPERATURE (F)
 TODAY
  MAXIMUM         79    245 PM  92    1958  69     10       62
                                      1934
  MINIMUM         51    433 AM  34    1955  47      4       44
  AVERAGE         65                        58      7       53

PRECIPITATION (IN)
  TODAY            0.00          0.98 2010   0.06  -0.06      T
  MONTH TO DATE    1.31                      1.37  -0.06     0.78
  SINCE OCT 1     22.55                     13.16   9.39    14.22
  SINCE JAN 1     13.26                      7.38   5.88     7.86

SNOWFALL (IN)
  TODAY            0.0           T    1921   0.0    0.0      0.0
  MONTH TO DATE    0.0                       0.1   -0.1      0.0
  SINCE MAR 1      5.9                       4.6    1.3      0.6
  SINCE JUL 1     61.5                      44.9   16.6     34.2
  SNOW DEPTH      MM

DEGREE DAYS
 HEATING
  TODAY            0                         8     -8       12
  MONTH TO DATE  272                       292    -20      171
  SINCE MAR 1   1569                      1599    -30     1162
  SINCE JUL 1   6562                      6428    134     5451

 COOLING
  TODAY            0                         1     -1        0
  MONTH TO DATE   10                         6      4        6
  SINCE MAR 1     10                         6      4       12
  SINCE JAN 1     10                         6      4       12
..................................................................


WIND (MPH)
  HIGHEST WIND SPEED    14   HIGHEST WIND DIRECTION    SW (230)
  HIGHEST GUST SPEED    19   HIGHEST GUST DIRECTION     W (250)
  AVERAGE WIND SPEED     7.3


SKY COVER
  POSSIBLE SUNSHINE  MM
  AVERAGE SKY COVER 0.2


WEATHER CONDITIONS
 THE FOLLOWING WEATHER WAS RECORDED TODAY.
  NO SIGNIFICANT WEATHER WAS OBSERVED.


RELATIVE HUMIDITY (PERCENT)
 HIGHEST    63           400 AM
 LOWEST     27           300 PM
 AVERAGE    45

..........................................................


THE SPOKANE WA AIRPORT CLIMATE NORMALS FOR TOMORROW
                         NORMAL    RECORD    YEAR
 MAXIMUM TEMPERATURE (F)   70        96      1934
 MINIMUM TEMPERATURE (F)   47        34      1950


SUNRISE AND SUNSET
MAY 27 2017...........SUNRISE   500 AM PDT   SUNSET   835 PM PDT
MAY 28 2017...........SUNRISE   459 AM PDT   SUNSET   837 PM PDT


-  INDICATES NEGATIVE NUMBERS.
R  INDICATES RECORD WAS SET OR TIED.
MM INDICATES DATA IS MISSING.
T  INDICATES TRACE AMOUNT.




$$
