000
CDUS46 KOTX 230825
CLIGEG


CLIMATE REPORT
NATIONAL WEATHER SERVICE SPOKANE, WA
124 AM PDT SUN JUL 23 2017


...................................

...THE SPOKANE WA AIRPORT CLIMATE SUMMARY FOR JULY 22 2017...

CLIMATE NORMAL PERIOD 1981 TO 2010
CLIMATE RECORD PERIOD 1881 TO 2017


WEATHER ITEM   OBSERVED TIME   RECORD YEAR NORMAL DEPARTURE LAST
                VALUE   (LST)  VALUE       VALUE  FROM      YEAR
                                                  NORMAL
..................................................................
TEMPERATURE (F)
 YESTERDAY
  MAXIMUM         88    524 PM 103    1938  85      3       73
  MINIMUM         58    512 AM  42    1954  58      0       58
  AVERAGE         73                        71      2       66

PRECIPITATION (IN)
  YESTERDAY        0.00          1.05 1887   0.02  -0.02     0.07
  MONTH TO DATE    T                         0.50  -0.50     0.27
  SINCE OCT 1     23.26                     15.16   8.10    15.00
  SINCE JAN 1     13.97                      9.38   4.59     8.64

SNOWFALL (IN)
  YESTERDAY        0.0           0.0  2002   0.0    0.0      0.0
                                      2001
                                      2000
  MONTH TO DATE    0.0                       0.0    0.0      0.0
  SINCE JUN 1      0.0                       0.0    0.0      0.0
  SINCE JUL 1      0.0                       0.0    0.0      0.0
  SNOW DEPTH       0

DEGREE DAYS
 HEATING
  YESTERDAY        0                         1     -1        0
  MONTH TO DATE    0                        29    -29       20
  SINCE JUN 1     66                       165    -99      130
  SINCE JUL 1      0                        29    -29       20

 COOLING
  YESTERDAY        8                         7      1        1
  MONTH TO DATE  198                       115     83       52
  SINCE JUN 1    284                       164    120      166
  SINCE JAN 1    319                       178    141      178
..................................................................


WIND (MPH)
  HIGHEST WIND SPEED    15   HIGHEST WIND DIRECTION     W (250)
  HIGHEST GUST SPEED    21   HIGHEST GUST DIRECTION    SW (240)
  AVERAGE WIND SPEED     7.2


SKY COVER
  POSSIBLE SUNSHINE  MM
  AVERAGE SKY COVER 0.3


WEATHER CONDITIONS
 THE FOLLOWING WEATHER WAS RECORDED YESTERDAY.
  NO SIGNIFICANT WEATHER WAS OBSERVED.


RELATIVE HUMIDITY (PERCENT)
 HIGHEST    51           400 AM
 LOWEST     22           400 PM
 AVERAGE    37

..........................................................


THE SPOKANE WA AIRPORT CLIMATE NORMALS FOR TODAY
                         NORMAL    RECORD    YEAR
 MAXIMUM TEMPERATURE (F)   85       102      2006
                                             1959
                                             1928
 MINIMUM TEMPERATURE (F)   58        44      1963


SUNRISE AND SUNSET
JULY 23 2017..........SUNRISE   517 AM PDT   SUNSET   836 PM PDT
JULY 24 2017..........SUNRISE   518 AM PDT   SUNSET   834 PM PDT


-  INDICATES NEGATIVE NUMBERS.
R  INDICATES RECORD WAS SET OR TIED.
MM INDICATES DATA IS MISSING.
T  INDICATES TRACE AMOUNT.




$$
