000
CDUS46 KOTX 280821
CLIGEG


CLIMATE REPORT
NATIONAL WEATHER SERVICE SPOKANE, WA
121 AM PDT FRI AUG 28 2015


...................................

...THE SPOKANE WA AIRPORT CLIMATE SUMMARY FOR AUGUST 27 2015...

CLIMATE NORMAL PERIOD 1981 TO 2010
CLIMATE RECORD PERIOD 1881 TO 2015


WEATHER ITEM   OBSERVED TIME   RECORD YEAR NORMAL DEPARTURE LAST
                VALUE   (LST)  VALUE       VALUE  FROM      YEAR
                                                  NORMAL
..................................................................
TEMPERATURE (F)
 YESTERDAY
  MAXIMUM         88    337 PM  98    1929  80      8       89
  MINIMUM         62    603 AM  40    1962  54      8       61
  AVERAGE         75                        67      8       75

PRECIPITATION (IN)
  YESTERDAY        0.00          0.62 1899   0.03  -0.03     0.00
  MONTH TO DATE    0.04                      0.51  -0.47     0.58
  SINCE OCT 1     11.79                     15.81  -4.02    12.33
  SINCE JAN 1      7.06                     10.03  -2.97    10.00

SNOWFALL (IN)
  YESTERDAY        0.0           0.0  2002   0.0    0.0      0.0
                                      2001
                                      1999
  MONTH TO DATE    0.0                       0.0    0.0      0.0
  SINCE JUN 1      0.0                       0.0    0.0      0.0
  SINCE JUL 1      0.0                       0.0    0.0      0.0
  SNOW DEPTH       0

DEGREE DAYS
 HEATING
  YESTERDAY        0                         2     -2        0
  MONTH TO DATE    1                        25    -24        1
  SINCE JUN 1     31                       193   -162      114
  SINCE JUL 1      6                        57    -51        8

 COOLING
  YESTERDAY       10                         4      6       10
  MONTH TO DATE  237                       155     82      227
  SINCE JUN 1    762                       384    378      589
  SINCE JAN 1    794                       398    396      595
..................................................................


WIND (MPH)
  HIGHEST WIND SPEED    22   HIGHEST WIND DIRECTION    SW (230)
  HIGHEST GUST SPEED    27   HIGHEST GUST DIRECTION    SW (240)
  AVERAGE WIND SPEED    10.3


SKY COVER
  POSSIBLE SUNSHINE  MM
  AVERAGE SKY COVER 0.6


WEATHER CONDITIONS
 THE FOLLOWING WEATHER WAS RECORDED YESTERDAY.
  HAZE


RELATIVE HUMIDITY (PERCENT)
 HIGHEST    39           600 AM
 LOWEST     17           200 PM
 AVERAGE    28

..........................................................


THE SPOKANE WA AIRPORT CLIMATE NORMALS FOR TODAY
                         NORMAL    RECORD    YEAR
 MAXIMUM TEMPERATURE (F)   80        99      1929
 MINIMUM TEMPERATURE (F)   53        38      1882


SUNRISE AND SUNSET
AUGUST 28 2015........SUNRISE   603 AM PDT   SUNSET   739 PM PDT
AUGUST 29 2015........SUNRISE   604 AM PDT   SUNSET   737 PM PDT


-  INDICATES NEGATIVE NUMBERS.
R  INDICATES RECORD WAS SET OR TIED.
MM INDICATES DATA IS MISSING.
T  INDICATES TRACE AMOUNT.




$$
