000
CDUS45 KRIW 210735
CLIGEY


CLIMATE REPORT
NATIONAL WEATHER SERVICE RIVERTON WY
133 AM MDT MON APR 21 2014


...................................

...THE GREYBULL WY CLIMATE SUMMARY FOR APRIL 20 2014...

CLIMATE NORMAL PERIOD 1981 TO 2010
CLIMATE RECORD PERIOD 1998 TO 2014


WEATHER ITEM   OBSERVED TIME   RECORD YEAR NORMAL DEPARTURE LAST
                VALUE   (LST)  VALUE       VALUE  FROM      YEAR
                                                  NORMAL
..................................................................
TEMPERATURE (F)
 YESTERDAY
  MAXIMUM         70    333 PM  76    2009  62      8       59
  MINIMUM         38    620 AM  13    2008  34      4       36
  AVERAGE         54                        48      6       48

PRECIPITATION (IN)
  YESTERDAY        0.00          0.48 2001   0.03  -0.03     0.04
  MONTH TO DATE    0.46                      0.41   0.05     0.20
  SINCE MAR 1      0.64                      0.81  -0.17     0.29
  SINCE JAN 1      0.90                      1.22  -0.32     0.71

DEGREE DAYS
 HEATING
  YESTERDAY       11                        17     -6       17
  MONTH TO DATE  411                       402      9      478
  SINCE MAR 1   1316                      1273     43     1336
  SINCE JUL 1   7203                      7244    -41     7210

 COOLING
  YESTERDAY        0                         0      0        0
  MONTH TO DATE    0                         0      0        0
  SINCE MAR 1      0                         0      0        0
  SINCE JAN 1      0                         0      0        0
..................................................................


WIND (MPH)
  HIGHEST WIND SPEED    23   HIGHEST WIND DIRECTION    NW (330)
  HIGHEST GUST SPEED    29   HIGHEST GUST DIRECTION    NW (330)
  AVERAGE WIND SPEED    10.2


SKY COVER
  POSSIBLE SUNSHINE  MM
  AVERAGE SKY COVER 0.0


WEATHER CONDITIONS
 THE FOLLOWING WEATHER WAS RECORDED YESTERDAY.
  NO SIGNIFICANT WEATHER WAS OBSERVED.


RELATIVE HUMIDITY (PERCENT)
 HIGHEST    76           100 AM
 LOWEST     15          1100 PM
 AVERAGE    46

..........................................................


THE GREYBULL WY CLIMATE NORMALS FOR TODAY
                         NORMAL    RECORD    YEAR
 MAXIMUM TEMPERATURE (F)   62        80      2009
 MINIMUM TEMPERATURE (F)   34         5      2008


SUNRISE AND SUNSET
APRIL 21 2014.........SUNRISE   618 AM MDT   SUNSET   805 PM MDT
APRIL 22 2014.........SUNRISE   617 AM MDT   SUNSET   806 PM MDT


-  INDICATES NEGATIVE NUMBERS.
R  INDICATES RECORD WAS SET OR TIED.
MM INDICATES DATA IS MISSING.
T  INDICATES TRACE AMOUNT.




$$
