587
CDUS45 KRIW 240748
CLIGEY


CLIMATE REPORT
NATIONAL WEATHER SERVICE RIVERTON WY
129 AM MDT FRI MAR 24 2017


...................................

...THE GREYBULL WY CLIMATE SUMMARY FOR MARCH 23 2017...

CLIMATE NORMAL PERIOD 1981 TO 2010
CLIMATE RECORD PERIOD 1998 TO 2017


WEATHER ITEM   OBSERVED TIME   RECORD YEAR NORMAL DEPARTURE LAST
                VALUE   (LST)  VALUE       VALUE  FROM      YEAR
                                                  NORMAL
..................................................................
TEMPERATURE (F)
 YESTERDAY
  MAXIMUM         52   1201 AM  79    2012  54     -2       53
  MINIMUM         36   1159 PM  16    2008  26     10       32
  AVERAGE         44                        40      4       43

PRECIPITATION (IN)
  YESTERDAY        0.07R         0.01 2005   0.01   0.06     0.00
  MONTH TO DATE    0.23                      0.25  -0.02     0.03
  SINCE MAR 1      0.23                      0.25  -0.02     0.03
  SINCE JAN 1      0.44                      0.66  -0.22     0.14

DEGREE DAYS
 HEATING
  YESTERDAY       21                        25     -4       22
  MONTH TO DATE  498                       679   -181      551
  SINCE MAR 1    498                       679   -181      551
  SINCE JUL 1   6539                      6650   -111     5704

 COOLING
  YESTERDAY        0                         0      0        0
  MONTH TO DATE    0                         0      0        0
  SINCE MAR 1      0                         0      0        0
  SINCE JAN 1      0                         0      0        0
..................................................................


WIND (MPH)
  HIGHEST WIND SPEED    32   HIGHEST WIND DIRECTION    NW (330)
  HIGHEST GUST SPEED    41   HIGHEST GUST DIRECTION     N (340)
  AVERAGE WIND SPEED    11.6


SKY COVER
  POSSIBLE SUNSHINE  MM
  AVERAGE SKY COVER 0.8


WEATHER CONDITIONS
 THE FOLLOWING WEATHER WAS RECORDED YESTERDAY.
  LIGHT RAIN
  FOG


RELATIVE HUMIDITY (PERCENT)
 HIGHEST    86           900 AM
 LOWEST     52           400 PM
 AVERAGE    69

..........................................................


THE GREYBULL WY CLIMATE NORMALS FOR TODAY
                         NORMAL    RECORD    YEAR
 MAXIMUM TEMPERATURE (F)   54        73      2004
 MINIMUM TEMPERATURE (F)   26        17      2013


SUNRISE AND SUNSET
MARCH 24 2017.........SUNRISE   707 AM MDT   SUNSET   730 PM MDT
MARCH 25 2017.........SUNRISE   706 AM MDT   SUNSET   731 PM MDT


-  INDICATES NEGATIVE NUMBERS.
R  INDICATES RECORD WAS SET OR TIED.
MM INDICATES DATA IS MISSING.
T  INDICATES TRACE AMOUNT.




$$
