000
CDUS45 KRIW 010746
CLIGEY


CLIMATE REPORT
NATIONAL WEATHER SERVICE RIVERTON WY
137 AM MDT MON SEP 1 2014


...................................

...THE GREYBULL WY CLIMATE SUMMARY FOR AUGUST 31 2014...

CLIMATE NORMAL PERIOD 1981 TO 2010
CLIMATE RECORD PERIOD 1998 TO 2014


WEATHER ITEM   OBSERVED TIME   RECORD YEAR NORMAL DEPARTURE LAST
                VALUE   (LST)  VALUE       VALUE  FROM      YEAR
                                                  NORMAL
..................................................................
TEMPERATURE (F)
 YESTERDAY
  MAXIMUM         71    154 PM  97    2011  84    -13       88
  MINIMUM         53    406 AM  36    2005  50      3       57
  AVERAGE         62                        67     -5       73

PRECIPITATION (IN)
  YESTERDAY        0.03          0.14 2008   0.02   0.01     0.00
  MONTH TO DATE    1.01                      0.42   0.59      T
  SINCE JUN 1      2.16                      2.28  -0.12     0.72
  SINCE JAN 1      3.86                      5.45  -1.59     2.62

DEGREE DAYS
 HEATING
  YESTERDAY        3                         2      1        0
  MONTH TO DATE   27                        12     15        0
  SINCE JUN 1     83                        91     -8       36
  SINCE JUL 1     27                        21      6        0

 COOLING
  YESTERDAY        0                         4     -4        8
  MONTH TO DATE  220                       230    -10      326
  SINCE JUN 1    613                       613      0      882
  SINCE JAN 1    655                       633     22      909
..................................................................


WIND (MPH)
  HIGHEST WIND SPEED    23   HIGHEST WIND DIRECTION    NW (310)
  HIGHEST GUST SPEED    29   HIGHEST GUST DIRECTION    NW (310)
  AVERAGE WIND SPEED     5.0


SKY COVER
  POSSIBLE SUNSHINE  MM
  AVERAGE SKY COVER 0.6


WEATHER CONDITIONS
 THE FOLLOWING WEATHER WAS RECORDED YESTERDAY.
  RAIN
  LIGHT RAIN
  FOG


RELATIVE HUMIDITY (PERCENT)
 HIGHEST   100           500 AM
 LOWEST     42           500 PM
 AVERAGE    71

..........................................................


THE GREYBULL WY CLIMATE NORMALS FOR TODAY
                         NORMAL    RECORD    YEAR
 MAXIMUM TEMPERATURE (F)   84        95      2004
 MINIMUM TEMPERATURE (F)   50        41      2005


SUNRISE AND SUNSET
SEPTEMBER  1 2014.....SUNRISE   635 AM MDT   SUNSET   749 PM MDT
SEPTEMBER  2 2014.....SUNRISE   636 AM MDT   SUNSET   747 PM MDT


-  INDICATES NEGATIVE NUMBERS.
R  INDICATES RECORD WAS SET OR TIED.
MM INDICATES DATA IS MISSING.
T  INDICATES TRACE AMOUNT.




$$
