000
CDUS45 KRIW 250738
CLIGEY


CLIMATE REPORT
NATIONAL WEATHER SERVICE RIVERTON WY
137 AM MDT MON MAY 25 2015


...................................

...THE GREYBULL WY CLIMATE SUMMARY FOR MAY 24 2015...

CLIMATE NORMAL PERIOD 1981 TO 2010
CLIMATE RECORD PERIOD 1998 TO 2015


WEATHER ITEM   OBSERVED TIME   RECORD YEAR NORMAL DEPARTURE LAST
                VALUE   (LST)  VALUE       VALUE  FROM      YEAR
                                                  NORMAL
..................................................................
TEMPERATURE (F)
 YESTERDAY
  MAXIMUM         58    422 PM  86    2001  73    -15       84
  MINIMUM         49    351 AM  27    2002  45      4       52
  AVERAGE         54                        59     -5       68

PRECIPITATION (IN)
  YESTERDAY        T             0.75 2010   0.07  -0.07     0.04
  MONTH TO DATE    0.97                      1.14  -0.17     0.53
  SINCE MAR 1      1.22                      2.25  -1.03     1.42
  SINCE JAN 1      1.48                      2.66  -1.18     1.68

DEGREE DAYS
 HEATING
  YESTERDAY       11                         7      4        0
  MONTH TO DATE  253                       240     13      238
  SINCE MAR 1   1454                      1668   -214     1697
  SINCE JUL 1   7098                      7639   -541     7584

 COOLING
  YESTERDAY        0                         1     -1        3
  MONTH TO DATE    0                         9     -9        8
  SINCE MAR 1      0                        10    -10        8
  SINCE JAN 1      0                        10    -10        8
..................................................................


WIND (MPH)
  HIGHEST WIND SPEED    29   HIGHEST WIND DIRECTION    NW (330)
  HIGHEST GUST SPEED    34   HIGHEST GUST DIRECTION    NW (330)
  AVERAGE WIND SPEED    16.6


SKY COVER
  POSSIBLE SUNSHINE  MM
  AVERAGE SKY COVER 0.8


WEATHER CONDITIONS
 THE FOLLOWING WEATHER WAS RECORDED YESTERDAY.
  LIGHT RAIN


RELATIVE HUMIDITY (PERCENT)
 HIGHEST    89          1200 AM
 LOWEST     62          1100 AM
 AVERAGE    76

..........................................................


THE GREYBULL WY CLIMATE NORMALS FOR TODAY
                         NORMAL    RECORD    YEAR
 MAXIMUM TEMPERATURE (F)   73        91      2003
 MINIMUM TEMPERATURE (F)   46        35      2002


SUNRISE AND SUNSET
MAY 25 2015...........SUNRISE   535 AM MDT   SUNSET   844 PM MDT
MAY 26 2015...........SUNRISE   535 AM MDT   SUNSET   845 PM MDT


-  INDICATES NEGATIVE NUMBERS.
R  INDICATES RECORD WAS SET OR TIED.
MM INDICATES DATA IS MISSING.
T  INDICATES TRACE AMOUNT.




$$
