000
CDUS45 KRIW 260739
CLIGEY


CLIMATE REPORT
NATIONAL WEATHER SERVICE RIVERTON WY
139 AM MDT TUE JUL 26 2016


...................................

...THE GREYBULL WY CLIMATE SUMMARY FOR JULY 25 2016...

CLIMATE NORMAL PERIOD 1981 TO 2010
CLIMATE RECORD PERIOD 1998 TO 2016


WEATHER ITEM   OBSERVED TIME   RECORD YEAR NORMAL DEPARTURE LAST
                VALUE   (LST)  VALUE       VALUE  FROM      YEAR
                                                  NORMAL
..................................................................
TEMPERATURE (F)
 YESTERDAY
  MAXIMUM         99    434 PM 100    2011  92      7       91
  MINIMUM         57    601 AM  51    2005  58     -1       60
  AVERAGE         78                        75      3       76

PRECIPITATION (IN)
  YESTERDAY        0.00          0.02 2013   0.02  -0.02     0.00
  MONTH TO DATE    0.06                      0.57  -0.51      T
  SINCE JUN 1      0.23                      1.77  -1.54     0.25
  SINCE JAN 1      2.52                      4.94  -2.42     1.83

DEGREE DAYS
 HEATING
  YESTERDAY        0                         0      0        0
  MONTH TO DATE    2                         1      1        0
  SINCE JUN 1      7                        71    -64        0
  SINCE JUL 1      2                         1      1        0

 COOLING
  YESTERDAY       13                        10      3       11
  MONTH TO DATE  241                       218     23      225
  SINCE JUN 1    503                       324    179      470
  SINCE JAN 1    514                       344    170      475
..................................................................


WIND (MPH)
  HIGHEST WIND SPEED    20   HIGHEST WIND DIRECTION    NW (330)
  HIGHEST GUST SPEED    25   HIGHEST GUST DIRECTION    NW (330)
  AVERAGE WIND SPEED     4.2


SKY COVER
  POSSIBLE SUNSHINE  MM
  AVERAGE SKY COVER 0.0


WEATHER CONDITIONS
 THE FOLLOWING WEATHER WAS RECORDED YESTERDAY.
  HAZE


RELATIVE HUMIDITY (PERCENT)
 HIGHEST    53           200 AM
 LOWEST      7           300 PM
 AVERAGE    30

..........................................................


THE GREYBULL WY CLIMATE NORMALS FOR TODAY
                         NORMAL    RECORD    YEAR
 MAXIMUM TEMPERATURE (F)   92       100      2015
                                             2010
 MINIMUM TEMPERATURE (F)   58        47      2005


SUNRISE AND SUNSET
JULY 26 2016..........SUNRISE   553 AM MDT   SUNSET   844 PM MDT
JULY 27 2016..........SUNRISE   554 AM MDT   SUNSET   843 PM MDT


-  INDICATES NEGATIVE NUMBERS.
R  INDICATES RECORD WAS SET OR TIED.
MM INDICATES DATA IS MISSING.
T  INDICATES TRACE AMOUNT.




$$
