000
CDUS45 KRIW 060736
CLIGEY


CLIMATE REPORT
NATIONAL WEATHER SERVICE RIVERTON WY
127 AM MDT FRI MAY 6 2016


...................................

...THE GREYBULL WY CLIMATE SUMMARY FOR MAY 5 2016...

CLIMATE NORMAL PERIOD 1981 TO 2010
CLIMATE RECORD PERIOD 1998 TO 2016


WEATHER ITEM   OBSERVED TIME   RECORD YEAR NORMAL DEPARTURE LAST
                VALUE   (LST)  VALUE       VALUE  FROM      YEAR
                                                  NORMAL
..................................................................
TEMPERATURE (F)
 YESTERDAY
  MAXIMUM         85    430 PM  89    2004  67     18       81
  MINIMUM         50    514 AM  28    2010  39     11       48
  AVERAGE         68                        53     15       65

PRECIPITATION (IN)
  YESTERDAY        0.00          0.07 2010   0.03  -0.03      T
  MONTH TO DATE    0.00                      0.14  -0.14      T
  SINCE MAR 1      0.82                      1.25  -0.43     0.25
  SINCE JAN 1      0.93                      1.66  -0.73     0.51

DEGREE DAYS
 HEATING
  YESTERDAY        0                        12    -12        0
  MONTH TO DATE   37                        65    -28       21
  SINCE MAR 1   1232                      1493   -261     1222
  SINCE JUL 1   6385                      7464  -1079     6866

 COOLING
  YESTERDAY        3                         0      3        0
  MONTH TO DATE    3                         0      3        0
  SINCE MAR 1      3                         1      2        0
  SINCE JAN 1      3                         1      2        0
..................................................................


WIND (MPH)
  HIGHEST WIND SPEED    14   HIGHEST WIND DIRECTION     S (160)
  HIGHEST GUST SPEED    18   HIGHEST GUST DIRECTION     S (190)
  AVERAGE WIND SPEED     5.0


SKY COVER
  POSSIBLE SUNSHINE  MM
  AVERAGE SKY COVER 0.0


WEATHER CONDITIONS
 THE FOLLOWING WEATHER WAS RECORDED YESTERDAY.
  NO SIGNIFICANT WEATHER WAS OBSERVED.


RELATIVE HUMIDITY (PERCENT)
 HIGHEST    48           600 AM
 LOWEST     11           200 PM
 AVERAGE    30

..........................................................


THE GREYBULL WY CLIMATE NORMALS FOR TODAY
                         NORMAL    RECORD    YEAR
 MAXIMUM TEMPERATURE (F)   67        81      2004
 MINIMUM TEMPERATURE (F)   39        28      2010


SUNRISE AND SUNSET
MAY  6 2016...........SUNRISE   555 AM MDT   SUNSET   823 PM MDT
MAY  7 2016...........SUNRISE   554 AM MDT   SUNSET   825 PM MDT


-  INDICATES NEGATIVE NUMBERS.
R  INDICATES RECORD WAS SET OR TIED.
MM INDICATES DATA IS MISSING.
T  INDICATES TRACE AMOUNT.




$$
