000
CDUS45 KRIW 310045
CLIGEY


CLIMATE REPORT
NATIONAL WEATHER SERVICE RIVERTON WY
640 PM MDT MON MAR 30 2015


...................................

...THE GREYBULL WY CLIMATE SUMMARY FOR MARCH 30 2015...
VALID TODAY AS OF 0500 PM LOCAL TIME.

CLIMATE NORMAL PERIOD 1981 TO 2010
CLIMATE RECORD PERIOD 1998 TO 2015


WEATHER ITEM   OBSERVED TIME   RECORD YEAR NORMAL DEPARTURE LAST
                VALUE   (LST)  VALUE       VALUE  FROM      YEAR
                                                  NORMAL
..................................................................
TEMPERATURE (F)
 TODAY
  MAXIMUM         70        MM  77    2004  56     14       46
  MINIMUM         34        MM  18    2008  28      6       34
  AVERAGE         52

PRECIPITATION (IN)
  TODAY            0.00          0.06 2013   0.02  -0.02     0.01
  MONTH TO DATE    0.14                      0.38  -0.24     0.18
  SINCE MAR 1      0.14                      0.38  -0.24     0.18
  SINCE JAN 1      0.40                      0.79  -0.39     0.44

DEGREE DAYS
 HEATING
  TODAY           13                        23    -10       25
  MONTH TO DATE  695                       848   -153      877
  SINCE MAR 1    695                       848   -153      877
  SINCE JUL 1   6339                      6819   -480     6764

 COOLING
  TODAY            0                         0      0        0
  MONTH TO DATE    0                         0      0        0
  SINCE MAR 1      0                         0      0        0
  SINCE JAN 1      0                         0      0        0
..................................................................


WIND (MPH)
  HIGHEST WIND SPEED     7   HIGHEST WIND DIRECTION    NW (330)
  HIGHEST GUST SPEED    MM   HIGHEST GUST DIRECTION    MM
  AVERAGE WIND SPEED     3.0


SKY COVER
  POSSIBLE SUNSHINE  MM
  AVERAGE SKY COVER 0.0


WEATHER CONDITIONS
 THE FOLLOWING WEATHER WAS RECORDED TODAY.
  NO SIGNIFICANT WEATHER WAS OBSERVED.


RELATIVE HUMIDITY (PERCENT)
 HIGHEST    64           600 AM
 LOWEST     15           400 PM
 AVERAGE    40

..........................................................


THE GREYBULL WY CLIMATE NORMALS FOR TOMORROW
                         NORMAL    RECORD    YEAR
 MAXIMUM TEMPERATURE (F)   56        81      2012
 MINIMUM TEMPERATURE (F)   28        19      2009


SUNRISE AND SUNSET
MARCH 30 2015.........SUNRISE   657 AM MDT   SUNSET   737 PM MDT
MARCH 31 2015.........SUNRISE   655 AM MDT   SUNSET   738 PM MDT


-  INDICATES NEGATIVE NUMBERS.
R  INDICATES RECORD WAS SET OR TIED.
MM INDICATES DATA IS MISSING.
T  INDICATES TRACE AMOUNT.




$$
