000
CDUS43 KIND 280540
CLIGEZ


CLIMATE REPORT
NATIONAL WEATHER SERVICE INDIANAPOLIS IN
134 AM EDT SUN MAY 28 2017


...................................

...THE SHELBYVILLE IN CLIMATE SUMMARY FOR MAY 27 2017...

CLIMATE NORMAL PERIOD 1981 TO 2010
CLIMATE RECORD PERIOD 9999 TO 9999


WEATHER ITEM   OBSERVED TIME   NORMAL DEPARTURE LAST
                VALUE   (LST)  VALUE  FROM      YEAR
                                      NORMAL
......................................................
TEMPERATURE (F)
 YESTERDAY
  MAXIMUM         83    456 PM  77      6       90
  MINIMUM         66   1159 PM  56     10       65
  AVERAGE         75            66      9       78

PRECIPITATION (IN)
  YESTERDAY        0.00          0.14  -0.14      T
  MONTH TO DATE    5.58          4.73   0.85     2.24
  SINCE MAR 1     12.84         12.48   0.36    11.82
  SINCE JAN 1     18.28         17.23   1.05    16.46

DEGREE DAYS
 HEATING
  YESTERDAY        0             2     -2        0
  MONTH TO DATE  118           128    -10      134
  SINCE MAR 1    922          1225   -303      902
  SINCE JUL 1   4105          5388  -1283     4071

 COOLING
  YESTERDAY       10             4      6       13
  MONTH TO DATE   83            54     29       52
  SINCE MAR 1    143            67     76       72
  SINCE JAN 1    143            67     76       72
......................................................


WIND (MPH)
  HIGHEST WIND SPEED    14   HIGHEST WIND DIRECTION     W (290)
  HIGHEST GUST SPEED    18   HIGHEST GUST DIRECTION    SW (240)
  AVERAGE WIND SPEED     6.5


SKY COVER
  AVERAGE SKY COVER 0.5


WEATHER CONDITIONS
 THE FOLLOWING WEATHER WAS RECORDED YESTERDAY.
  NO SIGNIFICANT WEATHER WAS OBSERVED.


RELATIVE HUMIDITY (PERCENT)
 HIGHEST    79           400 AM
 LOWEST     51           400 PM
 AVERAGE    65

..........................................................


THE SHELBYVILLE IN CLIMATE NORMALS FOR TODAY
                         NORMAL
 MAXIMUM TEMPERATURE (F)   77
 MINIMUM TEMPERATURE (F)   56


SUNRISE AND SUNSET
MAY 28 2017...........SUNRISE   619 AM EDT   SUNSET   902 PM EDT
MAY 29 2017...........SUNRISE   619 AM EDT   SUNSET   903 PM EDT


-  INDICATES NEGATIVE NUMBERS.
R  INDICATES RECORD WAS SET OR TIED.
MM INDICATES DATA IS MISSING.
T  INDICATES TRACE AMOUNT.




$$
