000
CDUS43 KIND 250536
CLIGEZ


CLIMATE REPORT
NATIONAL WEATHER SERVICE INDIANAPOLIS IN
136 AM EDT TUE APR 25 2017


...................................

...THE SHELBYVILLE IN CLIMATE SUMMARY FOR APRIL 24 2017...

CLIMATE NORMAL PERIOD 1981 TO 2010
CLIMATE RECORD PERIOD 9999 TO 9999


WEATHER ITEM   OBSERVED TIME   NORMAL DEPARTURE LAST
                VALUE   (LST)  VALUE  FROM      YEAR
                                      NORMAL
......................................................
TEMPERATURE (F)
 YESTERDAY
  MAXIMUM         79    507 PM  66     13       76
  MINIMUM         43    404 AM  45     -2       43
  AVERAGE         61            56      5       60

PRECIPITATION (IN)
  YESTERDAY        0.00          0.17  -0.17     0.00
  MONTH TO DATE    1.28          3.23  -1.95     2.96
  SINCE MAR 1      4.96          6.66  -1.70     7.71
  SINCE JAN 1     10.40         11.41  -1.01    12.35

DEGREE DAYS
 HEATING
  YESTERDAY        4            10     -6        5
  MONTH TO DATE  168           324   -156      300
  SINCE MAR 1    792          1044   -252      747
  SINCE JUL 1   3975          5207  -1232     3916

 COOLING
  YESTERDAY        0             0      0        0
  MONTH TO DATE   40             0     40        8
  SINCE MAR 1     44             1     43        8
  SINCE JAN 1     44             1     43        8
......................................................


WIND (MPH)
  HIGHEST WIND SPEED    21   HIGHEST WIND DIRECTION     E (70)
  HIGHEST GUST SPEED    27   HIGHEST GUST DIRECTION    NE (50)
  AVERAGE WIND SPEED    11.7


SKY COVER
  AVERAGE SKY COVER 0.0


WEATHER CONDITIONS
 THE FOLLOWING WEATHER WAS RECORDED YESTERDAY.
  NO SIGNIFICANT WEATHER WAS OBSERVED.


RELATIVE HUMIDITY (PERCENT)
 HIGHEST    70           400 AM
 LOWEST     19          1200 PM
 AVERAGE    45

..........................................................


THE SHELBYVILLE IN CLIMATE NORMALS FOR TODAY
                         NORMAL
 MAXIMUM TEMPERATURE (F)   67
 MINIMUM TEMPERATURE (F)   45


SUNRISE AND SUNSET
APRIL 25 2017.........SUNRISE   651 AM EDT   SUNSET   831 PM EDT
APRIL 26 2017.........SUNRISE   650 AM EDT   SUNSET   832 PM EDT


-  INDICATES NEGATIVE NUMBERS.
R  INDICATES RECORD WAS SET OR TIED.
MM INDICATES DATA IS MISSING.
T  INDICATES TRACE AMOUNT.




$$
