000
CDUS43 KIND 210534
CLIGEZ


CLIMATE REPORT
NATIONAL WEATHER SERVICE INDIANAPOLIS IN
131 AM EDT THU SEP 21 2017


...................................

...THE SHELBYVILLE IN CLIMATE SUMMARY FOR SEPTEMBER 20 2017...

CLIMATE NORMAL PERIOD 1981 TO 2010
CLIMATE RECORD PERIOD 9999 TO 9999


WEATHER ITEM   OBSERVED TIME   NORMAL DEPARTURE LAST
                VALUE   (LST)  VALUE  FROM      YEAR
                                      NORMAL
......................................................
TEMPERATURE (F)
 YESTERDAY
  MAXIMUM         88    503 PM  77     11       89
  MINIMUM         63    124 AM  51     12       57
  AVERAGE         76            64     12       73

PRECIPITATION (IN)
  YESTERDAY        0.00          0.10  -0.10     0.00
  MONTH TO DATE    1.76          2.13  -0.37     2.51
  SINCE SEP 1      1.76          2.13  -0.37     2.51
  SINCE JAN 1     34.65         32.41   2.24    35.70

DEGREE DAYS
 HEATING
  YESTERDAY        0             3     -3        0
  MONTH TO DATE   41            28     13        0
  SINCE SEP 1     41            28     13        0
  SINCE JUL 1     41            34      7        2

 COOLING
  YESTERDAY       11             2      9        8
  MONTH TO DATE   62            77    -15      165
  SINCE SEP 1     62            77    -15      165
  SINCE JAN 1    998           883    115     1344
......................................................


WIND (MPH)
  HIGHEST WIND SPEED    12   HIGHEST WIND DIRECTION     S (160)
  HIGHEST GUST SPEED    15   HIGHEST GUST DIRECTION     S (170)
  AVERAGE WIND SPEED     5.8


SKY COVER
  AVERAGE SKY COVER 0.4


WEATHER CONDITIONS
 THE FOLLOWING WEATHER WAS RECORDED YESTERDAY.
  FOG
  FOG W/VISIBILITY <= 1/4 MILE


RELATIVE HUMIDITY (PERCENT)
 HIGHEST    93           200 AM
 LOWEST     50           400 PM
 AVERAGE    72

..........................................................


THE SHELBYVILLE IN CLIMATE NORMALS FOR TODAY
                         NORMAL
 MAXIMUM TEMPERATURE (F)   76
 MINIMUM TEMPERATURE (F)   51


SUNRISE AND SUNSET
SEPTEMBER 21 2017.....SUNRISE   730 AM EDT   SUNSET   741 PM EDT
SEPTEMBER 22 2017.....SUNRISE   731 AM EDT   SUNSET   740 PM EDT


-  INDICATES NEGATIVE NUMBERS.
R  INDICATES RECORD WAS SET OR TIED.
MM INDICATES DATA IS MISSING.
T  INDICATES TRACE AMOUNT.




$$
