000
CDUS43 KIND 030531
CLIGEZ


CLIMATE REPORT
NATIONAL WEATHER SERVICE INDIANAPOLIS IN
130 AM EDT MON AUG 3 2015


...................................

...THE SHELBYVILLE IN CLIMATE SUMMARY FOR AUGUST 2 2015...

CLIMATE NORMAL PERIOD 1981 TO 2010
CLIMATE RECORD PERIOD 9999 TO 9999


WEATHER ITEM   OBSERVED TIME   NORMAL DEPARTURE LAST
                VALUE   (LST)  VALUE  FROM      YEAR
                                      NORMAL
......................................................
TEMPERATURE (F)
 YESTERDAY
  MAXIMUM         88    344 PM  84      4       83
  MINIMUM         62    606 AM  63     -1       63
  AVERAGE         75            73      2       73

PRECIPITATION (IN)
  YESTERDAY        0.00          0.09  -0.09     0.01
  MONTH TO DATE    0.00          0.20  -0.20     0.01
  SINCE JUN 1     15.76          9.31   6.45     8.94
  SINCE JAN 1     29.80         27.09   2.71    24.43

DEGREE DAYS
 HEATING
  YESTERDAY        0             0      0        0
  MONTH TO DATE    0             0      0        0
  SINCE JUN 1     21            16      5        3
  SINCE JUL 1      0             1     -1        2

 COOLING
  YESTERDAY       10             8      2        8
  MONTH TO DATE   19            16      3       15
  SINCE JUN 1    621           508    113      531
  SINCE JAN 1    809           589    220      694
......................................................


WIND (MPH)
  HIGHEST WIND SPEED    14   HIGHEST WIND DIRECTION     S (190)
  HIGHEST GUST SPEED    19   HIGHEST GUST DIRECTION     S (200)
  AVERAGE WIND SPEED     6.8


SKY COVER
  AVERAGE SKY COVER 0.0


WEATHER CONDITIONS
 THE FOLLOWING WEATHER WAS RECORDED YESTERDAY.
  NO SIGNIFICANT WEATHER WAS OBSERVED.


RELATIVE HUMIDITY (PERCENT)
 HIGHEST    87           200 AM
 LOWEST     48           400 PM
 AVERAGE    68

..........................................................


THE SHELBYVILLE IN CLIMATE NORMALS FOR TODAY
                         NORMAL
 MAXIMUM TEMPERATURE (F)   84
 MINIMUM TEMPERATURE (F)   63


SUNRISE AND SUNSET
AUGUST  3 2015........SUNRISE   644 AM EDT   SUNSET   854 PM EDT
AUGUST  4 2015........SUNRISE   645 AM EDT   SUNSET   853 PM EDT


-  INDICATES NEGATIVE NUMBERS.
R  INDICATES RECORD WAS SET OR TIED.
MM INDICATES DATA IS MISSING.
T  INDICATES TRACE AMOUNT.




$$
