000
CDUS43 KIND 310533
CLIGEZ


CLIMATE REPORT
NATIONAL WEATHER SERVICE INDIANAPOLIS IN
131 AM EDT FRI OCT 31 2014


...................................

...THE SHELBYVILLE IN CLIMATE SUMMARY FOR OCTOBER 30 2014...

CLIMATE NORMAL PERIOD 1981 TO 2010
CLIMATE RECORD PERIOD 9999 TO 9999


WEATHER ITEM   OBSERVED TIME   NORMAL DEPARTURE LAST
                VALUE   (LST)  VALUE  FROM      YEAR
                                      NORMAL
......................................................
TEMPERATURE (F)
 YESTERDAY
  MAXIMUM         55    431 PM  61     -6       66
  MINIMUM         33    725 AM  39     -6       51
  AVERAGE         44            50     -6       59

PRECIPITATION (IN)
  YESTERDAY        T             0.08  -0.08     0.06
  MONTH TO DATE    3.57          3.02   0.55     3.12
  SINCE SEP 1      6.29          6.19   0.10     5.15
  SINCE JAN 1     33.20         36.47  -3.27    26.56

DEGREE DAYS
 HEATING
  YESTERDAY       21            15      6        6
  MONTH TO DATE  278           336    -58      304
  SINCE SEP 1    343           415    -72      335
  SINCE JUL 1    348           421    -73      343

 COOLING
  YESTERDAY        0             0      0        0
  MONTH TO DATE   13            11      2       35
  SINCE SEP 1    110           104      6      194
  SINCE JAN 1   1080           910    170     1179
......................................................


WIND (MPH)
  HIGHEST WIND SPEED     8   HIGHEST WIND DIRECTION    SW (230)
  HIGHEST GUST SPEED    14   HIGHEST GUST DIRECTION    SE (130)
  AVERAGE WIND SPEED     1.4


SKY COVER
  AVERAGE SKY COVER 0.4


WEATHER CONDITIONS
 THE FOLLOWING WEATHER WAS RECORDED YESTERDAY.
  LIGHT RAIN
  FOG


RELATIVE HUMIDITY (PERCENT)
 HIGHEST    89           400 AM
 LOWEST     43           400 PM
 AVERAGE    66

..........................................................


THE SHELBYVILLE IN CLIMATE NORMALS FOR TODAY
                         NORMAL
 MAXIMUM TEMPERATURE (F)   60
 MINIMUM TEMPERATURE (F)   39


SUNRISE AND SUNSET
OCTOBER 31 2014.......SUNRISE   810 AM EDT   SUNSET   643 PM EDT
NOVEMBER  1 2014......SUNRISE   812 AM EDT   SUNSET   642 PM EDT


-  INDICATES NEGATIVE NUMBERS.
R  INDICATES RECORD WAS SET OR TIED.
MM INDICATES DATA IS MISSING.
T  INDICATES TRACE AMOUNT.




$$
