000
CDUS43 KFGF 240632
CLIGFK


CLIMATE REPORT
NATIONAL WEATHER SERVICE EASTERN NORTH DAKOTA/GRAND FORKS
131 AM CDT WED MAY 24 2017


...................................

...THE GRAND FORKS INTL AP ND CLIMATE SUMMARY FOR MAY 23 2017...

CLIMATE NORMAL PERIOD 1981 TO 2010
CLIMATE RECORD PERIOD 1948 TO 2017


WEATHER ITEM   OBSERVED TIME   RECORD YEAR NORMAL DEPARTURE LAST
                VALUE   (LST)  VALUE       VALUE  FROM      YEAR
                                                  NORMAL
..................................................................
TEMPERATURE (F)
 YESTERDAY
  MAXIMUM         65    524 PM  93    1980  70     -5       82
  MINIMUM         43   1121 PM  29    2002  44     -1       61
  AVERAGE         54                        57     -3       72

PRECIPITATION (IN)
  YESTERDAY        T             1.34 1991   0.09  -0.09     0.47
  MONTH TO DATE    0.95                      1.90  -0.95     0.81
  SINCE MAR 1      3.14                      3.87  -0.73     2.92
  SINCE JAN 1      3.99                      4.94  -0.95     3.50

SNOWFALL (IN)
  YESTERDAY        0.0           T    2002   0.0    0.0      0.0
  MONTH TO DATE    0.0                       0.1   -0.1       T
  SINCE MAR 1      5.8                      10.2   -4.4      2.5
  SINCE JUL 1     44.1                      47.4   -3.3     28.4
  SNOW DEPTH       0

DEGREE DAYS
 HEATING
  YESTERDAY       11                         8      3        0
  MONTH TO DATE  217                       276    -59      211
  SINCE MAR 1   1995                      2204   -209     1824
  SINCE JUL 1   7964                      9354  -1390     7803

 COOLING
  YESTERDAY        0                         1     -1        7
  MONTH TO DATE    2                         8     -6       16
  SINCE MAR 1      2                         9     -7       16
  SINCE JAN 1      2                         9     -7       16
..................................................................


WIND (MPH)
  HIGHEST WIND SPEED    24   HIGHEST WIND DIRECTION    NE (50)
  HIGHEST GUST SPEED    32   HIGHEST GUST DIRECTION     N (20)
  AVERAGE WIND SPEED    13.6


SKY COVER
  POSSIBLE SUNSHINE  MM
  AVERAGE SKY COVER 0.8


WEATHER CONDITIONS
 THE FOLLOWING WEATHER WAS RECORDED YESTERDAY.
  LIGHT RAIN


RELATIVE HUMIDITY (PERCENT)
 HIGHEST    93          1200 AM
 LOWEST     48           400 PM
 AVERAGE    71

..........................................................


THE GRAND FORKS INTL AP ND CLIMATE NORMALS FOR TODAY
                         NORMAL    RECORD    YEAR
 MAXIMUM TEMPERATURE (F)   70        91      1980
 MINIMUM TEMPERATURE (F)   45        24      2002


SUNRISE AND SUNSET
MAY 24 2017...........SUNRISE   540 AM CDT   SUNSET   912 PM CDT
MAY 25 2017...........SUNRISE   539 AM CDT   SUNSET   913 PM CDT


-  INDICATES NEGATIVE NUMBERS.
R  INDICATES RECORD WAS SET OR TIED.
MM INDICATES DATA IS MISSING.
T  INDICATES TRACE AMOUNT.




$$
