000
CDUS43 KFGF 241225
CLIGFK


CLIMATE REPORT
NATIONAL WEATHER SERVICE EASTERN NORTH DAKOTA/GRAND FORKS
724 AM CDT MON APR 24 2017


...................................

...THE GRAND FORKS INTL AP ND CLIMATE SUMMARY FOR APRIL 23 2017...

CLIMATE NORMAL PERIOD 1981 TO 2010
CLIMATE RECORD PERIOD 1941 TO 2017


WEATHER ITEM   OBSERVED TIME   RECORD YEAR NORMAL DEPARTURE LAST
                VALUE   (LST)  VALUE       VALUE  FROM      YEAR
                                                  NORMAL
..................................................................
TEMPERATURE (F)
 YESTERDAY
  MAXIMUM         36   1222 PM  90    1990  59    -23       65
  MINIMUM         31    125 PM  18    2015  33     -2       42
  AVERAGE         34                        46    -12       54

PRECIPITATION (IN)
  YESTERDAY        0.06          0.68 2014   0.03   0.03      T
  MONTH TO DATE    0.72                      0.68   0.04     0.78
  SINCE MAR 1      1.57                      1.64  -0.07     1.33
  SINCE JAN 1      2.42                      2.71  -0.29     1.91

SNOWFALL (IN)
  YESTERDAY        0.9           1.0  1972   0.1    0.8      0.0
  MONTH TO DATE    0.9                       2.3   -1.4      0.3
  SINCE MAR 1      1.1                       9.5   -8.4      2.5
  SINCE JUL 1     39.4                      46.7   -7.3     28.4
  SNOW DEPTH       T

DEGREE DAYS
 HEATING
  YESTERDAY       31                        19     12       11
  MONTH TO DATE  447                       573   -126      593
  SINCE MAR 1   1602                      1808   -206     1482
  SINCE JUL 1   7571                      8958  -1387     7461

 COOLING
  YESTERDAY        0                         0      0        0
  MONTH TO DATE    0                         0      0        0
  SINCE MAR 1      0                         0      0        0
  SINCE JAN 1      0                         0      0        0
..................................................................


WIND (MPH)
  HIGHEST WIND SPEED    22   HIGHEST WIND DIRECTION    NE (60)
  HIGHEST GUST SPEED    29   HIGHEST GUST DIRECTION    NE (60)
  AVERAGE WIND SPEED    15.9


SKY COVER
  POSSIBLE SUNSHINE  MM
  AVERAGE SKY COVER 1.0


WEATHER CONDITIONS
 THE FOLLOWING WEATHER WAS RECORDED YESTERDAY.
  LIGHT RAIN
  SNOW
  LIGHT SNOW
  SLEET
  FOG
  FOG W/VISIBILITY <= 1/4 MILE


RELATIVE HUMIDITY (PERCENT)
 HIGHEST    89           600 PM
 LOWEST     61           200 AM
 AVERAGE    75

..........................................................


THE GRAND FORKS INTL AP ND CLIMATE NORMALS FOR TODAY
                         NORMAL    RECORD    YEAR
 MAXIMUM TEMPERATURE (F)   59        85      1990
 MINIMUM TEMPERATURE (F)   33        24      2005
                                             1981
                                             1968


SUNRISE AND SUNSET
APRIL 24 2017.........SUNRISE   622 AM CDT   SUNSET   832 PM CDT
APRIL 25 2017.........SUNRISE   620 AM CDT   SUNSET   834 PM CDT


-  INDICATES NEGATIVE NUMBERS.
R  INDICATES RECORD WAS SET OR TIED.
MM INDICATES DATA IS MISSING.
T  INDICATES TRACE AMOUNT.




$$
