000
CDUS43 KFGF 250641
CLIGFK


CLIMATE REPORT
NATIONAL WEATHER SERVICE EASTERN NORTH DAKOTA/GRAND FORKS
1238 AM CST SAT FEB 25 2017


...................................

...THE GRAND FORKS INTL AP ND CLIMATE SUMMARY FOR FEBRUARY 24 2017...

CLIMATE NORMAL PERIOD 1981 TO 2010
CLIMATE RECORD PERIOD 1941 TO 2017


WEATHER ITEM   OBSERVED TIME   RECORD YEAR NORMAL DEPARTURE LAST
                VALUE   (LST)  VALUE       VALUE  FROM      YEAR
                                                  NORMAL
..................................................................
TEMPERATURE (F)
 YESTERDAY
  MAXIMUM         23    400 PM  51    1976  25     -2       35
  MINIMUM         15   1122 PM -30    1950   6      9       19
  AVERAGE         19                        15      4       27

PRECIPITATION (IN)
  YESTERDAY        T             0.42 1977   0.03  -0.03      T
  MONTH TO DATE    0.34                      0.42  -0.08     0.26
  SINCE DEC 1      2.40                      1.58   0.82     1.64
  SINCE JAN 1      0.79                      0.97  -0.18     0.58

SNOWFALL (IN)
  YESTERDAY        T             4.4  1977   0.3   -0.3       T
  MONTH TO DATE    3.7                       5.5   -1.8      2.6
  SINCE DEC 1     36.2                      26.9    9.3     23.2
  SINCE JUL 1     37.3                      36.1    1.2     25.9
  SNOW DEPTH       T

DEGREE DAYS
 HEATING
  YESTERDAY       46                        50     -4       38
  MONTH TO DATE 1063                      1289   -226     1063
  SINCE DEC 1   4308                      4756   -448     4120
  SINCE JUL 1   5776                      6955  -1179     5785

 COOLING
  YESTERDAY        0                         0      0        0
  MONTH TO DATE    0                         0      0        0
  SINCE DEC 1      0                         0      0        0
  SINCE JAN 1      0                         0      0        0
..................................................................


WIND (MPH)
  HIGHEST WIND SPEED    22   HIGHEST WIND DIRECTION     N (350)
  HIGHEST GUST SPEED    26   HIGHEST GUST DIRECTION     N (360)
  AVERAGE WIND SPEED     9.4


SKY COVER
  POSSIBLE SUNSHINE  MM
  AVERAGE SKY COVER 0.5


WEATHER CONDITIONS
 THE FOLLOWING WEATHER WAS RECORDED YESTERDAY.
  LIGHT SNOW


RELATIVE HUMIDITY (PERCENT)
 HIGHEST    74          1200 AM
 LOWEST     56           800 AM
 AVERAGE    65

..........................................................


THE GRAND FORKS INTL AP ND CLIMATE NORMALS FOR TODAY
                         NORMAL    RECORD    YEAR
 MAXIMUM TEMPERATURE (F)   25        65      1958
 MINIMUM TEMPERATURE (F)    6       -33      1950


SUNRISE AND SUNSET
FEBRUARY 25 2017......SUNRISE   717 AM CST   SUNSET   608 PM CST
FEBRUARY 26 2017......SUNRISE   715 AM CST   SUNSET   609 PM CST


-  INDICATES NEGATIVE NUMBERS.
R  INDICATES RECORD WAS SET OR TIED.
MM INDICATES DATA IS MISSING.
T  INDICATES TRACE AMOUNT.




$$
