000
CDUS43 KFGF 240635
CLIGFK


CLIMATE REPORT
NATIONAL WEATHER SERVICE EASTERN NORTH DAKOTA/GRAND FORKS
134 AM CDT SAT JUN 24 2017


...................................

...THE GRAND FORKS INTL AP ND CLIMATE SUMMARY FOR JUNE 23 2017...

CLIMATE NORMAL PERIOD 1981 TO 2010
CLIMATE RECORD PERIOD 1948 TO 2017


WEATHER ITEM   OBSERVED TIME   RECORD YEAR NORMAL DEPARTURE LAST
                VALUE   (LST)  VALUE       VALUE  FROM      YEAR
                                                  NORMAL
..................................................................
TEMPERATURE (F)
 YESTERDAY
  MAXIMUM         67    428 PM  93    2005  78    -11       80
  MINIMUM         55   1159 PM  34    1967  54      1       49
  AVERAGE         61                        66     -5       65

PRECIPITATION (IN)
  YESTERDAY        T             1.50 1969   0.13  -0.13     0.00
  MONTH TO DATE    1.33                      2.62  -1.29     3.30
  SINCE JUN 1      1.33                      2.62  -1.29     3.30
  SINCE JAN 1      5.48                      8.34  -2.86     9.69

SNOWFALL (IN)
  YESTERDAY        0.0          MM      MM   0.0    0.0      0.0
  MONTH TO DATE    0.0                       0.0    0.0      0.0
  SINCE JUN 1      0.0                       0.0    0.0      0.0
  SINCE JUL 1     44.1                      47.4   -3.3     28.4
  SNOW DEPTH       0

DEGREE DAYS
 HEATING
  YESTERDAY        4                         2      2        0
  MONTH TO DATE   13                        91    -78       41
  SINCE JUN 1     13                        91    -78       41
  SINCE JUL 1   8027                      9503  -1476     7854

 COOLING
  YESTERDAY        0                         3     -3        0
  MONTH TO DATE   95                        49     46       58
  SINCE JUN 1     95                        49     46       58
  SINCE JAN 1     97                        66     31       80
..................................................................


WIND (MPH)
  HIGHEST WIND SPEED    24   HIGHEST WIND DIRECTION    NW (320)
  HIGHEST GUST SPEED    32   HIGHEST GUST DIRECTION    NW (310)
  AVERAGE WIND SPEED    15.9


SKY COVER
  POSSIBLE SUNSHINE  MM
  AVERAGE SKY COVER 0.8


WEATHER CONDITIONS
 THE FOLLOWING WEATHER WAS RECORDED YESTERDAY.
  LIGHT RAIN


RELATIVE HUMIDITY (PERCENT)
 HIGHEST    80           400 AM
 LOWEST     42           400 PM
 AVERAGE    61

..........................................................


THE GRAND FORKS INTL AP ND CLIMATE NORMALS FOR TODAY
                         NORMAL    RECORD    YEAR
 MAXIMUM TEMPERATURE (F)   78        91      1988
 MINIMUM TEMPERATURE (F)   54        38      2004


SUNRISE AND SUNSET
JUNE 24 2017..........SUNRISE   530 AM CDT   SUNSET   932 PM CDT
JUNE 25 2017..........SUNRISE   531 AM CDT   SUNSET   932 PM CDT


-  INDICATES NEGATIVE NUMBERS.
R  INDICATES RECORD WAS SET OR TIED.
MM INDICATES DATA IS MISSING.
T  INDICATES TRACE AMOUNT.




$$
