000
CDUS43 KFGF 110644
CLIGFK


CLIMATE REPORT
NATIONAL WEATHER SERVICE EASTERN NORTH DAKOTA/GRAND FORKS
1243 AM CST MON DEC 11 2017


...................................

...THE GRAND FORKS INTL AP ND CLIMATE SUMMARY FOR DECEMBER 10 2017...

CLIMATE NORMAL PERIOD 1981 TO 2010
CLIMATE RECORD PERIOD 1948 TO 2017


WEATHER ITEM   OBSERVED TIME   RECORD YEAR NORMAL DEPARTURE LAST
                VALUE   (LST)  VALUE       VALUE  FROM      YEAR
                                                  NORMAL
..................................................................
TEMPERATURE (F)
 YESTERDAY
  MAXIMUM         29   1128 PM  47    1974  22      7       -1
  MINIMUM         15    801 AM -28    1977   4     11      -11
  AVERAGE         22                        13      9       -6

PRECIPITATION (IN)
  YESTERDAY        0.06          0.18 1986   0.02   0.04     0.00
                                      1948
                                      1929
  MONTH TO DATE    0.27                      0.20   0.07     0.70
  SINCE DEC 1      0.27                      0.20   0.07     0.70
  SINCE JAN 1     16.75                     20.40  -3.65    25.81

SNOWFALL (IN)
  YESTERDAY        0.4           2.5  1948   0.3    0.1      0.0
  MONTH TO DATE    4.3                       3.3    1.0     17.6
  SINCE DEC 1      4.3                       3.3    1.0     17.6
  SINCE JUL 1     14.5                      12.5    2.0     18.7
  SNOW DEPTH       3

DEGREE DAYS
 HEATING
  YESTERDAY       43                        52     -9       71
  MONTH TO DATE  421                       500    -79      447
  SINCE DEC 1    421                       500    -79      447
  SINCE JUL 1   2406                      2699   -293     1915

 COOLING
  YESTERDAY        0                         0      0        0
  MONTH TO DATE    0                         0      0        0
  SINCE DEC 1      0                         0      0        0
  SINCE JAN 1    411                       379     32      434
..................................................................


WIND (MPH)
  HIGHEST WIND SPEED    18   HIGHEST WIND DIRECTION     N (350)
  HIGHEST GUST SPEED    23   HIGHEST GUST DIRECTION     N (350)
  AVERAGE WIND SPEED     8.1


SKY COVER
  POSSIBLE SUNSHINE  MM
  AVERAGE SKY COVER 0.6


WEATHER CONDITIONS
 THE FOLLOWING WEATHER WAS RECORDED YESTERDAY.
  LIGHT SNOW
  FOG


RELATIVE HUMIDITY (PERCENT)
 HIGHEST    92           400 AM
 LOWEST     75          1200 AM
 AVERAGE    84

..........................................................


THE GRAND FORKS INTL AP ND CLIMATE NORMALS FOR TODAY
                         NORMAL    RECORD    YEAR
 MAXIMUM TEMPERATURE (F)   21        49      2002
 MINIMUM TEMPERATURE (F)    4       -21      2013


SUNRISE AND SUNSET
DECEMBER 11 2017......SUNRISE   808 AM CST   SUNSET   436 PM CST
DECEMBER 12 2017......SUNRISE   809 AM CST   SUNSET   436 PM CST


-  INDICATES NEGATIVE NUMBERS.
R  INDICATES RECORD WAS SET OR TIED.
MM INDICATES DATA IS MISSING.
T  INDICATES TRACE AMOUNT.




$$
