000
CDUS43 KFGF 200634
CLIGFK


CLIMATE REPORT
NATIONAL WEATHER SERVICE EASTERN NORTH DAKOTA/GRAND FORKS
1232 AM CST SAT DEC 20 2014


...................................

...THE GRAND FORKS INTL AP ND CLIMATE SUMMARY FOR DECEMBER 19 2014...

CLIMATE NORMAL PERIOD 1981 TO 2010
CLIMATE RECORD PERIOD 1941 TO 2014


WEATHER ITEM   OBSERVED TIME   RECORD YEAR NORMAL DEPARTURE LAST
                VALUE   (LST)  VALUE       VALUE  FROM      YEAR
                                                  NORMAL
..................................................................
TEMPERATURE (F)
 YESTERDAY
  MAXIMUM         30    955 PM  44    2006  19     11        0
  MINIMUM         20   1253 AM -30    1955   1     19      -12
  AVERAGE         25                        10     15       -6

PRECIPITATION (IN)
  YESTERDAY        T             0.20 1978   0.02  -0.02     0.03
  MONTH TO DATE    0.04                      0.37  -0.33     0.67
  SINCE DEC 1      0.04                      0.37  -0.33     0.67
  SINCE JAN 1     22.69                     20.57   2.12    19.50

SNOWFALL (IN)
  YESTERDAY        0.0           2.8  1985   0.4   -0.4      0.3
  MONTH TO DATE    0.6                       6.4   -5.8     17.7
  SINCE DEC 1      0.6                       6.4   -5.8     17.7
  SINCE JUL 1      4.6                      15.6  -11.0     19.3
  SNOW DEPTH       0

DEGREE DAYS
 HEATING
  YESTERDAY       40                        55    -15       71
  MONTH TO DATE  881                       983   -102     1217
  SINCE DEC 1    881                       983   -102     1217
  SINCE JUL 1   3025                      3182   -157     3328

 COOLING
  YESTERDAY        0                         0      0        0
  MONTH TO DATE    0                         0      0        0
  SINCE DEC 1      0                         0      0        0
  SINCE JAN 1    395                       379     16      487
..................................................................


WIND (MPH)
  HIGHEST WIND SPEED    16   HIGHEST WIND DIRECTION    SE (150)
  HIGHEST GUST SPEED    20   HIGHEST GUST DIRECTION     S (160)
  AVERAGE WIND SPEED     9.2


SKY COVER
  POSSIBLE SUNSHINE  MM
  AVERAGE SKY COVER 1.0


WEATHER CONDITIONS
 THE FOLLOWING WEATHER WAS RECORDED YESTERDAY.
  LT FREEZING RAIN
  FOG


RELATIVE HUMIDITY (PERCENT)
 HIGHEST   100           700 AM
 LOWEST     84          1200 AM
 AVERAGE    92

..........................................................


THE GRAND FORKS INTL AP ND CLIMATE NORMALS FOR TODAY
                         NORMAL    RECORD    YEAR
 MAXIMUM TEMPERATURE (F)   19        44      1957
 MINIMUM TEMPERATURE (F)    1       -30      1985


SUNRISE AND SUNSET
DECEMBER 20 2014......SUNRISE   815 AM CST   SUNSET   438 PM CST
DECEMBER 21 2014......SUNRISE   816 AM CST   SUNSET   438 PM CST


-  INDICATES NEGATIVE NUMBERS.
R  INDICATES RECORD WAS SET OR TIED.
MM INDICATES DATA IS MISSING.
T  INDICATES TRACE AMOUNT.




$$
