000
CDUS43 KFGF 280632
CLIGFK


CLIMATE REPORT
NATIONAL WEATHER SERVICE EASTERN NORTH DAKOTA/GRAND FORKS
131 AM CDT WED SEP 28 2016


...................................

...THE GRAND FORKS INTL AP ND CLIMATE SUMMARY FOR SEPTEMBER 27 2016...

CLIMATE NORMAL PERIOD 1981 TO 2010
CLIMATE RECORD PERIOD 1941 TO 2016


WEATHER ITEM   OBSERVED TIME   RECORD YEAR NORMAL DEPARTURE LAST
                VALUE   (LST)  VALUE       VALUE  FROM      YEAR
                                                  NORMAL
..................................................................
TEMPERATURE (F)
 YESTERDAY
  MAXIMUM         60    431 PM  95    1952  64     -4       75
  MINIMUM         40    453 AM  23    1976  39      1       50
                                      1942
  AVERAGE         50                        52     -2       63

PRECIPITATION (IN)
  YESTERDAY        0.00          0.79 1947   0.06  -0.06     0.00
  MONTH TO DATE    4.16                      1.85   2.31     0.84
  SINCE SEP 1      4.16                      1.85   2.31     0.84
  SINCE JAN 1     22.68                     17.08   5.60    17.65

SNOWFALL (IN)
  YESTERDAY        0.0          MM      MM   0.0    0.0      0.0
  MONTH TO DATE    0.0                       0.0    0.0      0.0
  SINCE SEP 1      0.0                       0.0    0.0      0.0
  SINCE JUL 1      0.0                       0.0    0.0      0.0
  SNOW DEPTH       0

DEGREE DAYS
 HEATING
  YESTERDAY       15                        13      2        2
  MONTH TO DATE  134                       225    -91      104
  SINCE SEP 1    134                       225    -91      104
  SINCE JUL 1    162                       307   -145      168

 COOLING
  YESTERDAY        0                         0      0        0
  MONTH TO DATE   26                        24      2       72
  SINCE SEP 1     26                        24      2       72
  SINCE JAN 1    430                       376     54      469
..................................................................


WIND (MPH)
  HIGHEST WIND SPEED    25   HIGHEST WIND DIRECTION    NW (330)
  HIGHEST GUST SPEED    29   HIGHEST GUST DIRECTION     N (360)
  AVERAGE WIND SPEED    12.2


SKY COVER
  POSSIBLE SUNSHINE  MM
  AVERAGE SKY COVER 0.4


WEATHER CONDITIONS
 THE FOLLOWING WEATHER WAS RECORDED YESTERDAY.
  NO SIGNIFICANT WEATHER WAS OBSERVED.


RELATIVE HUMIDITY (PERCENT)
 HIGHEST    86           100 AM
 LOWEST     53           200 PM
 AVERAGE    70

..........................................................


THE GRAND FORKS INTL AP ND CLIMATE NORMALS FOR TODAY
                         NORMAL    RECORD    YEAR
 MAXIMUM TEMPERATURE (F)   64        88      2011
 MINIMUM TEMPERATURE (F)   39        18      1942


SUNRISE AND SUNSET
SEPTEMBER 28 2016.....SUNRISE   724 AM CDT   SUNSET   713 PM CDT
SEPTEMBER 29 2016.....SUNRISE   726 AM CDT   SUNSET   711 PM CDT


-  INDICATES NEGATIVE NUMBERS.
R  INDICATES RECORD WAS SET OR TIED.
MM INDICATES DATA IS MISSING.
T  INDICATES TRACE AMOUNT.




$$
