648
CDUS43 KFGF 180637
CLIGFK


CLIMATE REPORT
NATIONAL WEATHER SERVICE EASTERN NORTH DAKOTA/GRAND FORKS
136 AM CDT WED OCT 18 2017


...................................

...THE GRAND FORKS INTL AP ND CLIMATE SUMMARY FOR OCTOBER 17 2017...

CLIMATE NORMAL PERIOD 1981 TO 2010
CLIMATE RECORD PERIOD 1948 TO 2017


WEATHER ITEM   OBSERVED TIME   RECORD YEAR NORMAL DEPARTURE LAST
                VALUE   (LST)  VALUE       VALUE  FROM      YEAR
                                                  NORMAL
..................................................................
TEMPERATURE (F)
 YESTERDAY
  MAXIMUM         80R   346 PM  78    1963  54     26       65
  MINIMUM         34    451 AM   9    1972  32      2       43
  AVERAGE         57                        43     14       54

PRECIPITATION (IN)
  YESTERDAY        0.00          1.86 1998   0.07  -0.07     0.00
  MONTH TO DATE    0.08                      1.18  -1.10     0.88
  SINCE SEP 1      4.53                      3.23   1.30     5.04
  SINCE JAN 1     15.58                     18.46  -2.88    23.56

SNOWFALL (IN)
  YESTERDAY        0.0           1.0  1990   0.0    0.0      0.0
  MONTH TO DATE    0.0                       0.5   -0.5      0.0
  SINCE SEP 1      0.0                       0.5   -0.5      0.0
  SINCE JUL 1      0.0                       0.5   -0.5      0.0
  SNOW DEPTH       0

DEGREE DAYS
 HEATING
  YESTERDAY        8                        22    -14       11
  MONTH TO DATE  261                       316    -55      261
  SINCE SEP 1    440                       585   -145      429
  SINCE JUL 1    459                       667   -208      457

 COOLING
  YESTERDAY        0                         0      0        0
  MONTH TO DATE    0                         0      0        4
  SINCE SEP 1     36                        26     10       30
  SINCE JAN 1    411                       378     33      434
..................................................................


WIND (MPH)
  HIGHEST WIND SPEED    22   HIGHEST WIND DIRECTION    SW (230)
  HIGHEST GUST SPEED    31   HIGHEST GUST DIRECTION    SW (230)
  AVERAGE WIND SPEED    11.0


SKY COVER
  POSSIBLE SUNSHINE  MM
  AVERAGE SKY COVER 0.2


WEATHER CONDITIONS
 THE FOLLOWING WEATHER WAS RECORDED YESTERDAY.
  NO SIGNIFICANT WEATHER WAS OBSERVED.


RELATIVE HUMIDITY (PERCENT)
 HIGHEST    89           400 AM
 LOWEST     16           400 PM
 AVERAGE    53

..........................................................


THE GRAND FORKS INTL AP ND CLIMATE NORMALS FOR TODAY
                         NORMAL    RECORD    YEAR
 MAXIMUM TEMPERATURE (F)   54        75      1956
 MINIMUM TEMPERATURE (F)   31         8      1972


SUNRISE AND SUNSET
OCTOBER 18 2017.......SUNRISE   753 AM CDT   SUNSET   634 PM CDT
OCTOBER 19 2017.......SUNRISE   754 AM CDT   SUNSET   632 PM CDT


-  INDICATES NEGATIVE NUMBERS.
R  INDICATES RECORD WAS SET OR TIED.
MM INDICATES DATA IS MISSING.
T  INDICATES TRACE AMOUNT.




$$
