000
CDUS43 KFGF 222152
CLIGFK


CLIMATE REPORT
NATIONAL WEATHER SERVICE EASTERN NORTH DAKOTA/GRAND FORKS
451 PM CDT FRI MAY 22 2015


...................................

...THE GRAND FORKS INTL AP ND CLIMATE SUMMARY FOR MAY 22 2015...
VALID TODAY AS OF 0400 PM LOCAL TIME.

CLIMATE NORMAL PERIOD 1981 TO 2010
CLIMATE RECORD PERIOD 1941 TO 2015


WEATHER ITEM   OBSERVED TIME   RECORD YEAR NORMAL DEPARTURE LAST
                VALUE   (LST)  VALUE       VALUE  FROM      YEAR
                                                  NORMAL
..................................................................
TEMPERATURE (F)
 TODAY
  MAXIMUM         77    259 PM  96    1980  70      7       74
  MINIMUM         38    441 AM  25    1963  44     -6       36
  AVERAGE         58                        57      1       55

PRECIPITATION (IN)
  TODAY            0.00          1.99 2010   0.09  -0.09     0.00
  MONTH TO DATE    3.80                      1.81   1.99     1.75
  SINCE MAR 1      4.84                      3.78   1.06     5.30
  SINCE JAN 1      5.66                      4.85   0.81     6.37

SNOWFALL (IN)
  TODAY            0.0          MM      MM   0.0    0.0      0.0
  MONTH TO DATE    T                         0.1   -0.1      0.0
  SINCE MAR 1      2.7                      10.2   -7.5     14.6
  SINCE JUL 1     17.0                      47.4  -30.4     60.3
  SNOW DEPTH       0

DEGREE DAYS
 HEATING
  TODAY            7                         9     -2       10
  MONTH TO DATE  318                       268     50      366
  SINCE MAR 1   1976                      2196   -220     2645
  SINCE JUL 1   8893                      9346   -453    10540

 COOLING
  TODAY            0                         1     -1        0
  MONTH TO DATE    0                         7     -7        0
  SINCE MAR 1      0                         8     -8        0
  SINCE JAN 1      0                         8     -8        0
..................................................................


WIND (MPH)
  HIGHEST WIND SPEED    16   HIGHEST WIND DIRECTION     S (190)
  HIGHEST GUST SPEED    20   HIGHEST GUST DIRECTION     S (200)
  AVERAGE WIND SPEED     5.0


SKY COVER
  POSSIBLE SUNSHINE  MM
  AVERAGE SKY COVER 0.0


WEATHER CONDITIONS
 THE FOLLOWING WEATHER WAS RECORDED TODAY.
  NO SIGNIFICANT WEATHER WAS OBSERVED.


RELATIVE HUMIDITY (PERCENT)
 HIGHEST    89           600 AM
 LOWEST     23           200 PM
 AVERAGE    56

..........................................................


THE GRAND FORKS INTL AP ND CLIMATE NORMALS FOR TOMORROW
                         NORMAL    RECORD    YEAR
 MAXIMUM TEMPERATURE (F)   70        95      1928
 MINIMUM TEMPERATURE (F)   44        27      1917


SUNRISE AND SUNSET
MAY 22 2015...........SUNRISE   542 AM CDT   SUNSET   909 PM CDT
MAY 23 2015...........SUNRISE   541 AM CDT   SUNSET   910 PM CDT


-  INDICATES NEGATIVE NUMBERS.
R  INDICATES RECORD WAS SET OR TIED.
MM INDICATES DATA IS MISSING.
T  INDICATES TRACE AMOUNT.




$$
