117
CDUS43 KFGF 302146
CLIGFK


CLIMATE REPORT
NATIONAL WEATHER SERVICE EASTERN NORTH DAKOTA/GRAND FORKS
446 PM CDT SAT JUL 30 2016


...................................

...THE GRAND FORKS INTL AP ND CLIMATE SUMMARY FOR JULY 30 2016...
VALID TODAY AS OF 0400 PM LOCAL TIME.

CLIMATE NORMAL PERIOD 1981 TO 2010
CLIMATE RECORD PERIOD 1941 TO 2016


WEATHER ITEM   OBSERVED TIME   RECORD YEAR NORMAL DEPARTURE LAST
                VALUE   (LST)  VALUE       VALUE  FROM      YEAR
                                                  NORMAL
..................................................................
TEMPERATURE (F)
 TODAY
  MAXIMUM         82    253 PM  99    1955  82      0       83
  MINIMUM         61    303 AM  41    1971  56      5       57
                                      1960
  AVERAGE         72                        69      3       70

PRECIPITATION (IN)
  TODAY            0.03          1.29 1983   0.09  -0.06     0.00
  MONTH TO DATE    5.30                      3.07   2.23     5.10
  SINCE JUN 1      8.60                      6.55   2.05     7.61
  SINCE JAN 1     14.99                     12.27   2.72    13.92

SNOWFALL (IN)
  TODAY            0.0          MM      MM   0.0    0.0      0.0
  MONTH TO DATE    0.0                       0.0    0.0      0.0
  SINCE JUN 1      0.0                       0.0    0.0      0.0
  SINCE JUL 1      0.0                       0.0    0.0      0.0
  SNOW DEPTH       0

DEGREE DAYS
 HEATING
  TODAY            0                         1     -1        0
  MONTH TO DATE   12                        31    -19       14
  SINCE JUN 1     66                       134    -68       72
  SINCE JUL 1     12                        31    -19       14

 COOLING
  TODAY            7                         5      2        5
  MONTH TO DATE  158                       140     18      191
  SINCE JUN 1    236                       215     21      256
  SINCE JAN 1    258                       232     26      262
..................................................................


WIND (MPH)
  HIGHEST WIND SPEED    18   HIGHEST WIND DIRECTION     S (180)
  HIGHEST GUST SPEED    24   HIGHEST GUST DIRECTION     S (190)
  AVERAGE WIND SPEED    11.2


SKY COVER
  POSSIBLE SUNSHINE  MM
  AVERAGE SKY COVER 0.6


WEATHER CONDITIONS
 THE FOLLOWING WEATHER WAS RECORDED TODAY.
  LIGHT RAIN


RELATIVE HUMIDITY (PERCENT)
 HIGHEST    90           300 AM
 LOWEST     51           200 PM
 AVERAGE    71

..........................................................


THE GRAND FORKS INTL AP ND CLIMATE NORMALS FOR TOMORROW
                         NORMAL    RECORD    YEAR
 MAXIMUM TEMPERATURE (F)   82        96      1957
 MINIMUM TEMPERATURE (F)   56        43      1985


SUNRISE AND SUNSET
JULY 30 2016..........SUNRISE   603 AM CDT   SUNSET   906 PM CDT
JULY 31 2016..........SUNRISE   605 AM CDT   SUNSET   905 PM CDT


-  INDICATES NEGATIVE NUMBERS.
R  INDICATES RECORD WAS SET OR TIED.
MM INDICATES DATA IS MISSING.
T  INDICATES TRACE AMOUNT.




$$
