106
CDUS41 KALY 190623
CLIGFL


CLIMATE REPORT
NATIONAL WEATHER SERVICE ALBANY NY
122 AM EST THU JAN 19 2017


...................................

...THE GLENS FALLS NY CLIMATE SUMMARY FOR JANUARY 18 2017...

CLIMATE NORMAL PERIOD 1981 TO 2010
CLIMATE RECORD PERIOD 1949 TO 2017


WEATHER ITEM   OBSERVED TIME   RECORD YEAR NORMAL DEPARTURE LAST
                VALUE   (LST)  VALUE       VALUE  FROM      YEAR
                                                  NORMAL
..................................................................
TEMPERATURE (F)
 YESTERDAY
  MAXIMUM         36    457 PM  54    1990  28      8       26
  MINIMUM         32   1223 AM -26    1977   7     25       13
  AVERAGE         34                        17     17       20

PRECIPITATION (IN)
  YESTERDAY        0.14          2.46 2006   0.09   0.05     0.02
  MONTH TO DATE    1.13                      1.64  -0.51     1.04
  SINCE DEC 1      4.00                      4.69  -0.69     5.09
  SINCE JAN 1      1.13                      1.64  -0.51     1.04

DEGREE DAYS
 HEATING
  YESTERDAY       31                        48    -17       45
  MONTH TO DATE  694                       844   -150      706
  SINCE DEC 1   1839                      2084   -245     1529
  SINCE JUL 1   3155                      3782   -627     2820

 COOLING
  YESTERDAY        0                         0      0        0
  MONTH TO DATE    0                         0      0        0
  SINCE DEC 1      0                         0      0        0
  SINCE JAN 1      0                         0      0        0
..................................................................


WIND (MPH)
  HIGHEST WIND SPEED     9   HIGHEST WIND DIRECTION    SW (210)
  HIGHEST GUST SPEED    13   HIGHEST GUST DIRECTION     S (200)
  AVERAGE WIND SPEED     2.2


SKY COVER
  AVERAGE SKY COVER 1.0



RELATIVE HUMIDITY (PERCENT)
 HIGHEST    96          1100 AM
 LOWEST     85          1200 AM
 AVERAGE    91

..........................................................


THE GLENS FALLS NY CLIMATE NORMALS FOR TODAY
                         NORMAL    RECORD    YEAR
 MAXIMUM TEMPERATURE (F)   28        56      1996
 MINIMUM TEMPERATURE (F)    7       -30      1976


SUNRISE AND SUNSET
JANUARY 19 2017.......SUNRISE   721 AM EST   SUNSET   449 PM EST
JANUARY 20 2017.......SUNRISE   721 AM EST   SUNSET   451 PM EST


-  INDICATES NEGATIVE NUMBERS.
R  INDICATES RECORD WAS SET OR TIED.
MM INDICATES DATA IS MISSING.
T  INDICATES TRACE AMOUNT.




$$
