000
CDUS41 KALY 212042
CLIGFL


CLIMATE REPORT
NATIONAL WEATHER SERVICE ALBANY NY
442 PM EDT THU SEP 21 2017


...................................

...THE GLENS FALLS NY CLIMATE SUMMARY FOR SEPTEMBER 21 2017...
VALID TODAY AS OF 0400 PM LOCAL TIME.

CLIMATE NORMAL PERIOD 1981 TO 2010
CLIMATE RECORD PERIOD 1949 TO 2017


WEATHER ITEM   OBSERVED TIME   RECORD YEAR NORMAL DEPARTURE LAST
                VALUE   (LST)  VALUE       VALUE  FROM      YEAR
                                                  NORMAL
..................................................................
TEMPERATURE (F)
 TODAY
  MAXIMUM         80    219 PM  85    1965  69     11       MM
  MINIMUM         56    603 AM  28    1973  44     12       MM
  AVERAGE         68                        56     12       MM

PRECIPITATION (IN)
  TODAY            0.00          1.41 1983   0.12  -0.12    MM
  MONTH TO DATE    2.13                      2.28  -0.15     1.04
  SINCE SEP 1      2.13                      2.28  -0.15     1.04
  SINCE JAN 1     29.26                     28.09   1.17    22.20

DEGREE DAYS
 HEATING
  TODAY            0                         9     -9       MM
  MONTH TO DATE   90                       121    -31       27
  SINCE SEP 1     90                       121    -31       27
  SINCE JUL 1    157                       187    -30       33

 COOLING
  TODAY            3                         0      3       MM
  MONTH TO DATE   37                        23     14       55
  SINCE SEP 1     37                        23     14       55
  SINCE JAN 1    351                       350      1      640
..................................................................


WIND (MPH)
  HIGHEST WIND SPEED    17   HIGHEST WIND DIRECTION     N (10)
  HIGHEST GUST SPEED    21   HIGHEST GUST DIRECTION     N (10)
  AVERAGE WIND SPEED     5.6


SKY COVER
  AVERAGE SKY COVER 0.1



RELATIVE HUMIDITY (PERCENT)
 HIGHEST   100           400 AM
 LOWEST     48           200 PM
 AVERAGE    74

..........................................................


THE GLENS FALLS NY CLIMATE NORMALS FOR TOMORROW
                         NORMAL    RECORD    YEAR
 MAXIMUM TEMPERATURE (F)   68        89      1965
 MINIMUM TEMPERATURE (F)   44        29      1962


SUNRISE AND SUNSET
SEPTEMBER 21 2017.....SUNRISE   641 AM EDT   SUNSET   653 PM EDT
SEPTEMBER 22 2017.....SUNRISE   642 AM EDT   SUNSET   651 PM EDT


-  INDICATES NEGATIVE NUMBERS.
R  INDICATES RECORD WAS SET OR TIED.
MM INDICATES DATA IS MISSING.
T  INDICATES TRACE AMOUNT.




$$
