366
CDUS41 KALY 230623
CLIGFL


CLIMATE REPORT
NATIONAL WEATHER SERVICE ALBANY NY
222 AM EDT THU MAR 23 2017


...................................

...THE GLENS FALLS NY CLIMATE SUMMARY FOR MARCH 22 2017...

CLIMATE NORMAL PERIOD 1981 TO 2010
CLIMATE RECORD PERIOD 1949 TO 2017


WEATHER ITEM   OBSERVED TIME   RECORD YEAR NORMAL DEPARTURE LAST
                VALUE   (LST)  VALUE       VALUE  FROM      YEAR
                                                  NORMAL
..................................................................
TEMPERATURE (F)
 YESTERDAY
  MAXIMUM         39   1242 AM  80    2012  45     -6       49
  MINIMUM         17   1159 PM   4    1956  23     -6       21
  AVERAGE         28                        34     -6       35

PRECIPITATION (IN)
  YESTERDAY        0.00          0.99 1955   0.10  -0.10     0.00
  MONTH TO DATE    0.66                      2.08  -1.42     1.42
  SINCE MAR 1      0.66                      2.08  -1.42     1.42
  SINCE JAN 1      5.35                      7.02  -1.67     6.21

DEGREE DAYS
 HEATING
  YESTERDAY       37                        31      6       30
  MONTH TO DATE  782                       783     -1      619
  SINCE MAR 1    782                       783     -1      619
  SINCE JUL 1   5304                      6403  -1099     4799

 COOLING
  YESTERDAY        0                         0      0        0
  MONTH TO DATE    0                         0      0        0
  SINCE MAR 1      0                         0      0        0
  SINCE JAN 1      0                         0      0        0
..................................................................


WIND (MPH)
  HIGHEST WIND SPEED    29   HIGHEST WIND DIRECTION     N (350)
  HIGHEST GUST SPEED    40   HIGHEST GUST DIRECTION     N (360)
  AVERAGE WIND SPEED    13.5


SKY COVER
  AVERAGE SKY COVER 0.3



RELATIVE HUMIDITY (PERCENT)
 HIGHEST    56           200 AM
 LOWEST     28           100 PM
 AVERAGE    42

..........................................................


THE GLENS FALLS NY CLIMATE NORMALS FOR TODAY
                         NORMAL    RECORD    YEAR
 MAXIMUM TEMPERATURE (F)   45        70      1979
 MINIMUM TEMPERATURE (F)   23         9      1974


SUNRISE AND SUNSET
MARCH 23 2017.........SUNRISE   652 AM EDT   SUNSET   711 PM EDT
MARCH 24 2017.........SUNRISE   650 AM EDT   SUNSET   712 PM EDT


-  INDICATES NEGATIVE NUMBERS.
R  INDICATES RECORD WAS SET OR TIED.
MM INDICATES DATA IS MISSING.
T  INDICATES TRACE AMOUNT.




$$
