000
CDUS44 KSHV 302216
CLIGGG


CLIMATE REPORT
NATIONAL WEATHER SERVICE SHREVEPORT, LA
516 PM CDT SUN AUG 30 2015


...................................

...THE LONGVIEW CLIMATE SUMMARY FOR AUGUST 30 2015...
VALID TODAY AS OF 0500 PM LOCAL TIME.

CLIMATE NORMAL PERIOD 1981 TO 2010
CLIMATE RECORD PERIOD 1902 TO 2015


WEATHER ITEM   OBSERVED TIME   RECORD YEAR NORMAL DEPARTURE LAST
                VALUE   (LST)  VALUE       VALUE  FROM      YEAR
                                                  NORMAL
..................................................................
TEMPERATURE (F)
 TODAY
  MAXIMUM         92    217 PM 105    2000  93     -1       91
  MINIMUM         73    610 AM  56    1992  70      3       73
  AVERAGE         83                        81      2       82

PRECIPITATION (IN)
  TODAY            0.00          2.40 1955   0.10  -0.10     0.00
  MONTH TO DATE    1.79                      2.90  -1.11     0.23
  SINCE DEC 1     45.70                     35.02  10.68    30.17
  SINCE JAN 1     43.40                     30.53  12.87    26.02

DEGREE DAYS
 HEATING
  TODAY            0                         0      0        0
  MONTH TO DATE    0                         0      0        0
  SINCE JUN 1      0                         0      0        0
  SINCE JUL 1      0                         0      0        0

 COOLING
  TODAY           18                        16      2       17
  MONTH TO DATE  592                       535     57      535
  SINCE JUN 1   1699                      1546    153     1481
  SINCE JAN 1   2157                      1925    232     1835
..................................................................


WIND (MPH)
  HIGHEST WIND SPEED    13   HIGHEST WIND DIRECTION    SW (210)
  HIGHEST GUST SPEED    18   HIGHEST GUST DIRECTION     S (160)
  AVERAGE WIND SPEED     6.6


SKY COVER
  POSSIBLE SUNSHINE  MM
  AVERAGE SKY COVER 0.2


WEATHER CONDITIONS
 THE FOLLOWING WEATHER WAS RECORDED TODAY.
  NO SIGNIFICANT WEATHER WAS OBSERVED.


RELATIVE HUMIDITY (PERCENT)
 HIGHEST    74          1200 AM
 LOWEST     47           100 PM
 AVERAGE    61

..........................................................


THE LONGVIEW CLIMATE NORMALS FOR TOMORROW
                         NORMAL    RECORD    YEAR
 MAXIMUM TEMPERATURE (F)   92       108      2000
 MINIMUM TEMPERATURE (F)   69        59      1915


SUNRISE AND SUNSET
AUGUST 30 2015........SUNRISE   652 AM CDT   SUNSET   746 PM CDT
AUGUST 31 2015........SUNRISE   653 AM CDT   SUNSET   745 PM CDT


-  INDICATES NEGATIVE NUMBERS.
R  INDICATES RECORD WAS SET OR TIED.
MM INDICATES DATA IS MISSING.
T  INDICATES TRACE AMOUNT.




$$
