000
CDUS44 KSHV 190739
CLIGGG


CLIMATE REPORT
NATIONAL WEATHER SERVICE SHREVEPORT, LA
236 AM CDT TUE SEP 19 2017


...................................

...THE LONGVIEW CLIMATE SUMMARY FOR SEPTEMBER 18 2017...

CLIMATE NORMAL PERIOD 1981 TO 2010
CLIMATE RECORD PERIOD 1902 TO 2017


WEATHER ITEM   OBSERVED TIME   RECORD YEAR NORMAL DEPARTURE LAST
                VALUE   (LST)  VALUE       VALUE  FROM      YEAR
                                                  NORMAL
..................................................................
TEMPERATURE (F)
 YESTERDAY
  MAXIMUM         92    335 PM 100    1936  87      5       92
  MINIMUM         68    533 AM  48    2000  64      4       71
  AVERAGE         80                        75      5       82

PRECIPITATION (IN)
  YESTERDAY        0.00          1.07 2011   0.10  -0.10     0.03
  MONTH TO DATE    0.01                      1.90  -1.89     0.03
  SINCE DEC 1     40.34                     37.04   3.30    46.79
  SINCE JAN 1     35.54                     32.55   2.99    40.73

SNOWFALL (IN)
  YESTERDAY        0.0
  MONTH TO DATE    0.0
  SINCE SEP 1      0.0
  SINCE JUL 1      0.0
  SNOW DEPTH       0

DEGREE DAYS
 HEATING
  YESTERDAY        0                         0      0        0
  MONTH TO DATE    0                         0      0        0
  SINCE SEP 1      0                         0      0        0
  SINCE JUL 1      0                         0      0        0

 COOLING
  YESTERDAY       15                        11      4       17
  MONTH TO DATE  176                       237    -61      286
  SINCE SEP 1    176                       237    -61      286
  SINCE JAN 1   2244                      2177     67     2331
..................................................................


WIND (MPH)
  HIGHEST WIND SPEED    17   HIGHEST WIND DIRECTION     S (170)
  HIGHEST GUST SPEED    21   HIGHEST GUST DIRECTION     S (170)
  AVERAGE WIND SPEED     4.4


SKY COVER
  POSSIBLE SUNSHINE  MM
  AVERAGE SKY COVER 0.4


WEATHER CONDITIONS
 THE FOLLOWING WEATHER WAS RECORDED YESTERDAY.
  FOG
  FOG W/VISIBILITY <= 1/4 MILE


RELATIVE HUMIDITY (PERCENT)
 HIGHEST   100           200 AM
 LOWEST     49           300 PM
 AVERAGE    75

..........................................................


THE LONGVIEW CLIMATE NORMALS FOR TODAY
                         NORMAL    RECORD    YEAR
 MAXIMUM TEMPERATURE (F)   87       101      1939
 MINIMUM TEMPERATURE (F)   63        49      1903


SUNRISE AND SUNSET
SEPTEMBER 19 2017.....SUNRISE   705 AM CDT   SUNSET   719 PM CDT
SEPTEMBER 20 2017.....SUNRISE   706 AM CDT   SUNSET   718 PM CDT


-  INDICATES NEGATIVE NUMBERS.
R  INDICATES RECORD WAS SET OR TIED.
MM INDICATES DATA IS MISSING.
T  INDICATES TRACE AMOUNT.




$$
