000
CDUS44 KSHV 210848
CLIGGG


CLIMATE REPORT
NATIONAL WEATHER SERVICE SHREVEPORT, LA
247 AM CST TUE NOV 21 2017


...................................

...THE LONGVIEW CLIMATE SUMMARY FOR NOVEMBER 20 2017...

CLIMATE NORMAL PERIOD 1981 TO 2010
CLIMATE RECORD PERIOD 1902 TO 2017


WEATHER ITEM   OBSERVED TIME   RECORD YEAR NORMAL DEPARTURE LAST
                VALUE   (LST)  VALUE       VALUE  FROM      YEAR
                                                  NORMAL
..................................................................
TEMPERATURE (F)
 YESTERDAY
  MAXIMUM         64    245 PM  84    2011  66     -2       65
  MINIMUM         34    708 AM  21    1903  44    -10       27
  AVERAGE         49                        55     -6       46

PRECIPITATION (IN)
  YESTERDAY        0.00          4.18 1907   0.15  -0.15     0.00
  MONTH TO DATE    1.89                      2.94  -1.05     0.12
  SINCE DEC 1     44.30                     46.00  -1.70    47.98
  SINCE JAN 1     39.50                     41.51  -2.01    41.92

SNOWFALL (IN)
  YESTERDAY        0.0
  MONTH TO DATE    0.0
  SINCE SEP 1      0.0
  SINCE JUL 1      0.0
  SNOW DEPTH      MM

DEGREE DAYS
 HEATING
  YESTERDAY       16                        11      5       19
  MONTH TO DATE   92                       155    -63       73
  SINCE SEP 1    181                       244    -63       87
  SINCE JUL 1    181                       244    -63       87

 COOLING
  YESTERDAY        0                         0      0        0
  MONTH TO DATE   83                        22     61       50
  SINCE SEP 1    631                       477    154      683
  SINCE JAN 1   2699                      2417    282     2728
..................................................................


WIND (MPH)
  HIGHEST WIND SPEED    12   HIGHEST WIND DIRECTION     S (160)
  HIGHEST GUST SPEED    20   HIGHEST GUST DIRECTION    SE (150)
  AVERAGE WIND SPEED     7.0


SKY COVER
  POSSIBLE SUNSHINE  MM
  AVERAGE SKY COVER 0.0


WEATHER CONDITIONS
 THE FOLLOWING WEATHER WAS RECORDED YESTERDAY.
  FOG W/VISIBILITY <= 1/4 MILE


RELATIVE HUMIDITY (PERCENT)
 HIGHEST    96           900 AM
 LOWEST     34           400 PM
 AVERAGE    65

..........................................................


THE LONGVIEW CLIMATE NORMALS FOR TODAY
                         NORMAL    RECORD    YEAR
 MAXIMUM TEMPERATURE (F)   65        83      1909
 MINIMUM TEMPERATURE (F)   43        26      1937


SUNRISE AND SUNSET
NOVEMBER 21 2017......SUNRISE   654 AM CST   SUNSET   515 PM CST
NOVEMBER 22 2017......SUNRISE   655 AM CST   SUNSET   515 PM CST


-  INDICATES NEGATIVE NUMBERS.
R  INDICATES RECORD WAS SET OR TIED.
MM INDICATES DATA IS MISSING.
T  INDICATES TRACE AMOUNT.




$$
