000
CDUS44 KSHV 210858
CLIGGG


CLIMATE REPORT
NATIONAL WEATHER SERVICE SHREVEPORT, LA
257 AM CST WED FEB 21 2018


...................................

...THE LONGVIEW CLIMATE SUMMARY FOR FEBRUARY 20 2018...

CLIMATE NORMAL PERIOD 1981 TO 2010
CLIMATE RECORD PERIOD 1902 TO 2018


WEATHER ITEM   OBSERVED TIME   RECORD YEAR NORMAL DEPARTURE LAST
                VALUE   (LST)  VALUE       VALUE  FROM      YEAR
                                                  NORMAL
..................................................................
TEMPERATURE (F)
 YESTERDAY
  MAXIMUM         78    357 PM  83    1925  63     15       71
  MINIMUM         69    732 AM  20    1921  40     29       56
  AVERAGE         74                        52     22       64

PRECIPITATION (IN)
  YESTERDAY        0.26          2.35 1947   0.15   0.11     1.22
  MONTH TO DATE    3.36                      2.83   0.53     2.36
  SINCE DEC 1     11.44                     10.64   0.80    12.66
  SINCE JAN 1      6.11                      6.15  -0.04     7.86

SNOWFALL (IN)
  YESTERDAY        0.0
  MONTH TO DATE    T
  SINCE DEC 1      1.5
  SINCE JUL 1      1.5
  SNOW DEPTH       0

DEGREE DAYS
 HEATING
  YESTERDAY        0                        14    -14        1
  MONTH TO DATE  287                       320    -33      140
  SINCE DEC 1   1466                      1431     35      906
  SINCE JUL 1   1746                      1803    -57     1066

 COOLING
  YESTERDAY        9                         0      9        0
  MONTH TO DATE   23                         0     23       30
  SINCE DEC 1     30                        10     20       67
  SINCE JAN 1     26                         4     22       49
..................................................................


WIND (MPH)
  HIGHEST WIND SPEED    28   HIGHEST WIND DIRECTION     S (170)
  HIGHEST GUST SPEED    34   HIGHEST GUST DIRECTION     S (160)
  AVERAGE WIND SPEED    15.0


SKY COVER
  POSSIBLE SUNSHINE  MM
  AVERAGE SKY COVER 0.8


WEATHER CONDITIONS
 THE FOLLOWING WEATHER WAS RECORDED YESTERDAY.
  THUNDERSTORM
  RAIN
  LIGHT RAIN
  FOG


RELATIVE HUMIDITY (PERCENT)
 HIGHEST   100           800 PM
 LOWEST     69          1200 PM
 AVERAGE    85

..........................................................


THE LONGVIEW CLIMATE NORMALS FOR TODAY
                         NORMAL    RECORD    YEAR
 MAXIMUM TEMPERATURE (F)   63        86      1996
 MINIMUM TEMPERATURE (F)   40        22      1939


SUNRISE AND SUNSET
FEBRUARY 21 2018......SUNRISE   655 AM CST   SUNSET   610 PM CST
FEBRUARY 22 2018......SUNRISE   654 AM CST   SUNSET   611 PM CST


-  INDICATES NEGATIVE NUMBERS.
R  INDICATES RECORD WAS SET OR TIED.
MM INDICATES DATA IS MISSING.
T  INDICATES TRACE AMOUNT.




$$
