000
CDUS45 KGGW 171332
CLIGGW


CLIMATE REPORT
NATIONAL WEATHER SERVICE GLASGOW MT
631 AM MST WED JAN 17 2018


...................................

...THE GLASGOW MT CLIMATE SUMMARY FOR JANUARY 17 2018...
VALID AS OF 0600 AM LOCAL TIME.

CLIMATE NORMAL PERIOD 1981 TO 2010
CLIMATE RECORD PERIOD 1893 TO 2018


WEATHER ITEM   OBSERVED TIME   RECORD YEAR NORMAL DEPARTURE LAST
                VALUE   (LST)  VALUE       VALUE  FROM      YEAR
                                                  NORMAL
..................................................................
TEMPERATURE (F)
 TODAY
  MINIMUM         -6    606 AM -40    1950   4    -10        7

PRECIPITATION (IN)
  TODAY            0.00          0.37 1954   0.02  -0.02     0.00
  MONTH TO DATE    0.34                      0.24   0.10     0.43
  SINCE OCT 1      2.14                      1.79   0.35     3.96
  SINCE JAN 1      0.34                      0.24   0.10     0.43

SNOWFALL (IN)
  TODAY            0.0           5.4  1954   0.3   -0.3      0.0
  MONTH TO DATE    6.3                       5.1    1.2     11.6
  SINCE DEC 1     19.4                      13.1    6.3     20.8
  SINCE JUL 1     21.0                      19.7    1.3     21.2
  SNOW DEPTH       5

DEGREE DAYS
 HEATING
  TODAY           69                        51     18       43
  MONTH TO DATE 1043                       882    161     1118
  SINCE DEC 1   2520                      2391    129     2755
  SINCE JUL 1   4455                      4384     71     4374

 COOLING
  TODAY            0                         0      0        0
  MONTH TO DATE    0                         0      0        0
  SINCE DEC 1      0                         0      0        0
  SINCE JAN 1      0                         0      0        0
..................................................................





WEATHER CONDITIONS
 THE FOLLOWING WEATHER WAS RECORDED TODAY.
  NO SIGNIFICANT WEATHER WAS OBSERVED.


RELATIVE HUMIDITY (PERCENT)
 HIGHEST    79          1200 AM

..........................................................


THE GLASGOW MT CLIMATE NORMALS FOR TOMORROW
                         NORMAL    RECORD    YEAR
 MAXIMUM TEMPERATURE (F)   23        53      1919
 MINIMUM TEMPERATURE (F)    4       -45      1950


SUNRISE AND SUNSET
JANUARY 17 2018.......SUNRISE   751 AM MST   SUNSET   443 PM MST
JANUARY 18 2018.......SUNRISE   750 AM MST   SUNSET   445 PM MST


-  INDICATES NEGATIVE NUMBERS.
R  INDICATES RECORD WAS SET OR TIED.
MM INDICATES DATA IS MISSING.
T  INDICATES TRACE AMOUNT.




$$
