000
CDUS45 KGGW 251255
CLIGGW


CLIMATE REPORT
NATIONAL WEATHER SERVICE GLASGOW MT
655 AM MDT THU AUG 25 2016


...................................

...THE GLASGOW MT CLIMATE SUMMARY FOR AUGUST 25 2016...
VALID AS OF 0600 AM LOCAL TIME.

CLIMATE NORMAL PERIOD 1981 TO 2010
CLIMATE RECORD PERIOD 1893 TO 2016


WEATHER ITEM   OBSERVED TIME   RECORD YEAR NORMAL DEPARTURE LAST
                VALUE   (LST)  VALUE       VALUE  FROM      YEAR
                                                  NORMAL
..................................................................
TEMPERATURE (F)
 TODAY
  MINIMUM         48    535 AM  34    1904  54     -6       54

PRECIPITATION (IN)
  TODAY            0.00          3.26 1933   0.04  -0.04     0.00
  MONTH TO DATE    0.51                      1.03  -0.52     0.65
  SINCE OCT 1     18.63                     10.51   8.12    10.56
  SINCE JAN 1     15.65                      8.96   6.69     9.30

SNOWFALL (IN)
  TODAY            0.0           0.0  2002   0.0    0.0      0.0
                                      2001
                                      2000
  MONTH TO DATE    0.0                       0.0    0.0      0.0
  SINCE JUN 1      0.0                       0.0    0.0      0.0
  SINCE JUL 1      0.0                       0.0    0.0      0.0
  SNOW DEPTH       0

DEGREE DAYS
 HEATING
  TODAY           15                         2     13        0
  MONTH TO DATE   34                        19     15       43
  SINCE JUN 1     74                       142    -68       94
  SINCE JUL 1     42                        37      5       48

 COOLING
  TODAY            0                         5     -5        8
  MONTH TO DATE  125                       173    -48      171
  SINCE JUN 1    360                       455    -95      519
  SINCE JAN 1    371                       472   -101      519
..................................................................





WEATHER CONDITIONS
 THE FOLLOWING WEATHER WAS RECORDED TODAY.
  NO SIGNIFICANT WEATHER WAS OBSERVED.


RELATIVE HUMIDITY (PERCENT)
 HIGHEST    80           500 AM

..........................................................


THE GLASGOW MT CLIMATE NORMALS FOR TOMORROW
                         NORMAL    RECORD    YEAR
 MAXIMUM TEMPERATURE (F)   82       108      1926
 MINIMUM TEMPERATURE (F)   53        34      1935


SUNRISE AND SUNSET
AUGUST 25 2016........SUNRISE   615 AM MDT   SUNSET   800 PM MDT
AUGUST 26 2016........SUNRISE   617 AM MDT   SUNSET   758 PM MDT


-  INDICATES NEGATIVE NUMBERS.
R  INDICATES RECORD WAS SET OR TIED.
MM INDICATES DATA IS MISSING.
T  INDICATES TRACE AMOUNT.

$$
