000
CDUS45 KGGW 260740
CLIGGW


CLIMATE REPORT
NATIONAL WEATHER SERVICE GLASGOW MT
140 AM MDT FRI MAY 26 2017


...................................

...THE GLASGOW MT CLIMATE SUMMARY FOR MAY 25 2017...

CLIMATE NORMAL PERIOD 1981 TO 2010
CLIMATE RECORD PERIOD 1893 TO 2017


WEATHER ITEM   OBSERVED TIME   RECORD YEAR NORMAL DEPARTURE LAST
                VALUE   (LST)  VALUE       VALUE  FROM      YEAR
                                                  NORMAL
..................................................................
TEMPERATURE (F)
 YESTERDAY
  MAXIMUM         62   1200 PM  95    1931  70     -8       67
  MINIMUM         44   1159 PM  22    1903  46     -2       42
  AVERAGE         53                        58     -5       55

PRECIPITATION (IN)
  YESTERDAY        T             1.53 2013   0.08  -0.08     0.00
  MONTH TO DATE    0.58                      1.44  -0.86     3.85
  SINCE OCT 1      6.14                      4.89   1.25    10.58
  SINCE JAN 1      2.61                      3.34  -0.73     7.60

SNOWFALL (IN)
  YESTERDAY        0.0           T    1984   0.1   -0.1      0.0
  MONTH TO DATE    0.0                       1.2   -1.2      0.0
  SINCE MAR 1      6.2                       7.8   -1.6      6.1
  SINCE JUL 1     37.7                      34.8    2.9     27.6
  SNOW DEPTH       0

DEGREE DAYS
 HEATING
  YESTERDAY       12                         8      4       10
  MONTH TO DATE  233                       282    -49      223
  SINCE MAR 1   1770                      1919   -149     1546
  SINCE JUL 1   7877                      8289   -412     7011

 COOLING
  YESTERDAY        0                         1     -1        0
  MONTH TO DATE   15                         5     10       11
  SINCE MAR 1     15                         6      9       11
  SINCE JAN 1     15                         6      9       11
..................................................................


WIND (MPH)
  HIGHEST WIND SPEED    36   HIGHEST WIND DIRECTION    NW (300)
  HIGHEST GUST SPEED    43   HIGHEST GUST DIRECTION    NW (300)
  AVERAGE WIND SPEED    21.7


SKY COVER
  POSSIBLE SUNSHINE  MM
  AVERAGE SKY COVER 0.8


WEATHER CONDITIONS
 THE FOLLOWING WEATHER WAS RECORDED YESTERDAY.
  LIGHT RAIN


RELATIVE HUMIDITY (PERCENT)
 HIGHEST    71          1100 PM
 LOWEST     37          1200 AM
 AVERAGE    54

..........................................................


THE GLASGOW MT CLIMATE NORMALS FOR TODAY
                         NORMAL    RECORD    YEAR
 MAXIMUM TEMPERATURE (F)   71        99      1934
 MINIMUM TEMPERATURE (F)   46        27      1904


SUNRISE AND SUNSET
MAY 26 2017...........SUNRISE   515 AM MDT   SUNSET   853 PM MDT
MAY 27 2017...........SUNRISE   514 AM MDT   SUNSET   854 PM MDT


-  INDICATES NEGATIVE NUMBERS.
R  INDICATES RECORD WAS SET OR TIED.
MM INDICATES DATA IS MISSING.
T  INDICATES TRACE AMOUNT.




$$
