212
CDUS45 KGGW 241231
CLIGGW


CLIMATE REPORT
NATIONAL WEATHER SERVICE GLASGOW MT
630 AM MDT MON APR 24 2017


...................................

...THE GLASGOW MT CLIMATE SUMMARY FOR APRIL 24 2017...
VALID AS OF 0600 AM LOCAL TIME.

CLIMATE NORMAL PERIOD 1981 TO 2010
CLIMATE RECORD PERIOD 1893 TO 2017


WEATHER ITEM   OBSERVED TIME   RECORD YEAR NORMAL DEPARTURE LAST
                VALUE   (LST)  VALUE       VALUE  FROM      YEAR
                                                  NORMAL
..................................................................
TEMPERATURE (F)
 TODAY
  MINIMUM         32    500 AM  15    1931  35     -3       35

PRECIPITATION (IN)
  TODAY            T             0.67 1932   0.03  -0.03     0.52
  MONTH TO DATE    0.46                      0.62  -0.16     1.39
  SINCE OCT 1      5.50                      3.22   2.28     5.51
  SINCE JAN 1      1.97                      1.67   0.30     2.53

SNOWFALL (IN)
  TODAY            0.0           5.3  1979   0.1   -0.1      0.0
  MONTH TO DATE    0.0                       1.7   -1.7      1.5
  SINCE MAR 1      6.2                       6.4   -0.2      4.4
  SINCE JUL 1     37.7                      33.4    4.3     25.9
  SNOW DEPTH       0

DEGREE DAYS
 HEATING
  TODAY           33                        17     16       25
  MONTH TO DATE  469                       507    -38      415
  SINCE MAR 1   1424                      1541   -117     1187
  SINCE JUL 1   7531                      7911   -380     6652

 COOLING
  TODAY            0                         0      0        0
  MONTH TO DATE    0                         0      0        0
  SINCE MAR 1      0                         0      0        0
  SINCE JAN 1      0                         0      0        0
..................................................................





WEATHER CONDITIONS
 THE FOLLOWING WEATHER WAS RECORDED TODAY.
  LT FREEZING RAIN
  FOG


RELATIVE HUMIDITY (PERCENT)
 HIGHEST    92          1200 AM

..........................................................


THE GLASGOW MT CLIMATE NORMALS FOR TOMORROW
                         NORMAL    RECORD    YEAR
 MAXIMUM TEMPERATURE (F)   62        91      1952
 MINIMUM TEMPERATURE (F)   35        13      2002


SUNRISE AND SUNSET
APRIL 24 2017.........SUNRISE   559 AM MDT   SUNSET   811 PM MDT
APRIL 25 2017.........SUNRISE   558 AM MDT   SUNSET   812 PM MDT


-  INDICATES NEGATIVE NUMBERS.
R  INDICATES RECORD WAS SET OR TIED.
MM INDICATES DATA IS MISSING.
T  INDICATES TRACE AMOUNT.




$$
