000
CDUS45 KGGW 061330
CLIGGW


CLIMATE REPORT
NATIONAL WEATHER SERVICE GLASGOW MT
630 AM MST TUE DEC 6 2016


...................................

...THE GLASGOW MT CLIMATE SUMMARY FOR DECEMBER 6 2016...
VALID AS OF 0600 AM LOCAL TIME.

CLIMATE NORMAL PERIOD 1981 TO 2010
CLIMATE RECORD PERIOD 1893 TO 2016


WEATHER ITEM   OBSERVED TIME   RECORD YEAR NORMAL DEPARTURE LAST
                VALUE   (LST)  VALUE       VALUE  FROM      YEAR
                                                  NORMAL
..................................................................
TEMPERATURE (F)
 TODAY
  MINIMUM          1    600 AM -33    1936   9     -8       23

PRECIPITATION (IN)
  TODAY            0.00          0.14 1927   0.01  -0.01     0.00
  MONTH TO DATE    0.10                      0.07   0.03     0.00
  SINCE OCT 1      3.27                      1.22   2.05     2.27
  SINCE JAN 1     20.60                     11.33   9.27    12.33

SNOWFALL (IN)
  TODAY            0.0           1.4  1927   0.2   -0.2      0.0
  MONTH TO DATE    1.7                       1.2    0.5      0.0
  SINCE DEC 1      1.7                       1.2    0.5      0.0
  SINCE JUL 1      2.1                       7.8   -5.7      1.0
  SNOW DEPTH       1

DEGREE DAYS
 HEATING
  TODAY           61                        46     15       28
  MONTH TO DATE  251                       270    -19      206
  SINCE DEC 1    251                       270    -19      206
  SINCE JUL 1   1870                      2263   -393     1868

 COOLING
  TODAY            0                         0      0        0
  MONTH TO DATE    0                         0      0        0
  SINCE DEC 1      0                         0      0        0
  SINCE JAN 1    434                       533    -99      619
..................................................................





WEATHER CONDITIONS
 THE FOLLOWING WEATHER WAS RECORDED TODAY.
  NO SIGNIFICANT WEATHER WAS OBSERVED.


RELATIVE HUMIDITY (PERCENT)
 HIGHEST    79           100 AM

..........................................................


THE GLASGOW MT CLIMATE NORMALS FOR TOMORROW
                         NORMAL    RECORD    YEAR
 MAXIMUM TEMPERATURE (F)   28        59      1939
 MINIMUM TEMPERATURE (F)    9       -36      1927


SUNRISE AND SUNSET
DECEMBER  6 2016......SUNRISE   743 AM MST   SUNSET   413 PM MST
DECEMBER  7 2016......SUNRISE   744 AM MST   SUNSET   413 PM MST


-  INDICATES NEGATIVE NUMBERS.
R  INDICATES RECORD WAS SET OR TIED.
MM INDICATES DATA IS MISSING.
T  INDICATES TRACE AMOUNT.




$$
