000
CDUS45 KGGW 070016
CLIGGW


CLIMATE REPORT
NATIONAL WEATHER SERVICE GLASGOW MT
515 PM MST FRI MAR 6 2015


...................................

...THE GLASGOW MT CLIMATE SUMMARY FOR MARCH 6 2015...
VALID TODAY AS OF 0500 PM LOCAL TIME.

CLIMATE NORMAL PERIOD 1981 TO 2010
CLIMATE RECORD PERIOD 1893 TO 2015


WEATHER ITEM   OBSERVED TIME   RECORD YEAR NORMAL DEPARTURE LAST
                VALUE   (LST)  VALUE       VALUE  FROM      YEAR
                                                  NORMAL
..................................................................
TEMPERATURE (F)
 TODAY
  MAXIMUM         57        MM  68    1987  37     20       26
  MINIMUM         25    400 AM -29    1951  17      8        9
  AVERAGE         41                        27     14       18

PRECIPITATION (IN)
  TODAY            0.00          0.61 1925   0.01  -0.01     0.06
  MONTH TO DATE    0.01                      0.06  -0.05     0.22
  SINCE OCT 1      2.33                      2.24   0.09     2.02
  SINCE JAN 1      1.07                      0.69   0.38     0.57

SNOWFALL (IN)
  TODAY            0.0           5.8  1925   0.1   -0.1      0.1
  MONTH TO DATE    0.2                       1.0   -0.8      2.8
  SINCE MAR 1      0.2                       1.0   -0.8      2.8
  SINCE JUL 1     35.3                      28.0    7.3     26.6
  SNOW DEPTH       0

DEGREE DAYS
 HEATING
  TODAY           24                        38    -14       47
  MONTH TO DATE  257                       237     20      348
  SINCE MAR 1    257                       237     20      348
  SINCE JUL 1   6341                      6607   -266     6996

 COOLING
  TODAY            0                         0      0        0
  MONTH TO DATE    0                         0      0        0
  SINCE MAR 1      0                         0      0        0
  SINCE JAN 1      0                         0      0        0
..................................................................


WIND (MPH)
  HIGHEST WIND SPEED    21   HIGHEST WIND DIRECTION    NW (320)
  HIGHEST GUST SPEED    33   HIGHEST GUST DIRECTION     N (350)
  AVERAGE WIND SPEED     8.1


SKY COVER
  POSSIBLE SUNSHINE  MM
  AVERAGE SKY COVER 0.3


WEATHER CONDITIONS
 THE FOLLOWING WEATHER WAS RECORDED TODAY.
  NO SIGNIFICANT WEATHER WAS OBSERVED.


RELATIVE HUMIDITY (PERCENT)
 HIGHEST    75           500 AM
 LOWEST     29           100 PM
 AVERAGE    52

..........................................................


THE GLASGOW MT CLIMATE NORMALS FOR TOMORROW
                         NORMAL    RECORD    YEAR
 MAXIMUM TEMPERATURE (F)   37        62      1977
 MINIMUM TEMPERATURE (F)   17       -32      1935


SUNRISE AND SUNSET
MARCH  6 2015.........SUNRISE   638 AM MST   SUNSET   558 PM MST
MARCH  7 2015.........SUNRISE   636 AM MST   SUNSET   600 PM MST


-  INDICATES NEGATIVE NUMBERS.
R  INDICATES RECORD WAS SET OR TIED.
MM INDICATES DATA IS MISSING.
T  INDICATES TRACE AMOUNT.




$$
