000
CDUS45 KGGW 190741
CLIGGW


CLIMATE REPORT
NATIONAL WEATHER SERVICE GLASGOW MT
140 AM MDT SAT APR 19 2014


...................................

...THE GLASGOW MT CLIMATE SUMMARY FOR APRIL 18 2014...

CLIMATE NORMAL PERIOD 1981 TO 2010
CLIMATE RECORD PERIOD 1893 TO 2014


WEATHER ITEM   OBSERVED TIME   RECORD YEAR NORMAL DEPARTURE LAST
                VALUE   (LST)  VALUE       VALUE  FROM      YEAR
                                                  NORMAL
..................................................................
TEMPERATURE (F)
 YESTERDAY
  MAXIMUM         53    450 PM  84    1936  59     -6       43
  MINIMUM         36   1117 PM  12    1928  33      3       13
  AVERAGE         45                        46     -1       28

PRECIPITATION (IN)
  YESTERDAY        0.19          0.75 1896   0.03   0.16      T
  MONTH TO DATE    0.19                      0.42  -0.23     1.07
  SINCE OCT 1      2.70                      3.02  -0.32     4.93
  SINCE JAN 1      1.25                      1.47  -0.22     2.73

SNOWFALL (IN)
  YESTERDAY        0.0           7.5  1896   0.1   -0.1      0.0
  MONTH TO DATE    0.0                       1.4   -1.4     11.6
  SINCE MAR 1      6.6                       6.1    0.5     24.9
  SINCE JUL 1     30.4                      33.1   -2.7     62.2
  SNOW DEPTH       0   (12Z / 6 AM MDT)

DEGREE DAYS
 HEATING
  YESTERDAY       20                        19      1       37
  MONTH TO DATE  467                       400     67      542
  SINCE MAR 1   1621                      1434    187     1798
  SINCE JUL 1   8269                      7804    465     8005

 COOLING
  YESTERDAY        0                         0      0        0
  MONTH TO DATE    0                         0      0        0
  SINCE MAR 1      0                         0      0        0
  SINCE JAN 1      0                         0      0        0
..................................................................


WIND (MPH)
  HIGHEST WIND SPEED    41   HIGHEST WIND DIRECTION     W (280)
  HIGHEST GUST SPEED    53   HIGHEST GUST DIRECTION     W (280)
  AVERAGE WIND SPEED    14.6


SKY COVER
  POSSIBLE SUNSHINE  MM
  AVERAGE SKY COVER 0.7


WEATHER CONDITIONS
 THE FOLLOWING WEATHER WAS RECORDED YESTERDAY.
  HEAVY RAIN
  RAIN
  LIGHT RAIN
  FOG


RELATIVE HUMIDITY (PERCENT)
 HIGHEST    92           800 PM
 LOWEST     50          1100 AM
 AVERAGE    71

..........................................................


THE GLASGOW MT CLIMATE NORMALS FOR TODAY
                         NORMAL    RECORD    YEAR
 MAXIMUM TEMPERATURE (F)   60        87      1952
 MINIMUM TEMPERATURE (F)   33        11      1966
                                             1951


SUNRISE AND SUNSET
APRIL 19 2014.........SUNRISE   609 AM MDT   SUNSET   803 PM MDT
APRIL 20 2014.........SUNRISE   607 AM MDT   SUNSET   805 PM MDT


-  INDICATES NEGATIVE NUMBERS.
R  INDICATES RECORD WAS SET OR TIED.
MM INDICATES DATA IS MISSING.
T  INDICATES TRACE AMOUNT.




$$

SNOW DEPTH AT 12Z / 6 AM MDT
