000
CDUS45 KGGW 280026
CLIGGW


CLIMATE REPORT
NATIONAL WEATHER SERVICE GLASGOW MT
524 PM MST THU NOV 27 2014


...................................

...THE GLASGOW MT CLIMATE SUMMARY FOR NOVEMBER 27 2014...
VALID TODAY AS OF 0500 PM LOCAL TIME.

CLIMATE NORMAL PERIOD 1981 TO 2010
CLIMATE RECORD PERIOD 1893 TO 2014


WEATHER ITEM   OBSERVED TIME   RECORD YEAR NORMAL DEPARTURE LAST
                VALUE   (LST)  VALUE       VALUE  FROM      YEAR
                                                  NORMAL
..................................................................
TEMPERATURE (F)
 TODAY
  MAXIMUM         34        MM  69    1949  33      1       40
  MINIMUM         16        MM -41    1896  13      3       16
  AVERAGE         25                        23      2       28

PRECIPITATION (IN)
  TODAY            0.09          0.37 1962   0.01   0.08     0.00
  MONTH TO DATE    0.53                      0.36   0.17     0.34
  SINCE OCT 1      0.94                      1.11  -0.17     0.58
  SINCE JAN 1     14.68                     11.22   3.46    15.00

SNOWFALL (IN)
  TODAY            0.2           2.2  2005   0.2    0.0      0.0
  MONTH TO DATE    8.2                       4.4    3.8      3.6
  SINCE SEP 1      8.2                       5.9    2.3      3.7
  SINCE JUL 1      8.2                       5.9    2.3      3.7
  SNOW DEPTH       1

DEGREE DAYS
 HEATING
  TODAY           40                        42     -2       37
  MONTH TO DATE 1128                       941    187      993
  SINCE SEP 1   1848                      1812     36     1783
  SINCE JUL 1   1901                      1865     36     1798

 COOLING
  TODAY            0                         0      0        0
  MONTH TO DATE    0                         0      0        0
  SINCE SEP 1     23                        38    -15       86
  SINCE JAN 1    495                       533    -38      563
..................................................................


WIND (MPH)
  HIGHEST WIND SPEED    25   HIGHEST WIND DIRECTION     E (110)
  HIGHEST GUST SPEED    30   HIGHEST GUST DIRECTION     E (110)
  AVERAGE WIND SPEED    16.8


SKY COVER
  POSSIBLE SUNSHINE  MM
  AVERAGE SKY COVER 0.8


WEATHER CONDITIONS
 THE FOLLOWING WEATHER WAS RECORDED TODAY.
  FREEZING RAIN
  LT FREEZING RAIN
  LIGHT SNOW
  FOG


RELATIVE HUMIDITY (PERCENT)
 HIGHEST    92          1200 PM
 LOWEST     74          1200 AM
 AVERAGE    83

..........................................................


THE GLASGOW MT CLIMATE NORMALS FOR TOMORROW
                         NORMAL    RECORD    YEAR
 MAXIMUM TEMPERATURE (F)   33        57      2002
                                             1899
 MINIMUM TEMPERATURE (F)   13       -34      1896


SUNRISE AND SUNSET
NOVEMBER 27 2014......SUNRISE   731 AM MST   SUNSET   417 PM MST
NOVEMBER 28 2014......SUNRISE   732 AM MST   SUNSET   416 PM MST


-  INDICATES NEGATIVE NUMBERS.
R  INDICATES RECORD WAS SET OR TIED.
MM INDICATES DATA IS MISSING.
T  INDICATES TRACE AMOUNT.




$$
