000
CDUS45 KGGW 300741
CLIGGW


CLIMATE REPORT
NATIONAL WEATHER SERVICE GLASGOW MT
140 AM MDT MON MAR 30 2015


...................................

...THE GLASGOW MT CLIMATE SUMMARY FOR MARCH 29 2015...

CLIMATE NORMAL PERIOD 1981 TO 2010
CLIMATE RECORD PERIOD 1893 TO 2015


WEATHER ITEM   OBSERVED TIME   RECORD YEAR NORMAL DEPARTURE LAST
                VALUE   (LST)  VALUE       VALUE  FROM      YEAR
                                                  NORMAL
..................................................................
TEMPERATURE (F)
 YESTERDAY
  MAXIMUM         63    341 PM  73    2010  50     13       57
  MINIMUM         33    617 AM -16    1899  26      7       25
  AVERAGE         48                        38     10       41

PRECIPITATION (IN)
  YESTERDAY        0.00          0.71 1938   0.01  -0.01     0.00
  MONTH TO DATE    0.75                      0.38   0.37     0.62
  SINCE OCT 1      3.07                      2.56   0.51     2.42
  SINCE JAN 1      1.81                      1.01   0.80     0.97

SNOWFALL (IN)
  YESTERDAY        0.0           3.0  2008   0.1   -0.1      0.0
  MONTH TO DATE    2.8                       4.4   -1.6      5.7
  SINCE MAR 1      2.8                       4.4   -1.6      5.7
  SINCE JUL 1     37.9                      31.4    6.5     29.5
  SNOW DEPTH       0  (12Z / 5 AM MST)

DEGREE DAYS
 HEATING
  YESTERDAY       17                        27    -10       24
  MONTH TO DATE  750                       980   -230     1080
  SINCE MAR 1    750                       980   -230     1080
  SINCE JUL 1   6834                      7350   -516     7728

 COOLING
  YESTERDAY        0                         0      0        0
  MONTH TO DATE    0                         0      0        0
  SINCE MAR 1      0                         0      0        0
  SINCE JAN 1      0                         0      0        0
..................................................................


WIND (MPH)
  HIGHEST WIND SPEED    26   HIGHEST WIND DIRECTION     W (250)
  HIGHEST GUST SPEED    31   HIGHEST GUST DIRECTION    SW (240)
  AVERAGE WIND SPEED    11.1


SKY COVER
  POSSIBLE SUNSHINE  MM
  AVERAGE SKY COVER 0.1


WEATHER CONDITIONS
 THE FOLLOWING WEATHER WAS RECORDED YESTERDAY.
  FOG


RELATIVE HUMIDITY (PERCENT)
 HIGHEST    96           500 AM
 LOWEST     29           400 PM
 AVERAGE    63

..........................................................


THE GLASGOW MT CLIMATE NORMALS FOR TODAY
                         NORMAL    RECORD    YEAR
 MAXIMUM TEMPERATURE (F)   50        75      2004
                                             1966
 MINIMUM TEMPERATURE (F)   27        -7      1936


SUNRISE AND SUNSET
MARCH 30 2015.........SUNRISE   649 AM MDT   SUNSET   734 PM MDT
MARCH 31 2015.........SUNRISE   647 AM MDT   SUNSET   735 PM MDT


-  INDICATES NEGATIVE NUMBERS.
R  INDICATES RECORD WAS SET OR TIED.
MM INDICATES DATA IS MISSING.
T  INDICATES TRACE AMOUNT.




$$
