000
CDUS45 KGJT 150753
CLIGJT


CLIMATE REPORT
NATIONAL WEATHER SERVICE GRAND JUNCTION CO
1252 AM MST FRI DEC 15 2017


...................................

...THE GRAND JUNCTION CO CLIMATE SUMMARY FOR DECEMBER 14 2017...

CLIMATE NORMAL PERIOD 1981 TO 2010
CLIMATE RECORD PERIOD 1893 TO 2017


WEATHER ITEM   OBSERVED TIME   RECORD YEAR NORMAL DEPARTURE LAST
                VALUE   (LST)  VALUE       VALUE  FROM      YEAR
                                                  NORMAL
..................................................................
TEMPERATURE (F)
 YESTERDAY
  MAXIMUM         47    314 PM  57    1948  38      9       41
  MINIMUM         21   1159 PM -15    1919  19      2       25
  AVERAGE         34                        28      6       33

PRECIPITATION (IN)
  YESTERDAY        0.00          0.62 1928   0.01  -0.01     0.00
  MONTH TO DATE    0.02                      0.27  -0.25     0.05
  SINCE DEC 1      0.02                      0.27  -0.25     0.05
  SINCE JAN 1      5.06                      9.10  -4.04     8.15

SNOWFALL (IN)
  YESTERDAY        0.0           7.4  1928   0.1   -0.1      0.0
  MONTH TO DATE    0.0                       1.8   -1.8      0.4
  SINCE DEC 1      0.0                       1.8   -1.8      0.4
  SINCE JUL 1      T                         4.3   -4.3      0.9
  SNOW DEPTH       0

DEGREE DAYS
 HEATING
  YESTERDAY       31                        37     -6       32
  MONTH TO DATE  438                       489    -51      498
  SINCE DEC 1    438                       489    -51      498
  SINCE JUL 1   1552                      1717   -165     1368

 COOLING
  YESTERDAY        0                         0      0        0
  MONTH TO DATE    0                         0      0        0
  SINCE DEC 1      0                         0      0        0
  SINCE JAN 1   1479                      1125    354     1245
..................................................................


WIND (MPH)
  HIGHEST WIND SPEED    24   HIGHEST WIND DIRECTION    NE (30)
  HIGHEST GUST SPEED    31   HIGHEST GUST DIRECTION     N (20)
  AVERAGE WIND SPEED     8.6


SKY COVER
  POSSIBLE SUNSHINE  MM
  AVERAGE SKY COVER 0.2


WEATHER CONDITIONS
 THE FOLLOWING WEATHER WAS RECORDED YESTERDAY.
  NO SIGNIFICANT WEATHER WAS OBSERVED.


RELATIVE HUMIDITY (PERCENT)
 HIGHEST   100           100 AM
 LOWEST     28          1200 PM
 AVERAGE    64

..........................................................


THE GRAND JUNCTION CO CLIMATE NORMALS FOR TODAY
                         NORMAL    RECORD    YEAR
 MAXIMUM TEMPERATURE (F)   38        54      1977
 MINIMUM TEMPERATURE (F)   18       -11      1919


SUNRISE AND SUNSET
DECEMBER 15 2017......SUNRISE   726 AM MST   SUNSET   453 PM MST
DECEMBER 16 2017......SUNRISE   727 AM MST   SUNSET   453 PM MST


-  INDICATES NEGATIVE NUMBERS.
R  INDICATES RECORD WAS SET OR TIED.
MM INDICATES DATA IS MISSING.
T  INDICATES TRACE AMOUNT.




$$
