000
CDUS45 KGJT 250733
CLIGJT


CLIMATE REPORT
NATIONAL WEATHER SERVICE GRAND JUNCTION CO
130 AM MDT SAT OCT 25 2014


...................................

...THE GRAND JUNCTION CO CLIMATE SUMMARY FOR OCTOBER 24 2014...

CLIMATE NORMAL PERIOD 1981 TO 2010
CLIMATE RECORD PERIOD 1893 TO 2014


WEATHER ITEM   OBSERVED TIME   RECORD YEAR NORMAL DEPARTURE LAST
                VALUE   (LST)  VALUE       VALUE  FROM      YEAR
                                                  NORMAL
..................................................................
TEMPERATURE (F)
 YESTERDAY
  MAXIMUM         74    314 PM  77    1992  63     11       66
  MINIMUM         37    544 AM  18    1975  37      0       35
  AVERAGE         56                        50      6       51

PRECIPITATION (IN)
  YESTERDAY        0.00          0.39 1921   0.03  -0.03     0.00
  MONTH TO DATE    0.58                      0.84  -0.26     0.93
  SINCE SEP 1      2.42                      2.03   0.39     4.02
  SINCE JAN 1     10.51                      7.88   2.63     9.99

SNOWFALL (IN)
  YESTERDAY        0.0           3.4  1975   0.0    0.0      0.0
  MONTH TO DATE    0.0                       0.2   -0.2      0.1
  SINCE SEP 1      0.0                       0.2   -0.2      0.1
  SINCE JUL 1      0.0                       0.2   -0.2      0.1
  SNOW DEPTH       0

DEGREE DAYS
 HEATING
  YESTERDAY        9                        15     -6       14
  MONTH TO DATE  227                       254    -27      374
  SINCE SEP 1    268                       325    -57      456
  SINCE JUL 1    273                       328    -55      456

 COOLING
  YESTERDAY        0                         0      0        0
  MONTH TO DATE    0                         1     -1        0
  SINCE SEP 1    120                       104     16      143
  SINCE JAN 1   1046                      1123    -77     1269
..................................................................


WIND (MPH)
  HIGHEST WIND SPEED    16   HIGHEST WIND DIRECTION    SE (130)
  HIGHEST GUST SPEED    19   HIGHEST GUST DIRECTION    SE (140)
  AVERAGE WIND SPEED     6.9


SKY COVER
  POSSIBLE SUNSHINE  MM
  AVERAGE SKY COVER 0.0


WEATHER CONDITIONS
 THE FOLLOWING WEATHER WAS RECORDED YESTERDAY.
  NO SIGNIFICANT WEATHER WAS OBSERVED.


RELATIVE HUMIDITY (PERCENT)
 HIGHEST    79           700 AM
 LOWEST     23           200 PM
 AVERAGE    51

..........................................................


THE GRAND JUNCTION CO CLIMATE NORMALS FOR TODAY
                         NORMAL    RECORD    YEAR
 MAXIMUM TEMPERATURE (F)   62        75      1977
                                             1959
                                             1944
 MINIMUM TEMPERATURE (F)   36        22      1975


SUNRISE AND SUNSET
OCTOBER 25 2014.......SUNRISE   734 AM MDT   SUNSET   622 PM MDT
OCTOBER 26 2014.......SUNRISE   735 AM MDT   SUNSET   620 PM MDT


-  INDICATES NEGATIVE NUMBERS.
R  INDICATES RECORD WAS SET OR TIED.
MM INDICATES DATA IS MISSING.
T  INDICATES TRACE AMOUNT.




$$
