000
CDUS45 KGJT 170857
CLIGJT


CLIMATE REPORT
NATIONAL WEATHER SERVICE GRAND JUNCTION CO
146 AM MST TUE JAN 17 2017


...................................

...THE GRAND JUNCTION CO CLIMATE SUMMARY FOR JANUARY 16 2017...

CLIMATE NORMAL PERIOD 1981 TO 2010
CLIMATE RECORD PERIOD 1893 TO 2017


WEATHER ITEM   OBSERVED TIME   RECORD YEAR NORMAL DEPARTURE LAST
                VALUE   (LST)  VALUE       VALUE  FROM      YEAR
                                                  NORMAL
..................................................................
TEMPERATURE (F)
 YESTERDAY
  MAXIMUM         43    353 PM  56    1943  37      6       34
  MINIMUM         28   1109 PM  -5    1947  17     11       19
  AVERAGE         36                        27      9       27

PRECIPITATION (IN)
  YESTERDAY        0.00          0.64 1956   0.02  -0.02      T
  MONTH TO DATE    0.73                      0.32   0.41     0.34
  SINCE DEC 1      1.46                      0.91   0.55     1.03
  SINCE JAN 1      0.73                      0.32   0.41     0.34

SNOWFALL (IN)
  YESTERDAY        0.0           1.9  1955   0.2   -0.2       T
  MONTH TO DATE    4.1                       2.9    1.2      4.2
  SINCE DEC 1      7.6                       7.8   -0.2     13.7
  SINCE JUL 1      8.1                      10.3   -2.2     17.1
  SNOW DEPTH       0

DEGREE DAYS
 HEATING
  YESTERDAY       29                        38     -9       38
  MONTH TO DATE  553                       612    -59      689
  SINCE DEC 1   1630                      1743   -113     1916
  SINCE JUL 1   2500                      2971   -471     2965

 COOLING
  YESTERDAY        0                         0      0        0
  MONTH TO DATE    0                         0      0        0
  SINCE DEC 1      0                         0      0        0
  SINCE JAN 1      0                         0      0        0
..................................................................


WIND (MPH)
  HIGHEST WIND SPEED    10   HIGHEST WIND DIRECTION    NE (50)
  HIGHEST GUST SPEED    12   HIGHEST GUST DIRECTION    NE (60)
  AVERAGE WIND SPEED     3.7


SKY COVER
  POSSIBLE SUNSHINE  MM
  AVERAGE SKY COVER 0.3


WEATHER CONDITIONS
 THE FOLLOWING WEATHER WAS RECORDED YESTERDAY.
  NO SIGNIFICANT WEATHER WAS OBSERVED.


RELATIVE HUMIDITY (PERCENT)
 HIGHEST    78           200 AM
 LOWEST     34           200 PM
 AVERAGE    56

..........................................................


THE GRAND JUNCTION CO CLIMATE NORMALS FOR TODAY
                         NORMAL    RECORD    YEAR
 MAXIMUM TEMPERATURE (F)   37        57      2000
 MINIMUM TEMPERATURE (F)   17       -10      1925


SUNRISE AND SUNSET
JANUARY 17 2017.......SUNRISE   731 AM MST   SUNSET   518 PM MST
JANUARY 18 2017.......SUNRISE   730 AM MST   SUNSET   519 PM MST


-  INDICATES NEGATIVE NUMBERS.
R  INDICATES RECORD WAS SET OR TIED.
MM INDICATES DATA IS MISSING.
T  INDICATES TRACE AMOUNT.




$$
