000
CDUS45 KGJT 290736
CLIGJT


CLIMATE REPORT
NATIONAL WEATHER SERVICE GRAND JUNCTION CO
131 AM MDT SAT APR 29 2017


...................................

...THE GRAND JUNCTION CO CLIMATE SUMMARY FOR APRIL 28 2017...

CLIMATE NORMAL PERIOD 1981 TO 2010
CLIMATE RECORD PERIOD 1893 TO 2017


WEATHER ITEM   OBSERVED TIME   RECORD YEAR NORMAL DEPARTURE LAST
                VALUE   (LST)  VALUE       VALUE  FROM      YEAR
                                                  NORMAL
..................................................................
TEMPERATURE (F)
 YESTERDAY
  MAXIMUM         54    327 PM  86    2000  70    -16       55
  MINIMUM         24R   506 AM  25    1991  42    -18       40
  AVERAGE         39                        56    -17       48

PRECIPITATION (IN)
  YESTERDAY        0.00          0.65 1944   0.03  -0.03     0.51
  MONTH TO DATE    0.23                      0.85  -0.62     1.55
  SINCE MAR 1      0.62                      1.77  -1.15     2.62
  SINCE JAN 1      2.17                      2.89  -0.72     3.99

SNOWFALL (IN)
  YESTERDAY        0.0           0.8  1917   0.0    0.0       T
  MONTH TO DATE    0.0                       0.9   -0.9       T
  SINCE MAR 1      T                         3.5   -3.5      1.1
  SINCE JUL 1     13.9                      19.0   -5.1     28.5
  SNOW DEPTH       0

DEGREE DAYS
 HEATING
  YESTERDAY       26                        10     16       17
  MONTH TO DATE  335                       384    -49      395
  SINCE MAR 1    775                      1037   -262     1009
  SINCE JUL 1   4422                      5416   -994     5487

 COOLING
  YESTERDAY        0                         0      0        0
  MONTH TO DATE    1                         0      1        0
  SINCE MAR 1      1                         0      1        0
  SINCE JAN 1      1                         0      1        0
..................................................................


WIND (MPH)
  HIGHEST WIND SPEED    21   HIGHEST WIND DIRECTION     N (340)
  HIGHEST GUST SPEED    26   HIGHEST GUST DIRECTION    NW (330)
  AVERAGE WIND SPEED     8.0


SKY COVER
  POSSIBLE SUNSHINE  MM
  AVERAGE SKY COVER 0.2


WEATHER CONDITIONS
 THE FOLLOWING WEATHER WAS RECORDED YESTERDAY.
  NO SIGNIFICANT WEATHER WAS OBSERVED.


RELATIVE HUMIDITY (PERCENT)
 HIGHEST    69           600 AM
 LOWEST     19           300 PM
 AVERAGE    44

..........................................................


THE GRAND JUNCTION CO CLIMATE NORMALS FOR TODAY
                         NORMAL    RECORD    YEAR
 MAXIMUM TEMPERATURE (F)   70        89      1992
 MINIMUM TEMPERATURE (F)   42        24      1996


SUNRISE AND SUNSET
APRIL 29 2017.........SUNRISE   618 AM MDT   SUNSET   806 PM MDT
APRIL 30 2017.........SUNRISE   617 AM MDT   SUNSET   806 PM MDT


-  INDICATES NEGATIVE NUMBERS.
R  INDICATES RECORD WAS SET OR TIED.
MM INDICATES DATA IS MISSING.
T  INDICATES TRACE AMOUNT.




$$
