000
CDUS45 KGJT 230738
CLIGJT


CLIMATE REPORT
NATIONAL WEATHER SERVICE GRAND JUNCTION CO
136 AM MDT SAT AUG 23 2014


...................................

...THE GRAND JUNCTION CO CLIMATE SUMMARY FOR AUGUST 22 2014...

CLIMATE NORMAL PERIOD 1981 TO 2010
CLIMATE RECORD PERIOD 1893 TO 2014


WEATHER ITEM   OBSERVED TIME   RECORD YEAR NORMAL DEPARTURE LAST
                VALUE   (LST)  VALUE       VALUE  FROM      YEAR
                                                  NORMAL
..................................................................
TEMPERATURE (F)
 YESTERDAY
  MAXIMUM         81    127 PM  98    2009  89     -8       90
                                      2007
                                      1905
  MINIMUM         63   1024 PM  50    1964  60      3       67
  AVERAGE         72                        74     -2       79

PRECIPITATION (IN)
  YESTERDAY        0.09          0.70 1922   0.03   0.06     0.00
  MONTH TO DATE    2.22                      0.65   1.57     0.22
  SINCE JUN 1      3.37                      1.72   1.65     1.60
  SINCE JAN 1      7.15                      5.55   1.60     5.01

SNOWFALL (IN)
  YESTERDAY        0.0           0.0  2002   0.0    0.0      0.0
  MONTH TO DATE    0.0                       0.0    0.0      0.0
  SINCE JUN 1      0.0                       0.0    0.0      0.0
  SINCE JUL 1      0.0                       0.0    0.0      0.0
  SNOW DEPTH       0

DEGREE DAYS
 HEATING
  YESTERDAY        0                         0      0        0
  MONTH TO DATE    0                         0      0        0
  SINCE JUN 1     19                        23     -4        5
  SINCE JUL 1      0                         1     -1        0

 COOLING
  YESTERDAY        7                        10     -3       14
  MONTH TO DATE  191                       252    -61      218
  SINCE JUN 1    839                       893    -54      985
  SINCE JAN 1    898                       944    -46     1040
..................................................................


WIND (MPH)
  HIGHEST WIND SPEED    26   HIGHEST WIND DIRECTION    SE (150)
  HIGHEST GUST SPEED    32   HIGHEST GUST DIRECTION    SE (150)
  AVERAGE WIND SPEED    11.9


SKY COVER
  POSSIBLE SUNSHINE  MM
  AVERAGE SKY COVER 0.5


WEATHER CONDITIONS
 THE FOLLOWING WEATHER WAS RECORDED YESTERDAY.
  THUNDERSTORM
  HEAVY RAIN
  LIGHT RAIN


RELATIVE HUMIDITY (PERCENT)
 HIGHEST    73           700 PM
 LOWEST     35           100 PM
 AVERAGE    54

..........................................................


THE GRAND JUNCTION CO CLIMATE NORMALS FOR TODAY
                         NORMAL    RECORD    YEAR
 MAXIMUM TEMPERATURE (F)   89        99      1919
 MINIMUM TEMPERATURE (F)   60        43      1968


SUNRISE AND SUNSET
AUGUST 23 2014........SUNRISE   635 AM MDT   SUNSET   758 PM MDT
AUGUST 24 2014........SUNRISE   636 AM MDT   SUNSET   757 PM MDT


-  INDICATES NEGATIVE NUMBERS.
R  INDICATES RECORD WAS SET OR TIED.
MM INDICATES DATA IS MISSING.
T  INDICATES TRACE AMOUNT.




$$
