000
CDUS45 KGJT 182329
CLIGJT


CLIMATE REPORT
NATIONAL WEATHER SERVICE GRAND JUNCTION CO
526 PM MDT FRI AUG 18 2017


...................................

...THE GRAND JUNCTION CO CLIMATE SUMMARY FOR AUGUST 18 2017...
VALID TODAY AS OF 0500 PM LOCAL TIME.

CLIMATE NORMAL PERIOD 1981 TO 2010
CLIMATE RECORD PERIOD 1893 TO 2017


WEATHER ITEM   OBSERVED TIME   RECORD YEAR NORMAL DEPARTURE LAST
                VALUE   (LST)  VALUE       VALUE  FROM      YEAR
                                                  NORMAL
..................................................................
TEMPERATURE (F)
 TODAY
  MAXIMUM         94    359 PM  99    2011  90      4       88
                                      2002
  MINIMUM         60    558 AM  47    1978  61     -1       63
                                      1968
  AVERAGE         77                        75      2       76

PRECIPITATION (IN)
  TODAY            0.00          0.26 1989   0.03  -0.03      T
  MONTH TO DATE    0.37                      0.53  -0.16     0.30
  SINCE JUN 1      1.18                      1.60  -0.42     1.03
  SINCE JAN 1      4.01                      5.43  -1.42     6.00

SNOWFALL (IN)
  TODAY            0.0           0.0  2002   0.0    0.0      0.0
  MONTH TO DATE    0.0                       0.0    0.0      0.0
  SINCE JUN 1      0.0                       0.0    0.0      0.0
  SINCE JUL 1      0.0                       0.0    0.0      0.0
  SNOW DEPTH       0

DEGREE DAYS
 HEATING
  TODAY            0                         0      0        0
  MONTH TO DATE    0                         0      0        0
  SINCE JUN 1      4                        23    -19        1
  SINCE JUL 1      0                         1     -1        0

 COOLING
  TODAY           12                        10      2       11
  MONTH TO DATE  209                       212     -3      223
  SINCE JUN 1   1083                       853    230     1017
  SINCE JAN 1   1129                       904    225     1030
..................................................................


WIND (MPH)
  HIGHEST WIND SPEED    21   HIGHEST WIND DIRECTION    NW (310)
  HIGHEST GUST SPEED    26   HIGHEST GUST DIRECTION    NW (300)
  AVERAGE WIND SPEED    10.0


SKY COVER
  POSSIBLE SUNSHINE  MM
  AVERAGE SKY COVER 0.0


WEATHER CONDITIONS
 THE FOLLOWING WEATHER WAS RECORDED TODAY.
  NO SIGNIFICANT WEATHER WAS OBSERVED.


RELATIVE HUMIDITY (PERCENT)
 HIGHEST    46           400 AM
 LOWEST     11           400 PM
 AVERAGE    29

..........................................................


THE GRAND JUNCTION CO CLIMATE NORMALS FOR TOMORROW
                         NORMAL    RECORD    YEAR
 MAXIMUM TEMPERATURE (F)   89        98      2002
 MINIMUM TEMPERATURE (F)   61        49      1978


SUNRISE AND SUNSET
AUGUST 18 2017........SUNRISE   630 AM MDT   SUNSET   805 PM MDT
AUGUST 19 2017........SUNRISE   631 AM MDT   SUNSET   803 PM MDT


-  INDICATES NEGATIVE NUMBERS.
R  INDICATES RECORD WAS SET OR TIED.
MM INDICATES DATA IS MISSING.
T  INDICATES TRACE AMOUNT.




$$
