000
CDUS45 KGJT 042349
CLIGJT


CLIMATE REPORT
NATIONAL WEATHER SERVICE GRAND JUNCTION CO
430 PM MST WED MAR 4 2015


...................................

...THE GRAND JUNCTION CO CLIMATE SUMMARY FOR MARCH 4 2015...
VALID TODAY AS OF 0400 PM LOCAL TIME.

CLIMATE NORMAL PERIOD 1981 TO 2010
CLIMATE RECORD PERIOD 1893 TO 2015


WEATHER ITEM   OBSERVED TIME   RECORD YEAR NORMAL DEPARTURE LAST
                VALUE   (LST)  VALUE       VALUE  FROM      YEAR
                                                  NORMAL
..................................................................
TEMPERATURE (F)
 TODAY
  MAXIMUM         42    341 PM  70    2009  53    -11       55
  MINIMUM         22    724 AM  10    2002  29     -7       36
  AVERAGE         32                        41     -9       46

PRECIPITATION (IN)
  TODAY            0.05          0.64 1943   0.03   0.02      T
  MONTH TO DATE    0.23                      0.10   0.13     0.03
  SINCE MAR 1      0.23                      0.10   0.13     0.03
  SINCE JAN 1      1.09                      1.22  -0.13     1.41

SNOWFALL (IN)
  TODAY            1.6           5.0  1923   0.1    1.5      0.0
  MONTH TO DATE    1.9                       0.3    1.6      0.0
  SINCE MAR 1      1.9                       0.3    1.6      0.0
  SINCE JUL 1     10.5                      15.8   -5.3     25.7
  SNOW DEPTH       2

DEGREE DAYS
 HEATING
  TODAY           33                        24      9       19
  MONTH TO DATE  110                        98     12       77
  SINCE MAR 1    110                        98     12       77
  SINCE JUL 1   4095                      4477   -382     5015

 COOLING
  TODAY            0                         0      0        0
  MONTH TO DATE    0                         0      0        0
  SINCE MAR 1      0                         0      0        0
  SINCE JAN 1      0                         0      0        0
..................................................................


WIND (MPH)
  HIGHEST WIND SPEED    17   HIGHEST WIND DIRECTION    NE (50)
  HIGHEST GUST SPEED    23   HIGHEST GUST DIRECTION    NE (50)
  AVERAGE WIND SPEED     4.7


SKY COVER
  POSSIBLE SUNSHINE  MM
  AVERAGE SKY COVER 0.6


WEATHER CONDITIONS
 THE FOLLOWING WEATHER WAS RECORDED TODAY.
  LIGHT SNOW
  FOG


RELATIVE HUMIDITY (PERCENT)
 HIGHEST   100          1200 AM
 LOWEST     40           100 PM
 AVERAGE    70

..........................................................


THE GRAND JUNCTION CO CLIMATE NORMALS FOR TOMORROW
                         NORMAL    RECORD    YEAR
 MAXIMUM TEMPERATURE (F)   53        70      1910
 MINIMUM TEMPERATURE (F)   29         5      1939


SUNRISE AND SUNSET
MARCH  4 2015.........SUNRISE   643 AM MST   SUNSET   610 PM MST
MARCH  5 2015.........SUNRISE   641 AM MST   SUNSET   611 PM MST


-  INDICATES NEGATIVE NUMBERS.
R  INDICATES RECORD WAS SET OR TIED.
MM INDICATES DATA IS MISSING.
T  INDICATES TRACE AMOUNT.




$$
