000
CDUS45 KGJT 270805
CLIGJT


CLIMATE REPORT
NATIONAL WEATHER SERVICE GRAND JUNCTION CO
1230 AM MST SAT DEC 27 2014


...................................

...THE GRAND JUNCTION CO CLIMATE SUMMARY FOR DECEMBER 26 2014...

CLIMATE NORMAL PERIOD 1981 TO 2010
CLIMATE RECORD PERIOD 1893 TO 2014


WEATHER ITEM   OBSERVED TIME   RECORD YEAR NORMAL DEPARTURE LAST
                VALUE   (LST)  VALUE       VALUE  FROM      YEAR
                                                  NORMAL
..................................................................
TEMPERATURE (F)
 YESTERDAY
  MAXIMUM         28    244 PM  60    1971  37     -9       32
  MINIMUM          9   1159 PM -21    1924  17     -8        4
  AVERAGE         19                        27     -8       18

PRECIPITATION (IN)
  YESTERDAY        0.04          0.18 1983   0.02   0.02     0.00
  MONTH TO DATE    0.88                      0.50   0.38     0.96
  SINCE DEC 1      0.88                      0.50   0.38     0.96
  SINCE JAN 1     11.78                      9.33   2.45    12.43

SNOWFALL (IN)
  YESTERDAY        1.4           3.1  1968   0.2    1.2      0.0
  MONTH TO DATE    2.9                       3.9   -1.0     10.7
  SINCE DEC 1      2.9                       3.9   -1.0     10.7
  SINCE JUL 1      2.9                       6.4   -3.5     15.5
  SNOW DEPTH       1

DEGREE DAYS
 HEATING
  YESTERDAY       46                        38      8       47
  MONTH TO DATE  771                       940   -169     1296
  SINCE DEC 1    771                       940   -169     1296
  SINCE JUL 1   1995                      2168   -173     2635

 COOLING
  YESTERDAY        0                         0      0        0
  MONTH TO DATE    0                         0      0        0
  SINCE DEC 1      0                         0      0        0
  SINCE JAN 1   1046                      1125    -79     1269
..................................................................


WIND (MPH)
  HIGHEST WIND SPEED    15   HIGHEST WIND DIRECTION    NW (320)
  HIGHEST GUST SPEED    17   HIGHEST GUST DIRECTION    NW (320)
  AVERAGE WIND SPEED     4.4


SKY COVER
  POSSIBLE SUNSHINE  MM
  AVERAGE SKY COVER 0.8


WEATHER CONDITIONS
 THE FOLLOWING WEATHER WAS RECORDED YESTERDAY.
  LIGHT SNOW
  FOG


RELATIVE HUMIDITY (PERCENT)
 HIGHEST   100           400 AM
 LOWEST     76          1000 PM
 AVERAGE    88

..........................................................


THE GRAND JUNCTION CO CLIMATE NORMALS FOR TODAY
                         NORMAL    RECORD    YEAR
 MAXIMUM TEMPERATURE (F)   37        58      1964
 MINIMUM TEMPERATURE (F)   17       -15      1924


SUNRISE AND SUNSET
DECEMBER 27 2014......SUNRISE   732 AM MST   SUNSET   458 PM MST
DECEMBER 28 2014......SUNRISE   733 AM MST   SUNSET   459 PM MST


-  INDICATES NEGATIVE NUMBERS.
R  INDICATES RECORD WAS SET OR TIED.
MM INDICATES DATA IS MISSING.
T  INDICATES TRACE AMOUNT.




$$
