000
CDUS45 KGJT 240738
CLIGJT


CLIMATE REPORT
NATIONAL WEATHER SERVICE GRAND JUNCTION CO
135 AM MDT SAT JUN 24 2017


...................................

...THE GRAND JUNCTION CO CLIMATE SUMMARY FOR JUNE 23 2017...

CLIMATE NORMAL PERIOD 1981 TO 2010
CLIMATE RECORD PERIOD 1893 TO 2017


WEATHER ITEM   OBSERVED TIME   RECORD YEAR NORMAL DEPARTURE LAST
                VALUE   (LST)  VALUE       VALUE  FROM      YEAR
                                                  NORMAL
..................................................................
TEMPERATURE (F)
 YESTERDAY
  MAXIMUM         94    415 PM 103    1981  90      4       96
                                      1971
  MINIMUM         65    513 AM  46    1948  59      6       70
                                      1907
  AVERAGE         80                        75      5       83

PRECIPITATION (IN)
  YESTERDAY        0.00          0.49 1969   0.02  -0.02      T
  MONTH TO DATE    0.03                      0.37  -0.34     0.02
  SINCE JUN 1      0.03                      0.37  -0.34     0.02
  SINCE JAN 1      2.86                      4.20  -1.34     4.99

SNOWFALL (IN)
  YESTERDAY        0.0           0.0  2016   0.0    0.0      0.0
  MONTH TO DATE    0.0                       0.0    0.0      0.0
  SINCE JUN 1      0.0                       0.0    0.0      0.0
  SINCE JUL 1     13.9                      19.1   -5.2     28.5
  SNOW DEPTH       0

DEGREE DAYS
 HEATING
  YESTERDAY        0                         0      0        0
  MONTH TO DATE    4                        20    -16        1
  SINCE JUN 1      4                        20    -16        1
  SINCE JUL 1   4625                      5609   -984     5715

 COOLING
  YESTERDAY       15                        10      5       18
  MONTH TO DATE  278                       155    123      255
  SINCE JUN 1    278                       155    123      255
  SINCE JAN 1    324                       206    118      268
..................................................................


WIND (MPH)
  HIGHEST WIND SPEED    20   HIGHEST WIND DIRECTION     W (270)
  HIGHEST GUST SPEED    24   HIGHEST GUST DIRECTION     W (270)
  AVERAGE WIND SPEED     7.7


SKY COVER
  POSSIBLE SUNSHINE  MM
  AVERAGE SKY COVER 0.0


WEATHER CONDITIONS
 THE FOLLOWING WEATHER WAS RECORDED YESTERDAY.
  NO SIGNIFICANT WEATHER WAS OBSERVED.


RELATIVE HUMIDITY (PERCENT)
 HIGHEST    28           500 AM
 LOWEST      5           700 PM
 AVERAGE    17

..........................................................


THE GRAND JUNCTION CO CLIMATE NORMALS FOR TODAY
                         NORMAL    RECORD    YEAR
 MAXIMUM TEMPERATURE (F)   91       103      1971
 MINIMUM TEMPERATURE (F)   59        43      1906


SUNRISE AND SUNSET
JUNE 24 2017..........SUNRISE   549 AM MDT   SUNSET   844 PM MDT
JUNE 25 2017..........SUNRISE   550 AM MDT   SUNSET   844 PM MDT


-  INDICATES NEGATIVE NUMBERS.
R  INDICATES RECORD WAS SET OR TIED.
MM INDICATES DATA IS MISSING.
T  INDICATES TRACE AMOUNT.




$$
