000
CDUS45 KGJT 280736
CLIGJT


CLIMATE REPORT
NATIONAL WEATHER SERVICE GRAND JUNCTION CO
133 AM MDT FRI AUG 28 2015


...................................

...THE GRAND JUNCTION CO CLIMATE SUMMARY FOR AUGUST 27 2015...

CLIMATE NORMAL PERIOD 1981 TO 2010
CLIMATE RECORD PERIOD 1893 TO 2015


WEATHER ITEM   OBSERVED TIME   RECORD YEAR NORMAL DEPARTURE LAST
                VALUE   (LST)  VALUE       VALUE  FROM      YEAR
                                                  NORMAL
..................................................................
TEMPERATURE (F)
 YESTERDAY
  MAXIMUM         83    404 PM  97    2001  88     -5       71
                                      1969
  MINIMUM         60    744 AM  45    1992  59      1       57
  AVERAGE         72                        73     -1       64

PRECIPITATION (IN)
  YESTERDAY        0.34          0.51 1953   0.03   0.31     0.26
  MONTH TO DATE    0.46                      0.81  -0.35     3.15
  SINCE JUN 1      2.90                      1.88   1.02     4.30
  SINCE JAN 1      8.00                      5.71   2.29     8.08

SNOWFALL (IN)
  YESTERDAY        0.0           0.0  2014   0.0    0.0      0.0
  MONTH TO DATE    T                         0.0    0.0      0.0
  SINCE JUN 1      T                         0.0    0.0      0.0
  SINCE JUL 1      T                         0.0    0.0      0.0
  SNOW DEPTH       0

DEGREE DAYS
 HEATING
  YESTERDAY        0                         0      0        1
  MONTH TO DATE    0                         0      0        5
  SINCE JUN 1     12                        23    -11       24
  SINCE JUL 1      0                         1     -1        5

 COOLING
  YESTERDAY        7                         8     -1        0
  MONTH TO DATE  289                       296     -7      200
  SINCE JUN 1    856                       937    -81      848
  SINCE JAN 1    864                       988   -124      907
..................................................................


WIND (MPH)
  HIGHEST WIND SPEED    26   HIGHEST WIND DIRECTION     N (350)
  HIGHEST GUST SPEED    34   HIGHEST GUST DIRECTION    NW (330)
  AVERAGE WIND SPEED     6.6


SKY COVER
  POSSIBLE SUNSHINE  MM
  AVERAGE SKY COVER 0.6


WEATHER CONDITIONS
 THE FOLLOWING WEATHER WAS RECORDED YESTERDAY.
  THUNDERSTORM
  RAIN
  LIGHT RAIN
  FOG


RELATIVE HUMIDITY (PERCENT)
 HIGHEST   100          1200 AM
 LOWEST     39           500 PM
 AVERAGE    70

..........................................................


THE GRAND JUNCTION CO CLIMATE NORMALS FOR TODAY
                         NORMAL    RECORD    YEAR
 MAXIMUM TEMPERATURE (F)   87        97      1948
 MINIMUM TEMPERATURE (F)   59        48      1964
                                             1920


SUNRISE AND SUNSET
AUGUST 28 2015........SUNRISE   639 AM MDT   SUNSET   751 PM MDT
AUGUST 29 2015........SUNRISE   640 AM MDT   SUNSET   750 PM MDT


-  INDICATES NEGATIVE NUMBERS.
R  INDICATES RECORD WAS SET OR TIED.
MM INDICATES DATA IS MISSING.
T  INDICATES TRACE AMOUNT.




$$
