000
CDUS43 KGLD 230740
CLIGLD

CLIMATE REPORT
NATIONAL WEATHER SERVICE GOODLAND
1236 AM MST MON JAN 23 2017

...................................

...THE GOODLAND KS CLIMATE SUMMARY FOR JANUARY 22 2017...

CLIMATE NORMAL PERIOD 1981 TO 2010
CLIMATE RECORD PERIOD 1895 TO 2017

WEATHER ITEM   OBSERVED TIME   RECORD YEAR NORMAL DEPARTURE LAST
                VALUE   (LST)  VALUE       VALUE  FROM      YEAR
                                                  NORMAL
..................................................................
TEMPERATURE (F)
 YESTERDAY
  MAXIMUM         48    338 PM  73    2009  42      6       37
                                      1967
  MINIMUM         24    949 PM -10    1966  17      7        8
                                      1917
  AVERAGE         36                        30      6       23

PRECIPITATION (IN)
  YESTERDAY        0.00          0.16 1965   0.02  -0.02     0.00
  MONTH TO DATE    0.91                      0.26   0.65     0.03
  SINCE DEC 1      1.51                      0.72   0.79     0.19
  SINCE JAN 1      0.91                      0.26   0.65     0.03

SNOWFALL (IN)
  YESTERDAY        0.0                       0.2   -0.2      0.0
  MONTH TO DATE    3.4                       4.0   -0.6      0.2
  SINCE DEC 1      8.4                       9.5   -1.1      1.9
  SINCE JUL 1      9.0                      16.7   -7.7     10.1
  SNOW DEPTH       0

DEGREE DAYS
 HEATING
  YESTERDAY       29                        35     -6       42
  MONTH TO DATE  844                       772     72      793
  SINCE DEC 1   2046                      1860    186     1775
  SINCE JUL 1   2909                      3179   -270     2835

 COOLING
  YESTERDAY        0                         0      0        0
  MONTH TO DATE    0                         0      0        0
  SINCE DEC 1      0                         0      0        0
  SINCE JAN 1      0                         0      0        0
..................................................................

WIND (MPH)
  HIGHEST WIND SPEED    23   HIGHEST WIND DIRECTION    NW (330)
  HIGHEST GUST SPEED    27   HIGHEST GUST DIRECTION     N (340)
  AVERAGE WIND SPEED    10.9


SKY COVER
  AVERAGE SKY COVER 0.0


WEATHER CONDITIONS
 THE FOLLOWING WEATHER WAS RECORDED YESTERDAY.
  NO SIGNIFICANT WEATHER WAS OBSERVED.


RELATIVE HUMIDITY (PERCENT)
 HIGHEST    92
 LOWEST     39
 AVERAGE    66

..........................................................


THE GOODLAND KS CLIMATE NORMALS FOR TODAY
                         NORMAL    RECORD    YEAR
 MAXIMUM TEMPERATURE (F)   42        69      1981
 MINIMUM TEMPERATURE (F)   17        -9      1963


SUNRISE AND SUNSET
JANUARY 23 2017.......SUNRISE   701 AM MST   SUNSET   457 PM MST
JANUARY 24 2017.......SUNRISE   700 AM MST   SUNSET   458 PM MST


-  INDICATES NEGATIVE NUMBERS.
R  INDICATES RECORD WAS SET OR TIED.
MM INDICATES DATA IS MISSING.
T  INDICATES TRACE AMOUNT.

&&

THE AVERAGE SOIL TEMPERATURE AT THE FOUR INCH DEPTH... 31
THE CURRENT DEPTH OF FROST... 6 INCHES

$$
