283
CDUS43 KGLD 240738
CLIGLD

CLIMATE REPORT
NATIONAL WEATHER SERVICE GOODLAND
1237 AM MST SAT FEB 24 2018

...................................

...THE GOODLAND KS CLIMATE SUMMARY FOR FEBRUARY 23 2018...

CLIMATE NORMAL PERIOD 1981 TO 2010
CLIMATE RECORD PERIOD 1895 TO 2018

WEATHER ITEM   OBSERVED TIME   RECORD YEAR NORMAL DEPARTURE LAST
                VALUE   (LST)  VALUE       VALUE  FROM      YEAR
                                                  NORMAL
..................................................................
TEMPERATURE (F)
 YESTERDAY
  MAXIMUM         39    313 PM  75    1936  48     -9       42
                                      1918
  MINIMUM         16    712 AM -11    1960  21     -5       23
  AVERAGE         28                        34     -6       33

PRECIPITATION (IN)
  YESTERDAY        0.00          0.47 1997   0.03  -0.03     0.01
  MONTH TO DATE    0.60                      0.39   0.21     0.01
  SINCE DEC 1      1.37                      1.23   0.14     1.53
  SINCE JAN 1      1.28                      0.77   0.51     0.93

SNOWFALL (IN)
  YESTERDAY        0.0                       0.2   -0.2       T
  MONTH TO DATE    9.5                       4.6    4.9       T
  SINCE DEC 1     20.0                      16.0    4.0      8.8
  SINCE JUL 1     20.1                      23.2   -3.1      9.4
  SNOW DEPTH       0

DEGREE DAYS
 HEATING
  YESTERDAY       37                        31      6       32
  MONTH TO DATE  853                       767     86      525
  SINCE DEC 1   2955                      2951      4     2843
  SINCE JUL 1   4106                      4270   -164     3706

 COOLING
  YESTERDAY        0                         0      0        0
  MONTH TO DATE    0                         0      0        0
  SINCE DEC 1      0                         0      0        0
  SINCE JAN 1      0                         0      0        0
..................................................................

WIND (MPH)
  HIGHEST WIND SPEED    20   HIGHEST WIND DIRECTION    SE (130)
  HIGHEST GUST SPEED    25   HIGHEST GUST DIRECTION    SE (120)
  AVERAGE WIND SPEED     9.1


SKY COVER
  AVERAGE SKY COVER 0.5


WEATHER CONDITIONS
 THE FOLLOWING WEATHER WAS RECORDED YESTERDAY.
  FOG
  FOG W/VISIBILITY <= 1/4 MILE


RELATIVE HUMIDITY (PERCENT)
 HIGHEST   100
 LOWEST     52
 AVERAGE    76

..........................................................


THE GOODLAND KS CLIMATE NORMALS FOR TODAY
                         NORMAL    RECORD    YEAR
 MAXIMUM TEMPERATURE (F)   48        80      1918
 MINIMUM TEMPERATURE (F)   21       -16      1960


SUNRISE AND SUNSET
FEBRUARY 24 2018......SUNRISE   627 AM MST   SUNSET   534 PM MST
FEBRUARY 25 2018......SUNRISE   625 AM MST   SUNSET   535 PM MST


-  INDICATES NEGATIVE NUMBERS.
R  INDICATES RECORD WAS SET OR TIED.
MM INDICATES DATA IS MISSING.
T  INDICATES TRACE AMOUNT.

&&

THE AVERAGE SOIL TEMPERATURE AT THE FOUR INCH DEPTH... 24
THE CURRENT DEPTH OF FROST... 6 INCHES

$$
