000
CDUS44 KJAN 092212
CLIGLH


CLIMATE REPORT
NATIONAL WEATHER SERVICE JACKSON MS
411 PM CST TUE FEB 9 2016


...................................

...THE GREENVILLE CLIMATE SUMMARY FOR FEBRUARY 9 2016...
VALID TODAY AS OF 0400 PM LOCAL TIME.

CLIMATE NORMAL PERIOD 1981 TO 2010
CLIMATE RECORD PERIOD 1920 TO 2016


WEATHER ITEM   OBSERVED TIME   RECORD YEAR NORMAL DEPARTURE LAST
                VALUE   (LST)  VALUE       VALUE  FROM      YEAR
                                                  NORMAL
..................................................................
TEMPERATURE (F)
 TODAY
  MAXIMUM         52    333 PM  91    1950  55     -3       65
  MINIMUM         34    720 AM  11    1933  35     -1       38
  AVERAGE         43                        45     -2       52

PRECIPITATION (IN)
  TODAY            0.00          2.79 1959   0.18  -0.18     0.00
  MONTH TO DATE    1.43                      1.87  -0.44     0.17
  SINCE DEC 1      8.31                     12.46  -4.15     7.65
  SINCE JAN 1      4.50                      6.84  -2.34     3.54

SNOWFALL (IN)
  TODAY            0.0

DEGREE DAYS
 HEATING
  TODAY           22                        20      2       13
  MONTH TO DATE  153                       190    -37      186
  SINCE DEC 1   1160                      1517   -357     1415
  SINCE JUL 1   1410                      1979   -569     1955

 COOLING
  TODAY            0                         0      0        0
  MONTH TO DATE    2                         0      2        0
  SINCE DEC 1     37                         4     33        0
  SINCE JAN 1      2                         1      1        0
..................................................................


WIND (MPH)
  HIGHEST WIND SPEED    28   HIGHEST WIND DIRECTION    NW (320)
  HIGHEST GUST SPEED    34   HIGHEST GUST DIRECTION    NW (320)
  AVERAGE WIND SPEED    14.1


SKY COVER
  POSSIBLE SUNSHINE  MM
  AVERAGE SKY COVER 0.0


WEATHER CONDITIONS
 THE FOLLOWING WEATHER WAS RECORDED TODAY.
  NO SIGNIFICANT WEATHER WAS OBSERVED.


RELATIVE HUMIDITY (PERCENT)
 HIGHEST    56          1200 AM
 LOWEST     24           300 PM
 AVERAGE    40

..........................................................


THE GREENVILLE CLIMATE NORMALS FOR TOMORROW
                         NORMAL    RECORD    YEAR
 MAXIMUM TEMPERATURE (F)   56        83      1954
                                             1932
 MINIMUM TEMPERATURE (F)   35        13      2011


SUNRISE AND SUNSET
FEBRUARY  9 2016......SUNRISE   654 AM CST   SUNSET   543 PM CST
FEBRUARY 10 2016......SUNRISE   653 AM CST   SUNSET   544 PM CST


-  INDICATES NEGATIVE NUMBERS.
R  INDICATES RECORD WAS SET OR TIED.
MM INDICATES DATA IS MISSING.
T  INDICATES TRACE AMOUNT.




$$
