000
CDUS44 KJAN 282116
CLIGLH


CLIMATE REPORT
NATIONAL WEATHER SERVICE JACKSON MS
413 PM CDT TUE JUL 28 2015


...................................

...THE GREENVILLE CLIMATE SUMMARY FOR JULY 28 2015...
VALID TODAY AS OF 0400 PM LOCAL TIME.

CLIMATE NORMAL PERIOD 1981 TO 2010
CLIMATE RECORD PERIOD 1920 TO 2015


WEATHER ITEM   OBSERVED TIME   RECORD YEAR NORMAL DEPARTURE LAST
                VALUE   (LST)  VALUE       VALUE  FROM      YEAR
                                                  NORMAL
..................................................................
TEMPERATURE (F)
 TODAY
  MAXIMUM         97    259 PM 106    1930  92      5       90
  MINIMUM         77    522 AM  61    2004  72      5       68
  AVERAGE         87                        82      5       79

PRECIPITATION (IN)
  TODAY            0.00          4.05 1945   0.09  -0.09     0.00
  MONTH TO DATE    4.08                      3.53   0.55     5.20
  SINCE JUN 1      5.60                      7.57  -1.97    11.57
  SINCE JAN 1     25.57                     31.83  -6.26    35.70

SNOWFALL (IN)
  TODAY            0.0

DEGREE DAYS
 HEATING
  TODAY            0                         0      0        0
  MONTH TO DATE    0                         0      0        0
  SINCE JUN 1      0                         0      0        0
  SINCE JUL 1      0                         0      0        0

 COOLING
  TODAY           22                        17      5       14
  MONTH TO DATE  541                       474     67      373
  SINCE JUN 1   1017                       894    123      835
  SINCE JAN 1   1398                      1216    182     1150
..................................................................


WIND (MPH)
  HIGHEST WIND SPEED     9   HIGHEST WIND DIRECTION     W (250)
  HIGHEST GUST SPEED    MM   HIGHEST GUST DIRECTION    MM
  AVERAGE WIND SPEED     3.5


SKY COVER
  POSSIBLE SUNSHINE  MM
  AVERAGE SKY COVER 0.0


WEATHER CONDITIONS
 THE FOLLOWING WEATHER WAS RECORDED TODAY.
  NO SIGNIFICANT WEATHER WAS OBSERVED.


RELATIVE HUMIDITY (PERCENT)
 HIGHEST    97           100 AM
 LOWEST     48           100 PM
 AVERAGE    73

..........................................................


THE GREENVILLE CLIMATE NORMALS FOR TOMORROW
                         NORMAL    RECORD    YEAR
 MAXIMUM TEMPERATURE (F)   92       110      1930
 MINIMUM TEMPERATURE (F)   72        63      2014
                                             1994


SUNRISE AND SUNSET
JULY 28 2015..........SUNRISE   613 AM CDT   SUNSET   807 PM CDT
JULY 29 2015..........SUNRISE   614 AM CDT   SUNSET   806 PM CDT


-  INDICATES NEGATIVE NUMBERS.
R  INDICATES RECORD WAS SET OR TIED.
MM INDICATES DATA IS MISSING.
T  INDICATES TRACE AMOUNT.




$$
