000
CDUS44 KJAN 230632
CLIGLH


CLIMATE REPORT
NATIONAL WEATHER SERVICE JACKSON MS
129 AM CDT TUE SEP 23 2014


...................................

...THE GREENVILLE CLIMATE SUMMARY FOR SEPTEMBER 22 2014...

CLIMATE NORMAL PERIOD 1981 TO 2010
CLIMATE RECORD PERIOD 1920 TO 2014


WEATHER ITEM   OBSERVED TIME   RECORD YEAR NORMAL DEPARTURE LAST
                VALUE   (LST)  VALUE       VALUE  FROM      YEAR
                                                  NORMAL
..................................................................
TEMPERATURE (F)
 YESTERDAY
  MAXIMUM         84    211 PM  98    1925  85     -1       80
  MINIMUM         60   1159 PM  42    1983  61     -1       55
  AVERAGE         72                        73     -1       68

PRECIPITATION (IN)
  YESTERDAY        0.00          3.30 1934   0.09  -0.09     0.00
  MONTH TO DATE    0.77                      2.23  -1.46     4.48
  SINCE SEP 1      0.77                      2.23  -1.46     4.48
  SINCE JAN 1     40.49                     36.79   3.70    33.46

SNOWFALL (IN)
  YESTERDAY        0.0

DEGREE DAYS
 HEATING
  YESTERDAY        0                         0      0        0
  MONTH TO DATE    0                         0      0        0
  SINCE SEP 1      0                         0      0        0
  SINCE JUL 1      0                         0      0        0

 COOLING
  YESTERDAY        7                         8     -1        3
  MONTH TO DATE  308                       249     59      314
  SINCE SEP 1    308                       249     59      314
  SINCE JAN 1   1975                      2028    -53     2041
..................................................................


WIND (MPH)
  HIGHEST WIND SPEED    22   HIGHEST WIND DIRECTION    NE (40)
  HIGHEST GUST SPEED    26   HIGHEST GUST DIRECTION     N (360)
  AVERAGE WIND SPEED    11.7


SKY COVER
  POSSIBLE SUNSHINE  MM
  AVERAGE SKY COVER 0.2


WEATHER CONDITIONS
 THE FOLLOWING WEATHER WAS RECORDED YESTERDAY.
  NO SIGNIFICANT WEATHER WAS OBSERVED.


RELATIVE HUMIDITY (PERCENT)
 HIGHEST    67           600 AM
 LOWEST     27           200 PM
 AVERAGE    47

..........................................................


THE GREENVILLE CLIMATE NORMALS FOR TODAY
                         NORMAL    RECORD    YEAR
 MAXIMUM TEMPERATURE (F)   84        99      1931
 MINIMUM TEMPERATURE (F)   60        42      1983


SUNRISE AND SUNSET
SEPTEMBER 23 2014.....SUNRISE   653 AM CDT   SUNSET   659 PM CDT
SEPTEMBER 24 2014.....SUNRISE   653 AM CDT   SUNSET   658 PM CDT


-  INDICATES NEGATIVE NUMBERS.
R  INDICATES RECORD WAS SET OR TIED.
MM INDICATES DATA IS MISSING.
T  INDICATES TRACE AMOUNT.




$$
