000
CDUS44 KJAN 050637
CLIGLH


CLIMATE REPORT
NATIONAL WEATHER SERVICE JACKSON MS
1233 AM CST THU MAR 5 2015


...................................

...THE GREENVILLE CLIMATE SUMMARY FOR MARCH 4 2015...

CLIMATE NORMAL PERIOD 1981 TO 2010
CLIMATE RECORD PERIOD 1920 TO 2015


WEATHER ITEM   OBSERVED TIME   RECORD YEAR NORMAL DEPARTURE LAST
                VALUE   (LST)  VALUE       VALUE  FROM      YEAR
                                                  NORMAL
..................................................................
TEMPERATURE (F)
 YESTERDAY
  MAXIMUM         75   1249 PM  84    1923  62     13       32
  MINIMUM         32   1159 PM  17    1943  41     -9       22
  AVERAGE         54                        52      2       27

PRECIPITATION (IN)
  YESTERDAY        0.12          2.30 1945   0.13  -0.01     0.00
  MONTH TO DATE    0.70                      0.50   0.20     0.58
  SINCE MAR 1      0.70                      0.50   0.20     0.58
  SINCE JAN 1      7.15                     10.49  -3.34     4.88

SNOWFALL (IN)
  YESTERDAY        0.0

DEGREE DAYS
 HEATING
  YESTERDAY       11                        14     -3       38
  MONTH TO DATE   70                        57     13       86
  SINCE MAR 1     70                        57     13       86
  SINCE JUL 1   2557                      2366    191     2693

 COOLING
  YESTERDAY        0                         0      0        0
  MONTH TO DATE    0                         0      0        0
  SINCE MAR 1      0                         0      0        0
  SINCE JAN 1      0                         5     -5        0
..................................................................


WIND (MPH)
  HIGHEST WIND SPEED    31   HIGHEST WIND DIRECTION     N (10)
  HIGHEST GUST SPEED    38   HIGHEST GUST DIRECTION     N (10)
  AVERAGE WIND SPEED    19.2


SKY COVER
  POSSIBLE SUNSHINE  MM
  AVERAGE SKY COVER 0.8


WEATHER CONDITIONS
 THE FOLLOWING WEATHER WAS RECORDED YESTERDAY.
  HEAVY RAIN
  LIGHT RAIN
  LT FREEZING RAIN
  LIGHT SNOW
  FOG


RELATIVE HUMIDITY (PERCENT)
 HIGHEST   100           800 AM
 LOWEST     57           100 PM
 AVERAGE    79

..........................................................


THE GREENVILLE CLIMATE NORMALS FOR TODAY
                         NORMAL    RECORD    YEAR
 MAXIMUM TEMPERATURE (F)   62        85      1963
 MINIMUM TEMPERATURE (F)   42        20      1960


SUNRISE AND SUNSET
MARCH  5 2015.........SUNRISE   628 AM CST   SUNSET   604 PM CST
MARCH  6 2015.........SUNRISE   626 AM CST   SUNSET   605 PM CST


-  INDICATES NEGATIVE NUMBERS.
R  INDICATES RECORD WAS SET OR TIED.
MM INDICATES DATA IS MISSING.
T  INDICATES TRACE AMOUNT.




$$
