000
CDUS44 KJAN 050808
CLIGLH


CLIMATE REPORT
NATIONAL WEATHER SERVICE JACKSON MS
306 AM CDT SUN JUL 5 2015


...................................

...THE GREENVILLE CLIMATE SUMMARY FOR JULY 4 2015...

CLIMATE NORMAL PERIOD 1981 TO 2010
CLIMATE RECORD PERIOD 1920 TO 2015


WEATHER ITEM   OBSERVED TIME   RECORD YEAR NORMAL DEPARTURE LAST
                VALUE   (LST)  VALUE       VALUE  FROM      YEAR
                                                  NORMAL
..................................................................
TEMPERATURE (F)
 YESTERDAY
  MAXIMUM         79    242 AM 104    1970  92    -13       83
  MINIMUM         69   1159 PM  59    1924  72     -3       62
  AVERAGE         74                        82     -8       73

PRECIPITATION (IN)
  YESTERDAY        1.06          2.70 1976   0.15   0.91     0.00
  MONTH TO DATE    1.49                      0.61   0.88     0.00
  SINCE JUN 1      3.01                      4.65  -1.64     6.37
  SINCE JAN 1     22.98                     28.91  -5.93    30.50

SNOWFALL (IN)
  YESTERDAY        0.0

DEGREE DAYS
 HEATING
  YESTERDAY        0                         0      0        0
  MONTH TO DATE    0                         0      0        0
  SINCE JUN 1      0                         0      0        0
  SINCE JUL 1      0                         0      0        0

 COOLING
  YESTERDAY        9                        17     -8        8
  MONTH TO DATE   59                        66     -7       54
  SINCE JUN 1    535                       486     49      516
  SINCE JAN 1    916                       808    108      831
..................................................................


WIND (MPH)
  HIGHEST WIND SPEED    24   HIGHEST WIND DIRECTION     W (270)
  HIGHEST GUST SPEED    31   HIGHEST GUST DIRECTION     W (260)
  AVERAGE WIND SPEED     5.7


SKY COVER
  POSSIBLE SUNSHINE  MM
  AVERAGE SKY COVER 0.4


WEATHER CONDITIONS
 THE FOLLOWING WEATHER WAS RECORDED YESTERDAY.
  THUNDERSTORM
  HEAVY RAIN
  RAIN
  LIGHT RAIN
  HAZE


RELATIVE HUMIDITY (PERCENT)
 HIGHEST   100          1100 PM
 LOWEST     71           500 PM
 AVERAGE    86

..........................................................


THE GREENVILLE CLIMATE NORMALS FOR TODAY
                         NORMAL    RECORD    YEAR
 MAXIMUM TEMPERATURE (F)   92       101      1980
                                             1977
 MINIMUM TEMPERATURE (F)   72        58      1922


SUNRISE AND SUNSET
JULY  5 2015..........SUNRISE   559 AM CDT   SUNSET   817 PM CDT
JULY  6 2015..........SUNRISE   600 AM CDT   SUNSET   817 PM CDT


-  INDICATES NEGATIVE NUMBERS.
R  INDICATES RECORD WAS SET OR TIED.
MM INDICATES DATA IS MISSING.
T  INDICATES TRACE AMOUNT.




$$
