000
CDUS44 KJAN 200648
CLIGLH


CLIMATE REPORT
NATIONAL WEATHER SERVICE JACKSON MS
146 AM CDT MON OCT 20 2014


...................................

...THE GREENVILLE CLIMATE SUMMARY FOR OCTOBER 19 2014...

CLIMATE NORMAL PERIOD 1981 TO 2010
CLIMATE RECORD PERIOD 1920 TO 2014


WEATHER ITEM   OBSERVED TIME   RECORD YEAR NORMAL DEPARTURE LAST
                VALUE   (LST)  VALUE       VALUE  FROM      YEAR
                                                  NORMAL
..................................................................
TEMPERATURE (F)
 YESTERDAY
  MAXIMUM         71    333 PM  91    1921  76     -5       64
  MINIMUM         47    523 AM  32    1948  51     -4       44
  AVERAGE         59                        64     -5       54

PRECIPITATION (IN)
  YESTERDAY        0.00          0.94 1970   0.17  -0.17     0.00
  MONTH TO DATE    5.67                      2.79   2.88     5.71
  SINCE SEP 1      6.44                      5.87   0.57    13.44
  SINCE JAN 1     46.16                     40.43   5.73    42.42

SNOWFALL (IN)
  YESTERDAY        0.0

DEGREE DAYS
 HEATING
  YESTERDAY        6                         4      2       11
  MONTH TO DATE   20                        42    -22       23
  SINCE SEP 1     20                        48    -28       23
  SINCE JUL 1     20                        48    -28       23

 COOLING
  YESTERDAY        0                         3     -3        0
  MONTH TO DATE  106                        71     35      105
  SINCE SEP 1    487                       372    115      497
  SINCE JAN 1   2154                      2151      3     2224
..................................................................


WIND (MPH)
  HIGHEST WIND SPEED    12   HIGHEST WIND DIRECTION    NE (50)
  HIGHEST GUST SPEED    16   HIGHEST GUST DIRECTION    NE (30)
  AVERAGE WIND SPEED     4.5


SKY COVER
  POSSIBLE SUNSHINE  MM
  AVERAGE SKY COVER 0.0


WEATHER CONDITIONS
 THE FOLLOWING WEATHER WAS RECORDED YESTERDAY.
  NO SIGNIFICANT WEATHER WAS OBSERVED.


RELATIVE HUMIDITY (PERCENT)
 HIGHEST    93           500 AM
 LOWEST     35           300 PM
 AVERAGE    64

..........................................................


THE GREENVILLE CLIMATE NORMALS FOR TODAY
                         NORMAL    RECORD    YEAR
 MAXIMUM TEMPERATURE (F)   76        90      1941
 MINIMUM TEMPERATURE (F)   51        32      1925


SUNRISE AND SUNSET
OCTOBER 20 2014.......SUNRISE   713 AM CDT   SUNSET   624 PM CDT
OCTOBER 21 2014.......SUNRISE   713 AM CDT   SUNSET   623 PM CDT


-  INDICATES NEGATIVE NUMBERS.
R  INDICATES RECORD WAS SET OR TIED.
MM INDICATES DATA IS MISSING.
T  INDICATES TRACE AMOUNT.




$$
