000
CDUS44 KJAN 240644
CLIGLH


CLIMATE REPORT
NATIONAL WEATHER SERVICE JACKSON MS
139 AM CDT TUE OCT 24 2017


...................................

...THE GREENVILLE CLIMATE SUMMARY FOR OCTOBER 23 2017...

CLIMATE NORMAL PERIOD 1981 TO 2010
CLIMATE RECORD PERIOD 1903 TO 2017


WEATHER ITEM   OBSERVED TIME   RECORD YEAR NORMAL DEPARTURE LAST
                VALUE   (LST)  VALUE       VALUE  FROM      YEAR
                                                  NORMAL
..................................................................
TEMPERATURE (F)
 YESTERDAY
  MAXIMUM         72    318 PM  93    1939  75     -3       77
  MINIMUM         51    656 AM  31    1917  50      1       42
  AVERAGE         62                        62      0       60

PRECIPITATION (IN)
  YESTERDAY        0.00          1.66 2004   0.16  -0.16     0.00
  MONTH TO DATE    0.65                      3.42  -2.77     0.20
  SINCE SEP 1      2.37                      6.50  -4.13     0.88
  SINCE JAN 1     31.56                     41.06  -9.50    42.77

SNOWFALL (IN)
  YESTERDAY        0.0

DEGREE DAYS
 HEATING
  YESTERDAY        3                         5     -2        5
  MONTH TO DATE   24                        60    -36       22
  SINCE SEP 1     27                        66    -39       22
  SINCE JUL 1     27                        66    -39       22

 COOLING
  YESTERDAY        0                         2     -2        0
  MONTH TO DATE  144                        79     65      148
  SINCE SEP 1    454                       380     74      602
  SINCE JAN 1   2197                      2159     38     2614
..................................................................


WIND (MPH)
  HIGHEST WIND SPEED    15   HIGHEST WIND DIRECTION     W (280)
  HIGHEST GUST SPEED    20   HIGHEST GUST DIRECTION     W (270)
  AVERAGE WIND SPEED     8.6


SKY COVER
  POSSIBLE SUNSHINE  MM
  AVERAGE SKY COVER 0.2


WEATHER CONDITIONS
 THE FOLLOWING WEATHER WAS RECORDED YESTERDAY.
  NO SIGNIFICANT WEATHER WAS OBSERVED.


RELATIVE HUMIDITY (PERCENT)
 HIGHEST    93           300 AM
 LOWEST     31           200 PM
 AVERAGE    62

..........................................................


THE GREENVILLE CLIMATE NORMALS FOR TODAY
                         NORMAL    RECORD    YEAR
 MAXIMUM TEMPERATURE (F)   74        91      1927
 MINIMUM TEMPERATURE (F)   50        25      1917


SUNRISE AND SUNSET
OCTOBER 24 2017.......SUNRISE   716 AM CDT   SUNSET   620 PM CDT
OCTOBER 25 2017.......SUNRISE   717 AM CDT   SUNSET   619 PM CDT


-  INDICATES NEGATIVE NUMBERS.
R  INDICATES RECORD WAS SET OR TIED.
MM INDICATES DATA IS MISSING.
T  INDICATES TRACE AMOUNT.




$$
