000
CDUS44 KJAN 270757
CLIGLH


CLIMATE REPORT
NATIONAL WEATHER SERVICE JACKSON MS
251 AM CDT WED MAY 27 2015


...................................

...THE GREENVILLE CLIMATE SUMMARY FOR MAY 26 2015...

CLIMATE NORMAL PERIOD 1981 TO 2010
CLIMATE RECORD PERIOD 1920 TO 2015


WEATHER ITEM   OBSERVED TIME   RECORD YEAR NORMAL DEPARTURE LAST
                VALUE   (LST)  VALUE       VALUE  FROM      YEAR
                                                  NORMAL
..................................................................
TEMPERATURE (F)
 YESTERDAY
  MAXIMUM         83    503 PM  95    1985  85     -2       88
  MINIMUM         63    329 AM  47    1925  65     -2       68
  AVERAGE         73                        75     -2       78

PRECIPITATION (IN)
  YESTERDAY        0.02          2.80 1974   0.13  -0.11     0.00
  MONTH TO DATE    3.40                      4.32  -0.92     1.69
  SINCE MAR 1     12.29                     13.68  -1.39    16.27
  SINCE JAN 1     18.74                     23.67  -4.93    20.57

SNOWFALL (IN)
  YESTERDAY        0.0

DEGREE DAYS
 HEATING
  YESTERDAY        0                         0      0        0
  MONTH TO DATE    8                        10     -2       32
  SINCE MAR 1    382                       462    -80      600
  SINCE JUL 1   2869                      2771     98     3207

 COOLING
  YESTERDAY        8                        10     -2       13
  MONTH TO DATE  230                       185     45      186
  SINCE MAR 1    328                       266     62      260
  SINCE JAN 1    328                       271     57      260
..................................................................


WIND (MPH)
  HIGHEST WIND SPEED    29   HIGHEST WIND DIRECTION     W (260)
  HIGHEST GUST SPEED    34   HIGHEST GUST DIRECTION     W (260)
  AVERAGE WIND SPEED     8.2


SKY COVER
  POSSIBLE SUNSHINE  MM
  AVERAGE SKY COVER 0.3


WEATHER CONDITIONS
 THE FOLLOWING WEATHER WAS RECORDED YESTERDAY.
  LIGHT RAIN
  FOG


RELATIVE HUMIDITY (PERCENT)
 HIGHEST    94           800 PM
 LOWEST     62          1200 PM
 AVERAGE    78

..........................................................


THE GREENVILLE CLIMATE NORMALS FOR TODAY
                         NORMAL    RECORD    YEAR
 MAXIMUM TEMPERATURE (F)   85        96      1978
 MINIMUM TEMPERATURE (F)   65        43      1961


SUNRISE AND SUNSET
MAY 27 2015...........SUNRISE   557 AM CDT   SUNSET   806 PM CDT
MAY 28 2015...........SUNRISE   556 AM CDT   SUNSET   806 PM CDT


-  INDICATES NEGATIVE NUMBERS.
R  INDICATES RECORD WAS SET OR TIED.
MM INDICATES DATA IS MISSING.
T  INDICATES TRACE AMOUNT.




$$
