000
CDUS44 KHGX 030732
CLIGLS


CLIMATE REPORT
NATIONAL WEATHER SERVICE HOUSTON/GALVESTON TX
231 AM CDT MON AUG 3 2015


...................................

...THE GALVESTON CLIMATE SUMMARY FOR AUGUST 2 2015...

CLIMATE NORMAL PERIOD 1981 TO 2010
CLIMATE RECORD PERIOD 1875 TO 2015


WEATHER ITEM   OBSERVED TIME   RECORD YEAR NORMAL DEPARTURE LAST
                VALUE   (LST)  VALUE       VALUE  FROM      YEAR
                                                  NORMAL
..................................................................
TEMPERATURE (F)
 YESTERDAY
  MAXIMUM         95    110 PM  97    1877  90      5       84
  MINIMUM         81    536 AM  71    1953  80      1       76
                                      1918
                                      1876
  AVERAGE         88                        85      3       80

PRECIPITATION (IN)
  YESTERDAY        0.00          3.47 1876   0.11  -0.11     0.00
  MONTH TO DATE    0.00                      0.21  -0.21     0.09
  SINCE JUN 1      2.98                      9.70  -6.72     2.70
  SINCE JAN 1     25.16                     27.00  -1.84    11.39

SNOWFALL (IN)
  YESTERDAY        0.0          MM      MM  MM     MM        0.0
  MONTH TO DATE    0.0                      MM     MM        0.0
  SINCE JUN 1      0.0                      MM     MM        0.0
  SINCE JUL 1      0.0                      MM     MM        0.0
  SNOW DEPTH       0

DEGREE DAYS
 HEATING
  YESTERDAY        0                         0      0        0
  MONTH TO DATE    0                         0      0        0
  SINCE JUN 1      0                         0      0        0
  SINCE JUL 1      0                         0      0        0

 COOLING
  YESTERDAY       23                        20      3       15
  MONTH TO DATE   46                        40      6       33
  SINCE JUN 1   1274                      1179     95     1211
  SINCE JAN 1   1976                      1814    162     1719
..................................................................


WIND (MPH)
  RESULTANT WIND SPEED   2   RESULTANT WIND DIRECTION   E (100)
  HIGHEST WIND SPEED    14   HIGHEST WIND DIRECTION    SE (130)
  HIGHEST GUST SPEED    18   HIGHEST GUST DIRECTION    SE (130)
  AVERAGE WIND SPEED     6.9


SKY COVER
  AVERAGE SKY COVER 0.0


WEATHER CONDITIONS
 THE FOLLOWING WEATHER WAS RECORDED YESTERDAY.
  NO SIGNIFICANT WEATHER WAS OBSERVED.


RELATIVE HUMIDITY (PERCENT)
 HIGHEST    80
 LOWEST     41
 AVERAGE    61

..........................................................


THE GALVESTON CLIMATE NORMALS FOR TODAY
                         NORMAL    RECORD    YEAR
 MAXIMUM TEMPERATURE (F)   90        95      2004
                                             1877
 MINIMUM TEMPERATURE (F)   80        69      1949


SUNRISE AND SUNSET
AUGUST  3 2015........SUNRISE   641 AM CDT   SUNSET   810 PM CDT
AUGUST  4 2015........SUNRISE   641 AM CDT   SUNSET   809 PM CDT


-  INDICATES NEGATIVE NUMBERS.
R  INDICATES RECORD WAS SET OR TIED.
MM INDICATES DATA IS MISSING.
T  INDICATES TRACE AMOUNT.




$$
