000
CDUS44 KHGX 190844
CLIGLS


CLIMATE REPORT
NATIONAL WEATHER SERVICE HOUSTON/GALVESTON TX
234 AM CST FRI DEC 19 2014


...................................

...THE GALVESTON CLIMATE SUMMARY FOR DECEMBER 18 2014...

CLIMATE NORMAL PERIOD 1981 TO 2010
CLIMATE RECORD PERIOD 1875 TO 2014


WEATHER ITEM   OBSERVED TIME   RECORD YEAR NORMAL DEPARTURE LAST
                VALUE   (LST)  VALUE       VALUE  FROM      YEAR
                                                  NORMAL
..................................................................
TEMPERATURE (F)
 YESTERDAY
  MAXIMUM         68    212 PM  74    1889  63      5       65
  MINIMUM         60   1109 PM  29    1884  50     10       47
  AVERAGE         64                        57      7       56

PRECIPITATION (IN)
  YESTERDAY        0.29          3.81 1965   0.11   0.18     0.00
  MONTH TO DATE    0.87                      2.20  -1.33     0.14
  SINCE DEC 1      0.87                      2.20  -1.33     0.14
  SINCE JAN 1     28.89                     49.44 -20.55    38.73

SNOWFALL (IN)
  YESTERDAY        0.0           0.0  2001  MM     MM       MM
  MONTH TO DATE    0.0                      MM     MM        0.0
  SINCE DEC 1      0.0                      MM     MM        0.0
  SINCE JUL 1      0.0                      MM     MM        0.0
  SNOW DEPTH       0

DEGREE DAYS
 HEATING
  YESTERDAY        1                         9     -8        9
  MONTH TO DATE   59                       137    -78      223
  SINCE DEC 1     59                       137    -78      223
  SINCE JUL 1    210                       240    -30      401

 COOLING
  YESTERDAY        0                         0      0        0
  MONTH TO DATE   18                        14      4       11
  SINCE DEC 1     18                        14      4       11
  SINCE JAN 1   3256                      3303    -47     3322
..................................................................


WIND (MPH)
  RESULTANT WIND SPEED   6   RESULTANT WIND DIRECTION   E (80)
  HIGHEST WIND SPEED    18   HIGHEST WIND DIRECTION     E (80)
  HIGHEST GUST SPEED    24   HIGHEST GUST DIRECTION    NE (60)
  AVERAGE WIND SPEED     7.6


SKY COVER
  AVERAGE SKY COVER 0.9


WEATHER CONDITIONS
 THE FOLLOWING WEATHER WAS RECORDED YESTERDAY.
  LIGHT RAIN
  FOG


RELATIVE HUMIDITY (PERCENT)
 HIGHEST   100
 LOWEST     93
 AVERAGE    97

..........................................................


THE GALVESTON CLIMATE NORMALS FOR TODAY
                         NORMAL    RECORD    YEAR
 MAXIMUM TEMPERATURE (F)   63        76      2012
                                             2007
                                             1998
 MINIMUM TEMPERATURE (F)   50        23      1929


SUNRISE AND SUNSET
DECEMBER 19 2014......SUNRISE   708 AM CST   SUNSET   525 PM CST
DECEMBER 20 2014......SUNRISE   709 AM CST   SUNSET   525 PM CST


-  INDICATES NEGATIVE NUMBERS.
R  INDICATES RECORD WAS SET OR TIED.
MM INDICATES DATA IS MISSING.
T  INDICATES TRACE AMOUNT.




$$
