000
CDUS44 KHGX 042137
CLIGLS


CLIMATE REPORT
NATIONAL WEATHER SERVICE HOUSTON/GALVESTON TX
435 PM CDT FRI SEP 4 2015


...................................

...THE GALVESTON CLIMATE SUMMARY FOR SEPTEMBER 4 2015...
VALID TODAY AS OF 400 PM LOCAL TIME.

CLIMATE NORMAL PERIOD 1981 TO 2010
CLIMATE RECORD PERIOD 1875 TO 2015


WEATHER ITEM   OBSERVED TIME   RECORD YEAR NORMAL DEPARTURE LAST
                VALUE   (LST)  VALUE       VALUE  FROM      YEAR
                                                  NORMAL
..................................................................
TEMPERATURE (F)
 TODAY
  MAXIMUM         89    216 PM 101    2000  89      0       92
  MINIMUM         82    712 AM  63    1974  78      4       83
  AVERAGE         86                        84      2       88

PRECIPITATION (IN)
  TODAY            T             5.73 1885   0.23  -0.23     0.00
  MONTH TO DATE    5.99                      0.89   5.10     0.00
  SINCE SEP 1      5.99                      0.89   5.10     0.00
  SINCE JAN 1     37.55                     32.07   5.48    16.25

SNOWFALL (IN)
  TODAY            0.0          MM      MM  MM     MM        0.0
  MONTH TO DATE    0.0                      MM     MM        0.0
  SINCE SEP 1      0.0                      MM     MM        0.0
  SINCE JUL 1      0.0                      MM     MM        0.0
  SNOW DEPTH       0

DEGREE DAYS
 HEATING
  TODAY            0                         0      0        0
  MONTH TO DATE    0                         0      0        0
  SINCE SEP 1      0                         0      0        0
  SINCE JUL 1      0                         0      0        0

 COOLING
  TODAY           21                        19      2       23
  MONTH TO DATE   66                        76    -10       88
  SINCE SEP 1     66                        76    -10       88
  SINCE JAN 1   2657                      2470    187     2415
..................................................................


WIND (MPH)
  RESULTANT WIND SPEED   9   RESULTANT WIND DIRECTION   S (170)
  HIGHEST WIND SPEED    15   HIGHEST WIND DIRECTION     S (180)
  HIGHEST GUST SPEED    18   HIGHEST GUST DIRECTION     S (160)
  AVERAGE WIND SPEED     9.0


SKY COVER
  AVERAGE SKY COVER 0.4


WEATHER CONDITIONS
 THE FOLLOWING WEATHER WAS RECORDED TODAY.
  LIGHT RAIN


RELATIVE HUMIDITY (PERCENT)
 HIGHEST    85           700 AM
 LOWEST     72          1200 PM
 AVERAGE    79

..........................................................


THE GALVESTON CLIMATE NORMALS FOR TOMORROW
                         NORMAL    RECORD    YEAR
 MAXIMUM TEMPERATURE (F)   89       104      2000
 MINIMUM TEMPERATURE (F)   78        62      1974


SUNRISE AND SUNSET
SEPTEMBER  4 2015.....SUNRISE   658 AM CDT   SUNSET   738 PM CDT
SEPTEMBER  5 2015.....SUNRISE   659 AM CDT   SUNSET   737 PM CDT


-  INDICATES NEGATIVE NUMBERS.
R  INDICATES RECORD WAS SET OR TIED.
MM INDICATES DATA IS MISSING.
T  INDICATES TRACE AMOUNT.


$$
