000
CDUS42 KJAX 180532
CLIGNV


CLIMATE REPORT
NATIONAL WEATHER SERVICE JACKSONVILLE FL
132 AM EDT THU SEP 18 2014


...................................

...THE GAINESVILLE CLIMATE SUMMARY FOR SEPTEMBER 17 2014...

CLIMATE NORMAL PERIOD 1981 TO 2010
CLIMATE RECORD PERIOD 1890 TO 2014


WEATHER ITEM   OBSERVED TIME   RECORD YEAR NORMAL DEPARTURE LAST
                VALUE   (LST)  VALUE       VALUE  FROM      YEAR
                                                  NORMAL
..................................................................
TEMPERATURE (F)
 YESTERDAY
  MAXIMUM         86    329 PM  98    1893  87     -1       92
  MINIMUM         70    426 AM  57    1999  69      1       70
  AVERAGE         78                        78      0       81

PRECIPITATION (IN)
  YESTERDAY        0.00          3.08 1977   0.14  -0.14     0.00
  MONTH TO DATE    3.84                      2.68   1.16     0.71
  SINCE SEP 1      3.84                      2.68   1.16     0.71
  SINCE JAN 1     40.90                     38.25   2.65    37.41

SNOWFALL (IN)
  YESTERDAY        0.0           0.0    MM   0.0    0.0      0.0
  MONTH TO DATE    0.0                       0.0    0.0      0.0
  SINCE SEP 1      0.0                       0.0    0.0      0.0
  SINCE JUL 1      0.0                       0.0    0.0      0.0
  SNOW DEPTH       0

DEGREE DAYS
 HEATING
  YESTERDAY        0                         0      0        0
  MONTH TO DATE    0                         0      0        0
  SINCE SEP 1      0                         0      0        0
  SINCE JUL 1      0                         0      0        0

 COOLING
  YESTERDAY       13                        13      0       16
  MONTH TO DATE  262                       243     19      272
  SINCE SEP 1    262                       243     19      272
  SINCE JAN 1   2208                      2187     21     2334
..................................................................


WIND (MPH)
  HIGHEST WIND SPEED    12   HIGHEST WIND DIRECTION    SE (130)
  HIGHEST GUST SPEED    14   HIGHEST GUST DIRECTION    SE (120)
  AVERAGE WIND SPEED     2.5


SKY COVER
  POSSIBLE SUNSHINE  MM
  AVERAGE SKY COVER 0.3


WEATHER CONDITIONS
 THE FOLLOWING WEATHER WAS RECORDED YESTERDAY.
  NO SIGNIFICANT WEATHER WAS OBSERVED.


RELATIVE HUMIDITY (PERCENT)
 HIGHEST   100           100 AM
 LOWEST     69           500 PM
 AVERAGE    85

..........................................................


THE GAINESVILLE CLIMATE NORMALS FOR TODAY
                         NORMAL    RECORD    YEAR
 MAXIMUM TEMPERATURE (F)   87        97      1925
                                             1893
 MINIMUM TEMPERATURE (F)   69        58      1910


SUNRISE AND SUNSET
SEPTEMBER 18 2014.....SUNRISE   715 AM EDT   SUNSET   731 PM EDT
SEPTEMBER 19 2014.....SUNRISE   716 AM EDT   SUNSET   729 PM EDT


-  INDICATES NEGATIVE NUMBERS.
R  INDICATES RECORD WAS SET OR TIED.
MM INDICATES DATA IS MISSING.
T  INDICATES TRACE AMOUNT.




$$
