000
CDUS42 KJAX 190532
CLIGNV


CLIMATE REPORT
NATIONAL WEATHER SERVICE JACKSONVILLE FL
1232 AM EST THU JAN 19 2017


...................................

...THE GAINESVILLE CLIMATE SUMMARY FOR JANUARY 18 2017...

CLIMATE NORMAL PERIOD 1981 TO 2010
CLIMATE RECORD PERIOD 1890 TO 2017


WEATHER ITEM   OBSERVED TIME   RECORD YEAR NORMAL DEPARTURE LAST
                VALUE   (LST)  VALUE       VALUE  FROM      YEAR
                                                  NORMAL
..................................................................
TEMPERATURE (F)
 YESTERDAY
  MAXIMUM         79    423 PM  85    1937  66     13       59
  MINIMUM         52    736 AM  20    1977  42     10       34
  AVERAGE         66                        54     12       47

PRECIPITATION (IN)
  YESTERDAY        0.00          1.62 1924   0.12  -0.12     0.00
  MONTH TO DATE    1.02                      1.75  -0.73     2.15
  SINCE DEC 1      3.71                      4.23  -0.52     4.12
  SINCE JAN 1      1.02                      1.75  -0.73     2.15

SNOWFALL (IN)
  YESTERDAY        0.0           0.0    MM   0.0    0.0      0.0
  MONTH TO DATE    0.0                       0.0    0.0      0.0
  SINCE DEC 1      0.0                       0.0    0.0      0.0
  SINCE JUL 1      0.0                       0.0    0.0      0.0
  SNOW DEPTH       0

DEGREE DAYS
 HEATING
  YESTERDAY        0                        11    -11       18
  MONTH TO DATE   91                       206   -115      208
  SINCE DEC 1    229                       502   -273      280
  SINCE JUL 1    335                       663   -328      319

 COOLING
  YESTERDAY        1                         0      1        0
  MONTH TO DATE   19                         0     19        2
  SINCE DEC 1     95                        22     73      148
  SINCE JAN 1     19                         0     19        2
..................................................................


WIND (MPH)
  HIGHEST WIND SPEED    16   HIGHEST WIND DIRECTION     W (250)
  HIGHEST GUST SPEED    22   HIGHEST GUST DIRECTION    SW (210)
  AVERAGE WIND SPEED     4.9


SKY COVER
  POSSIBLE SUNSHINE  MM
  AVERAGE SKY COVER 0.4


WEATHER CONDITIONS
 THE FOLLOWING WEATHER WAS RECORDED YESTERDAY.
  FOG


RELATIVE HUMIDITY (PERCENT)
 HIGHEST    96           700 AM
 LOWEST     48          1200 PM
 AVERAGE    72

..........................................................


THE GAINESVILLE CLIMATE NORMALS FOR TODAY
                         NORMAL    RECORD    YEAR
 MAXIMUM TEMPERATURE (F)   66        85      1937
 MINIMUM TEMPERATURE (F)   42        20      1977


SUNRISE AND SUNSET
JANUARY 19 2017.......SUNRISE   724 AM EST   SUNSET   556 PM EST
JANUARY 20 2017.......SUNRISE   724 AM EST   SUNSET   557 PM EST


-  INDICATES NEGATIVE NUMBERS.
R  INDICATES RECORD WAS SET OR TIED.
MM INDICATES DATA IS MISSING.
T  INDICATES TRACE AMOUNT.




$$
