000
CDUS42 KJAX 202126
CLIGNV


CLIMATE REPORT
NATIONAL WEATHER SERVICE JACKSONVILLE
526 PM EDT SUN APR 20 2014


...................................

...THE GAINESVILLE CLIMATE SUMMARY FOR APRIL 20 2014...
VALID TODAY AS OF 0500 PM LOCAL TIME.

CLIMATE NORMAL PERIOD 1981 TO 2010
CLIMATE RECORD PERIOD 1890 TO 2014


WEATHER ITEM   OBSERVED TIME   RECORD YEAR NORMAL DEPARTURE LAST
                VALUE   (LST)  VALUE       VALUE  FROM      YEAR
                                                  NORMAL
..................................................................
TEMPERATURE (F)
 TODAY
  MAXIMUM         65    311 PM  94    1892  81    -16       64
  MINIMUM         56    759 AM  41    1936  56      0       48
  AVERAGE         61                        68     -7       56

PRECIPITATION (IN)
  TODAY            0.00          1.37 1893   0.08  -0.08     0.34
  MONTH TO DATE    1.37                      1.89  -0.52     2.87
  SINCE MAR 1      6.87                      6.22   0.65     3.85
  SINCE JAN 1     16.44                     12.73   3.71     5.82

SNOWFALL (IN)
  TODAY            0.0           0.0    MM   0.0    0.0      0.0
  MONTH TO DATE    0.0                       0.0    0.0      0.0
  SINCE MAR 1      0.0                       0.0    0.0      0.0
  SINCE JUL 1      0.0                       0.0    0.0      0.0
  SNOW DEPTH       0

DEGREE DAYS
 HEATING
  TODAY            4                         1      3        9
  MONTH TO DATE   19                        35    -16       18
  SINCE MAR 1    182                       172     10      298
  SINCE JUL 1   1092                      1206   -114     1030

 COOLING
  TODAY            0                         4     -4        0
  MONTH TO DATE   63                        67     -4      117
  SINCE MAR 1     88                       121    -33      135
  SINCE JAN 1    125                       153    -28      235
..................................................................


WIND (MPH)
  HIGHEST WIND SPEED    16   HIGHEST WIND DIRECTION    NE (30)
  HIGHEST GUST SPEED    19   HIGHEST GUST DIRECTION    NE (30)
  AVERAGE WIND SPEED     8.3


SKY COVER
  POSSIBLE SUNSHINE  MM
  AVERAGE SKY COVER 1.0


WEATHER CONDITIONS
 THE FOLLOWING WEATHER WAS RECORDED TODAY.
  FOG


RELATIVE HUMIDITY (PERCENT)
 HIGHEST   100           300 AM
 LOWEST     73           200 PM
 AVERAGE    87

..........................................................


THE GAINESVILLE CLIMATE NORMALS FOR TOMORROW
                         NORMAL    RECORD    YEAR
 MAXIMUM TEMPERATURE (F)   82        95      1908
 MINIMUM TEMPERATURE (F)   56        42      1901


SUNRISE AND SUNSET
APRIL 20 2014.........SUNRISE   657 AM EDT   SUNSET   759 PM EDT
APRIL 21 2014.........SUNRISE   656 AM EDT   SUNSET   800 PM EDT


-  INDICATES NEGATIVE NUMBERS.
R  INDICATES RECORD WAS SET OR TIED.
MM INDICATES DATA IS MISSING.
T  INDICATES TRACE AMOUNT.




$$
