000
CDUS42 KJAX 160626
CLIGNV


CLIMATE REPORT
NATIONAL WEATHER SERVICE JACKSONVILLE FL
125 AM EST TUE JAN 16 2018


...................................

...THE GAINESVILLE CLIMATE SUMMARY FOR JANUARY 15 2018...

CLIMATE NORMAL PERIOD 1981 TO 2010
CLIMATE RECORD PERIOD 1890 TO 2018


WEATHER ITEM   OBSERVED TIME   RECORD YEAR NORMAL DEPARTURE LAST
                VALUE   (LST)  VALUE       VALUE  FROM      YEAR
                                                  NORMAL
..................................................................
TEMPERATURE (F)
 YESTERDAY
  MAXIMUM         59    406 PM  83    1989  66     -7       79
  MINIMUM         32    731 AM  20    1948  42    -10       50
  AVERAGE         46                        54     -8       65

PRECIPITATION (IN)
  YESTERDAY        0.00          1.28 1921   0.11  -0.11     0.00
  MONTH TO DATE    1.40                      1.42  -0.02     1.02
  SINCE DEC 1      4.05                      3.90   0.15     3.71
  SINCE JAN 1      1.40                      1.42  -0.02     1.02

SNOWFALL (IN)
  YESTERDAY        0.0           0.0    MM   0.0    0.0      0.0
  MONTH TO DATE    0.0                       0.0    0.0      0.0
  SINCE DEC 1      0.0                       0.0    0.0      0.0
  SINCE JUL 1      0.0                       0.0    0.0      0.0
  SNOW DEPTH       0

DEGREE DAYS
 HEATING
  YESTERDAY       19                        11      8        0
  MONTH TO DATE  256                       173     83       91
  SINCE DEC 1    508                       469     39      229
  SINCE JUL 1    642                       630     12      335

 COOLING
  YESTERDAY        0                         0      0        0
  MONTH TO DATE    8                         0      8       16
  SINCE DEC 1     41                        22     19       92
  SINCE JAN 1      8                         0      8       16
..................................................................


WIND (MPH)
  HIGHEST WIND SPEED    14   HIGHEST WIND DIRECTION     N (20)
  HIGHEST GUST SPEED    19   HIGHEST GUST DIRECTION    NE (50)
  AVERAGE WIND SPEED     7.1


SKY COVER
  POSSIBLE SUNSHINE  MM
  AVERAGE SKY COVER 0.0


WEATHER CONDITIONS
 THE FOLLOWING WEATHER WAS RECORDED YESTERDAY.
  NO SIGNIFICANT WEATHER WAS OBSERVED.


RELATIVE HUMIDITY (PERCENT)
 HIGHEST    89          1200 AM
 LOWEST     38           100 PM
 AVERAGE    64

..........................................................


THE GAINESVILLE CLIMATE NORMALS FOR TODAY
                         NORMAL    RECORD    YEAR
 MAXIMUM TEMPERATURE (F)   66        84      1950
                                             1947
                                             1928
 MINIMUM TEMPERATURE (F)   42        20      1927


SUNRISE AND SUNSET
JANUARY 16 2018.......SUNRISE   725 AM EST   SUNSET   553 PM EST
JANUARY 17 2018.......SUNRISE   725 AM EST   SUNSET   554 PM EST


-  INDICATES NEGATIVE NUMBERS.
R  INDICATES RECORD WAS SET OR TIED.
MM INDICATES DATA IS MISSING.
T  INDICATES TRACE AMOUNT.




$$
