000
CDUS42 KJAX 080532
CLIGNV


CLIMATE REPORT
NATIONAL WEATHER SERVICE JACKSONVILLE FL
1232 AM EST THU DEC 8 2016


...................................

...THE GAINESVILLE CLIMATE SUMMARY FOR DECEMBER 7 2016...

CLIMATE NORMAL PERIOD 1981 TO 2010
CLIMATE RECORD PERIOD 1890 TO 2016


WEATHER ITEM   OBSERVED TIME   RECORD YEAR NORMAL DEPARTURE LAST
                VALUE   (LST)  VALUE       VALUE  FROM      YEAR
                                                  NORMAL
..................................................................
TEMPERATURE (F)
 YESTERDAY
  MAXIMUM         75    252 PM  86    1978  69      6       73
  MINIMUM         52    730 AM  20    1937  46      6       45
  AVERAGE         64                        58      6       59

PRECIPITATION (IN)
  YESTERDAY        0.00          4.26 1979   0.07  -0.07      T
  MONTH TO DATE    1.64                      0.52   1.12     0.06
  SINCE DEC 1      1.64                      0.52   1.12     0.06
  SINCE JAN 1     41.00                     45.45  -4.45    45.27

SNOWFALL (IN)
  YESTERDAY        0.0           0.0    MM   0.0    0.0      0.0
  MONTH TO DATE    0.0                       0.0    0.0      0.0
  SINCE DEC 1      0.0                       0.0    0.0      0.0
  SINCE JUL 1      0.0                       0.0    0.0      0.0
  SNOW DEPTH       0

DEGREE DAYS
 HEATING
  YESTERDAY        1                         8     -7        6
  MONTH TO DATE   20                        53    -33       17
  SINCE DEC 1     20                        53    -33       17
  SINCE JUL 1    126                       214    -88       56

 COOLING
  YESTERDAY        0                         1     -1        0
  MONTH TO DATE   15                         7      8       13
  SINCE DEC 1     15                         7      8       13
  SINCE JAN 1   3049                      2623    426     3139
..................................................................


WIND (MPH)
  HIGHEST WIND SPEED    10   HIGHEST WIND DIRECTION     W (280)
  HIGHEST GUST SPEED    13   HIGHEST GUST DIRECTION     W (280)
  AVERAGE WIND SPEED     4.6


SKY COVER
  POSSIBLE SUNSHINE  MM
  AVERAGE SKY COVER 0.1


WEATHER CONDITIONS
 THE FOLLOWING WEATHER WAS RECORDED YESTERDAY.
  FOG
  FOG W/VISIBILITY <= 1/4 MILE


RELATIVE HUMIDITY (PERCENT)
 HIGHEST   100           500 AM
 LOWEST     53           200 PM
 AVERAGE    77

..........................................................


THE GAINESVILLE CLIMATE NORMALS FOR TODAY
                         NORMAL    RECORD    YEAR
 MAXIMUM TEMPERATURE (F)   69        87      1951
 MINIMUM TEMPERATURE (F)   46        23      2010


SUNRISE AND SUNSET
DECEMBER  8 2016......SUNRISE   712 AM EST   SUNSET   530 PM EST
DECEMBER  9 2016......SUNRISE   713 AM EST   SUNSET   530 PM EST


-  INDICATES NEGATIVE NUMBERS.
R  INDICATES RECORD WAS SET OR TIED.
MM INDICATES DATA IS MISSING.
T  INDICATES TRACE AMOUNT.




$$
