000
CDUS42 KJAX 300537
CLIGNV


CLIMATE REPORT
NATIONAL WEATHER SERVICE JACKSONVILLE FL
137 AM EDT MON MAY 30 2016


...................................

...THE GAINESVILLE CLIMATE SUMMARY FOR MAY 29 2016...

CLIMATE NORMAL PERIOD 1981 TO 2010
CLIMATE RECORD PERIOD 1890 TO 2016


WEATHER ITEM   OBSERVED TIME   RECORD YEAR NORMAL DEPARTURE LAST
                VALUE   (LST)  VALUE       VALUE  FROM      YEAR
                                                  NORMAL
..................................................................
TEMPERATURE (F)
 YESTERDAY
  MAXIMUM         91    345 PM  99    1908  89      2       89
  MINIMUM         64    552 AM  53    1988  66     -2       64
  AVERAGE         78                        78      0       77

PRECIPITATION (IN)
  YESTERDAY        0.00          3.72 1922   0.12  -0.12     0.00
  MONTH TO DATE    4.03                      2.24   1.79     2.54
  SINCE MAR 1      8.04                      9.24  -1.20     6.93
  SINCE JAN 1     14.89                     15.75  -0.86    12.19

SNOWFALL (IN)
  YESTERDAY        0.0           0.0    MM   0.0    0.0      0.0
  MONTH TO DATE    0.0                       0.0    0.0      0.0
  SINCE MAR 1      0.0                       0.0    0.0      0.0
  SINCE JUL 1      0.0                       0.0    0.0      0.0
  SNOW DEPTH       0

DEGREE DAYS
 HEATING
  YESTERDAY        0                         0      0        0
  MONTH TO DATE    4                         0      4        2
  SINCE MAR 1     87                       180    -93       62
  SINCE JUL 1    852                      1214   -362     1213

 COOLING
  YESTERDAY       13                        12      1       12
  MONTH TO DATE  282                       277      5      310
  SINCE MAR 1    550                       452     98      695
  SINCE JAN 1    575                       484     91      710
..................................................................


WIND (MPH)
  HIGHEST WIND SPEED    16   HIGHEST WIND DIRECTION     W (250)
  HIGHEST GUST SPEED    20   HIGHEST GUST DIRECTION     W (250)
  AVERAGE WIND SPEED     3.5


SKY COVER
  POSSIBLE SUNSHINE  MM
  AVERAGE SKY COVER 0.2


WEATHER CONDITIONS
 THE FOLLOWING WEATHER WAS RECORDED YESTERDAY.
  THUNDERSTORM


RELATIVE HUMIDITY (PERCENT)
 HIGHEST    93           300 AM
 LOWEST     44           100 PM
 AVERAGE    69

..........................................................


THE GAINESVILLE CLIMATE NORMALS FOR TODAY
                         NORMAL    RECORD    YEAR
 MAXIMUM TEMPERATURE (F)   89        99      1908
 MINIMUM TEMPERATURE (F)   66        55      1971


SUNRISE AND SUNSET
MAY 30 2016...........SUNRISE   630 AM EDT   SUNSET   824 PM EDT
MAY 31 2016...........SUNRISE   629 AM EDT   SUNSET   825 PM EDT


-  INDICATES NEGATIVE NUMBERS.
R  INDICATES RECORD WAS SET OR TIED.
MM INDICATES DATA IS MISSING.
T  INDICATES TRACE AMOUNT.




$$
