000
CDUS45 KMSO 070737
CLIGPI


CLIMATE REPORT
NATIONAL WEATHER SERVICE MISSOULA, MT
137 AM MDT TUE JUL 7 2015


...................................

...THE KALISPELL MT CLIMATE SUMMARY FOR JULY 6 2015...

CLIMATE NORMAL PERIOD 1981 TO 2010
CLIMATE RECORD PERIOD 1894 TO 2015


WEATHER ITEM   OBSERVED TIME   RECORD YEAR NORMAL DEPARTURE LAST
                VALUE   (LST)  VALUE       VALUE  FROM      YEAR
                                                  NORMAL
..................................................................
TEMPERATURE (F)
 YESTERDAY
  MAXIMUM         81    508 PM 102    2007  79      2       87
  MINIMUM         38    425 AM  36    1952  47     -9       48
  AVERAGE         60                        63     -3       68

PRECIPITATION (IN)
  YESTERDAY        0.00          0.75 1909   0.06  -0.06     0.00
  MONTH TO DATE    T                         0.38  -0.38     0.10
  SINCE OCT 1     12.44                     13.55  -1.11    17.04
  SINCE JAN 1      6.36                      9.55  -3.19    12.59

SNOWFALL (IN)
  YESTERDAY        0.0
  MONTH TO DATE    0.0
  SINCE JAN 1     32.9
  SINCE JUL 1      0.0
  SNOW DEPTH       0

DEGREE DAYS
 HEATING
  YESTERDAY        5                         4      1        0
  MONTH TO DATE   13                        25    -12        0
  SINCE JUN 1     94                       241   -147      253
  SINCE JUL 1     13                        25    -12        0

 COOLING
  YESTERDAY        0                         1     -1        3
  MONTH TO DATE   42                         6     36       17
  SINCE JUN 1    128                        19    109       17
  SINCE JAN 1    128                        22    106       17
..................................................................


WIND (MPH)
  HIGHEST WIND SPEED    16   HIGHEST WIND DIRECTION    NE (40)
  HIGHEST GUST SPEED    19   HIGHEST GUST DIRECTION    NE (40)
  AVERAGE WIND SPEED     4.4


SKY COVER
  POSSIBLE SUNSHINE  MM
  AVERAGE SKY COVER 0.0


WEATHER CONDITIONS
 THE FOLLOWING WEATHER WAS RECORDED YESTERDAY.
  NO SIGNIFICANT WEATHER WAS OBSERVED.


RELATIVE HUMIDITY (PERCENT)
 HIGHEST    86           400 AM
 LOWEST     18           400 PM
 AVERAGE    52

..........................................................


THE KALISPELL MT CLIMATE NORMALS FOR TODAY
                         NORMAL    RECORD    YEAR
 MAXIMUM TEMPERATURE (F)   79        96      1968
 MINIMUM TEMPERATURE (F)   47        31      1971


SUNRISE AND SUNSET
JULY  7 2015..........SUNRISE   544 AM MDT   SUNSET   939 PM MDT
JULY  8 2015..........SUNRISE   545 AM MDT   SUNSET   939 PM MDT


-  INDICATES NEGATIVE NUMBERS.
R  INDICATES RECORD WAS SET OR TIED.
MM INDICATES DATA IS MISSING.
T  INDICATES TRACE AMOUNT.




$$
