000
CDUS45 KMSO 240737
CLIGPI


CLIMATE REPORT
NATIONAL WEATHER SERVICE MISSOULA, MT
137 AM MDT SUN JUL 24 2016


...................................

...THE KALISPELL MT CLIMATE SUMMARY FOR JULY 23 2016...

CLIMATE NORMAL PERIOD 1981 TO 2010
CLIMATE RECORD PERIOD 1894 TO 2016


WEATHER ITEM   OBSERVED TIME   RECORD YEAR NORMAL DEPARTURE LAST
                VALUE   (LST)  VALUE       VALUE  FROM      YEAR
                                                  NORMAL
..................................................................
TEMPERATURE (F)
 YESTERDAY
  MAXIMUM         80    504 PM 101    2003  84     -4       85
  MINIMUM         49    420 AM  35    1963  49      0       44
  AVERAGE         65                        66     -1       65

PRECIPITATION (IN)
  YESTERDAY        0.00          0.41 1993   0.03  -0.03     0.00
  MONTH TO DATE    1.51                      1.19   0.32     0.36
  SINCE OCT 1     15.19                     14.36   0.83    12.80
  SINCE JAN 1     11.14                     10.36   0.78     6.72

SNOWFALL (IN)
  YESTERDAY        0.0
  MONTH TO DATE    0.0
  SINCE JAN 1     14.6
  SINCE JUL 1      0.0
  SNOW DEPTH       0

DEGREE DAYS
 HEATING
  YESTERDAY        0                         2     -2        0
  MONTH TO DATE   76                        66     10       40
  SINCE JUN 1    255                       282    -27      121
  SINCE JUL 1     76                        66     10       40

 COOLING
  YESTERDAY        0                         3     -3        0
  MONTH TO DATE   14                        43    -29       72
  SINCE JUN 1     61                        56      5      158
  SINCE JAN 1     61                        59      2      158
..................................................................


WIND (MPH)
  HIGHEST WIND SPEED    20   HIGHEST WIND DIRECTION    SE (130)
  HIGHEST GUST SPEED    25   HIGHEST GUST DIRECTION    SE (130)
  AVERAGE WIND SPEED     7.7


SKY COVER
  POSSIBLE SUNSHINE  MM
  AVERAGE SKY COVER 0.4


WEATHER CONDITIONS
 THE FOLLOWING WEATHER WAS RECORDED YESTERDAY.
  NO SIGNIFICANT WEATHER WAS OBSERVED.


RELATIVE HUMIDITY (PERCENT)
 HIGHEST    93           500 AM
 LOWEST     28           500 PM
 AVERAGE    61

..........................................................


THE KALISPELL MT CLIMATE NORMALS FOR TODAY
                         NORMAL    RECORD    YEAR
 MAXIMUM TEMPERATURE (F)   84        96      2003
 MINIMUM TEMPERATURE (F)   49        37      1960


SUNRISE AND SUNSET
JULY 24 2016..........SUNRISE   603 AM MDT   SUNSET   923 PM MDT
JULY 25 2016..........SUNRISE   604 AM MDT   SUNSET   922 PM MDT


-  INDICATES NEGATIVE NUMBERS.
R  INDICATES RECORD WAS SET OR TIED.
MM INDICATES DATA IS MISSING.
T  INDICATES TRACE AMOUNT.




$$
