000
CDUS45 KMSO 062330
CLIGPI


CLIMATE REPORT
NATIONAL WEATHER SERVICE MISSOULA, MT
430 PM MST FRI MAR 6 2015


...................................

...THE KALISPELL MT CLIMATE SUMMARY FOR MARCH 6 2015...
VALID TODAY AS OF 0400 PM LOCAL TIME.

CLIMATE NORMAL PERIOD 1981 TO 2010
CLIMATE RECORD PERIOD 1894 TO 2015


WEATHER ITEM   OBSERVED TIME   RECORD YEAR NORMAL DEPARTURE LAST
                VALUE   (LST)  VALUE       VALUE  FROM      YEAR
                                                  NORMAL
..................................................................
TEMPERATURE (F)
 TODAY
  MAXIMUM         53    259 PM  57    2005  42     11       46
                                      1977
  MINIMUM         17    728 AM -10    1943  22     -5       36
  AVERAGE         35                        32      3       41

PRECIPITATION (IN)
  TODAY            0.00          0.33 1950   0.04  -0.04     0.31
  MONTH TO DATE    0.01                      0.22  -0.21     1.17
  SINCE OCT 1      9.62                      6.52   3.10     8.06
  SINCE JAN 1      3.54                      2.52   1.02     3.61

SNOWFALL (IN)
  TODAY            0.0
  MONTH TO DATE    T
  SINCE JAN 1     32.9
  SINCE JUL 1     59.4
  SNOW DEPTH       0

DEGREE DAYS
 HEATING
  TODAY           30                        33     -3       24
  MONTH TO DATE  239                       205     34      254
  SINCE MAR 1    239                       205     34      254
  SINCE JUL 1   5689                      6057   -368     6188

 COOLING
  TODAY            0                         0      0        0
  MONTH TO DATE    0                         0      0        0
  SINCE MAR 1      0                         0      0        0
  SINCE JAN 1      0                         0      0        0
..................................................................


WIND (MPH)
  HIGHEST WIND SPEED    14   HIGHEST WIND DIRECTION     S (190)
  HIGHEST GUST SPEED    17   HIGHEST GUST DIRECTION     S (180)
  AVERAGE WIND SPEED     3.2


SKY COVER
  POSSIBLE SUNSHINE  MM
  AVERAGE SKY COVER 0.1


WEATHER CONDITIONS
 THE FOLLOWING WEATHER WAS RECORDED TODAY.
  FOG
  HAZE


RELATIVE HUMIDITY (PERCENT)
 HIGHEST    91           800 AM
 LOWEST     30           200 PM
 AVERAGE    61

..........................................................


THE KALISPELL MT CLIMATE NORMALS FOR TOMORROW
                         NORMAL    RECORD    YEAR
 MAXIMUM TEMPERATURE (F)   42        61      1906
 MINIMUM TEMPERATURE (F)   22        -6      1951


SUNRISE AND SUNSET
MARCH  6 2015.........SUNRISE   709 AM MST   SUNSET   629 PM MST
MARCH  7 2015.........SUNRISE   707 AM MST   SUNSET   630 PM MST


-  INDICATES NEGATIVE NUMBERS.
R  INDICATES RECORD WAS SET OR TIED.
MM INDICATES DATA IS MISSING.
T  INDICATES TRACE AMOUNT.




$$
