000
CDUS45 KMSO 160741
CLIGPI


CLIMATE REPORT
NATIONAL WEATHER SERVICE MISSOULA, MT
138 AM MDT TUE SEP 16 2014


...................................

...THE KALISPELL MT CLIMATE SUMMARY FOR SEPTEMBER 15 2014...

CLIMATE NORMAL PERIOD 1981 TO 2010
CLIMATE RECORD PERIOD 1894 TO 2014


WEATHER ITEM   OBSERVED TIME   RECORD YEAR NORMAL DEPARTURE LAST
                VALUE   (LST)  VALUE       VALUE  FROM      YEAR
                                                  NORMAL
..................................................................
TEMPERATURE (F)
 YESTERDAY
  MAXIMUM         77    438 PM  89    1998  70      7       86
  MINIMUM         34    647 AM  20    1970  39     -5       44
  AVERAGE         56                        54      2       65

PRECIPITATION (IN)
  YESTERDAY        0.00          0.90 1959   0.05  -0.05     0.00
  MONTH TO DATE    0.72                      0.73  -0.01     0.86
  SINCE OCT 1     19.51                     16.34   3.17    16.86
  SINCE JAN 1     15.06                     12.34   2.72    11.48

SNOWFALL (IN)
  YESTERDAY        0.0
  MONTH TO DATE    0.0
  SINCE JAN 1     38.2
  SINCE JUL 1      0.0
  SNOW DEPTH       0

DEGREE DAYS
 HEATING
  YESTERDAY        9                        11     -2        0
  MONTH TO DATE  193                       123     70       17
  SINCE SEP 1    193                       123     70       17
  SINCE JUL 1    270                       293    -23       58

 COOLING
  YESTERDAY        0                         0      0        0
  MONTH TO DATE    0                         1     -1       29
  SINCE SEP 1      0                         1     -1       29
  SINCE JAN 1    215                       144     71      264
..................................................................


WIND (MPH)
  HIGHEST WIND SPEED    16   HIGHEST WIND DIRECTION    NE (40)
  HIGHEST GUST SPEED    19   HIGHEST GUST DIRECTION    NE (40)
  AVERAGE WIND SPEED     4.3


SKY COVER
  POSSIBLE SUNSHINE  MM
  AVERAGE SKY COVER 0.0


WEATHER CONDITIONS
 THE FOLLOWING WEATHER WAS RECORDED YESTERDAY.
  HAZE


RELATIVE HUMIDITY (PERCENT)
 HIGHEST    92           300 AM
 LOWEST     21           400 PM
 AVERAGE    57

..........................................................


THE KALISPELL MT CLIMATE NORMALS FOR TODAY
                         NORMAL    RECORD    YEAR
 MAXIMUM TEMPERATURE (F)   70        88      2009
 MINIMUM TEMPERATURE (F)   38        23      1973


SUNRISE AND SUNSET
SEPTEMBER 16 2014.....SUNRISE   715 AM MDT   SUNSET   747 PM MDT
SEPTEMBER 17 2014.....SUNRISE   717 AM MDT   SUNSET   745 PM MDT


-  INDICATES NEGATIVE NUMBERS.
R  INDICATES RECORD WAS SET OR TIED.
MM INDICATES DATA IS MISSING.
T  INDICATES TRACE AMOUNT.




$$
