041
CDUS45 KMSO 312246
CLIGPI


CLIMATE REPORT
NATIONAL WEATHER SERVICE MISSOULA, MT
445 PM MDT WED AUG 31 2016


...................................

...THE KALISPELL MT CLIMATE SUMMARY FOR AUGUST 31 2016...
VALID TODAY AS OF 0400 PM LOCAL TIME.

CLIMATE NORMAL PERIOD 1981 TO 2010
CLIMATE RECORD PERIOD 1894 TO 2016


WEATHER ITEM   OBSERVED TIME   RECORD YEAR NORMAL DEPARTURE LAST
                VALUE   (LST)  VALUE       VALUE  FROM      YEAR
                                                  NORMAL
..................................................................
TEMPERATURE (F)
 TODAY
  MAXIMUM         76    240 PM  92    1929  77     -1       71
  MINIMUM         49    604 AM  31    1999  43      6       42
  AVERAGE         63                        60      3       57

PRECIPITATION (IN)
  TODAY            T             0.56 1926   0.04  -0.04     0.00
  MONTH TO DATE    1.08                      0.99   0.09     0.13
  SINCE OCT 1     16.27                     15.61   0.66    12.93
  SINCE JAN 1     12.22                     11.61   0.61     6.85

SNOWFALL (IN)
  TODAY           MM
  MONTH TO DATE    0.0
  SINCE JAN 1     14.6
  SINCE JUL 1      0.0
  SNOW DEPTH       0

DEGREE DAYS
 HEATING
  TODAY            2                         6     -4        8
  MONTH TO DATE   70                        96    -26       73
  SINCE JUN 1    328                       386    -58      214
  SINCE JUL 1    149                       170    -21      133

 COOLING
  TODAY            0                         1     -1        0
  MONTH TO DATE   53                        60     -7       81
  SINCE JUN 1    154                       140     14      246
  SINCE JAN 1    154                       143     11      246
..................................................................


WIND (MPH)
  HIGHEST WIND SPEED    16   HIGHEST WIND DIRECTION     N (20)
  HIGHEST GUST SPEED    20   HIGHEST GUST DIRECTION     E (90)
  AVERAGE WIND SPEED     6.8


SKY COVER
  POSSIBLE SUNSHINE  MM
  AVERAGE SKY COVER 0.1


WEATHER CONDITIONS
 THE FOLLOWING WEATHER WAS RECORDED TODAY.
  HAZE


RELATIVE HUMIDITY (PERCENT)
 HIGHEST    96           700 AM
 LOWEST     38           100 PM
 AVERAGE    67

..........................................................


THE KALISPELL MT CLIMATE NORMALS FOR TOMORROW
                         NORMAL    RECORD    YEAR
 MAXIMUM TEMPERATURE (F)   76        99      1967
 MINIMUM TEMPERATURE (F)   43        32      2006
                                             1999


SUNRISE AND SUNSET
AUGUST 31 2016........SUNRISE   654 AM MDT   SUNSET   819 PM MDT
SEPTEMBER  1 2016.....SUNRISE   655 AM MDT   SUNSET   817 PM MDT


-  INDICATES NEGATIVE NUMBERS.
R  INDICATES RECORD WAS SET OR TIED.
MM INDICATES DATA IS MISSING.
T  INDICATES TRACE AMOUNT.




$$
