000
CDUS45 KMSO 280758
CLIGPI


CLIMATE REPORT
NATIONAL WEATHER SERVICE MISSOULA, MT
157 AM MDT WED SEP 28 2016


...................................

...THE KALISPELL MT CLIMATE SUMMARY FOR SEPTEMBER 27 2016...

CLIMATE NORMAL PERIOD 1981 TO 2010
CLIMATE RECORD PERIOD 1894 TO 2016


WEATHER ITEM   OBSERVED TIME   RECORD YEAR NORMAL DEPARTURE LAST
                VALUE   (LST)  VALUE       VALUE  FROM      YEAR
                                                  NORMAL
..................................................................
TEMPERATURE (F)
 YESTERDAY
  MAXIMUM         83    332 PM  86    1957  65     18       66
  MINIMUM         34    619 AM  24    1985  35     -1       26
  AVERAGE         59                        50      9       46

PRECIPITATION (IN)
  YESTERDAY        0.00          0.55 1959   0.04  -0.04     0.00
  MONTH TO DATE    0.85                      1.27  -0.42     0.75
  SINCE OCT 1     17.12                     16.88   0.24    13.68
  SINCE JAN 1     13.07                     12.88   0.19     7.60

SNOWFALL (IN)
  YESTERDAY        0.0
  MONTH TO DATE    0.0
  SINCE JAN 1     14.6
  SINCE JUL 1      0.0
  SNOW DEPTH       0

DEGREE DAYS
 HEATING
  YESTERDAY        6                        15     -9       19
  MONTH TO DATE  330                       281     49      283
  SINCE SEP 1    330                       281     49      283
  SINCE JUL 1    477                       451     26      416

 COOLING
  YESTERDAY        0                         0      0        0
  MONTH TO DATE    0                         1     -1        2
  SINCE SEP 1      0                         1     -1        2
  SINCE JAN 1    156                       144     12      248
..................................................................


WIND (MPH)
  HIGHEST WIND SPEED    22   HIGHEST WIND DIRECTION     N (20)
  HIGHEST GUST SPEED    27   HIGHEST GUST DIRECTION     N (20)
  AVERAGE WIND SPEED     5.5


SKY COVER
  POSSIBLE SUNSHINE  MM
  AVERAGE SKY COVER 0.1


WEATHER CONDITIONS
 THE FOLLOWING WEATHER WAS RECORDED YESTERDAY.
  FOG
  FOG W/VISIBILITY <= 1/4 MILE


RELATIVE HUMIDITY (PERCENT)
 HIGHEST   100          1200 AM
 LOWEST     26           500 PM
 AVERAGE    63

..........................................................


THE KALISPELL MT CLIMATE NORMALS FOR TODAY
                         NORMAL    RECORD    YEAR
 MAXIMUM TEMPERATURE (F)   64        85      1967
 MINIMUM TEMPERATURE (F)   34        18      1985


SUNRISE AND SUNSET
SEPTEMBER 28 2016.....SUNRISE   733 AM MDT   SUNSET   721 PM MDT
SEPTEMBER 29 2016.....SUNRISE   734 AM MDT   SUNSET   719 PM MDT


-  INDICATES NEGATIVE NUMBERS.
R  INDICATES RECORD WAS SET OR TIED.
MM INDICATES DATA IS MISSING.
T  INDICATES TRACE AMOUNT.




$$
