000
CDUS45 KMSO 250739
CLIGPI


CLIMATE REPORT
NATIONAL WEATHER SERVICE MISSOULA, MT
1238 AM MST THU DEC 25 2014


...................................

...THE KALISPELL MT CLIMATE SUMMARY FOR DECEMBER 24 2014...

CLIMATE NORMAL PERIOD 1981 TO 2010
CLIMATE RECORD PERIOD 1894 TO 2014


WEATHER ITEM   OBSERVED TIME   RECORD YEAR NORMAL DEPARTURE LAST
                VALUE   (LST)  VALUE       VALUE  FROM      YEAR
                                                  NORMAL
..................................................................
TEMPERATURE (F)
 YESTERDAY
  MAXIMUM         35    114 PM  50    1899  29      6       36
  MINIMUM         31   1159 PM -30    1983  14     17       14
  AVERAGE         33                        21     12       25

PRECIPITATION (IN)
  YESTERDAY        0.52          0.62 1902   0.06   0.46      T
  MONTH TO DATE    1.99                      1.20   0.79     1.54
  SINCE OCT 1      5.72                      3.64   2.08     4.41
  SINCE JAN 1     21.20                     16.63   4.57    17.44

SNOWFALL (IN)
  YESTERDAY        1.6
  MONTH TO DATE    9.8
  SINCE JAN 1     58.3
  SINCE JUL 1     20.1
  SNOW DEPTH       2

DEGREE DAYS
 HEATING
  YESTERDAY       32                        44    -12       40
  MONTH TO DATE  882                      1006   -124     1092
  SINCE DEC 1    882                      1006   -124     1092
  SINCE JUL 1   2880                      3210   -330     3169

 COOLING
  YESTERDAY        0                         0      0        0
  MONTH TO DATE    0                         0      0        0
  SINCE DEC 1      0                         0      0        0
  SINCE JAN 1    217                       147     70      264
..................................................................


WIND (MPH)
  HIGHEST WIND SPEED    13   HIGHEST WIND DIRECTION     S (170)
  HIGHEST GUST SPEED    16   HIGHEST GUST DIRECTION     N (350)
  AVERAGE WIND SPEED     4.6


SKY COVER
  POSSIBLE SUNSHINE  MM
  AVERAGE SKY COVER 1.0


WEATHER CONDITIONS
 THE FOLLOWING WEATHER WAS RECORDED YESTERDAY.
  LIGHT RAIN
  LT FREEZING RAIN
  LIGHT SNOW
  FOG


RELATIVE HUMIDITY (PERCENT)
 HIGHEST   100           500 AM
 LOWEST     85          1100 PM
 AVERAGE    93

..........................................................


THE KALISPELL MT CLIMATE NORMALS FOR TODAY
                         NORMAL    RECORD    YEAR
 MAXIMUM TEMPERATURE (F)   29        48      1899
 MINIMUM TEMPERATURE (F)   14       -21      1983


SUNRISE AND SUNSET
DECEMBER 25 2014......SUNRISE   827 AM MST   SUNSET   447 PM MST
DECEMBER 26 2014......SUNRISE   827 AM MST   SUNSET   448 PM MST


-  INDICATES NEGATIVE NUMBERS.
R  INDICATES RECORD WAS SET OR TIED.
MM INDICATES DATA IS MISSING.
T  INDICATES TRACE AMOUNT.




$$
