000
CDUS45 KMSO 180738
CLIGPI


CLIMATE REPORT
NATIONAL WEATHER SERVICE MISSOULA, MT
1237 AM MST THU JAN 18 2018


...................................

...THE KALISPELL MT CLIMATE SUMMARY FOR JANUARY 17 2018...

CLIMATE NORMAL PERIOD 1981 TO 2010
CLIMATE RECORD PERIOD 1894 TO 2018


WEATHER ITEM   OBSERVED TIME   RECORD YEAR NORMAL DEPARTURE LAST
                VALUE   (LST)  VALUE       VALUE  FROM      YEAR
                                                  NORMAL
..................................................................
TEMPERATURE (F)
 YESTERDAY
  MAXIMUM         30    107 AM  50    1919  31     -1       21
  MINIMUM         26    909 AM -23    1943  17      9       10
  AVERAGE         28                        24      4       16

PRECIPITATION (IN)
  YESTERDAY        0.00          0.42 1954   0.04  -0.04      T
  MONTH TO DATE    0.78                      0.82  -0.04     0.77
  SINCE OCT 1      5.93                      4.82   1.11     8.00
  SINCE JAN 1      0.78                      0.82  -0.04     0.77

SNOWFALL (IN)
  YESTERDAY        0.0
  MONTH TO DATE    5.4
  SINCE JAN 1      5.4
  SINCE JUL 1     47.4
  SNOW DEPTH       7

DEGREE DAYS
 HEATING
  YESTERDAY       37                        41     -4       49
  MONTH TO DATE  566                       716   -150      990
  SINCE DEC 1   1905                      2026   -121     2471
  SINCE JUL 1   3918                      4230   -312     4430

 COOLING
  YESTERDAY        0                         0      0        0
  MONTH TO DATE    0                         0      0        0
  SINCE DEC 1      0                         0      0        0
  SINCE JAN 1      0                         0      0        0
..................................................................


WIND (MPH)
  HIGHEST WIND SPEED    10   HIGHEST WIND DIRECTION     W (260)
  HIGHEST GUST SPEED    13   HIGHEST GUST DIRECTION     W (260)
  AVERAGE WIND SPEED     0.6


SKY COVER
  POSSIBLE SUNSHINE  MM
  AVERAGE SKY COVER 1.0


WEATHER CONDITIONS
 THE FOLLOWING WEATHER WAS RECORDED YESTERDAY.
  FOG
  FOG W/VISIBILITY <= 1/4 MILE


RELATIVE HUMIDITY (PERCENT)
 HIGHEST   100           800 AM
 LOWEST     92           100 PM
 AVERAGE    96

..........................................................


THE KALISPELL MT CLIMATE NORMALS FOR TODAY
                         NORMAL    RECORD    YEAR
 MAXIMUM TEMPERATURE (F)   32        54      1919
 MINIMUM TEMPERATURE (F)   17       -26      1943


SUNRISE AND SUNSET
JANUARY 18 2018.......SUNRISE   821 AM MST   SUNSET   515 PM MST
JANUARY 19 2018.......SUNRISE   820 AM MST   SUNSET   516 PM MST


-  INDICATES NEGATIVE NUMBERS.
R  INDICATES RECORD WAS SET OR TIED.
MM INDICATES DATA IS MISSING.
T  INDICATES TRACE AMOUNT.




$$
