000
CDUS45 KMSO 250838
CLIGPI


CLIMATE REPORT
NATIONAL WEATHER SERVICE MISSOULA, MT
138 AM MST SAT FEB 25 2017


...................................

...THE KALISPELL MT CLIMATE SUMMARY FOR FEBRUARY 24 2017...

CLIMATE NORMAL PERIOD 1981 TO 2010
CLIMATE RECORD PERIOD 1894 TO 2017


WEATHER ITEM   OBSERVED TIME   RECORD YEAR NORMAL DEPARTURE LAST
                VALUE   (LST)  VALUE       VALUE  FROM      YEAR
                                                  NORMAL
..................................................................
TEMPERATURE (F)
 YESTERDAY
  MAXIMUM         32    405 PM  64    1995  38     -6       43
  MINIMUM          5    812 AM -17    1919  19    -14       20
  AVERAGE         19                        29    -10       32

PRECIPITATION (IN)
  YESTERDAY        T             0.55 1904   0.03  -0.03     0.00
  MONTH TO DATE    2.42                      0.82   1.60     0.82
  SINCE OCT 1     10.62                      6.15   4.47     6.35
  SINCE JAN 1      3.39                      2.15   1.24     2.30

SNOWFALL (IN)
  YESTERDAY        T
  MONTH TO DATE   25.2
  SINCE JAN 1     39.0
  SINCE JUL 1     74.3
  SNOW DEPTH      12

DEGREE DAYS
 HEATING
  YESTERDAY       46                        36     10       33
  MONTH TO DATE  996                       917     79      765
  SINCE DEC 1   4066                      3504    562     3144
  SINCE JUL 1   6025                      5708    317     5163

 COOLING
  YESTERDAY        0                         0      0        0
  MONTH TO DATE    0                         0      0        0
  SINCE DEC 1      0                         0      0        0
  SINCE JAN 1      0                         0      0        0
..................................................................


WIND (MPH)
  HIGHEST WIND SPEED     7   HIGHEST WIND DIRECTION    SW (220)
  HIGHEST GUST SPEED     7   HIGHEST GUST DIRECTION    SW (220)
  AVERAGE WIND SPEED     1.7


SKY COVER
  POSSIBLE SUNSHINE  MM
  AVERAGE SKY COVER 0.5


WEATHER CONDITIONS
 THE FOLLOWING WEATHER WAS RECORDED YESTERDAY.
  LIGHT SNOW


RELATIVE HUMIDITY (PERCENT)
 HIGHEST    92           100 AM
 LOWEST     53           400 PM
 AVERAGE    73

..........................................................


THE KALISPELL MT CLIMATE NORMALS FOR TODAY
                         NORMAL    RECORD    YEAR
 MAXIMUM TEMPERATURE (F)   39        53      1921
 MINIMUM TEMPERATURE (F)   19       -13      1922


SUNRISE AND SUNSET
FEBRUARY 25 2017......SUNRISE   725 AM MST   SUNSET   615 PM MST
FEBRUARY 26 2017......SUNRISE   723 AM MST   SUNSET   617 PM MST


-  INDICATES NEGATIVE NUMBERS.
R  INDICATES RECORD WAS SET OR TIED.
MM INDICATES DATA IS MISSING.
T  INDICATES TRACE AMOUNT.




$$
