000
CDUS43 KGID 240634
CLIGRI


CLIMATE REPORT
NATIONAL WEATHER SERVICE HASTINGS NE
1232 AM CST FRI FEB 24 2017


...................................

...THE GRAND ISLAND NE CLIMATE SUMMARY FOR FEBRUARY 23 2017...

CLIMATE NORMAL PERIOD 1981 TO 2010
CLIMATE RECORD PERIOD 1895 TO 2017


WEATHER ITEM   OBSERVED TIME   RECORD YEAR NORMAL DEPARTURE LAST
                VALUE   (LST)  VALUE       VALUE  FROM      YEAR
                                                  NORMAL
..................................................................
TEMPERATURE (F)
 YESTERDAY
  MAXIMUM         41    206 AM  74    2002  42     -1       49
  MINIMUM         28   1137 PM -10    1993  21      7       28
  AVERAGE         35                        32      3       39

PRECIPITATION (IN)
  YESTERDAY        0.08          0.58 2000   0.04   0.04     0.01
                                      1914
  MONTH TO DATE    0.11                      0.53  -0.42     1.86
  SINCE DEC 1      1.99                      1.69   0.30     4.06
  SINCE JAN 1      1.18                      1.06   0.12     2.18

SNOWFALL (IN)
  YESTERDAY        0.6           7.0  1994   0.2    0.4      0.0
  MONTH TO DATE    1.2                       5.3   -4.1     18.6
  SINCE DEC 1      5.0                      16.9  -11.9     25.6
  SINCE JUL 1      5.4                      21.1  -15.7     31.2
  SNOW DEPTH       0

DEGREE DAYS
 HEATING
  YESTERDAY       30                        34     -4       26
  MONTH TO DATE  587                       844   -257      724
  SINCE DEC 1   2979                      3270   -291     2902
  SINCE JUL 1   3899                      4600   -701     3868

 COOLING
  YESTERDAY        0                         0      0        0
  MONTH TO DATE    0                         0      0        0
  SINCE DEC 1      0                         0      0        0
  SINCE JAN 1      0                         0      0        0
..................................................................


WIND (MPH)
  HIGHEST WIND SPEED    29   HIGHEST WIND DIRECTION    NE (40)
  HIGHEST GUST SPEED    34   HIGHEST GUST DIRECTION    NE (50)
  AVERAGE WIND SPEED    19.3


SKY COVER
  AVERAGE SKY COVER 0.9


WEATHER CONDITIONS
 THE FOLLOWING WEATHER WAS RECORDED YESTERDAY.
  FREEZING RAIN
  LT FREEZING RAIN
  LIGHT SNOW
  FOG


RELATIVE HUMIDITY (PERCENT)
 HIGHEST   100           700 AM
 LOWEST     82          1200 AM
 AVERAGE    91

..........................................................


THE GRAND ISLAND NE CLIMATE NORMALS FOR TODAY
                         NORMAL    RECORD    YEAR
 MAXIMUM TEMPERATURE (F)   43        74      1918
 MINIMUM TEMPERATURE (F)   21       -17      1965


SUNRISE AND SUNSET
FEBRUARY 24 2017......SUNRISE   714 AM CST   SUNSET   619 PM CST
FEBRUARY 25 2017......SUNRISE   713 AM CST   SUNSET   620 PM CST


-  INDICATES NEGATIVE NUMBERS.
R  INDICATES RECORD WAS SET OR TIED.
MM INDICATES DATA IS MISSING.
T  INDICATES TRACE AMOUNT.

$$

KELLEY
