000
CDUS43 KGID 230635
CLIGRI


CLIMATE REPORT
NATIONAL WEATHER SERVICE HASTINGS NE
134 AM CDT WED APR 23 2014


...................................

...THE GRAND ISLAND NE CLIMATE SUMMARY FOR APRIL 22 2014...

CLIMATE NORMAL PERIOD 1981 TO 2010
CLIMATE RECORD PERIOD 1895 TO 2014


WEATHER ITEM   OBSERVED TIME   RECORD YEAR NORMAL DEPARTURE LAST
                VALUE   (LST)  VALUE       VALUE  FROM      YEAR
                                                  NORMAL
..................................................................
TEMPERATURE (F)
 YESTERDAY
  MAXIMUM         73    358 PM  94    1989  66      7       43
  MINIMUM         37    541 AM  23    1931  40     -3       30
  AVERAGE         55                        53      2       37

PRECIPITATION (IN)
  YESTERDAY        0.00          2.05 1957   0.10  -0.10     0.84
  MONTH TO DATE    0.96                      1.72  -0.76     3.83
  SINCE MAR 1      1.15                      3.52  -2.37     5.47
  SINCE JAN 1      1.80                      4.73  -2.93     6.60

SNOWFALL (IN)
  YESTERDAY        0.0           T    2013   0.1   -0.1       T
                                      1988
                                      1984
  MONTH TO DATE    1.7                       1.4    0.3      6.9
  SINCE MAR 1      2.9                       6.8   -3.9     13.1
  SINCE JUL 1     16.4                      28.9  -12.5     34.5
  SNOW DEPTH       0

DEGREE DAYS
 HEATING
  YESTERDAY       10                        13     -3       28
  MONTH TO DATE  322                       356    -34      486
  SINCE MAR 1   1176                      1152     24     1374
  SINCE JUL 1   6011                      5913     98     5843

 COOLING
  YESTERDAY        0                         1     -1        0
  MONTH TO DATE    2                         3     -1        0
  SINCE MAR 1      2                         3     -1        0
  SINCE JAN 1      2                         3     -1        0
..................................................................


WIND (MPH)
  HIGHEST WIND SPEED    25   HIGHEST WIND DIRECTION     S (160)
  HIGHEST GUST SPEED    34   HIGHEST GUST DIRECTION     S (170)
  AVERAGE WIND SPEED    13.0


SKY COVER
  AVERAGE SKY COVER 0.2


WEATHER CONDITIONS
 THE FOLLOWING WEATHER WAS RECORDED YESTERDAY.
  NO SIGNIFICANT WEATHER WAS OBSERVED.


RELATIVE HUMIDITY (PERCENT)
 HIGHEST    73           200 AM
 LOWEST     22           600 PM
 AVERAGE    48

..........................................................


THE GRAND ISLAND NE CLIMATE NORMALS FOR TODAY
                         NORMAL    RECORD    YEAR
 MAXIMUM TEMPERATURE (F)   66        94      1939
 MINIMUM TEMPERATURE (F)   41        23      1963


SUNRISE AND SUNSET
APRIL 23 2014.........SUNRISE   642 AM CDT   SUNSET   822 PM CDT
APRIL 24 2014.........SUNRISE   641 AM CDT   SUNSET   823 PM CDT


-  INDICATES NEGATIVE NUMBERS.
R  INDICATES RECORD WAS SET OR TIED.
MM INDICATES DATA IS MISSING.
T  INDICATES TRACE AMOUNT.




$$
