135
CDUS43 KGID 040625
CLIGRI


CLIMATE REPORT
NATIONAL WEATHER SERVICE HASTINGS NE
1224 AM CST SUN DEC 4 2016


...................................

...THE GRAND ISLAND NE CLIMATE SUMMARY FOR DECEMBER 3 2016...

CLIMATE NORMAL PERIOD 1981 TO 2010
CLIMATE RECORD PERIOD 1895 TO 2016


WEATHER ITEM   OBSERVED TIME   RECORD YEAR NORMAL DEPARTURE LAST
                VALUE   (LST)  VALUE       VALUE  FROM      YEAR
                                                  NORMAL
..................................................................
TEMPERATURE (F)
 YESTERDAY
  MAXIMUM         33    431 PM  71    1959  40     -7       50
  MINIMUM         24    246 AM  -2    1919  19      5       18
  AVERAGE         29                        30     -1       34

PRECIPITATION (IN)
  YESTERDAY        0.09          0.94 1913   0.02   0.07     0.00
  MONTH TO DATE    0.09                      0.07   0.02     0.01
  SINCE DEC 1      0.09                      0.07   0.02     0.01
  SINCE JAN 1     23.51                     26.10  -2.59    24.11

SNOWFALL (IN)
  YESTERDAY        0.3           8.0  1897   0.1    0.2      0.0
  MONTH TO DATE    0.3                       0.4   -0.1      0.1
  SINCE DEC 1      0.3                       0.4   -0.1      0.1
  SINCE JUL 1      0.7                       4.6   -3.9      5.7
  SNOW DEPTH       0

DEGREE DAYS
 HEATING
  YESTERDAY       36                        35      1       31
  MONTH TO DATE  104                       105     -1      105
  SINCE DEC 1    104                       105     -1      105
  SINCE JUL 1   1024                      1435   -411     1071

 COOLING
  YESTERDAY        0                         0      0        0
  MONTH TO DATE    0                         0      0        0
  SINCE DEC 1      0                         0      0        0
  SINCE JAN 1   1146                      1034    112     1048
..................................................................


WIND (MPH)
  HIGHEST WIND SPEED    14   HIGHEST WIND DIRECTION    SW (230)
  HIGHEST GUST SPEED    17   HIGHEST GUST DIRECTION     S (180)
  AVERAGE WIND SPEED     7.4


SKY COVER
  AVERAGE SKY COVER 0.9


WEATHER CONDITIONS
 THE FOLLOWING WEATHER WAS RECORDED YESTERDAY.
  LIGHT SNOW
  FOG


RELATIVE HUMIDITY (PERCENT)
 HIGHEST   100          1100 AM
 LOWEST     84           300 AM
 AVERAGE    92

..........................................................


THE GRAND ISLAND NE CLIMATE NORMALS FOR TODAY
                         NORMAL    RECORD    YEAR
 MAXIMUM TEMPERATURE (F)   40        71      1965
 MINIMUM TEMPERATURE (F)   19        -6      1902


SUNRISE AND SUNSET
DECEMBER  4 2016......SUNRISE   742 AM CST   SUNSET   505 PM CST
DECEMBER  5 2016......SUNRISE   743 AM CST   SUNSET   505 PM CST


-  INDICATES NEGATIVE NUMBERS.
R  INDICATES RECORD WAS SET OR TIED.
MM INDICATES DATA IS MISSING.
T  INDICATES TRACE AMOUNT.




$$
