000
CDUS43 KGID 230634
CLIGRI


CLIMATE REPORT
NATIONAL WEATHER SERVICE HASTINGS NE
130 AM CDT SUN JUL 23 2017


...................................

...THE GRAND ISLAND NE CLIMATE SUMMARY FOR JULY 22 2017...

CLIMATE NORMAL PERIOD 1981 TO 2010
CLIMATE RECORD PERIOD 1895 TO 2017


WEATHER ITEM   OBSERVED TIME   RECORD YEAR NORMAL DEPARTURE LAST
                VALUE   (LST)  VALUE       VALUE  FROM      YEAR
                                                  NORMAL
..................................................................
TEMPERATURE (F)
 YESTERDAY
  MAXIMUM         91   1250 PM 107    1934  88      3       98
  MINIMUM         68   1159 PM  53    2009  65      3       72
                                      1970
                                      1953
  AVERAGE         80                        76      4       85

PRECIPITATION (IN)
  YESTERDAY        T             1.60 2001   0.10  -0.10     0.00
                                      1911
  MONTH TO DATE    2.37                      2.46  -0.09     2.20
  SINCE JUN 1      4.47                      6.76  -2.29     2.25
  SINCE JAN 1     14.52                     16.71  -2.19    16.93

SNOWFALL (IN)
  YESTERDAY        0.0                       0.0    0.0      0.0
  MONTH TO DATE    0.0                       0.0    0.0      0.0
  SINCE JUN 1      0.0                       0.0    0.0      0.0
  SINCE JUL 1      0.0                       0.0    0.0      0.0
  SNOW DEPTH       0

DEGREE DAYS
 HEATING
  YESTERDAY        0                         0      0        0
  MONTH TO DATE    0                         0      0        6
  SINCE JUN 1      3                        24    -21        6
  SINCE JUL 1      0                         0      0        6

 COOLING
  YESTERDAY       15                        11      4       20
  MONTH TO DATE  313                       251     62      257
  SINCE JUN 1    605                       464    141      606
  SINCE JAN 1    655                       529    126      640
..................................................................


WIND (MPH)
  HIGHEST WIND SPEED    17   HIGHEST WIND DIRECTION    NE (60)
  HIGHEST GUST SPEED    22   HIGHEST GUST DIRECTION    NE (60)
  AVERAGE WIND SPEED     8.5


SKY COVER
  AVERAGE SKY COVER 0.1


WEATHER CONDITIONS
 THE FOLLOWING WEATHER WAS RECORDED YESTERDAY.
  THUNDERSTORM
  LIGHT RAIN
  FOG


RELATIVE HUMIDITY (PERCENT)
 HIGHEST   100          1000 PM
 LOWEST     59           100 PM
 AVERAGE    80

..........................................................


THE GRAND ISLAND NE CLIMATE NORMALS FOR TODAY
                         NORMAL    RECORD    YEAR
 MAXIMUM TEMPERATURE (F)   88       106      1940
                                             1934
 MINIMUM TEMPERATURE (F)   65        48      1948


SUNRISE AND SUNSET
JULY 23 2017..........SUNRISE   621 AM CDT   SUNSET   858 PM CDT
JULY 24 2017..........SUNRISE   622 AM CDT   SUNSET   857 PM CDT


-  INDICATES NEGATIVE NUMBERS.
R  INDICATES RECORD WAS SET OR TIED.
MM INDICATES DATA IS MISSING.
T  INDICATES TRACE AMOUNT.

$$

KELLEY
