000
CDUS43 KGID 302233
CLIGRI


CLIMATE REPORT
NATIONAL WEATHER SERVICE HASTINGS NE
532 PM CDT MON MAR 30 2015


...................................

...THE GRAND ISLAND NE CLIMATE SUMMARY FOR MARCH 30 2015...
VALID TODAY AS OF 0500 PM LOCAL TIME.

CLIMATE NORMAL PERIOD 1981 TO 2010
CLIMATE RECORD PERIOD 1895 TO 2015


WEATHER ITEM   OBSERVED TIME   RECORD YEAR NORMAL DEPARTURE LAST
                VALUE   (LST)  VALUE       VALUE  FROM      YEAR
                                                  NORMAL
..................................................................
TEMPERATURE (F)
 TODAY
  MAXIMUM         77    359 PM  90    1943  57     20       77
  MINIMUM         36   1206 AM   2    1987  32      4       47
  AVERAGE         57                        44     13       62

PRECIPITATION (IN)
  TODAY            0.00          0.91 1897   0.08  -0.08     0.00
  MONTH TO DATE    0.16                      1.72  -1.56     0.19
  SINCE MAR 1      0.16                      1.72  -1.56     0.19
  SINCE JAN 1      1.33                      2.93  -1.60     0.84

SNOWFALL (IN)
  TODAY            0.0           1.9  1985   0.1   -0.1      0.0
  MONTH TO DATE    0.6                       5.2   -4.6      1.2
  SINCE MAR 1      0.6                       5.2   -4.6      1.2
  SINCE JUL 1     23.5                      27.3   -3.8     14.7
  SNOW DEPTH       0

DEGREE DAYS
 HEATING
  TODAY            8                        21    -13        3
  MONTH TO DATE  639                       776   -137      836
  SINCE MAR 1    639                       776   -137      836
  SINCE JUL 1   5376                      5537   -161     5671

 COOLING
  TODAY            0                         0      0        0
  MONTH TO DATE    0                         0      0        0
  SINCE MAR 1      0                         0      0        0
  SINCE JAN 1      0                         0      0        0
..................................................................


WIND (MPH)
  HIGHEST WIND SPEED    29   HIGHEST WIND DIRECTION    SW (240)
  HIGHEST GUST SPEED    35   HIGHEST GUST DIRECTION    SW (230)
  AVERAGE WIND SPEED    14.4


SKY COVER
  POSSIBLE SUNSHINE  MM
  AVERAGE SKY COVER 0.0


WEATHER CONDITIONS
 THE FOLLOWING WEATHER WAS RECORDED TODAY.
  NO SIGNIFICANT WEATHER WAS OBSERVED.


RELATIVE HUMIDITY (PERCENT)
 HIGHEST    56          1200 AM
 LOWEST     15           400 PM
 AVERAGE    36

..........................................................


THE GRAND ISLAND NE CLIMATE NORMALS FOR TOMORROW
                         NORMAL    RECORD    YEAR
 MAXIMUM TEMPERATURE (F)   58        90      1978
 MINIMUM TEMPERATURE (F)   32        10      1899


SUNRISE AND SUNSET
MARCH 30 2015.........SUNRISE   720 AM CDT   SUNSET   756 PM CDT
MARCH 31 2015.........SUNRISE   719 AM CDT   SUNSET   757 PM CDT


-  INDICATES NEGATIVE NUMBERS.
R  INDICATES RECORD WAS SET OR TIED.
MM INDICATES DATA IS MISSING.
T  INDICATES TRACE AMOUNT.




$$
