000
CDUS43 KGRR 030523
CLIGRR


CLIMATE REPORT
NATIONAL WEATHER SERVICE GRAND RAPIDS, MI
1223 AM EST SAT DEC 3 2016


...................................

...THE GRAND RAPIDS MI CLIMATE SUMMARY FOR DECEMBER 2 2016...

CLIMATE NORMAL PERIOD 1981 TO 2010
CLIMATE RECORD PERIOD 1892 TO 2016


WEATHER ITEM   OBSERVED TIME   RECORD YEAR NORMAL DEPARTURE LAST
                VALUE   (LST)  VALUE       VALUE  FROM      YEAR
                                                  NORMAL
..................................................................
TEMPERATURE (F)
 YESTERDAY
  MAXIMUM         39    313 AM  67    1982  39      0       44
  MINIMUM         35   1107 PM -11    1976  28      7       30
  AVERAGE         37                        34      3       37

PRECIPITATION (IN)
  YESTERDAY        T             1.48 1982   0.10  -0.10     0.02
  MONTH TO DATE    0.12                      0.19  -0.07     0.10
  SINCE DEC 1      0.12                      0.19  -0.07     0.10
  SINCE JAN 1     43.45                     35.96   7.49    29.88

SNOWFALL (IN)
  YESTERDAY        0.0           4.8  1985   0.5   -0.5       T
  MONTH TO DATE    T                         1.0   -1.0       T
  SINCE DEC 1      T                         1.0   -1.0       T
  SINCE JUL 1      0.8                       8.3   -7.5      3.5
  SNOW DEPTH       0

DEGREE DAYS
 HEATING
  YESTERDAY       28                        31     -3       28
  MONTH TO DATE   55                        62     -7       52
  SINCE DEC 1     55                        62     -7       52
  SINCE JUL 1   1003                      1400   -397     1110

 COOLING
  YESTERDAY        0                         0      0        0
  MONTH TO DATE    0                         0      0        0
  SINCE DEC 1      0                         0      0        0
  SINCE JAN 1    936                       699    237      642
..................................................................


WIND (MPH)
  RESULTANT WIND SPEED   9   RESULTANT WIND DIRECTION   W (290)
  HIGHEST WIND SPEED    16   HIGHEST WIND DIRECTION    NW (320)
  HIGHEST GUST SPEED    20   HIGHEST GUST DIRECTION     W (290)
  AVERAGE WIND SPEED     9.6


SKY COVER
  POSSIBLE SUNSHINE   0 PERCENT
  AVERAGE SKY COVER 1.0


WEATHER CONDITIONS
 THE FOLLOWING WEATHER WAS RECORDED YESTERDAY.
  LIGHT RAIN


RELATIVE HUMIDITY (PERCENT)
 HIGHEST    85          1200 AM
 LOWEST     59           200 PM
 AVERAGE    72

..........................................................


THE GRAND RAPIDS MI CLIMATE NORMALS FOR TODAY
                         NORMAL    RECORD    YEAR
 MAXIMUM TEMPERATURE (F)   39        65      2012
 MINIMUM TEMPERATURE (F)   27        -6      1976


SUNRISE AND SUNSET
DECEMBER  3 2016......SUNRISE   756 AM EST   SUNSET   508 PM EST
DECEMBER  4 2016......SUNRISE   757 AM EST   SUNSET   508 PM EST


-  INDICATES NEGATIVE NUMBERS.
R  INDICATES RECORD WAS SET OR TIED.
MM INDICATES DATA IS MISSING.
T  INDICATES TRACE AMOUNT.




$$
