000
CDUS42 KRAH 190648
CLIGSO


CLIMATE REPORT
NATIONAL WEATHER SERVICE RALEIGH NC
146 AM EST SUN FEB 19 2017


...................................

...THE PIEDMONT TRIAD INTL AIRPORT NC CLIMATE SUMMARY FOR FEBRUARY 18 2017...

CLIMATE NORMAL PERIOD 1981 TO 2010
CLIMATE RECORD PERIOD 1903 TO 2017


WEATHER ITEM   OBSERVED TIME   RECORD YEAR NORMAL DEPARTURE LAST
                VALUE   (LST)  VALUE       VALUE  FROM      YEAR
                                                  NORMAL
..................................................................
TEMPERATURE (F)
 YESTERDAY
  MAXIMUM         71    259 PM  77    1927  53     18       51
  MINIMUM         34    452 AM  -1    1958  33      1       27
  AVERAGE         53                        43     10       39

PRECIPITATION (IN)
  YESTERDAY        T             1.08 1960   0.11  -0.11     0.00
  MONTH TO DATE    0.34                      1.82  -1.48     2.71
  SINCE DEC 1      7.16                      7.86  -0.70    11.27
  SINCE JAN 1      5.46                      4.88   0.58     4.62

SNOWFALL (IN)
  YESTERDAY        0.0           9.3  1979   0.1   -0.1      0.0
  MONTH TO DATE    T                         1.6   -1.6      2.0
  SINCE DEC 1      8.0                       5.8    2.2      4.5
  SINCE JUL 1      8.0                       5.9    2.1      4.5
  SNOW DEPTH       0

DEGREE DAYS
 HEATING
  YESTERDAY       12                        22    -10       26
  MONTH TO DATE  294                       425   -131      467
  SINCE DEC 1   1627                      1968   -341     1692
  SINCE JUL 1   2077                      2648   -571     2206

 COOLING
  YESTERDAY        0                         0      0        0
  MONTH TO DATE    4                         0      4        0
  SINCE DEC 1      4                         1      3       15
  SINCE JAN 1      4                         0      4        0
..................................................................


WIND (MPH)
  HIGHEST WIND SPEED    20   HIGHEST WIND DIRECTION    SW (230)
  HIGHEST GUST SPEED    24   HIGHEST GUST DIRECTION    SW (230)
  AVERAGE WIND SPEED     6.9


SKY COVER
  POSSIBLE SUNSHINE  MM
  AVERAGE SKY COVER 0.6


WEATHER CONDITIONS
 THE FOLLOWING WEATHER WAS RECORDED YESTERDAY.
  LIGHT RAIN


RELATIVE HUMIDITY (PERCENT)
 HIGHEST    82           500 AM
 LOWEST     19           300 PM
 AVERAGE    51

..........................................................


THE PIEDMONT TRIAD INTL AIRPORT NC CLIMATE NORMALS FOR TODAY
                         NORMAL    RECORD    YEAR
 MAXIMUM TEMPERATURE (F)   53        74      1939
                                             1911
 MINIMUM TEMPERATURE (F)   33         9      2015


SUNRISE AND SUNSET
FEBRUARY 19 2017......SUNRISE   702 AM EST   SUNSET   605 PM EST
FEBRUARY 20 2017......SUNRISE   701 AM EST   SUNSET   606 PM EST


-  INDICATES NEGATIVE NUMBERS.
R  INDICATES RECORD WAS SET OR TIED.
MM INDICATES DATA IS MISSING.
T  INDICATES TRACE AMOUNT.




$$
