000
CDUS42 KRAH 142159
CLIGSO


CLIMATE REPORT
NATIONAL WEATHER SERVICE RALEIGH NC
458 PM EST THU DEC 14 2017


...................................

...THE PIEDMONT TRIAD INTL AIRPORT NC CLIMATE SUMMARY FOR DECEMBER 14 2017...
VALID TODAY AS OF 0455 PM LOCAL TIME.

CLIMATE NORMAL PERIOD 1981 TO 2010
CLIMATE RECORD PERIOD 1903 TO 2017


WEATHER ITEM   OBSERVED TIME   RECORD YEAR NORMAL DEPARTURE LAST
                VALUE   (LST)  VALUE       VALUE  FROM      YEAR
                                                  NORMAL
..................................................................
TEMPERATURE (F)
 TODAY
  MAXIMUM         53    412 PM  73    1927  51      2       49
  MINIMUM         30    750 AM  13    1960  32     -2       36
                                      1958
  AVERAGE         42                        41      1       43

PRECIPITATION (IN)
  TODAY            0.00          1.00 1909   0.10  -0.10     0.00
  MONTH TO DATE    1.14                      1.39  -0.25     1.21
  SINCE DEC 1      1.14                      1.39  -0.25     1.21
  SINCE JAN 1     42.37                     40.61   1.76    39.16

SNOWFALL (IN)
  TODAY            0.0           3.5  1958   0.1   -0.1      0.0
  MONTH TO DATE    2.2                       0.2    2.0      0.0
  SINCE DEC 1      2.2                       0.2    2.0      0.0
  SINCE JUL 1      2.2                       0.3    1.9      0.0
  SNOW DEPTH       0

DEGREE DAYS
 HEATING
  TODAY           23                        24     -1       22
  MONTH TO DATE  315                       307      8      314
  SINCE DEC 1    315                       307      8      314
  SINCE JUL 1    942                       987    -45      764

 COOLING
  TODAY            0                         0      0        0
  MONTH TO DATE    0                         0      0        0
  SINCE DEC 1      0                         0      0        0
  SINCE JAN 1   1612                      1483    129     1974
..................................................................


WIND (MPH)
  HIGHEST WIND SPEED    15   HIGHEST WIND DIRECTION     W (290)
  HIGHEST GUST SPEED    20   HIGHEST GUST DIRECTION    SW (220)
  AVERAGE WIND SPEED     8.6


SKY COVER
  POSSIBLE SUNSHINE  MM
  AVERAGE SKY COVER 0.2


WEATHER CONDITIONS
 THE FOLLOWING WEATHER WAS RECORDED TODAY.
  NO SIGNIFICANT WEATHER WAS OBSERVED.


RELATIVE HUMIDITY (PERCENT)
 HIGHEST    63           800 AM
 LOWEST     32           300 PM
 AVERAGE    48

..........................................................


THE PIEDMONT TRIAD INTL AIRPORT NC CLIMATE NORMALS FOR TOMORROW
                         NORMAL    RECORD    YEAR
 MAXIMUM TEMPERATURE (F)   51        73      1984
                                             1971
 MINIMUM TEMPERATURE (F)   32         6      1958


SUNRISE AND SUNSET
DECEMBER 14 2017......SUNRISE   723 AM EST   SUNSET   506 PM EST
DECEMBER 15 2017......SUNRISE   723 AM EST   SUNSET   507 PM EST


-  INDICATES NEGATIVE NUMBERS.
R  INDICATES RECORD WAS SET OR TIED.
MM INDICATES DATA IS MISSING.
T  INDICATES TRACE AMOUNT.




$$
