000
CDUS42 KRAH 150614
CLIGSO


CLIMATE REPORT
NATIONAL WEATHER SERVICE RALEIGH NC
204 AM EDT MON SEP 15 2014


...................................

...THE PIEDMONT TRIAD INTL AIRPORT NC CLIMATE SUMMARY FOR SEPTEMBER 14 2014...

CLIMATE NORMAL PERIOD 1981 TO 2010
CLIMATE RECORD PERIOD 1903 TO 2014


WEATHER ITEM   OBSERVED TIME   RECORD YEAR NORMAL DEPARTURE LAST
                VALUE   (LST)  VALUE       VALUE  FROM      YEAR
                                                  NORMAL
..................................................................
TEMPERATURE (F)
 YESTERDAY
  MAXIMUM         71    333 PM  95    1927  80     -9       74
                                      1925
  MINIMUM         63   1021 AM  39    1985  61      2       55
  AVERAGE         67                        71     -4       65

PRECIPITATION (IN)
  YESTERDAY        T             3.78 2000   0.15  -0.15     0.00
  MONTH TO DATE    2.11                      2.12  -0.01     1.42
  SINCE SEP 1      2.11                      2.12  -0.01     1.42
  SINCE JAN 1     27.99                     30.91  -2.92    39.81

DEGREE DAYS
 HEATING
  YESTERDAY        0                         1     -1        0
  MONTH TO DATE    0                         2     -2        0
  SINCE SEP 1      0                         2     -2        0
  SINCE JUL 1      0                         3     -3        2

 COOLING
  YESTERDAY        2                         6     -4        0
  MONTH TO DATE  146                       115     31      141
  SINCE SEP 1    146                       115     31      141
  SINCE JAN 1   1399                      1377     22     1300
..................................................................


WIND (MPH)
  HIGHEST WIND SPEED    14   HIGHEST WIND DIRECTION    NE (60)
  HIGHEST GUST SPEED    17   HIGHEST GUST DIRECTION    NE (50)
  AVERAGE WIND SPEED     6.2


SKY COVER
  POSSIBLE SUNSHINE  MM
  AVERAGE SKY COVER 0.9


WEATHER CONDITIONS
 THE FOLLOWING WEATHER WAS RECORDED YESTERDAY.
  LIGHT RAIN


RELATIVE HUMIDITY (PERCENT)
 HIGHEST    90           500 AM
 LOWEST     61           200 PM
 AVERAGE    76

..........................................................


THE PIEDMONT TRIAD INTL AIRPORT NC CLIMATE NORMALS FOR TODAY
                         NORMAL    RECORD    YEAR
 MAXIMUM TEMPERATURE (F)   80        97      1927
 MINIMUM TEMPERATURE (F)   61        41      1985


SUNRISE AND SUNSET
SEPTEMBER 15 2014.....SUNRISE   702 AM EDT   SUNSET   727 PM EDT
SEPTEMBER 16 2014.....SUNRISE   703 AM EDT   SUNSET   726 PM EDT


-  INDICATES NEGATIVE NUMBERS.
R  INDICATES RECORD WAS SET OR TIED.
MM INDICATES DATA IS MISSING.
T  INDICATES TRACE AMOUNT.




$$
