000
CDUS42 KRAH 300716
CLIGSO


CLIMATE REPORT
NATIONAL WEATHER SERVICE RALEIGH NC
314 AM EDT SAT MAY 30 2015


...................................

...THE PIEDMONT TRIAD INTL AIRPORT NC CLIMATE SUMMARY FOR MAY 29 2015...

CLIMATE NORMAL PERIOD 1981 TO 2010
CLIMATE RECORD PERIOD 1903 TO 2015


WEATHER ITEM   OBSERVED TIME   RECORD YEAR NORMAL DEPARTURE LAST
                VALUE   (LST)  VALUE       VALUE  FROM      YEAR
                                                  NORMAL
..................................................................
TEMPERATURE (F)
 YESTERDAY
  MAXIMUM         86    310 PM  99    1914  81      5       81
  MINIMUM         67    510 AM  44    1922  60      7       66
  AVERAGE         77                        70      7       74

PRECIPITATION (IN)
  YESTERDAY        0.00          2.01 1940   0.12  -0.12     0.30
  MONTH TO DATE    2.70                      3.13  -0.43     2.39
  SINCE MAR 1      7.92                     10.43  -2.51    11.05
  SINCE JAN 1     12.60                     16.45  -3.85    17.27

DEGREE DAYS
 HEATING
  YESTERDAY        0                         1     -1        0
  MONTH TO DATE   20                        65    -45       31
  SINCE MAR 1    610                       756   -146      841
  SINCE JUL 1   3695                      3611     84     3818

 COOLING
  YESTERDAY       12                         6      6        9
  MONTH TO DATE  174                       108     66      161
  SINCE MAR 1    211                       146     65      181
  SINCE JAN 1    211                       146     65      181
..................................................................


WIND (MPH)
  HIGHEST WIND SPEED    14   HIGHEST WIND DIRECTION     S (180)
  HIGHEST GUST SPEED    18   HIGHEST GUST DIRECTION     S (160)
  AVERAGE WIND SPEED     4.7


SKY COVER
  POSSIBLE SUNSHINE  MM
  AVERAGE SKY COVER 0.6


WEATHER CONDITIONS
 THE FOLLOWING WEATHER WAS RECORDED YESTERDAY.
  FOG


RELATIVE HUMIDITY (PERCENT)
 HIGHEST   100           500 AM
 LOWEST     44           500 PM
 AVERAGE    72

..........................................................


THE PIEDMONT TRIAD INTL AIRPORT NC CLIMATE NORMALS FOR TODAY
                         NORMAL    RECORD    YEAR
 MAXIMUM TEMPERATURE (F)   81        97      1914
 MINIMUM TEMPERATURE (F)   61        45      1984


SUNRISE AND SUNSET
MAY 30 2015...........SUNRISE   605 AM EDT   SUNSET   830 PM EDT
MAY 31 2015...........SUNRISE   605 AM EDT   SUNSET   831 PM EDT


-  INDICATES NEGATIVE NUMBERS.
R  INDICATES RECORD WAS SET OR TIED.
MM INDICATES DATA IS MISSING.
T  INDICATES TRACE AMOUNT.




$$
