000
CDUS42 KRAH 292059
CLIGSO


CLIMATE REPORT
NATIONAL WEATHER SERVICE RALEIGH NC
459 PM EDT WED MAR 29 2017


...................................

...THE PIEDMONT TRIAD INTL AIRPORT NC CLIMATE SUMMARY FOR MARCH 29 2017...
VALID TODAY AS OF 0500 PM LOCAL TIME.

CLIMATE NORMAL PERIOD 1981 TO 2010
CLIMATE RECORD PERIOD 1903 TO 2017


WEATHER ITEM   OBSERVED TIME   RECORD YEAR NORMAL DEPARTURE LAST
                VALUE   (LST)  VALUE       VALUE  FROM      YEAR
                                                  NORMAL
..................................................................
TEMPERATURE (F)
 TODAY
  MAXIMUM         75    356 PM  91    1907  65     10       67
  MINIMUM         54    550 AM  20    1966  43     11       41
  AVERAGE         65                        54     11       54

PRECIPITATION (IN)
  TODAY            0.00          3.60 1991   0.12  -0.12     0.00
  MONTH TO DATE    2.13                      3.48  -1.35     1.87
  SINCE MAR 1      2.13                      3.48  -1.35     1.87
  SINCE JAN 1      7.74                      9.50  -1.76     8.01

SNOWFALL (IN)
  TODAY            0.0           T    1959   0.0    0.0      0.0
  MONTH TO DATE    T                         0.8   -0.8      0.0
  SINCE MAR 1      T                         0.8   -0.8      0.0
  SINCE JUL 1      8.0                       7.5    0.5      4.5
  SNOW DEPTH       0

DEGREE DAYS
 HEATING
  TODAY            0                        11    -11       11
  MONTH TO DATE  429                       447    -18      256
  SINCE MAR 1    429                       447    -18      256
  SINCE JUL 1   2599                      3302   -703     2642

 COOLING
  TODAY            0                         0      0        0
  MONTH TO DATE    8                         0      8       26
  SINCE MAR 1      8                         0      8       26
  SINCE JAN 1     12                         0     12       26
..................................................................


WIND (MPH)
  HIGHEST WIND SPEED    18   HIGHEST WIND DIRECTION    NE (60)
  HIGHEST GUST SPEED    21   HIGHEST GUST DIRECTION     E (70)
  AVERAGE WIND SPEED     6.1


SKY COVER
  POSSIBLE SUNSHINE  MM
  AVERAGE SKY COVER 0.3


WEATHER CONDITIONS
 THE FOLLOWING WEATHER WAS RECORDED TODAY.
  NO SIGNIFICANT WEATHER WAS OBSERVED.


RELATIVE HUMIDITY (PERCENT)
 HIGHEST    86           600 AM
 LOWEST     49           300 PM
 AVERAGE    68

..........................................................


THE PIEDMONT TRIAD INTL AIRPORT NC CLIMATE NORMALS FOR TOMORROW
                         NORMAL    RECORD    YEAR
 MAXIMUM TEMPERATURE (F)   65        93      1907
 MINIMUM TEMPERATURE (F)   43        23      1964


SUNRISE AND SUNSET
MARCH 29 2017.........SUNRISE   710 AM EDT   SUNSET   739 PM EDT
MARCH 30 2017.........SUNRISE   709 AM EDT   SUNSET   740 PM EDT


-  INDICATES NEGATIVE NUMBERS.
R  INDICATES RECORD WAS SET OR TIED.
MM INDICATES DATA IS MISSING.
T  INDICATES TRACE AMOUNT.




$$
