000
CDUS42 KRAH 272141
CLIGSO


CLIMATE REPORT
NATIONAL WEATHER SERVICE RALEIGH NC
439 PM EST TUE JAN 27 2015


...................................

...THE PIEDMONT TRIAD INTL AIRPORT NC CLIMATE SUMMARY FOR JANUARY 27 2015...
VALID TODAY AS OF 0439 PM LOCAL TIME.

CLIMATE NORMAL PERIOD 1981 TO 2010
CLIMATE RECORD PERIOD 1903 TO 2015


WEATHER ITEM   OBSERVED TIME   RECORD YEAR NORMAL DEPARTURE LAST
                VALUE   (LST)  VALUE       VALUE  FROM      YEAR
                                                  NORMAL
..................................................................
TEMPERATURE (F)
 TODAY
  MAXIMUM         46    332 PM  72    1974  49     -3       61
  MINIMUM         24    758 AM  -7    1940  30     -6       30
  AVERAGE         35                        39     -4       46

PRECIPITATION (IN)
  TODAY            0.00          1.52 1998   0.09  -0.09     0.00
  MONTH TO DATE    2.04                      2.67  -0.63     3.87
  SINCE DEC 1      4.25                      5.65  -1.40     9.06
  SINCE JAN 1      2.04                      2.67  -0.63     3.87

SNOWFALL (IN)
  TODAY            0.0           3.0  1921   0.1   -0.1      0.0
  MONTH TO DATE    T                         3.0   -3.0      0.4
  SINCE DEC 1      T                         3.8   -3.8      0.4
  SINCE JUL 1      T                         3.9   -3.9      0.4
  SNOW DEPTH       0

DEGREE DAYS
 HEATING
  TODAY           30                        26      4       19
  MONTH TO DATE  701                       702     -1      808
  SINCE DEC 1   1352                      1436    -84     1444
  SINCE JUL 1   2102                      2116    -14     2178

 COOLING
  TODAY            0                         0      0        0
  MONTH TO DATE    0                         0      0        0
  SINCE DEC 1      0                         1     -1        8
  SINCE JAN 1      0                         0      0        0
..................................................................


WIND (MPH)
  HIGHEST WIND SPEED    17   HIGHEST WIND DIRECTION    NW (300)
  HIGHEST GUST SPEED    24   HIGHEST GUST DIRECTION    NW (330)
  AVERAGE WIND SPEED    MM


SKY COVER
  POSSIBLE SUNSHINE  MM
  AVERAGE SKY COVER 0.3


WEATHER CONDITIONS
 THE FOLLOWING WEATHER WAS RECORDED TODAY.
  NO SIGNIFICANT WEATHER WAS OBSERVED.


RELATIVE HUMIDITY (PERCENT)
 HIGHEST    69           300 AM
 LOWEST     22           300 PM
 AVERAGE    46

..........................................................


THE PIEDMONT TRIAD INTL AIRPORT NC CLIMATE NORMALS FOR TOMORROW
                         NORMAL    RECORD    YEAR
 MAXIMUM TEMPERATURE (F)   49        78      1944
 MINIMUM TEMPERATURE (F)   30        -2      1940


SUNRISE AND SUNSET
JANUARY 27 2015.......SUNRISE   724 AM EST   SUNSET   541 PM EST
JANUARY 28 2015.......SUNRISE   724 AM EST   SUNSET   542 PM EST


-  INDICATES NEGATIVE NUMBERS.
R  INDICATES RECORD WAS SET OR TIED.
MM INDICATES DATA IS MISSING.
T  INDICATES TRACE AMOUNT.




$$
