961
CDUS42 KRAH 082146
CLIGSO


CLIMATE REPORT
NATIONAL WEATHER SERVICE RALEIGH NC
444 PM EST MON FEB 8 2016


...................................

...THE PIEDMONT TRIAD INTL AIRPORT NC CLIMATE SUMMARY FOR FEBRUARY 8 2016...
VALID TODAY AS OF 0444 PM LOCAL TIME.

CLIMATE NORMAL PERIOD 1981 TO 2010
CLIMATE RECORD PERIOD 1903 TO 2016


WEATHER ITEM   OBSERVED TIME   RECORD YEAR NORMAL DEPARTURE LAST
                VALUE   (LST)  VALUE       VALUE  FROM      YEAR
                                                  NORMAL
..................................................................
TEMPERATURE (F)
 TODAY
  MAXIMUM         50    102 PM  75    1925  51     -1       72
  MINIMUM         27    727 AM   4    1936  31     -4       39
  AVERAGE         39                        41     -2       56

PRECIPITATION (IN)
  TODAY            T             1.22 1903   0.10  -0.10     0.00
  MONTH TO DATE    1.00                      0.79   0.21     0.38
  SINCE DEC 1      9.56                      6.83   2.73     4.63
  SINCE JAN 1      2.91                      3.85  -0.94     2.42

SNOWFALL (IN)
  TODAY            0.0           0.7  1961   0.1   -0.1      0.0
  MONTH TO DATE    T                         0.8   -0.8      0.0
  SINCE DEC 1      2.5                       5.0   -2.5       T
  SINCE JUL 1      2.5                       5.1   -2.6       T
  SNOW DEPTH       0

DEGREE DAYS
 HEATING
  TODAY           26                        24      2        9
  MONTH TO DATE  141                       196    -55      201
  SINCE DEC 1   1366                      1739   -373     1672
  SINCE JUL 1   1880                      2419   -539     2422

 COOLING
  TODAY            0                         0      0        0
  MONTH TO DATE    0                         0      0        0
  SINCE DEC 1     15                         1     14        0
  SINCE JAN 1      0                         0      0        0
..................................................................


WIND (MPH)
  HIGHEST WIND SPEED    20   HIGHEST WIND DIRECTION    SW (230)
  HIGHEST GUST SPEED    26   HIGHEST GUST DIRECTION    SW (230)
  AVERAGE WIND SPEED     6.3


SKY COVER
  POSSIBLE SUNSHINE  MM
  AVERAGE SKY COVER 0.6


WEATHER CONDITIONS
 THE FOLLOWING WEATHER WAS RECORDED TODAY.
  LIGHT RAIN


RELATIVE HUMIDITY (PERCENT)
 HIGHEST    78           400 AM
 LOWEST     36          1200 PM
 AVERAGE    57

..........................................................


THE PIEDMONT TRIAD INTL AIRPORT NC CLIMATE NORMALS FOR TOMORROW
                         NORMAL    RECORD    YEAR
 MAXIMUM TEMPERATURE (F)   51        69      1994
 MINIMUM TEMPERATURE (F)   31         9      1995
                                             1933


SUNRISE AND SUNSET
FEBRUARY  8 2016......SUNRISE   715 AM EST   SUNSET   553 PM EST
FEBRUARY  9 2016......SUNRISE   714 AM EST   SUNSET   554 PM EST


-  INDICATES NEGATIVE NUMBERS.
R  INDICATES RECORD WAS SET OR TIED.
MM INDICATES DATA IS MISSING.
T  INDICATES TRACE AMOUNT.




$$
