000
CDUS42 KRAH 300655
CLIGSO


CLIMATE REPORT
NATIONAL WEATHER SERVICE RALEIGH NC
255 AM EDT SAT JUL 30 2016


...................................

...THE PIEDMONT TRIAD INTL AIRPORT NC CLIMATE SUMMARY FOR JULY 29 2016...

CLIMATE NORMAL PERIOD 1981 TO 2010
CLIMATE RECORD PERIOD 1903 TO 2016


WEATHER ITEM   OBSERVED TIME   RECORD YEAR NORMAL DEPARTURE LAST
                VALUE   (LST)  VALUE       VALUE  FROM      YEAR
                                                  NORMAL
..................................................................
TEMPERATURE (F)
 YESTERDAY
  MAXIMUM         91    540 PM 101    1952  88      3       89
  MINIMUM         74    550 AM  55    1946  69      5       72
                                      1920
  AVERAGE         83                        78      5       81

PRECIPITATION (IN)
  YESTERDAY        0.00          3.27 1923   0.16  -0.16     0.02
  MONTH TO DATE    4.77                      4.16   0.61     2.73
  SINCE JUN 1      6.55                      7.89  -1.34     4.79
  SINCE JAN 1     25.52                     24.59   0.93    17.75

DEGREE DAYS
 HEATING
  YESTERDAY        0                         0      0        0
  MONTH TO DATE    0                         0      0        0
  SINCE JUN 1      0                         6     -6        3
  SINCE JUL 1      0                         0      0        0

 COOLING
  YESTERDAY       18                        13      5       16
  MONTH TO DATE  483                       396     87      435
  SINCE JUN 1    850                       703    147      854
  SINCE JAN 1   1050                       862    188     1088
..................................................................


WIND (MPH)
  HIGHEST WIND SPEED    15   HIGHEST WIND DIRECTION    NW (310)
  HIGHEST GUST SPEED    20   HIGHEST GUST DIRECTION    NW (300)
  AVERAGE WIND SPEED     6.6


SKY COVER
  POSSIBLE SUNSHINE  MM
  AVERAGE SKY COVER 0.5


WEATHER CONDITIONS
 THE FOLLOWING WEATHER WAS RECORDED YESTERDAY.
  NO SIGNIFICANT WEATHER WAS OBSERVED.


RELATIVE HUMIDITY (PERCENT)
 HIGHEST    87           600 AM
 LOWEST     44           300 PM
 AVERAGE    66

..........................................................


THE PIEDMONT TRIAD INTL AIRPORT NC CLIMATE NORMALS FOR TODAY
                         NORMAL    RECORD    YEAR
 MAXIMUM TEMPERATURE (F)   88       100      1915
 MINIMUM TEMPERATURE (F)   69        56      1946


SUNRISE AND SUNSET
JULY 30 2016..........SUNRISE   626 AM EDT   SUNSET   826 PM EDT
JULY 31 2016..........SUNRISE   627 AM EDT   SUNSET   825 PM EDT


-  INDICATES NEGATIVE NUMBERS.
R  INDICATES RECORD WAS SET OR TIED.
MM INDICATES DATA IS MISSING.
T  INDICATES TRACE AMOUNT.




$$
