000
CDUS42 KRAH 300100
CLIGSO


CLIMATE REPORT
NATIONAL WEATHER SERVICE RALEIGH NC
858 PM EDT THU SEP 29 2016


...................................

...THE PIEDMONT TRIAD INTL AIRPORT NC CLIMATE SUMMARY FOR SEPTEMBER 29 2016...
VALID AS OF 0800 PM LOCAL TIME.

CLIMATE NORMAL PERIOD 1981 TO 2010
CLIMATE RECORD PERIOD 1903 TO 2016


WEATHER ITEM   OBSERVED TIME   RECORD YEAR NORMAL DEPARTURE LAST
                VALUE   (LST)  VALUE       VALUE  FROM      YEAR
                                                  NORMAL
..................................................................
TEMPERATURE (F)
 TODAY
  MAXIMUM         80    401 PM  90    1921  75      5       79
                                      1905
                                      1904
  MINIMUM         63    244 AM  35    1942  55      8       71
  AVERAGE         72                        65      7       75

PRECIPITATION (IN)
  TODAY            T             2.74 1944   0.12  -0.12     0.96
  MONTH TO DATE    2.22                      4.07  -1.85     5.59
  SINCE SEP 1      2.22                      4.07  -1.85     5.59
  SINCE JAN 1     33.02                     32.86   0.16    30.80

DEGREE DAYS
 HEATING
  TODAY            0                         3     -3        0
  MONTH TO DATE    0                        26    -26        7
  SINCE SEP 1      0                        26    -26        7
  SINCE JUL 1      0                        27    -27        7

 COOLING
  TODAY            7                         3      4       10
  MONTH TO DATE  331                       181    150      220
  SINCE SEP 1    331                       181    150      220
  SINCE JAN 1   1898                      1443    455     1734
..................................................................


WIND (MPH)
  HIGHEST WIND SPEED    21   HIGHEST WIND DIRECTION    SE (140)
  HIGHEST GUST SPEED    26   HIGHEST GUST DIRECTION    SE (130)
  AVERAGE WIND SPEED     9.6


SKY COVER
  POSSIBLE SUNSHINE  MM
  AVERAGE SKY COVER 0.8


WEATHER CONDITIONS
 THE FOLLOWING WEATHER WAS RECORDED TODAY.
  FOG


RELATIVE HUMIDITY (PERCENT)
 HIGHEST   100           100 AM
 LOWEST     67           400 PM
 AVERAGE    84

..........................................................


THE PIEDMONT TRIAD INTL AIRPORT NC CLIMATE NORMALS FOR TOMORROW
                         NORMAL    RECORD    YEAR
 MAXIMUM TEMPERATURE (F)   75        89      1954
 MINIMUM TEMPERATURE (F)   55        37      1942


SUNRISE AND SUNSET
SEPTEMBER 29 2016.....SUNRISE   714 AM EDT   SUNSET   706 PM EDT
SEPTEMBER 30 2016.....SUNRISE   714 AM EDT   SUNSET   704 PM EDT


-  INDICATES NEGATIVE NUMBERS.
R  INDICATES RECORD WAS SET OR TIED.
MM INDICATES DATA IS MISSING.
T  INDICATES TRACE AMOUNT.




$$
