000
CDUS42 KGSP 232127
CLIGSP

CLIMATE REPORT
NATIONAL WEATHER SERVICE GREENVILLE-SPARTANBURG SC
426 PM EST FRI FEB 23 2018


...................................

...THE GREENVILLE-SPARTANBURG SC CLIMATE SUMMARY FOR FEBRUARY 23 2018...
VALID TODAY AS OF 0400 PM LOCAL TIME.

CLIMATE NORMAL PERIOD 1981 TO 2010
CLIMATE RECORD PERIOD 1884 TO 2018


WEATHER ITEM   OBSERVED TIME   RECORD YEAR NORMAL DEPARTURE LAST
                VALUE   (LST)  VALUE       VALUE  FROM      YEAR
                                                  NORMAL
..................................................................
TEMPERATURE (F)
 TODAY
  MAXIMUM         78R   400 PM  76    2017  58     20       76
                                      2012
                                      1996
  MINIMUM         57    424 AM  15    1963  37     20       52
  AVERAGE         68                        48     20       64

PRECIPITATION (IN)
  TODAY            0.00          2.19 1927   0.16  -0.16     0.00
  MONTH TO DATE    4.91                      3.23   1.68     1.20
  SINCE DEC 1     10.68                     11.16  -0.48     8.41
  SINCE JAN 1      7.77                      7.05   0.72     5.72

SNOWFALL (IN)
  TODAY            0.0           3.1  1966   0.0    0.0      0.0
  MONTH TO DATE    0.0                       0.8   -0.8      0.0
  SINCE DEC 1      4.7                       3.5    1.2      3.1
  SINCE JUL 1      4.7                       3.6    1.1      3.1
  SNOW DEPTH       0

DEGREE DAYS
 HEATING
  TODAY            0                        18    -18        1
  MONTH TO DATE  295                       455   -160      261
  SINCE DEC 1   1740                      1812    -72     1353
  SINCE JUL 1   2234                      2365   -131     1679

 COOLING
  TODAY            3                         0      3        0
  MONTH TO DATE   17                         0     17        6
  SINCE DEC 1     17                         1     16        6
  SINCE JAN 1     17                         0     17        6
..................................................................


WIND (MPH)
  HIGHEST WIND SPEED    13   HIGHEST WIND DIRECTION    SW (230)
  HIGHEST GUST SPEED    18   HIGHEST GUST DIRECTION     W (280)
  AVERAGE WIND SPEED     6.8


SKY COVER
  POSSIBLE SUNSHINE  MM
  AVERAGE SKY COVER 0.5


WEATHER CONDITIONS
 THE FOLLOWING WEATHER WAS RECORDED TODAY.
  FOG


RELATIVE HUMIDITY (PERCENT)
 HIGHEST   100           100 AM
 LOWEST     50           400 PM
 AVERAGE    75

..........................................................


THE GREENVILLE-SPARTANBURG SC CLIMATE NORMALS FOR TOMORROW
                         NORMAL    RECORD    YEAR
 MAXIMUM TEMPERATURE (F)   59        79      1982
 MINIMUM TEMPERATURE (F)   37        15      1967
                                             1901


SUNRISE AND SUNSET
FEBRUARY 23 2018......SUNRISE   706 AM EST   SUNSET   619 PM EST
FEBRUARY 24 2018......SUNRISE   704 AM EST   SUNSET   620 PM EST


-  INDICATES NEGATIVE NUMBERS.
R  INDICATES RECORD WAS SET OR TIED.
MM INDICATES DATA IS MISSING.
T  INDICATES TRACE AMOUNT.

$$
