000
CDUS42 KGSP 300645
CLIGSP

CLIMATE REPORT
NATIONAL WEATHER SERVICE GREENVILLE-SPARTANBURG SC
229 AM EDT MON MAY 30 2016


...................................

...THE GREENVILLE-SPARTANBURG SC CLIMATE SUMMARY FOR MAY 29 2016...

CLIMATE NORMAL PERIOD 1981 TO 2010
CLIMATE RECORD PERIOD 1884 TO 2016


WEATHER ITEM   OBSERVED TIME   RECORD YEAR NORMAL DEPARTURE LAST
                VALUE   (LST)  VALUE       VALUE  FROM      YEAR
                                                  NORMAL
..................................................................
TEMPERATURE (F)
 YESTERDAY
  MAXIMUM         76    434 PM  98    1941  84     -8       83
  MINIMUM         63   1159 PM  44    1901  61      2       64
  AVERAGE         70                        72     -2       74

PRECIPITATION (IN)
  YESTERDAY        0.06          1.45 1976   0.13  -0.07      T
  MONTH TO DATE    4.83                      3.51   1.32     2.98
  SINCE MAR 1      8.84                     11.39  -2.55    11.25
  SINCE JAN 1     17.10                     19.18  -2.08    18.57

SNOWFALL (IN)
  YESTERDAY        0.0           0.0    MM   0.0    0.0      0.0
  MONTH TO DATE    0.0                       0.0    0.0      0.0
  SINCE MAR 1      T                         0.9   -0.9      0.0
  SINCE JUL 1      2.6                       4.7   -2.1      3.7
  SNOW DEPTH       0

DEGREE DAYS
 HEATING
  YESTERDAY        0                         0      0        0
  MONTH TO DATE   34                        39     -5        8
  SINCE MAR 1    401                       596   -195      403
  SINCE JUL 1   2498                      3045   -547     3017

 COOLING
  YESTERDAY        5                         8     -3        9
  MONTH TO DATE  133                       138     -5      199
  SINCE MAR 1    218                       186     32      255
  SINCE JAN 1    218                       186     32      255
..................................................................


WIND (MPH)
  HIGHEST WIND SPEED    16   HIGHEST WIND DIRECTION     N (20)
  HIGHEST GUST SPEED    20   HIGHEST GUST DIRECTION    NE (30)
  AVERAGE WIND SPEED     5.7


SKY COVER
  POSSIBLE SUNSHINE  MM
  AVERAGE SKY COVER 0.7


WEATHER CONDITIONS
 THE FOLLOWING WEATHER WAS RECORDED YESTERDAY.
  LIGHT RAIN
  FOG


RELATIVE HUMIDITY (PERCENT)
 HIGHEST    93           500 AM
 LOWEST     54           500 PM
 AVERAGE    74

..........................................................


THE GREENVILLE-SPARTANBURG SC CLIMATE NORMALS FOR TODAY
                         NORMAL    RECORD    YEAR
 MAXIMUM TEMPERATURE (F)   84        95      1914
 MINIMUM TEMPERATURE (F)   62        45      1893


SUNRISE AND SUNSET
MAY 30 2016...........SUNRISE   617 AM EDT   SUNSET   836 PM EDT
MAY 31 2016...........SUNRISE   617 AM EDT   SUNSET   837 PM EDT


-  INDICATES NEGATIVE NUMBERS.
R  INDICATES RECORD WAS SET OR TIED.
MM INDICATES DATA IS MISSING.
T  INDICATES TRACE AMOUNT.




$$
