000
CDUS42 KGSP 240637
CLIGSP

CLIMATE REPORT
NATIONAL WEATHER SERVICE GREENVILLE-SPARTANBURG SC
236 AM EDT SUN SEP 24 2017


...................................

...THE GREENVILLE-SPARTANBURG SC CLIMATE SUMMARY FOR SEPTEMBER 23 2017...

CLIMATE NORMAL PERIOD 1981 TO 2010
CLIMATE RECORD PERIOD 1884 TO 2017


WEATHER ITEM   OBSERVED TIME   RECORD YEAR NORMAL DEPARTURE LAST
                VALUE   (LST)  VALUE       VALUE  FROM      YEAR
                                                  NORMAL
..................................................................
TEMPERATURE (F)
 YESTERDAY
  MAXIMUM         87    318 PM  94    1935  80      7       89
                                      1931
  MINIMUM         65    649 AM  40    1983  59      6       68
  AVERAGE         76                        70      6       79

PRECIPITATION (IN)
  YESTERDAY        0.00          3.33 1898   0.11  -0.11     0.00
  MONTH TO DATE    4.14                      2.63   1.51     0.73
  SINCE SEP 1      4.14                      2.63   1.51     0.73
  SINCE JAN 1     42.11                     35.14   6.97    28.96

SNOWFALL (IN)
  YESTERDAY        0.0           0.0    MM   0.0    0.0      0.0
  MONTH TO DATE    0.0                       0.0    0.0      0.0
  SINCE SEP 1      0.0                       0.0    0.0      0.0
  SINCE JUL 1      0.0                       0.0    0.0      0.0
  SNOW DEPTH       0

DEGREE DAYS
 HEATING
  YESTERDAY        0                         1     -1        0
  MONTH TO DATE   11                         6      5        0
  SINCE SEP 1     11                         6      5        0
  SINCE JUL 1     11                         6      5        0

 COOLING
  YESTERDAY       11                         5      6       14
  MONTH TO DATE  150                       196    -46      301
  SINCE SEP 1    150                       196    -46      301
  SINCE JAN 1   1616                      1631    -15     2020
..................................................................


WIND (MPH)
  HIGHEST WIND SPEED    13   HIGHEST WIND DIRECTION     E (90)
  HIGHEST GUST SPEED    16   HIGHEST GUST DIRECTION     E (70)
  AVERAGE WIND SPEED     3.3


SKY COVER
  POSSIBLE SUNSHINE  MM
  AVERAGE SKY COVER 0.1


WEATHER CONDITIONS
 THE FOLLOWING WEATHER WAS RECORDED YESTERDAY.
  FOG


RELATIVE HUMIDITY (PERCENT)
 HIGHEST   100           500 AM
 LOWEST     39           300 PM
 AVERAGE    70

..........................................................


THE GREENVILLE-SPARTANBURG SC CLIMATE NORMALS FOR TODAY
                         NORMAL    RECORD    YEAR
 MAXIMUM TEMPERATURE (F)   80        96      1911
 MINIMUM TEMPERATURE (F)   59        41      1896


SUNRISE AND SUNSET
SEPTEMBER 24 2017.....SUNRISE   719 AM EDT   SUNSET   722 PM EDT
SEPTEMBER 25 2017.....SUNRISE   719 AM EDT   SUNSET   721 PM EDT


-  INDICATES NEGATIVE NUMBERS.
R  INDICATES RECORD WAS SET OR TIED.
MM INDICATES DATA IS MISSING.
T  INDICATES TRACE AMOUNT.




$$
