000
CDUS42 KGSP 230628
CLIGSP

CLIMATE REPORT
NATIONAL WEATHER SERVICE GREENVILLE-SPARTANBURG SC
227 AM EDT SAT AUG 23 2014


...................................

...THE GREENVILLE-SPARTANBURG SC CLIMATE SUMMARY FOR AUGUST 22 2014...

CLIMATE NORMAL PERIOD 1981 TO 2010
CLIMATE RECORD PERIOD 1884 TO 2014


WEATHER ITEM   OBSERVED TIME   RECORD YEAR NORMAL DEPARTURE LAST
                VALUE   (LST)  VALUE       VALUE  FROM      YEAR
                                                  NORMAL
..................................................................
TEMPERATURE (F)
 YESTERDAY
  MAXIMUM         93    345 PM 103    1983  88      5       88
  MINIMUM         71    607 AM  55    1930  68      3       68
  AVERAGE         82                        78      4       78

PRECIPITATION (IN)
  YESTERDAY        T             2.17 1967   0.15  -0.15     0.12
  MONTH TO DATE    4.81                      3.26   1.55     5.12
  SINCE JUN 1     14.36                     11.86   2.50    29.00
  SINCE JAN 1     34.17                     31.29   2.88    52.16

SNOWFALL (IN)
  YESTERDAY        0.0           0.0    MM   0.0    0.0      0.0
  MONTH TO DATE    0.0                       0.0    0.0      0.0
  SINCE JUN 1      0.0                       0.0    0.0      0.0
  SINCE JUL 1      0.0                       0.0    0.0      0.0
  SNOW DEPTH       0

DEGREE DAYS
 HEATING
  YESTERDAY        0                         0      0        0
  MONTH TO DATE    0                         0      0        0
  SINCE JUN 1      0                         2     -2        0
  SINCE JUL 1      0                         0      0        0

 COOLING
  YESTERDAY       17                        13      4       13
  MONTH TO DATE  257                       311    -54      245
  SINCE JUN 1   1027                      1122    -95      981
  SINCE JAN 1   1283                      1323    -40     1143
..................................................................


WIND (MPH)
  HIGHEST WIND SPEED    12   HIGHEST WIND DIRECTION    NW (300)
  HIGHEST GUST SPEED    15   HIGHEST GUST DIRECTION    NW (300)
  AVERAGE WIND SPEED     2.5


SKY COVER
  POSSIBLE SUNSHINE  MM
  AVERAGE SKY COVER 0.0


WEATHER CONDITIONS
 THE FOLLOWING WEATHER WAS RECORDED YESTERDAY.
  LIGHT RAIN


RELATIVE HUMIDITY (PERCENT)
 HIGHEST    93           300 AM
 LOWEST     41           200 PM
 AVERAGE    67

..........................................................


THE GREENVILLE-SPARTANBURG SC CLIMATE NORMALS FOR TODAY
                         NORMAL    RECORD    YEAR
 MAXIMUM TEMPERATURE (F)   88       101      1983
 MINIMUM TEMPERATURE (F)   68        54      1930


SUNRISE AND SUNSET
AUGUST 23 2014........SUNRISE   655 AM EDT   SUNSET   807 PM EDT
AUGUST 24 2014........SUNRISE   656 AM EDT   SUNSET   806 PM EDT


-  INDICATES NEGATIVE NUMBERS.
R  INDICATES RECORD WAS SET OR TIED.
MM INDICATES DATA IS MISSING.
T  INDICATES TRACE AMOUNT.

$$
