000
CDUS42 KGSP 240634
CLIGSP

CLIMATE REPORT
NATIONAL WEATHER SERVICE GREENVILLE-SPARTANBURG SC
230 AM EDT SUN MAY 24 2015


...................................

...THE GREENVILLE-SPARTANBURG SC CLIMATE SUMMARY FOR MAY 23 2015...

CLIMATE NORMAL PERIOD 1981 TO 2010
CLIMATE RECORD PERIOD 1884 TO 2015


WEATHER ITEM   OBSERVED TIME   RECORD YEAR NORMAL DEPARTURE LAST
                VALUE   (LST)  VALUE       VALUE  FROM      YEAR
                                                  NORMAL
..................................................................
TEMPERATURE (F)
 YESTERDAY
  MAXIMUM         79    446 PM  97    1941  82     -3       90
  MINIMUM         53    409 AM  43    2002  59     -6       64
                                      1889
  AVERAGE         66                        71     -5       77

PRECIPITATION (IN)
  YESTERDAY        0.00          3.71 1916   0.12  -0.12      T
  MONTH TO DATE    2.46                      2.79  -0.33     2.27
  SINCE MAR 1     10.73                     10.67   0.06    11.41
  SINCE JAN 1     18.05                     18.46  -0.41    17.65

SNOWFALL (IN)
  YESTERDAY        0.0           0.0    MM   0.0    0.0      0.0
  MONTH TO DATE    0.0                       0.0    0.0      0.0
  SINCE MAR 1      0.0                       0.9   -0.9       T
  SINCE JUL 1      3.7                       4.7   -1.0      7.2
  SNOW DEPTH       0

DEGREE DAYS
 HEATING
  YESTERDAY        0                         1     -1        0
  MONTH TO DATE    8                        36    -28       36
  SINCE MAR 1    403                       593   -190      649
  SINCE JUL 1   3017                      3042    -25     3208

 COOLING
  YESTERDAY        1                         6     -5       12
  MONTH TO DATE  154                        94     60      135
  SINCE MAR 1    210                       142     68      177
  SINCE JAN 1    210                       142     68      177
..................................................................


WIND (MPH)
  HIGHEST WIND SPEED    13   HIGHEST WIND DIRECTION     E (100)
  HIGHEST GUST SPEED    16   HIGHEST GUST DIRECTION     E (100)
  AVERAGE WIND SPEED     3.7


SKY COVER
  POSSIBLE SUNSHINE  MM
  AVERAGE SKY COVER 0.0


WEATHER CONDITIONS
 THE FOLLOWING WEATHER WAS RECORDED YESTERDAY.
  NO SIGNIFICANT WEATHER WAS OBSERVED.


RELATIVE HUMIDITY (PERCENT)
 HIGHEST    77           300 AM
 LOWEST     30           300 PM
 AVERAGE    54

..........................................................


THE GREENVILLE-SPARTANBURG SC CLIMATE NORMALS FOR TODAY
                         NORMAL    RECORD    YEAR
 MAXIMUM TEMPERATURE (F)   82        94      1962
 MINIMUM TEMPERATURE (F)   60        41      1917


SUNRISE AND SUNSET
MAY 24 2015...........SUNRISE   620 AM EDT   SUNSET   832 PM EDT
MAY 25 2015...........SUNRISE   619 AM EDT   SUNSET   833 PM EDT


-  INDICATES NEGATIVE NUMBERS.
R  INDICATES RECORD WAS SET OR TIED.
MM INDICATES DATA IS MISSING.
T  INDICATES TRACE AMOUNT.




$$
