000
CDUS42 KGSP 300630 RRA
CLIGSP

CLIMATE REPORT
NATIONAL WEATHER SERVICE GREENVILLE-SPARTANBURG SC
229 AM EDT SUN APR 30 2017


...................................

...THE GREENVILLE-SPARTANBURG SC CLIMATE SUMMARY FOR APRIL 29 2017...

CLIMATE NORMAL PERIOD 1981 TO 2010
CLIMATE RECORD PERIOD 1884 TO 2017


WEATHER ITEM   OBSERVED TIME   RECORD YEAR NORMAL DEPARTURE LAST
                VALUE   (LST)  VALUE       VALUE  FROM      YEAR
                                                  NORMAL
..................................................................
TEMPERATURE (F)
 YESTERDAY
  MAXIMUM         85    152 PM  91    1917  76      9       87
  MINIMUM         65    506 AM  32    1992  52     13       58
  AVERAGE         75                        64     11       73

PRECIPITATION (IN)
  YESTERDAY        0.00          3.34 1963   0.11  -0.11     0.00
  MONTH TO DATE    7.11                      3.25   3.86     1.41
  SINCE MAR 1     14.46                      7.77   6.69     3.10
  SINCE JAN 1     20.18                     15.56   4.62    11.36

SNOWFALL (IN)
  YESTERDAY        0.0           0.0    MM   0.0    0.0      0.0
  MONTH TO DATE    0.0                       0.0    0.0      0.0
  SINCE MAR 1      0.5                       0.9   -0.4       T
  SINCE JUL 1      3.6                       4.7   -1.1      2.6
  SNOW DEPTH       0

DEGREE DAYS
 HEATING
  YESTERDAY        0                         3     -3        0
  MONTH TO DATE   75                       170    -95      141
  SINCE MAR 1    429                       554   -125      367
  SINCE JUL 1   2155                      3003   -848     2464

 COOLING
  YESTERDAY       10                         2      8        8
  MONTH TO DATE   79                        39     40       53
  SINCE MAR 1     95                        47     48       79
  SINCE JAN 1    101                        47     54       79
..................................................................


WIND (MPH)
  HIGHEST WIND SPEED    16   HIGHEST WIND DIRECTION     S (160)
  HIGHEST GUST SPEED    20   HIGHEST GUST DIRECTION     S (170)
  AVERAGE WIND SPEED     6.1


SKY COVER
  POSSIBLE SUNSHINE  MM
  AVERAGE SKY COVER 0.3


WEATHER CONDITIONS
 THE FOLLOWING WEATHER WAS RECORDED YESTERDAY.
  FOG
  HAZE


RELATIVE HUMIDITY (PERCENT)
 HIGHEST    97           800 AM
 LOWEST     61           100 PM
 AVERAGE    79

..........................................................


THE GREENVILLE-SPARTANBURG SC CLIMATE NORMALS FOR TODAY
                         NORMAL    RECORD    YEAR
 MAXIMUM TEMPERATURE (F)   76        91      1987
                                             1962
 MINIMUM TEMPERATURE (F)   52        39      2008
                                             1980


SUNRISE AND SUNSET
APRIL 30 2017.........SUNRISE   639 AM EDT   SUNSET   814 PM EDT
MAY  1 2017...........SUNRISE   638 AM EDT   SUNSET   814 PM EDT


-  INDICATES NEGATIVE NUMBERS.
R  INDICATES RECORD WAS SET OR TIED.
MM INDICATES DATA IS MISSING.
T  INDICATES TRACE AMOUNT.




$$
