000
CDUS45 KTFX 292218
CLIGTF


CLIMATE REPORT
NATIONAL WEATHER SERVICE GREAT FALLS MT
417 PM MDT SUN MAR 29 2015


...................................

...THE GREAT FALLS MT CLIMATE SUMMARY FOR MARCH 29 2015...
VALID TODAY AS OF 0400 PM LOCAL TIME.

CLIMATE NORMAL PERIOD 1981 TO 2010
CLIMATE RECORD PERIOD 1886 TO 2015


WEATHER ITEM   OBSERVED TIME   RECORD YEAR NORMAL DEPARTURE LAST
                VALUE   (LST)  VALUE       VALUE  FROM      YEAR
                                                  NORMAL
..................................................................
TEMPERATURE (F)
 TODAY
  MAXIMUM         60    251 PM  78    1978  50     10       51
  MINIMUM         37    614 AM  -4    1954  27     10       35
  AVERAGE         49                        38     11       43

PRECIPITATION (IN)
  TODAY            0.00          1.06 1977   0.04  -0.04     0.00
  MONTH TO DATE    0.09                      0.84  -0.75     1.30
  SINCE OCT 1      4.44                      3.82   0.62     5.77
  SINCE JAN 1      1.49                      1.82  -0.33     3.72

SNOWFALL (IN)
  TODAY            0.0          10.5  1977   0.4   -0.4      0.0
  MONTH TO DATE    0.8                      11.1  -10.3     12.4
  SINCE MAR 1      0.8                      11.1  -10.3     12.4
  SINCE JUL 1     57.1                      51.1    6.0     69.9
  SNOW DEPTH       0

DEGREE DAYS
 HEATING
  TODAY           16                        27    -11       22
  MONTH TO DATE  640                       901   -261     1022
  SINCE MAR 1    640                       901   -261     1022
  SINCE JUL 1   5778                      6406   -628     6676

 COOLING
  TODAY            0                         0      0        0
  MONTH TO DATE    0                         0      0        0
  SINCE MAR 1      0                         0      0        0
  SINCE JAN 1      0                         0      0        0
..................................................................


WIND (MPH)
  HIGHEST WIND SPEED    29   HIGHEST WIND DIRECTION     W (250)
  HIGHEST GUST SPEED    40   HIGHEST GUST DIRECTION     W (250)
  AVERAGE WIND SPEED    17.3


SKY COVER
  AVERAGE SKY COVER 0.0


WEATHER CONDITIONS
 THE FOLLOWING WEATHER WAS RECORDED TODAY.
  NO SIGNIFICANT WEATHER WAS OBSERVED.


RELATIVE HUMIDITY (PERCENT)
 HIGHEST    64           200 AM
 LOWEST     23           200 PM
 AVERAGE    44

..........................................................


THE GREAT FALLS MT CLIMATE NORMALS FOR TOMORROW
                         NORMAL    RECORD    YEAR
 MAXIMUM TEMPERATURE (F)   50        78      2004
 MINIMUM TEMPERATURE (F)   27       -14      1936


SUNRISE AND SUNSET
MARCH 29 2015.........SUNRISE   711 AM MDT   SUNSET   751 PM MDT
MARCH 30 2015.........SUNRISE   709 AM MDT   SUNSET   752 PM MDT


-  INDICATES NEGATIVE NUMBERS.
R  INDICATES RECORD WAS SET OR TIED.
MM INDICATES DATA IS MISSING.
T  INDICATES TRACE AMOUNT.




$$
