000
CDUS45 KTFX 301017
CLIGTF


CLIMATE REPORT
NATIONAL WEATHER SERVICE GREAT FALLS MT
416 AM MDT TUE JUN 30 2015


...................................

...THE GREAT FALLS MT CLIMATE SUMMARY FOR JUNE 29 2015...

CLIMATE NORMAL PERIOD 1981 TO 2010
CLIMATE RECORD PERIOD 1886 TO 2015


WEATHER ITEM   OBSERVED TIME   RECORD YEAR NORMAL DEPARTURE LAST
                VALUE   (LST)  VALUE       VALUE  FROM      YEAR
                                                  NORMAL
..................................................................
TEMPERATURE (F)
 YESTERDAY
  MAXIMUM         97    331 PM  98    1937  78     19       73
  MINIMUM         59    439 AM  40    1968  49     10       46
                                      1918
  AVERAGE         78                        63     15       60

PRECIPITATION (IN)
  YESTERDAY        0.04          0.84 1941   0.06  -0.02      T
  MONTH TO DATE    0.44                      2.47  -2.03     4.18
  SINCE OCT 1      9.19                     10.20  -1.01    13.34
  SINCE JAN 1      6.24                      8.20  -1.96    11.29

SNOWFALL (IN)
  YESTERDAY        0.0           0.0  2002   0.0    0.0      0.0
  MONTH TO DATE    0.0                       0.3   -0.3      0.0
  SINCE JUN 1      0.0                       0.3   -0.3      0.0
  SINCE JUL 1     57.9                      63.5   -5.6     76.4
  SNOW DEPTH       0

DEGREE DAYS
 HEATING
  YESTERDAY        0                         4     -4        5
  MONTH TO DATE   82                       187   -105      216
  SINCE JUN 1     82                       187   -105      216
  SINCE JUL 1   6930                      7722   -792     8004

 COOLING
  YESTERDAY       13                         2     11        0
  MONTH TO DATE   80                        31     49        0
  SINCE JUN 1     80                        31     49        0
  SINCE JAN 1     80                        38     42        0
..................................................................


WIND (MPH)
  HIGHEST WIND SPEED    32   HIGHEST WIND DIRECTION    SW (220)
  HIGHEST GUST SPEED    39   HIGHEST GUST DIRECTION    SW (210)
  AVERAGE WIND SPEED     9.1


SKY COVER
  AVERAGE SKY COVER 0.0


WEATHER CONDITIONS
 THE FOLLOWING WEATHER WAS RECORDED YESTERDAY.
  THUNDERSTORM
  RAIN
  LIGHT RAIN


RELATIVE HUMIDITY (PERCENT)
 HIGHEST    60           400 AM
 LOWEST     22           100 PM
 AVERAGE    41

..........................................................


THE GREAT FALLS MT CLIMATE NORMALS FOR TODAY
                         NORMAL    RECORD    YEAR
 MAXIMUM TEMPERATURE (F)   79       101      1990
 MINIMUM TEMPERATURE (F)   49        36      1995


SUNRISE AND SUNSET
JUNE 30 2015..........SUNRISE   532 AM MDT   SUNSET   926 PM MDT
JULY  1 2015..........SUNRISE   532 AM MDT   SUNSET   926 PM MDT


-  INDICATES NEGATIVE NUMBERS.
R  INDICATES RECORD WAS SET OR TIED.
MM INDICATES DATA IS MISSING.
T  INDICATES TRACE AMOUNT.




$$
