000
CDUS45 KTFX 220756
CLIGTF


CLIMATE REPORT
NATIONAL WEATHER SERVICE GREAT FALLS MT
1252 AM MST MON DEC 22 2014


...................................

...THE GREAT FALLS MT CLIMATE SUMMARY FOR DECEMBER 21 2014...

CLIMATE NORMAL PERIOD 1981 TO 2010
CLIMATE RECORD PERIOD 1886 TO 2014


WEATHER ITEM   OBSERVED TIME   RECORD YEAR NORMAL DEPARTURE LAST
                VALUE   (LST)  VALUE       VALUE  FROM      YEAR
                                                  NORMAL
..................................................................
TEMPERATURE (F)
 YESTERDAY
  MAXIMUM         48   1153 AM  65    1933  34     14       28
  MINIMUM         26   1047 PM -35    1990  14     12       10
  AVERAGE         37                        24     13       19

PRECIPITATION (IN)
  YESTERDAY        0.00          0.57 1945   0.02  -0.02      T
  MONTH TO DATE    0.24                      0.37  -0.13     0.87
  SINCE OCT 1      2.09                      1.82   0.27     1.98
  SINCE JAN 1     19.27                     14.57   4.70    11.71

SNOWFALL (IN)
  YESTERDAY        0.0           8.6  1945   0.3   -0.3      0.2
  MONTH TO DATE    2.2                       6.2   -4.0     12.4
  SINCE DEC 1      2.2                       6.2   -4.0     12.4
  SINCE JUL 1     19.6                      19.9   -0.3     22.1
  SNOW DEPTH       0

DEGREE DAYS
 HEATING
  YESTERDAY       28                        41    -13       46
  MONTH TO DATE  664                       838   -174     1009
  SINCE DEC 1    664                       838   -174     1009
  SINCE JUL 1   2553                      2807   -254     2809

 COOLING
  YESTERDAY        0                         0      0        0
  MONTH TO DATE    0                         0      0        0
  SINCE DEC 1      0                         0      0        0
  SINCE JAN 1    350                       298     52      449
..................................................................


WIND (MPH)
  HIGHEST WIND SPEED    33   HIGHEST WIND DIRECTION    SW (240)
  HIGHEST GUST SPEED    40   HIGHEST GUST DIRECTION    SW (240)
  AVERAGE WIND SPEED    18.8


SKY COVER
  AVERAGE SKY COVER 0.2


WEATHER CONDITIONS
 THE FOLLOWING WEATHER WAS RECORDED YESTERDAY.
  NO SIGNIFICANT WEATHER WAS OBSERVED.


RELATIVE HUMIDITY (PERCENT)
 HIGHEST    79           600 AM
 LOWEST     38           300 PM
 AVERAGE    59

..........................................................


THE GREAT FALLS MT CLIMATE NORMALS FOR TODAY
                         NORMAL    RECORD    YEAR
 MAXIMUM TEMPERATURE (F)   34        57      1933
 MINIMUM TEMPERATURE (F)   14       -27      1892


SUNRISE AND SUNSET
DECEMBER 22 2014......SUNRISE   811 AM MST   SUNSET   437 PM MST
DECEMBER 23 2014......SUNRISE   811 AM MST   SUNSET   438 PM MST


-  INDICATES NEGATIVE NUMBERS.
R  INDICATES RECORD WAS SET OR TIED.
MM INDICATES DATA IS MISSING.
T  INDICATES TRACE AMOUNT.




$$
