000
CDUS45 KTFX 281008
CLIGTF


CLIMATE REPORT
NATIONAL WEATHER SERVICE GREAT FALLS MT
407 AM MDT TUE JUL 28 2015


...................................

...THE GREAT FALLS MT CLIMATE SUMMARY FOR JULY 27 2015...

CLIMATE NORMAL PERIOD 1981 TO 2010
CLIMATE RECORD PERIOD 1886 TO 2015


WEATHER ITEM   OBSERVED TIME   RECORD YEAR NORMAL DEPARTURE LAST
                VALUE   (LST)  VALUE       VALUE  FROM      YEAR
                                                  NORMAL
..................................................................
TEMPERATURE (F)
 YESTERDAY
  MAXIMUM         58    207 AM 104    1975  86    -28       89
  MINIMUM         50   1022 PM  40    1892  53     -3       47
  AVERAGE         54                        69    -15       68

PRECIPITATION (IN)
  YESTERDAY        0.72R         0.67 1909   0.04   0.68     0.00
  MONTH TO DATE    1.40                      1.35   0.05     0.78
  SINCE OCT 1     10.59                     11.61  -1.02    14.12
  SINCE JAN 1      7.64                      9.61  -1.97    12.07

SNOWFALL (IN)
  YESTERDAY        0.0           0.0  2002   0.0    0.0      0.0
  MONTH TO DATE    0.0                       0.0    0.0      0.0
  SINCE JUN 1      0.0                       0.3   -0.3      0.0
  SINCE JUL 1      0.0                       0.0    0.0      0.0
  SNOW DEPTH       0

DEGREE DAYS
 HEATING
  YESTERDAY       11                         1     10        0
  MONTH TO DATE   45                        46     -1        5
  SINCE JUN 1    127                       237   -110      228
  SINCE JUL 1     45                        46     -1        5

 COOLING
  YESTERDAY        0                         5     -5        3
  MONTH TO DATE  117                       105     12      135
  SINCE JUN 1    211                       137     74      135
  SINCE JAN 1    211                       144     67      135
..................................................................


WIND (MPH)
  HIGHEST WIND SPEED    17   HIGHEST WIND DIRECTION    NW (320)
  HIGHEST GUST SPEED    20   HIGHEST GUST DIRECTION    NW (330)
  AVERAGE WIND SPEED     8.3


SKY COVER
  AVERAGE SKY COVER 0.8


WEATHER CONDITIONS
 THE FOLLOWING WEATHER WAS RECORDED YESTERDAY.
  HEAVY RAIN
  RAIN
  LIGHT RAIN
  FOG


RELATIVE HUMIDITY (PERCENT)
 HIGHEST    96           900 AM
 LOWEST     83           300 PM
 AVERAGE    90

..........................................................


THE GREAT FALLS MT CLIMATE NORMALS FOR TODAY
                         NORMAL    RECORD    YEAR
 MAXIMUM TEMPERATURE (F)   86       100      2007
                                             2006
                                             1975
 MINIMUM TEMPERATURE (F)   53        40      1894


SUNRISE AND SUNSET
JULY 28 2015..........SUNRISE   558 AM MDT   SUNSET   905 PM MDT
JULY 29 2015..........SUNRISE   559 AM MDT   SUNSET   904 PM MDT


-  INDICATES NEGATIVE NUMBERS.
R  INDICATES RECORD WAS SET OR TIED.
MM INDICATES DATA IS MISSING.
T  INDICATES TRACE AMOUNT.




$$
