000
CDUS45 KTFX 160744
CLIGTF


CLIMATE REPORT
NATIONAL WEATHER SERVICE GREAT FALLS MT
144 AM MDT TUE SEP 16 2014


...................................

...THE GREAT FALLS MT CLIMATE SUMMARY FOR SEPTEMBER 15 2014...

CLIMATE NORMAL PERIOD 1981 TO 2010
CLIMATE RECORD PERIOD 1886 TO 2014


WEATHER ITEM   OBSERVED TIME   RECORD YEAR NORMAL DEPARTURE LAST
                VALUE   (LST)  VALUE       VALUE  FROM      YEAR
                                                  NORMAL
..................................................................
TEMPERATURE (F)
 YESTERDAY
  MAXIMUM         78    337 PM  95    2000  70      8       83
  MINIMUM         39    514 AM  29    1982  42     -3       45
                                      1965
                                      1918
  AVERAGE         59                        56      3       64

PRECIPITATION (IN)
  YESTERDAY        0.00          0.75 1987   0.04  -0.04     0.00
  MONTH TO DATE    0.30                      0.76  -0.46     0.38
  SINCE OCT 1     18.81                     14.09   4.72    12.61
  SINCE JAN 1     16.76                     12.09   4.67     9.27

SNOWFALL (IN)
  YESTERDAY        0.0           2.4  1965   0.0    0.0      0.0
  MONTH TO DATE    T                         0.4   -0.4      0.0
  SINCE SEP 1      T                         0.4   -0.4      0.0
  SINCE JUL 1      T                         0.7   -0.7      0.0
  SNOW DEPTH       0

DEGREE DAYS
 HEATING
  YESTERDAY        6                         9     -3        1
  MONTH TO DATE  185                       106     79        4
  SINCE SEP 1    185                       106     79        4
  SINCE JUL 1    255                       227     28       28

 COOLING
  YESTERDAY        0                         1     -1        0
  MONTH TO DATE    0                        17    -17       64
  SINCE SEP 1      0                        17    -17       64
  SINCE JAN 1    324                       293     31      433
..................................................................


WIND (MPH)
  HIGHEST WIND SPEED    12   HIGHEST WIND DIRECTION     S (180)
  HIGHEST GUST SPEED    15   HIGHEST GUST DIRECTION     S (180)
  AVERAGE WIND SPEED     5.3


SKY COVER
  AVERAGE SKY COVER 0.0


WEATHER CONDITIONS
 THE FOLLOWING WEATHER WAS RECORDED YESTERDAY.
  NO SIGNIFICANT WEATHER WAS OBSERVED.


RELATIVE HUMIDITY (PERCENT)
 HIGHEST    85           500 AM
 LOWEST     21           200 PM
 AVERAGE    53

..........................................................


THE GREAT FALLS MT CLIMATE NORMALS FOR TODAY
                         NORMAL    RECORD    YEAR
 MAXIMUM TEMPERATURE (F)   70        91      2009
 MINIMUM TEMPERATURE (F)   42        27      1965


SUNRISE AND SUNSET
SEPTEMBER 16 2014.....SUNRISE   704 AM MDT   SUNSET   735 PM MDT
SEPTEMBER 17 2014.....SUNRISE   706 AM MDT   SUNSET   733 PM MDT


-  INDICATES NEGATIVE NUMBERS.
R  INDICATES RECORD WAS SET OR TIED.
MM INDICATES DATA IS MISSING.
T  INDICATES TRACE AMOUNT.




$$
