000
CDUS45 KTFX 132330
CLIGTF


CLIMATE REPORT
NATIONAL WEATHER SERVICE GREAT FALLS MT
430 PM MST SAT FEB 13 2016


...................................

...THE GREAT FALLS MT CLIMATE SUMMARY FOR FEBRUARY 13 2016...
VALID TODAY AS OF 0400 PM LOCAL TIME.

CLIMATE NORMAL PERIOD 1981 TO 2010
CLIMATE RECORD PERIOD 1886 TO 2016


WEATHER ITEM   OBSERVED TIME   RECORD YEAR NORMAL DEPARTURE LAST
                VALUE   (LST)  VALUE       VALUE  FROM      YEAR
                                                  NORMAL
..................................................................
TEMPERATURE (F)
 TODAY
  MAXIMUM         50    124 PM  64    2015  38     12       64
                                      1934
  MINIMUM         33    341 AM -34    1936  16     17       35
  AVERAGE         42                        27     15       50

PRECIPITATION (IN)
  TODAY            T             0.43 1958   0.02  -0.02     0.00
  MONTH TO DATE    0.03                      0.20  -0.17     0.12
  SINCE OCT 1      5.75                      2.71   3.04     4.08
  SINCE JAN 1      0.65                      0.71  -0.06     1.13

SNOWFALL (IN)
  TODAY           MM             4.6  1958   0.3   MM        0.0
  MONTH TO DATE    0.1                       3.6   -3.5      0.2
  SINCE DEC 1     22.0                      21.7    0.3     33.3
  SINCE JUL 1     37.9                      35.4    2.5     50.7

DEGREE DAYS
 HEATING
  TODAY           23                        38    -15       15
  MONTH TO DATE  355                       502   -147      367
  SINCE DEC 1   2698                      2984   -286     2670
  SINCE JUL 1   4519                      4953   -434     4559

 COOLING
  TODAY            0                         0      0        0
  MONTH TO DATE    0                         0      0        0
  SINCE DEC 1      0                         0      0        0
  SINCE JAN 1      0                         0      0        0
..................................................................


WIND (MPH)
  HIGHEST WIND SPEED    31   HIGHEST WIND DIRECTION     W (260)
  HIGHEST GUST SPEED    40   HIGHEST GUST DIRECTION     W (250)
  AVERAGE WIND SPEED    17.5


SKY COVER
  AVERAGE SKY COVER 0.3


WEATHER CONDITIONS
 THE FOLLOWING WEATHER WAS RECORDED TODAY.
  NO SIGNIFICANT WEATHER WAS OBSERVED.


RELATIVE HUMIDITY (PERCENT)
 HIGHEST    79           700 AM
 LOWEST     31           300 PM
 AVERAGE    55

..........................................................


THE GREAT FALLS MT CLIMATE NORMALS FOR TOMORROW
                         NORMAL    RECORD    YEAR
 MAXIMUM TEMPERATURE (F)   38        65      1921
 MINIMUM TEMPERATURE (F)   16       -35      1936


SUNRISE AND SUNSET
FEBRUARY 13 2016......SUNRISE   735 AM MST   SUNSET   545 PM MST
FEBRUARY 14 2016......SUNRISE   733 AM MST   SUNSET   547 PM MST


-  INDICATES NEGATIVE NUMBERS.
R  INDICATES RECORD WAS SET OR TIED.
MM INDICATES DATA IS MISSING.
T  INDICATES TRACE AMOUNT.




$$
