000
CDGM40 PGUM 111845
CLIGUM


CLIMATE REPORT
NATIONAL WEATHER SERVICE TIYAN, GUAM
445 AM CHST FRI FEB 12 2016


...................................

...THE GUAM INTERNATIONAL AIRPORT GU CLIMATE SUMMARY FOR FEBRUARY 11 2016...

CLIMATE NORMAL PERIOD 1981 TO 2010
CLIMATE RECORD PERIOD 1945 TO 2016


WEATHER ITEM   OBSERVED TIME   RECORD YEAR NORMAL DEPARTURE LAST
                VALUE   (LST)  VALUE       VALUE  FROM      YEAR
                                                  NORMAL
..................................................................
TEMPERATURE (F)
 YESTERDAY
  MAXIMUM         85   1121 AM  90    1989  85      0       88
  MINIMUM         75    420 AM  70    1953  75      0       75
  AVERAGE         80                        80      0       82

PRECIPITATION (IN)
  YESTERDAY        0.09          1.24 1984   0.16  -0.07     0.00
  MONTH TO DATE    0.54                      1.74  -1.20     0.06
  SINCE DEC 1      6.93                     12.68  -5.75    12.49
  SINCE JAN 1      3.16                      6.70  -3.54     8.62

SNOWFALL (IN)
  YESTERDAY        0.0
  MONTH TO DATE    0.0
  SINCE DEC 1      0.0
  SINCE JUL 1      0.0
  SNOW DEPTH       0

DEGREE DAYS
 HEATING
  YESTERDAY        0                         0      0        0
  MONTH TO DATE    0                         0      0        0
  SINCE DEC 1      0                         0      0        0
  SINCE JUL 1      0                         0      0        0

 COOLING
  YESTERDAY       15                        15      0       17
  MONTH TO DATE  180                       165     15      173
  SINCE DEC 1   1245                      1138    107     1268
  SINCE JAN 1    687                       636     51      690
..................................................................


WIND (MPH)
  RESULTANT WIND SPEED  15   RESULTANT WIND DIRECTION  NE (50)
  HIGHEST WIND SPEED    26   HIGHEST WIND DIRECTION    NE (50)
  HIGHEST GUST SPEED    36   HIGHEST GUST DIRECTION    NE (60)
  AVERAGE WIND SPEED    15.8


SKY COVER
  POSSIBLE SUNSHINE  MM
  AVERAGE SKY COVER 0.8


WEATHER CONDITIONS
 THE FOLLOWING WEATHER WAS RECORDED YESTERDAY.
  LIGHT RAIN
  FOG


RELATIVE HUMIDITY (PERCENT)
 HIGHEST    88          1200 AM
 LOWEST     61          1000 AM
 AVERAGE    75

..........................................................


THE GUAM INTERNATIONAL AIRPORT GU CLIMATE NORMALS FOR TODAY
                         NORMAL    RECORD    YEAR
 MAXIMUM TEMPERATURE (F)   85        90      1992
                                             1985
 MINIMUM TEMPERATURE (F)   75        70      1991
                                             1978


SUNRISE AND SUNSET
FEBRUARY 12 2016......SUNRISE   645 AM CHST  SUNSET   625 PM CHST
FEBRUARY 13 2016......SUNRISE   645 AM CHST  SUNSET   625 PM CHST


-  INDICATES NEGATIVE NUMBERS.
R  INDICATES RECORD WAS SET OR TIED.
MM INDICATES DATA IS MISSING.
T  INDICATES TRACE AMOUNT.




$$
