000
CDGM40 PGUM 071439
CLIGUM


CLIMATE REPORT
NATIONAL WEATHER SERVICE TIYAN, GUAM
1229 AM CHST WED JUL 8 2015


...................................

...THE GUAM INTERNATIONAL AIRPORT GU CLIMATE SUMMARY FOR JULY 7 2015...
VALID TODAY AS OF 1200 AM LOCAL TIME.

CLIMATE NORMAL PERIOD 1981 TO 2010
CLIMATE RECORD PERIOD 1945 TO 2015


WEATHER ITEM   OBSERVED TIME   RECORD YEAR NORMAL DEPARTURE LAST
                VALUE   (LST)  VALUE       VALUE  FROM      YEAR
                                                  NORMAL
..................................................................
TEMPERATURE (F)
 TODAY
  MAXIMUM         87    218 PM  92    2007  87      0       89
                                      1984
  MINIMUM         79    619 AM  72    1992  77      2       80
                                      1951
  AVERAGE         83                        82      1       85

PRECIPITATION (IN)
  TODAY            0.03          1.91 2006   0.35  -0.32     0.20
  MONTH TO DATE   15.42                      2.30  13.12     2.03
  SINCE JUN 1     20.74                      9.39  11.35     8.11
  SINCE JAN 1     50.13                     29.53  20.60    39.15

SNOWFALL (IN)
  TODAY            0.0
  MONTH TO DATE    0.0
  SINCE JUN 1      0.0
  SINCE JUL 1      0.0
  SNOW DEPTH       0

DEGREE DAYS
 HEATING
  TODAY            0
  MONTH TO DATE    0
  SINCE JUN 1      0
  SINCE JUL 1      0

 COOLING
  TODAY           18                        17      1       20
  MONTH TO DATE  118                       119     -1      135
  SINCE JUN 1    666                       648     18      723
  SINCE JAN 1   3171                      3076     95     3359
..................................................................


WIND (MPH)
  RESULTANT WIND SPEED   7   RESULTANT WIND DIRECTION   S (190)
  HIGHEST WIND SPEED    17   HIGHEST WIND DIRECTION     W (250)
  HIGHEST GUST SPEED    22   HIGHEST GUST DIRECTION     W (260)
  AVERAGE WIND SPEED     7.4


SKY COVER
  POSSIBLE SUNSHINE  MM
  AVERAGE SKY COVER 0.5


WEATHER CONDITIONS
 THE FOLLOWING WEATHER WAS RECORDED TODAY.
  FOG


RELATIVE HUMIDITY (PERCENT)
 HIGHEST   100           400 AM
 LOWEST     80           200 PM
 AVERAGE    90

..........................................................


THE GUAM INTERNATIONAL AIRPORT GU CLIMATE NORMALS FOR TOMORROW
                         NORMAL    RECORD    YEAR
 MAXIMUM TEMPERATURE (F)   87        94      2013
 MINIMUM TEMPERATURE (F)   77        71      1992


SUNRISE AND SUNSET
JULY  7 2015..........SUNRISE   559 AM CHST  SUNSET   652 PM CHST
JULY  8 2015..........SUNRISE   559 AM CHST  SUNSET   652 PM CHST


-  INDICATES NEGATIVE NUMBERS.
R  INDICATES RECORD WAS SET OR TIED.
MM INDICATES DATA IS MISSING.
T  INDICATES TRACE AMOUNT.




$$
