000
CDGM40 PGUM 260650
CLIGUM


CLIMATE REPORT
NATIONAL WEATHER SERVICE TIYAN, GUAM
450 PM CHST THU MAY 26 2016


...................................

...THE GUAM INTERNATIONAL AIRPORT GU CLIMATE SUMMARY FOR MAY 26 2016...
VALID TODAY AS OF 0400 PM LOCAL TIME.

CLIMATE NORMAL PERIOD 1981 TO 2010
CLIMATE RECORD PERIOD 1945 TO 2016


WEATHER ITEM   OBSERVED TIME   RECORD YEAR NORMAL DEPARTURE LAST
                VALUE   (LST)  VALUE       VALUE  FROM      YEAR
                                                  NORMAL
..................................................................
TEMPERATURE (F)
 TODAY
  MAXIMUM         91    128 PM  93    1984  88      3       87
  MINIMUM         82    404 AM  72    2003  77      5       75
  AVERAGE         87                        83      4       81

PRECIPITATION (IN)
  TODAY            T             0.81 2008   0.15  -0.15     0.00
  MONTH TO DATE    1.08                      3.53  -2.45     8.35
  SINCE MAR 1      4.02                      9.88  -5.86    19.09
  SINCE JAN 1     10.27                     19.37  -9.10    27.83

SNOWFALL (IN)
  TODAY            0.0
  MONTH TO DATE    0.0
  SINCE MAR 1      0.0
  SINCE JUL 1      0.0
  SNOW DEPTH       0

DEGREE DAYS
 HEATING
  TODAY            0
  MONTH TO DATE    0
  SINCE MAR 1      0
  SINCE JUL 1      0

 COOLING
  TODAY           22                        18      4       16
  MONTH TO DATE  523                       456     67      458
  SINCE MAR 1   1611                      1450    161     1470
  SINCE JAN 1   2583                      2340    243     2423
..................................................................


WIND (MPH)
  RESULTANT WIND SPEED   7   RESULTANT WIND DIRECTION   E (100)
  HIGHEST WIND SPEED    15   HIGHEST WIND DIRECTION     E (110)
  HIGHEST GUST SPEED    18   HIGHEST GUST DIRECTION     E (100)
  AVERAGE WIND SPEED     7.6


SKY COVER
  POSSIBLE SUNSHINE  MM
  AVERAGE SKY COVER 0.2


WEATHER CONDITIONS
 THE FOLLOWING WEATHER WAS RECORDED TODAY.
  NO SIGNIFICANT WEATHER WAS OBSERVED.


RELATIVE HUMIDITY (PERCENT)
 HIGHEST    79           500 AM
 LOWEST     59          1200 PM
 AVERAGE    69

..........................................................


THE GUAM INTERNATIONAL AIRPORT GU CLIMATE NORMALS FOR TOMORROW
                         NORMAL    RECORD    YEAR
 MAXIMUM TEMPERATURE (F)   88        93      2013
                                             1985
 MINIMUM TEMPERATURE (F)   78        71      2015


SUNRISE AND SUNSET
MAY 26 2016...........SUNRISE   553 AM CHST  SUNSET   643 PM CHST
MAY 27 2016...........SUNRISE   553 AM CHST  SUNSET   643 PM CHST


-  INDICATES NEGATIVE NUMBERS.
R  INDICATES RECORD WAS SET OR TIED.
MM INDICATES DATA IS MISSING.
T  INDICATES TRACE AMOUNT.




$$
