000
CDUS44 KAMA 260712
CLIGUY


CLIMATE REPORT
NATIONAL WEATHER SERVICE AMARILLO TX
211 AM CDT SUN MAR 26 2017


...................................

...THE GUYMON CLIMATE SUMMARY FOR MARCH 25 2017...

CLIMATE NORMAL PERIOD 1981 TO 2010
CLIMATE RECORD PERIOD 1998 TO 2017


WEATHER ITEM   OBSERVED TIME   RECORD YEAR NORMAL DEPARTURE LAST
                VALUE   (LST)  VALUE       VALUE  FROM      YEAR
                                                  NORMAL
..................................................................
TEMPERATURE (F)
 YESTERDAY
  MAXIMUM         69    502 PM  MM      MM  64      5       71
  MINIMUM         36    529 AM  MM      MM  34      2       29
  AVERAGE         53                        49      4       50

PRECIPITATION (IN)
  YESTERDAY        0.00         MM      MM   0.04  -0.04     0.00
  MONTH TO DATE    0.28                      1.12  -0.84     0.01
  SINCE MAR 1      0.28                      1.12  -0.84     0.01
  SINCE JAN 1      2.30                      1.99   0.31     0.44

SNOWFALL (IN)
  YESTERDAY        0.0          MM      MM  MM     MM        0.0
  MONTH TO DATE    0.0                      MM     MM        0.0
  SINCE MAR 1      0.0                      MM     MM        0.0
  SINCE JUL 1      0.8                      MM     MM        0.0
  SNOW DEPTH       0

DEGREE DAYS
 HEATING
  YESTERDAY       12                        16     -4       15
  MONTH TO DATE  316                       490   -174      359
  SINCE MAR 1    316                       490   -174      359
  SINCE JUL 1   3219                      3957   -738     3326

 COOLING
  YESTERDAY        0                         0      0        0
  MONTH TO DATE   15                         0     15        6
  SINCE MAR 1     15                         0     15        6
  SINCE JAN 1     23                         0     23        9
..................................................................


WIND (MPH)
  RESULTANT WIND SPEED   6   RESULTANT WIND DIRECTION  NW (330)
  HIGHEST WIND SPEED    23   HIGHEST WIND DIRECTION    NW (320)
  HIGHEST GUST SPEED    28   HIGHEST GUST DIRECTION    NW (330)
  AVERAGE WIND SPEED    10.2


SKY COVER
  AVERAGE SKY COVER 0.1


WEATHER CONDITIONS
 THE FOLLOWING WEATHER WAS RECORDED YESTERDAY.
  NO SIGNIFICANT WEATHER WAS OBSERVED.


RELATIVE HUMIDITY (PERCENT)
 HIGHEST    85           200 AM
 LOWEST     17           500 PM
 AVERAGE    51

..........................................................


THE GUYMON CLIMATE NORMALS FOR TODAY
                         NORMAL    RECORD    YEAR
 MAXIMUM TEMPERATURE (F)   64        MM        MM
 MINIMUM TEMPERATURE (F)   34        MM        MM


SUNRISE AND SUNSET
MARCH 26 2017.........SUNRISE   740 AM CDT   SUNSET   803 PM CDT
MARCH 27 2017.........SUNRISE   739 AM CDT   SUNSET   804 PM CDT


-  INDICATES NEGATIVE NUMBERS.
R  INDICATES RECORD WAS SET OR TIED.
MM INDICATES DATA IS MISSING.
T  INDICATES TRACE AMOUNT.




$$
