000
CDUS44 KAMA 140631
CLIGUY


CLIMATE REPORT
NATIONAL WEATHER SERVICE AMARILLO TX
130 AM CDT MON JUL 14 2014


...................................

...THE GUYMON CLIMATE SUMMARY FOR JULY 13 2014...

CLIMATE NORMAL PERIOD 1981 TO 2010
CLIMATE RECORD PERIOD 1998 TO 2014


WEATHER ITEM   OBSERVED TIME   NORMAL DEPARTURE LAST
                VALUE   (LST)  VALUE  FROM      YEAR
                                      NORMAL
......................................................
TEMPERATURE (F)
 YESTERDAY
  MAXIMUM         93    202 PM  95     -2      103
  MINIMUM         69    536 AM  65      4       69
  AVERAGE         81            80      1       86

PRECIPITATION (IN)
  YESTERDAY        0.24          0.09   0.15     0.00
  MONTH TO DATE    0.32          1.09  -0.77     0.40
  SINCE JUN 1      2.66          4.03  -1.37     3.33
  SINCE JAN 1      6.05         10.28  -4.23     5.68

SNOWFALL (IN)
  YESTERDAY        0.0                           0.0
  MONTH TO DATE    0.0                           0.0
  SINCE JUN 1      0.0                            T
  SINCE JUL 1      0.0                           0.0
  SNOW DEPTH       0

DEGREE DAYS
 HEATING
  YESTERDAY        0             0      0        0
  MONTH TO DATE    0             0      0        0
  SINCE JUN 1      5             8     -3        0
  SINCE JUL 1      0             0      0        0

 COOLING
  YESTERDAY       16            15      1       21
  MONTH TO DATE  199           185     14      215
  SINCE JUN 1    548           465     83      651
  SINCE JAN 1    726           573    153      855
......................................................


WIND (MPH)
  RESULTANT WIND SPEED   3   RESULTANT WIND DIRECTION   N (350)
  HIGHEST WIND SPEED    29   HIGHEST WIND DIRECTION     W (290)
  HIGHEST GUST SPEED    39   HIGHEST GUST DIRECTION     W (290)
  AVERAGE WIND SPEED     7.7


SKY COVER
  AVERAGE SKY COVER 0.4


WEATHER CONDITIONS
 THE FOLLOWING WEATHER WAS RECORDED YESTERDAY.
  THUNDERSTORM
  HEAVY RAIN
  RAIN
  LIGHT RAIN


RELATIVE HUMIDITY (PERCENT)
 HIGHEST    90          1100 PM
 LOWEST     34           200 PM
 AVERAGE    62

..........................................................


THE GUYMON CLIMATE NORMALS FOR TODAY
                         NORMAL
 MAXIMUM TEMPERATURE (F)   95
 MINIMUM TEMPERATURE (F)   65


SUNRISE AND SUNSET
JULY 14 2014..........SUNRISE   638 AM CDT   SUNSET   905 PM CDT
JULY 15 2014..........SUNRISE   639 AM CDT   SUNSET   905 PM CDT


-  INDICATES NEGATIVE NUMBERS.
R  INDICATES RECORD WAS SET OR TIED.
MM INDICATES DATA IS MISSING.
T  INDICATES TRACE AMOUNT.




$$
