000
CDUS44 KAMA 022131
CLIGUY


CLIMATE REPORT
NATIONAL WEATHER SERVICE AMARILLO TX
430 PM CDT SUN AUG 2 2015


...................................

...THE GUYMON CLIMATE SUMMARY FOR AUGUST 2 2015...
VALID TODAY AS OF 0400 PM LOCAL TIME.

CLIMATE NORMAL PERIOD 1981 TO 2010
CLIMATE RECORD PERIOD 1998 TO 2015


WEATHER ITEM   OBSERVED TIME   RECORD YEAR NORMAL DEPARTURE LAST
                VALUE   (LST)  VALUE       VALUE  FROM      YEAR
                                                  NORMAL
..................................................................
TEMPERATURE (F)
 TODAY
  MAXIMUM         90    234 PM  MM      MM  93     -3       90
  MINIMUM         63    224 AM  MM      MM  66     -3       63
  AVERAGE         77                        79     -2       77

PRECIPITATION (IN)
  TODAY            2.03         MM      MM   0.08   1.95     0.00
  MONTH TO DATE    2.32                      0.15   2.17     0.00
  SINCE JUN 1      9.11                      5.75   3.36     4.32
  SINCE JAN 1     20.06                     12.00   8.06     7.71

SNOWFALL (IN)
  TODAY            0.0          MM      MM  MM     MM        0.0
  MONTH TO DATE    0.0                      MM     MM        0.0
  SINCE JUN 1      0.0                      MM     MM        0.0
  SINCE JUL 1      0.0                      MM     MM        0.0
  SNOW DEPTH       0

DEGREE DAYS
 HEATING
  TODAY            0                         0      0        0
  MONTH TO DATE    0                         0      0        0
  SINCE JUN 1      0                         8     -8        9
  SINCE JUL 1      0                         0      0        4

 COOLING
  TODAY           12                        14     -2       12
  MONTH TO DATE   25                        29     -4       20
  SINCE JUN 1    880                       763    117      795
  SINCE JAN 1    944                       871     73      973
..................................................................


WIND (MPH)
  RESULTANT WIND SPEED   7   RESULTANT WIND DIRECTION   S (180)
  HIGHEST WIND SPEED    37   HIGHEST WIND DIRECTION     S (200)
  HIGHEST GUST SPEED    47   HIGHEST GUST DIRECTION     S (200)
  AVERAGE WIND SPEED     8.2


SKY COVER
  AVERAGE SKY COVER 0.2


WEATHER CONDITIONS
 THE FOLLOWING WEATHER WAS RECORDED TODAY.
  THUNDERSTORM
  HEAVY RAIN
  RAIN
  LIGHT RAIN
  FOG


RELATIVE HUMIDITY (PERCENT)
 HIGHEST    93           200 AM
 LOWEST     50           100 PM
 AVERAGE    72

..........................................................


THE GUYMON CLIMATE NORMALS FOR TOMORROW
                         NORMAL    RECORD    YEAR
 MAXIMUM TEMPERATURE (F)   93        MM        MM
 MINIMUM TEMPERATURE (F)   66        MM        MM


SUNRISE AND SUNSET
AUGUST  2 2015........SUNRISE   653 AM CDT   SUNSET   852 PM CDT
AUGUST  3 2015........SUNRISE   653 AM CDT   SUNSET   851 PM CDT


-  INDICATES NEGATIVE NUMBERS.
R  INDICATES RECORD WAS SET OR TIED.
MM INDICATES DATA IS MISSING.
T  INDICATES TRACE AMOUNT.




$$
