000
CDUS44 KAMA 042250
CLIGUY


CLIMATE REPORT
NATIONAL WEATHER SERVICE AMARILLO TX
449 PM CST WED MAR 4 2015


...................................

...THE GUYMON CLIMATE SUMMARY FOR MARCH 4 2015...
VALID TODAY AS OF 0400 PM LOCAL TIME.

CLIMATE NORMAL PERIOD 1981 TO 2010
CLIMATE RECORD PERIOD 1998 TO 2015


WEATHER ITEM   OBSERVED TIME   RECORD YEAR NORMAL DEPARTURE LAST
                VALUE   (LST)  VALUE       VALUE  FROM      YEAR
                                                  NORMAL
..................................................................
TEMPERATURE (F)
 TODAY
  MAXIMUM         29   1249 AM  MM      MM  57    -28       68
  MINIMUM         21    944 AM  MM      MM  28     -7       21
  AVERAGE         25                        43    -18       45

PRECIPITATION (IN)
  TODAY            0.08         MM      MM   0.04   0.04     0.00
  MONTH TO DATE    0.19                      0.13   0.06     0.18
  SINCE MAR 1      0.19                      0.13   0.06     0.18
  SINCE JAN 1      2.14                      1.00   1.14     0.52

SNOWFALL (IN)
  TODAY            2.0          MM      MM  MM     MM        0.0
  MONTH TO DATE    2.0                      MM     MM        1.5
  SINCE MAR 1      2.0                      MM     MM        1.5
  SINCE JUL 1     23.3                      MM     MM       14.2
  SNOW DEPTH       2

DEGREE DAYS
 HEATING
  TODAY           40                        22     18       20
  MONTH TO DATE  131                        91     40      161
  SINCE MAR 1    131                        91     40      161
  SINCE JUL 1   3348                      3558   -210     3727

 COOLING
  TODAY            0                         0      0        0
  MONTH TO DATE    0                         0      0        0
  SINCE MAR 1      0                         0      0        0
  SINCE JAN 1      0                         0      0        0
..................................................................


WIND (MPH)
  RESULTANT WIND SPEED  14   RESULTANT WIND DIRECTION  NE (40)
  HIGHEST WIND SPEED    23   HIGHEST WIND DIRECTION    NE (30)
  HIGHEST GUST SPEED    28   HIGHEST GUST DIRECTION    NE (30)
  AVERAGE WIND SPEED    14.4


SKY COVER
  AVERAGE SKY COVER 1.0


WEATHER CONDITIONS
 THE FOLLOWING WEATHER WAS RECORDED TODAY.
  LIGHT SNOW
  FOG


RELATIVE HUMIDITY (PERCENT)
 HIGHEST    92          1200 AM
 LOWEST     68           200 PM
 AVERAGE    80

..........................................................


THE GUYMON CLIMATE NORMALS FOR TOMORROW
                         NORMAL    RECORD    YEAR
 MAXIMUM TEMPERATURE (F)   58        MM        MM
 MINIMUM TEMPERATURE (F)   28        MM        MM


SUNRISE AND SUNSET
MARCH  4 2015.........SUNRISE   713 AM CST   SUNSET   643 PM CST
MARCH  5 2015.........SUNRISE   712 AM CST   SUNSET   644 PM CST


-  INDICATES NEGATIVE NUMBERS.
R  INDICATES RECORD WAS SET OR TIED.
MM INDICATES DATA IS MISSING.
T  INDICATES TRACE AMOUNT.




$$
