000
CDUS44 KAMA 262252
CLIGUY


CLIMATE REPORT
NATIONAL WEATHER SERVICE AMARILLO TX
450 PM CST WED NOV 26 2014


...THE GUYMON CLIMATE SUMMARY FOR NOVEMBER 26 2014...
VALID TODAY AS OF 400 PM LOCAL TIME.

CLIMATE NORMAL PERIOD 1981 TO 2010
CLIMATE RECORD PERIOD 1998 TO 2014


WEATHER ITEM   OBSERVED TIME   NORMAL DEPARTURE LAST
                VALUE   (LST)  VALUE  FROM      YEAR
                                      NORMAL
......................................................
TEMPERATURE (F)
 TODAY
  MAXIMUM         50    331 PM  55     -5       42
  MINIMUM         30    746 AM  27      3       23
  AVERAGE         40            41     -1       33

PRECIPITATION (IN)
  TODAY            0.00          0.01  -0.01     0.00
  MONTH TO DATE    0.14          0.48  -0.34     0.68
  SINCE SEP 1      3.87          3.84   0.03     4.45
  SINCE JAN 1     12.31         18.61  -6.30    15.00

SNOWFALL (IN)
  TODAY            0.0                           0.0
  MONTH TO DATE    3.0                           3.7
  SINCE SEP 1      3.0                           3.7
  SINCE JUL 1      3.0                           3.7
  SNOW DEPTH       0

DEGREE DAYS
 HEATING
  TODAY           25            24      1       32
  MONTH TO DATE  569           481     88      522
  SINCE SEP 1    739           789    -50      793
  SINCE JUL 1    743           790    -47      793

 COOLING
  TODAY            0             0      0        0
  MONTH TO DATE    0             0      0        0
  SINCE SEP 1    260           232     28      295
  SINCE JAN 1   1706          1481    225     1846
..........................................................


WIND (MPH)
  RESULTANT WIND SPEED  12   RESULTANT WIND DIRECTION  NW (330)
  HIGHEST WIND SPEED    25   HIGHEST WIND DIRECTION     N (340)
  HIGHEST GUST SPEED    30   HIGHEST GUST DIRECTION    NW (330)
  AVERAGE WIND SPEED   14.0


SKY COVER
  AVERAGE SKY COVER 0.0


WEATHER CONDITIONS
 THE FOLLOWING WEATHER WAS RECORDED TODAY.
  NO SIGNIFICANT WEATHER WAS OBSERVED.


RELATIVE HUMIDITY (PERCENT)
 HIGHEST    85           700 AM
 LOWEST     31           300 PM
 AVERAGE    58

..........................................................


THE GUYMON CLIMATE NORMALS FOR TOMORROW
                         NORMAL
 MAXIMUM TEMPERATURE (F)   55
 MINIMUM TEMPERATURE (F)   26


SUNRISE AND SUNSET
NOVEMBER 26 2014......SUNRISE   735 AM CST   SUNSET   531 PM CST
NOVEMBER 27 2014......SUNRISE   736 AM CST   SUNSET   531 PM CST


-  INDICATES NEGATIVE NUMBERS.
R  INDICATES RECORD WAS SET OR TIED.
MM INDICATES DATA IS MISSING.
T  INDICATES TRACE AMOUNT.


$$
