698
CDUS44 KAMA 102229
CLIGUY


CLIMATE REPORT
NATIONAL WEATHER SERVICE AMARILLO TX
428 PM CST SAT DEC 10 2016


...................................

...THE GUYMON CLIMATE SUMMARY FOR DECEMBER 10 2016...
VALID TODAY AS OF 0430 PM LOCAL TIME.

CLIMATE NORMAL PERIOD 1981 TO 2010
CLIMATE RECORD PERIOD 1998 TO 2016


WEATHER ITEM   OBSERVED TIME   RECORD YEAR NORMAL DEPARTURE LAST
                VALUE   (LST)  VALUE       VALUE  FROM      YEAR
                                                  NORMAL
..................................................................
TEMPERATURE (F)
 TODAY
  MAXIMUM         69R   358 PM  64    2015  49     20       64
                                      2001
  MINIMUM         17    511 AM   1    2009  22     -5       40
  AVERAGE         43                        36      7       52

PRECIPITATION (IN)
  TODAY            0.00         MM      MM   0.02  -0.02     0.00
  MONTH TO DATE    0.14                      0.30  -0.16     0.00
  SINCE DEC 1      0.14                      0.30  -0.16     0.00
  SINCE JAN 1     15.26                     18.96  -3.70    29.99

SNOWFALL (IN)
  TODAY            0.0          MM      MM  MM     MM        0.0
  MONTH TO DATE    0.0                      MM     MM        0.0
  SINCE DEC 1      0.0                      MM     MM        0.0
  SINCE JUL 1      0.0                      MM     MM        0.0
  SNOW DEPTH       0

DEGREE DAYS
 HEATING
  TODAY           22                        29     -7       13
  MONTH TO DATE  313                       279     34      199
  SINCE DEC 1    313                       279     34      199
  SINCE JUL 1    851                      1170   -319      913

 COOLING
  TODAY            0                         0      0        0
  MONTH TO DATE    0                         0      0        0
  SINCE DEC 1      0                         0      0        0
  SINCE JAN 1   1807                      1482    325     1662
..................................................................


WIND (MPH)
  RESULTANT WIND SPEED   6   RESULTANT WIND DIRECTION   S (170)
  HIGHEST WIND SPEED    21   HIGHEST WIND DIRECTION     S (200)
  HIGHEST GUST SPEED    27   HIGHEST GUST DIRECTION     S (200)
  AVERAGE WIND SPEED     7.6


SKY COVER
  AVERAGE SKY COVER 0.1


WEATHER CONDITIONS
 THE FOLLOWING WEATHER WAS RECORDED TODAY.
  NO SIGNIFICANT WEATHER WAS OBSERVED.


RELATIVE HUMIDITY (PERCENT)
 HIGHEST   100           400 AM
 LOWEST     22           300 PM
 AVERAGE    61

..........................................................


THE GUYMON CLIMATE NORMALS FOR TOMORROW
                         NORMAL    RECORD    YEAR
 MAXIMUM TEMPERATURE (F)   49        77      2015
 MINIMUM TEMPERATURE (F)   22         5      2000


SUNRISE AND SUNSET
DECEMBER 10 2016......SUNRISE   748 AM CST   SUNSET   530 PM CST
DECEMBER 11 2016......SUNRISE   749 AM CST   SUNSET   530 PM CST


-  INDICATES NEGATIVE NUMBERS.
R  INDICATES RECORD WAS SET OR TIED.
MM INDICATES DATA IS MISSING.
T  INDICATES TRACE AMOUNT.




$$
