000
CDUS44 KAMA 172231
CLIGUY


CLIMATE REPORT
NATIONAL WEATHER SERVICE AMARILLO TX
431 PM CST FRI NOV 17 2017


...................................

...THE GUYMON CLIMATE SUMMARY FOR NOVEMBER 17 2017...
VALID TODAY AS OF 0400 PM LOCAL TIME.

CLIMATE NORMAL PERIOD 1981 TO 2010
CLIMATE RECORD PERIOD 1998 TO 2017


WEATHER ITEM   OBSERVED TIME   RECORD YEAR NORMAL DEPARTURE LAST
                VALUE   (LST)  VALUE       VALUE  FROM      YEAR
                                                  NORMAL
..................................................................
TEMPERATURE (F)
 TODAY
  MAXIMUM         84R   416 PM  82    2016  60     24       82
  MINIMUM         45   1257 AM  11    2014  30     15       38
  AVERAGE         65                        45     20       60

PRECIPITATION (IN)
  TODAY            0.00          0.26 2004   0.02  -0.02     0.00
  MONTH TO DATE    0.00                      0.34  -0.34      T
  SINCE SEP 1      6.13                      3.70   2.43     0.66
  SINCE JAN 1     21.69                     18.47   3.22    15.10

SNOWFALL (IN)
  TODAY            0.0          MM      MM  MM     MM        0.0
  MONTH TO DATE    0.0                      MM     MM        0.0
  SINCE SEP 1      0.0                      MM     MM        0.0
  SINCE JUL 1      0.0                      MM     MM        0.0
  SNOW DEPTH       0

DEGREE DAYS
 HEATING
  TODAY            0                        20    -20        5
  MONTH TO DATE  259                       281    -22      166
  SINCE SEP 1    529                       589    -60      279
  SINCE JUL 1    529                       590    -61      279

 COOLING
  TODAY            0                         0      0        0
  MONTH TO DATE    0                         0      0        0
  SINCE SEP 1    271                       232     39      370
  SINCE JAN 1   1592                      1481    111     1807
..................................................................


WIND (MPH)
  RESULTANT WIND SPEED  15   RESULTANT WIND DIRECTION  SW (230)
  HIGHEST WIND SPEED    29   HIGHEST WIND DIRECTION    SW (220)
  HIGHEST GUST SPEED    34   HIGHEST GUST DIRECTION    SW (220)
  AVERAGE WIND SPEED    15.4


SKY COVER
  AVERAGE SKY COVER 0.0


WEATHER CONDITIONS
 THE FOLLOWING WEATHER WAS RECORDED TODAY.
  NO SIGNIFICANT WEATHER WAS OBSERVED.


RELATIVE HUMIDITY (PERCENT)
 HIGHEST    76          1200 AM
 LOWEST     17           300 PM
 AVERAGE    47

..........................................................


THE GUYMON CLIMATE NORMALS FOR TOMORROW
                         NORMAL    RECORD    YEAR
 MAXIMUM TEMPERATURE (F)   60        79      2007
 MINIMUM TEMPERATURE (F)   30        16      2014


SUNRISE AND SUNSET
NOVEMBER 17 2017......SUNRISE   726 AM CST   SUNSET   536 PM CST
NOVEMBER 18 2017......SUNRISE   727 AM CST   SUNSET   535 PM CST


-  INDICATES NEGATIVE NUMBERS.
R  INDICATES RECORD WAS SET OR TIED.
MM INDICATES DATA IS MISSING.
T  INDICATES TRACE AMOUNT.




$$
