000
CDUS44 KAMA 302138
CLIGUY


CLIMATE REPORT
NATIONAL WEATHER SERVICE AMARILLO TX
436 PM CDT TUE JUN 30 2015


...................................

...THE GUYMON CLIMATE SUMMARY FOR JUNE 30 2015...
VALID TODAY AS OF 0400 PM LOCAL TIME.

CLIMATE NORMAL PERIOD 1981 TO 2010
CLIMATE RECORD PERIOD 1998 TO 2015


WEATHER ITEM   OBSERVED TIME   RECORD YEAR NORMAL DEPARTURE LAST
                VALUE   (LST)  VALUE       VALUE  FROM      YEAR
                                                  NORMAL
..................................................................
TEMPERATURE (F)
 TODAY
  MAXIMUM         96    255 PM  MM      MM  92      4      103
  MINIMUM         59    520 AM  MM      MM  64     -5       67
  AVERAGE         78                        78      0       85

PRECIPITATION (IN)
  TODAY            0.00         MM      MM   0.05  -0.05     0.26
  MONTH TO DATE    1.69                      2.94  -1.25     2.34
  SINCE JUN 1      1.69                      2.94  -1.25     2.34
  SINCE JAN 1     12.64                      9.19   3.45     5.73

SNOWFALL (IN)
  TODAY            0.0          MM      MM  MM     MM        0.0
  MONTH TO DATE    0.0                      MM     MM        0.0
  SINCE JUN 1      0.0                      MM     MM        0.0
  SINCE JUL 1     23.3                      MM     MM       16.2
  SNOW DEPTH       0

DEGREE DAYS
 HEATING
  TODAY            0                         0      0        0
  MONTH TO DATE    0                         6     -6        5
  SINCE JUN 1      0                         8     -8        5
  SINCE JUL 1   3998                      4457   -459     4537

 COOLING
  TODAY           13                        13      0       20
  MONTH TO DATE  381                       280    101      349
  SINCE JUN 1    381                       280    101      349
  SINCE JAN 1    445                       388     57      527
..................................................................


WIND (MPH)
  RESULTANT WIND SPEED   7   RESULTANT WIND DIRECTION   S (200)
  HIGHEST WIND SPEED    17   HIGHEST WIND DIRECTION     S (190)
  HIGHEST GUST SPEED    23   HIGHEST GUST DIRECTION     S (200)
  AVERAGE WIND SPEED     7.6


SKY COVER
  AVERAGE SKY COVER 0.0


WEATHER CONDITIONS
 THE FOLLOWING WEATHER WAS RECORDED TODAY.
  NO SIGNIFICANT WEATHER WAS OBSERVED.


RELATIVE HUMIDITY (PERCENT)
 HIGHEST    78           400 AM
 LOWEST     19           300 PM
 AVERAGE    49

..........................................................


THE GUYMON CLIMATE NORMALS FOR TOMORROW
                         NORMAL    RECORD    YEAR
 MAXIMUM TEMPERATURE (F)   93        MM        MM
 MINIMUM TEMPERATURE (F)   64        MM        MM


SUNRISE AND SUNSET
JUNE 30 2015..........SUNRISE   630 AM CDT   SUNSET   909 PM CDT
JULY  1 2015..........SUNRISE   631 AM CDT   SUNSET   909 PM CDT


-  INDICATES NEGATIVE NUMBERS.
R  INDICATES RECORD WAS SET OR TIED.
MM INDICATES DATA IS MISSING.
T  INDICATES TRACE AMOUNT.




$$
