875
CDUS44 KAMA 182231
CLIGUY


CLIMATE REPORT
NATIONAL WEATHER SERVICE AMARILLO TX
431 PM CST THU JAN 18 2018


...................................

...THE GUYMON CLIMATE SUMMARY FOR JANUARY 18 2018...
VALID TODAY AS OF 0400 PM LOCAL TIME.

CLIMATE NORMAL PERIOD 1981 TO 2010
CLIMATE RECORD PERIOD 1998 TO 2018


WEATHER ITEM   OBSERVED TIME   RECORD YEAR NORMAL DEPARTURE LAST
                VALUE   (LST)  VALUE       VALUE  FROM      YEAR
                                                  NORMAL
..................................................................
TEMPERATURE (F)
 TODAY
  MAXIMUM         65    259 PM  72    2006  50     15       59
  MINIMUM         15    822 AM   7    2001  22     -7       35
  AVERAGE         40                        36      4       47

PRECIPITATION (IN)
  TODAY            0.00         MM      MM   0.01  -0.01     0.00
  MONTH TO DATE    0.01                      0.15  -0.14     1.84
  SINCE DEC 1      0.04                      0.79  -0.75     2.28
  SINCE JAN 1      0.01                      0.15  -0.14     1.84

SNOWFALL (IN)
  TODAY            0.0          MM      MM  MM     MM        0.0
  MONTH TO DATE    0.0                      MM     MM        0.0
  SINCE DEC 1      T                        MM     MM        0.8
  SINCE JUL 1      T                        MM     MM        0.8
  SNOW DEPTH       0

DEGREE DAYS
 HEATING
  TODAY           25                        29     -4       18
  MONTH TO DATE  563                       539     24      585
  SINCE DEC 1   1454                      1465    -11     1537
  SINCE JUL 1   2182                      2356   -174     2075

 COOLING
  TODAY            0                         0      0        0
  MONTH TO DATE    0                         0      0        0
  SINCE DEC 1      0                         0      0        0
  SINCE JAN 1      0                         0      0        0
..................................................................


WIND (MPH)
  RESULTANT WIND SPEED   6   RESULTANT WIND DIRECTION  SW (220)
  HIGHEST WIND SPEED    14   HIGHEST WIND DIRECTION    SW (240)
  HIGHEST GUST SPEED    18   HIGHEST GUST DIRECTION    SW (240)
  AVERAGE WIND SPEED     6.6


SKY COVER
  AVERAGE SKY COVER 0.0


WEATHER CONDITIONS
 THE FOLLOWING WEATHER WAS RECORDED TODAY.
  NO SIGNIFICANT WEATHER WAS OBSERVED.


RELATIVE HUMIDITY (PERCENT)
 HIGHEST    73           700 AM
 LOWEST      7           300 PM
 AVERAGE    40

..........................................................


THE GUYMON CLIMATE NORMALS FOR TOMORROW
                         NORMAL    RECORD    YEAR
 MAXIMUM TEMPERATURE (F)   50        72      2014
 MINIMUM TEMPERATURE (F)   22        12      2001


SUNRISE AND SUNSET
JANUARY 18 2018.......SUNRISE   756 AM CST   SUNSET   557 PM CST
JANUARY 19 2018.......SUNRISE   756 AM CST   SUNSET   558 PM CST


-  INDICATES NEGATIVE NUMBERS.
R  INDICATES RECORD WAS SET OR TIED.
MM INDICATES DATA IS MISSING.
T  INDICATES TRACE AMOUNT.




$$
