975
CDUS44 KJAN 230704
CLIGWO


CLIMATE REPORT
NATIONAL WEATHER SERVICE JACKSON MS
103 AM CST MON JAN 23 2017


...................................

...THE GREENWOOD CLIMATE SUMMARY FOR JANUARY 22 2017...

CLIMATE NORMAL PERIOD 1981 TO 2010
CLIMATE RECORD PERIOD 1948 TO 2017


WEATHER ITEM   OBSERVED TIME   RECORD YEAR NORMAL DEPARTURE LAST
                VALUE   (LST)  VALUE       VALUE  FROM      YEAR
                                                  NORMAL
..................................................................
TEMPERATURE (F)
 YESTERDAY
  MAXIMUM         58    240 PM  73    2012  54      4       41
                                      1971
  MINIMUM         50    259 PM  16    2014  33     17       32
                                      1984
  AVERAGE         54                        43     11       37

PRECIPITATION (IN)
  YESTERDAY        0.86          1.80 1982   0.14   0.72     0.16
  MONTH TO DATE    4.22                      3.16   1.06     2.02
  SINCE DEC 1      8.91                      8.81   0.10     7.12
  SINCE JAN 1      4.22                      3.16   1.06     2.02

SNOWFALL (IN)
  YESTERDAY        0.0

DEGREE DAYS
 HEATING
  YESTERDAY       11                        22    -11       28
  MONTH TO DATE  251                       484   -233      521
  SINCE DEC 1    784                      1082   -298      827
  SINCE JUL 1   1076                      1550   -474     1055

 COOLING
  YESTERDAY        0                         0      0        0
  MONTH TO DATE   10                         0     10        0
  SINCE DEC 1     23                         5     18       65
  SINCE JAN 1     10                         0     10        0
..................................................................


WIND (MPH)
  HIGHEST WIND SPEED    20   HIGHEST WIND DIRECTION    NW (330)
  HIGHEST GUST SPEED    33   HIGHEST GUST DIRECTION    NW (300)
  AVERAGE WIND SPEED     7.3


SKY COVER
  POSSIBLE SUNSHINE  MM
  AVERAGE SKY COVER 0.7


WEATHER CONDITIONS
 THE FOLLOWING WEATHER WAS RECORDED YESTERDAY.
  THUNDERSTORM
  HEAVY RAIN
  RAIN
  LIGHT RAIN
  FOG
  HAZE


RELATIVE HUMIDITY (PERCENT)
 HIGHEST    93           200 AM
 LOWEST     72           200 PM
 AVERAGE    83

..........................................................


THE GREENWOOD CLIMATE NORMALS FOR TODAY
                         NORMAL    RECORD    YEAR
 MAXIMUM TEMPERATURE (F)   54        78      2002
 MINIMUM TEMPERATURE (F)   33         9      1963


SUNRISE AND SUNSET
JANUARY 23 2017.......SUNRISE   702 AM CST   SUNSET   523 PM CST
JANUARY 24 2017.......SUNRISE   701 AM CST   SUNSET   524 PM CST


-  INDICATES NEGATIVE NUMBERS.
R  INDICATES RECORD WAS SET OR TIED.
MM INDICATES DATA IS MISSING.
T  INDICATES TRACE AMOUNT.




$$
