693
CDUS44 KJAN 200729
CLIGWO


CLIMATE REPORT
NATIONAL WEATHER SERVICE JACKSON MS
228 AM CDT FRI OCT 20 2017


...................................

...THE GREENWOOD CLIMATE SUMMARY FOR OCTOBER 19 2017...

CLIMATE NORMAL PERIOD 1981 TO 2010
CLIMATE RECORD PERIOD 1948 TO 2017


WEATHER ITEM   OBSERVED TIME   RECORD YEAR NORMAL DEPARTURE LAST
                VALUE   (LST)  VALUE       VALUE  FROM      YEAR
                                                  NORMAL
..................................................................
TEMPERATURE (F)
 YESTERDAY
  MAXIMUM         80    235 PM  90    2016  76      4       90
  MINIMUM         42    320 AM  30    1948  51     -9       62
  AVERAGE         61                        63     -2       76

PRECIPITATION (IN)
  YESTERDAY        0.00          0.97 1970   0.13  -0.13     0.00
  MONTH TO DATE    0.10                      2.37  -2.27     0.08
  SINCE SEP 1      2.41                      6.03  -3.62     1.96
  SINCE JAN 1     38.27                     40.10  -1.83    38.46

SNOWFALL (IN)
  YESTERDAY        0.0

DEGREE DAYS
 HEATING
  YESTERDAY        4                         4      0        0
  MONTH TO DATE   23                        51    -28        5
  SINCE SEP 1     25                        63    -38        5
  SINCE JUL 1     25                        63    -38        5

 COOLING
  YESTERDAY        0                         2     -2       11
  MONTH TO DATE  146                        73     73      129
  SINCE SEP 1    452                       378     74      556
  SINCE JAN 1   2287                      2120    167     2503
..................................................................


WIND (MPH)
  HIGHEST WIND SPEED     9   HIGHEST WIND DIRECTION     E (100)
  HIGHEST GUST SPEED    12   HIGHEST GUST DIRECTION    SE (120)
  AVERAGE WIND SPEED     2.9


SKY COVER
  POSSIBLE SUNSHINE  MM
  AVERAGE SKY COVER 0.0


WEATHER CONDITIONS
 THE FOLLOWING WEATHER WAS RECORDED YESTERDAY.
  NO SIGNIFICANT WEATHER WAS OBSERVED.


RELATIVE HUMIDITY (PERCENT)
 HIGHEST   100           300 AM
 LOWEST     35           200 PM
 AVERAGE    68

..........................................................


THE GREENWOOD CLIMATE NORMALS FOR TODAY
                         NORMAL    RECORD    YEAR
 MAXIMUM TEMPERATURE (F)   76        88      1983
 MINIMUM TEMPERATURE (F)   50        31      1989


SUNRISE AND SUNSET
OCTOBER 20 2017.......SUNRISE   709 AM CDT   SUNSET   620 PM CDT
OCTOBER 21 2017.......SUNRISE   710 AM CDT   SUNSET   619 PM CDT


-  INDICATES NEGATIVE NUMBERS.
R  INDICATES RECORD WAS SET OR TIED.
MM INDICATES DATA IS MISSING.
T  INDICATES TRACE AMOUNT.




$$
