000
CDUS44 KJAN 022212
CLIGWO


CLIMATE REPORT
NATIONAL WEATHER SERVICE JACKSON MS
510 PM CDT TUE SEP 2 2014


...................................

...THE GREENWOOD CLIMATE SUMMARY FOR SEPTEMBER 2 2014...
VALID AS OF 0500 PM LOCAL TIME.

CLIMATE NORMAL PERIOD 1981 TO 2010
CLIMATE RECORD PERIOD 1948 TO 2014


WEATHER ITEM   OBSERVED TIME   RECORD YEAR NORMAL DEPARTURE LAST
                VALUE   (LST)  VALUE       VALUE  FROM      YEAR
                                                  NORMAL
..................................................................
TEMPERATURE (F)
 TODAY
  MAXIMUM         86   1015 AM 101    2000  91     -5       87
  MINIMUM         74    534 AM  52    1987  67      7       72
  AVERAGE         80

PRECIPITATION (IN)
  TODAY            0.28          2.51 2001   0.11   0.17     0.23
  MONTH TO DATE    0.28                      0.22   0.06     0.23
  SINCE SEP 1      0.28                      0.22   0.06     0.23
  SINCE JAN 1     41.04                     34.29   6.75    38.48

..................................................................










-  INDICATES NEGATIVE NUMBERS.
R  INDICATES RECORD WAS SET OR TIED.
MM INDICATES DATA IS MISSING.
T  INDICATES TRACE AMOUNT.




$$
