000
CDUS44 KJAN 302111
CLIGWO


CLIMATE REPORT
NATIONAL WEATHER SERVICE JACKSON MS
409 PM CDT SUN APR 30 2017


...................................

...THE GREENWOOD CLIMATE SUMMARY FOR APRIL 30 2017...
VALID TODAY AS OF 0400 PM LOCAL TIME.

CLIMATE NORMAL PERIOD 1981 TO 2010
CLIMATE RECORD PERIOD 1948 TO 2017


WEATHER ITEM   OBSERVED TIME   RECORD YEAR NORMAL DEPARTURE LAST
                VALUE   (LST)  VALUE       VALUE  FROM      YEAR
                                                  NORMAL
..................................................................
TEMPERATURE (F)
 TODAY
  MAXIMUM         78    511 AM  92    1987  79     -1       77
  MINIMUM         66    900 AM  44    1996  56     10       66
  AVERAGE         72                        67      5       72

PRECIPITATION (IN)
  TODAY            1.10          2.22 1978   0.17   0.93     0.47
  MONTH TO DATE    5.96                      5.13   0.83     4.35
  SINCE MAR 1      9.93                      9.44   0.49    16.85
  SINCE JAN 1     18.21                     18.38  -0.17    24.30

SNOWFALL (IN)
  TODAY            0.0

DEGREE DAYS
 HEATING
  TODAY            0                         2     -2        0
  MONTH TO DATE   43                       124    -81       62
  SINCE MAR 1    275                       440   -165      252
  SINCE JUL 1   1758                      2671   -913     1913

 COOLING
  TODAY            7                         4      3        7
  MONTH TO DATE  143                        76     67       84
  SINCE MAR 1    204                        97    107      123
  SINCE JAN 1    238                       102    136      131
..................................................................


WIND (MPH)
  HIGHEST WIND SPEED    45   HIGHEST WIND DIRECTION     S (160)
  HIGHEST GUST SPEED    71   HIGHEST GUST DIRECTION     S (190)
  AVERAGE WIND SPEED    14.6


SKY COVER
  POSSIBLE SUNSHINE  MM
  AVERAGE SKY COVER 0.8


WEATHER CONDITIONS
 THE FOLLOWING WEATHER WAS RECORDED TODAY.
  THUNDERSTORM
  HEAVY RAIN
  RAIN
  LIGHT RAIN
  FOG


RELATIVE HUMIDITY (PERCENT)
 HIGHEST    93           700 AM
 LOWEST     74          1200 AM
 AVERAGE    84

..........................................................


THE GREENWOOD CLIMATE NORMALS FOR TOMORROW
                         NORMAL    RECORD    YEAR
 MAXIMUM TEMPERATURE (F)   79        90      1959
 MINIMUM TEMPERATURE (F)   56        39      2005


SUNRISE AND SUNSET
APRIL 30 2017.........SUNRISE   613 AM CDT   SUNSET   743 PM CDT
MAY  1 2017...........SUNRISE   612 AM CDT   SUNSET   744 PM CDT


-  INDICATES NEGATIVE NUMBERS.
R  INDICATES RECORD WAS SET OR TIED.
MM INDICATES DATA IS MISSING.
T  INDICATES TRACE AMOUNT.




$$
