000
CDUS44 KJAN 182231
CLIGWO


CLIMATE REPORT
NATIONAL WEATHER SERVICE JACKSON MS
430 PM CST SUN FEB 18 2018


...................................

...THE GREENWOOD CLIMATE SUMMARY FOR FEBRUARY 18 2018...
VALID TODAY AS OF 0400 PM LOCAL TIME.

CLIMATE NORMAL PERIOD 1981 TO 2010
CLIMATE RECORD PERIOD 1948 TO 2018


WEATHER ITEM   OBSERVED TIME   RECORD YEAR NORMAL DEPARTURE LAST
                VALUE   (LST)  VALUE       VALUE  FROM      YEAR
                                                  NORMAL
..................................................................
TEMPERATURE (F)
 TODAY
  MAXIMUM         57    359 PM  80    2009  59     -2       63
                                      2000
  MINIMUM         46    738 AM  19    1958  38      8       50
  AVERAGE         52                        48      4       57

PRECIPITATION (IN)
  TODAY            0.02          3.90 1991   0.16  -0.14     0.00
  MONTH TO DATE    6.20                      2.85   3.35     2.15
  SINCE DEC 1     14.29                     13.02   1.27    11.07
  SINCE JAN 1      9.01                      7.37   1.64     6.38

SNOWFALL (IN)
  TODAY            0.0

DEGREE DAYS
 HEATING
  TODAY           13                        17     -4        8
  MONTH TO DATE  265                       340    -75      198
  SINCE DEC 1   1616                      1611      5     1138
  SINCE JUL 1   2030                      2079    -49     1430

 COOLING
  TODAY            0                         0      0        0
  MONTH TO DATE    8                         0      8        9
  SINCE DEC 1     13                         7      6       32
  SINCE JAN 1      8                         2      6       19
..................................................................


WIND (MPH)
  HIGHEST WIND SPEED    14   HIGHEST WIND DIRECTION     E (110)
  HIGHEST GUST SPEED    18   HIGHEST GUST DIRECTION    SE (120)
  AVERAGE WIND SPEED     8.1


SKY COVER
  POSSIBLE SUNSHINE  MM
  AVERAGE SKY COVER 1.0


WEATHER CONDITIONS
 THE FOLLOWING WEATHER WAS RECORDED TODAY.
  LIGHT RAIN
  FOG


RELATIVE HUMIDITY (PERCENT)
 HIGHEST    93          1200 AM
 LOWEST     83          1000 AM
 AVERAGE    88

..........................................................


THE GREENWOOD CLIMATE NORMALS FOR TOMORROW
                         NORMAL    RECORD    YEAR
 MAXIMUM TEMPERATURE (F)   59        82      2017
 MINIMUM TEMPERATURE (F)   38        17      2015


SUNRISE AND SUNSET
FEBRUARY 18 2018......SUNRISE   641 AM CST   SUNSET   548 PM CST
FEBRUARY 19 2018......SUNRISE   640 AM CST   SUNSET   549 PM CST


-  INDICATES NEGATIVE NUMBERS.
R  INDICATES RECORD WAS SET OR TIED.
MM INDICATES DATA IS MISSING.
T  INDICATES TRACE AMOUNT.




$$
