000
CDUS44 KJAN 160654
CLIGWO


CLIMATE REPORT
NATIONAL WEATHER SERVICE JACKSON MS
153 AM CDT TUE SEP 16 2014


...................................

...THE GREENWOOD CLIMATE SUMMARY FOR SEPTEMBER 15 2014...

CLIMATE NORMAL PERIOD 1981 TO 2010
CLIMATE RECORD PERIOD 1948 TO 2014


WEATHER ITEM   OBSERVED TIME   RECORD YEAR NORMAL DEPARTURE LAST
                VALUE   (LST)  VALUE       VALUE  FROM      YEAR
                                                  NORMAL
..................................................................
TEMPERATURE (F)
 YESTERDAY
  MAXIMUM         87    321 PM  98    1980  87      0       92
  MINIMUM         64    556 AM  45    1999  63      1       54
  AVERAGE         76                        75      1       73

PRECIPITATION (IN)
  YESTERDAY        T             2.38 1968   0.12  -0.12     0.00
  MONTH TO DATE    0.29                      1.77  -1.48     0.70
  SINCE SEP 1      0.29                      1.77  -1.48     0.70
  SINCE JAN 1     41.05                     35.84   5.21    38.95

SNOWFALL (IN)
  YESTERDAY        0.0

DEGREE DAYS
 HEATING
  YESTERDAY        0                         0      0        0
  MONTH TO DATE    0                         0      0        0
  SINCE SEP 1      0                         0      0        0
  SINCE JUL 1      0                         0      0        0

 COOLING
  YESTERDAY       11                        10      1        8
  MONTH TO DATE  212                       185     27      222
  SINCE SEP 1    212                       185     27      222
  SINCE JAN 1   1768                      1927   -159     1844
..................................................................


WIND (MPH)
  HIGHEST WIND SPEED     9   HIGHEST WIND DIRECTION     N (350)
  HIGHEST GUST SPEED    13   HIGHEST GUST DIRECTION     N (20)
  AVERAGE WIND SPEED     2.8


SKY COVER
  POSSIBLE SUNSHINE  MM
  AVERAGE SKY COVER 0.0


WEATHER CONDITIONS
 THE FOLLOWING WEATHER WAS RECORDED YESTERDAY.
  LIGHT RAIN


RELATIVE HUMIDITY (PERCENT)
 HIGHEST    93          1200 AM
 LOWEST     55          1100 AM
 AVERAGE    74

..........................................................


THE GREENWOOD CLIMATE NORMALS FOR TODAY
                         NORMAL    RECORD    YEAR
 MAXIMUM TEMPERATURE (F)   87        98      1980
 MINIMUM TEMPERATURE (F)   63        44      2000


SUNRISE AND SUNSET
SEPTEMBER 16 2014.....SUNRISE   644 AM CDT   SUNSET   705 PM CDT
SEPTEMBER 17 2014.....SUNRISE   645 AM CDT   SUNSET   704 PM CDT


-  INDICATES NEGATIVE NUMBERS.
R  INDICATES RECORD WAS SET OR TIED.
MM INDICATES DATA IS MISSING.
T  INDICATES TRACE AMOUNT.




$$
