000
CDUS44 KJAN 230815
CLIGWO


CLIMATE REPORT
NATIONAL WEATHER SERVICE JACKSON MS
312 AM CDT SAT JUL 23 2016


...................................

...THE GREENWOOD CLIMATE SUMMARY FOR JULY 22 2016...

CLIMATE NORMAL PERIOD 1981 TO 2010
CLIMATE RECORD PERIOD 1948 TO 2016


WEATHER ITEM   OBSERVED TIME   RECORD YEAR NORMAL DEPARTURE LAST
                VALUE   (LST)  VALUE       VALUE  FROM      YEAR
                                                  NORMAL
..................................................................
TEMPERATURE (F)
 YESTERDAY
  MAXIMUM         98    305 PM 102    1952  92      6       96
  MINIMUM         76    535 AM  62    2007  71      5       77
  AVERAGE         87                        81      6       87

PRECIPITATION (IN)
  YESTERDAY        T             1.18 1968   0.11  -0.11      T
  MONTH TO DATE    1.56                      2.68  -1.12     1.64
  SINCE JUN 1      4.93                      6.99  -2.06     3.93
  SINCE JAN 1     30.72                     30.32   0.40    31.86

SNOWFALL (IN)
  YESTERDAY        0.0

DEGREE DAYS
 HEATING
  YESTERDAY        0                         0      0        0
  MONTH TO DATE    0                         0      0        0
  SINCE JUN 1      0                         0      0        0
  SINCE JUL 1      0                         0      0        0

 COOLING
  YESTERDAY       22                        16      6       22
  MONTH TO DATE  411                       352     59      389
  SINCE JUN 1    884                       765    119      827
  SINCE JAN 1   1213                      1095    118     1191
..................................................................


WIND (MPH)
  HIGHEST WIND SPEED    16   HIGHEST WIND DIRECTION    NE (50)
  HIGHEST GUST SPEED    20   HIGHEST GUST DIRECTION    NE (50)
  AVERAGE WIND SPEED     3.5


SKY COVER
  POSSIBLE SUNSHINE  MM
  AVERAGE SKY COVER 0.0


WEATHER CONDITIONS
 THE FOLLOWING WEATHER WAS RECORDED YESTERDAY.
  THUNDERSTORM
  LIGHT RAIN


RELATIVE HUMIDITY (PERCENT)
 HIGHEST    94           500 AM
 LOWEST     42           200 PM
 AVERAGE    68

..........................................................


THE GREENWOOD CLIMATE NORMALS FOR TODAY
                         NORMAL    RECORD    YEAR
 MAXIMUM TEMPERATURE (F)   92       103      1952
 MINIMUM TEMPERATURE (F)   71        60      2007
                                             1988


SUNRISE AND SUNSET
JULY 23 2016..........SUNRISE   607 AM CDT   SUNSET   806 PM CDT
JULY 24 2016..........SUNRISE   608 AM CDT   SUNSET   806 PM CDT


-  INDICATES NEGATIVE NUMBERS.
R  INDICATES RECORD WAS SET OR TIED.
MM INDICATES DATA IS MISSING.
T  INDICATES TRACE AMOUNT.




$$
