000
CDUS44 KJAN 020746
CLIGWO


CLIMATE REPORT
NATIONAL WEATHER SERVICE JACKSON MS
144 AM CST MON MAR 2 2015


...................................

...THE GREENWOOD CLIMATE SUMMARY FOR MARCH 1 2015...

CLIMATE NORMAL PERIOD 1981 TO 2010
CLIMATE RECORD PERIOD 1948 TO 2015


WEATHER ITEM   OBSERVED TIME   RECORD YEAR NORMAL DEPARTURE LAST
                VALUE   (LST)  VALUE       VALUE  FROM      YEAR
                                                  NORMAL
..................................................................
TEMPERATURE (F)
 YESTERDAY
  MAXIMUM         58        MM  82    1997  62     -4       76
  MINIMUM         47        MM  19    1986  41      6       49
  AVERAGE         53                        52      1       63

PRECIPITATION (IN)
  YESTERDAY        0.40          1.40 1991   0.14   0.26     0.00
  MONTH TO DATE    0.40                      0.14   0.26     0.00
  SINCE MAR 1      0.40                      0.14   0.26     0.00
  SINCE JAN 1      9.79                      9.08   0.71     6.28

SNOWFALL (IN)
  YESTERDAY        0.0

DEGREE DAYS
 HEATING
  YESTERDAY       12                        14     -2        2
  MONTH TO DATE   12                        14     -2        2
  SINCE MAR 1     12                        14     -2        2
  SINCE JUL 1   2533                      2245    288     2656

 COOLING
  YESTERDAY        0                         0      0        0
  MONTH TO DATE    0                         0      0        0
  SINCE MAR 1      0                         0      0        0
  SINCE JAN 1      0                         5     -5        0
..................................................................


WIND (MPH)
  HIGHEST WIND SPEED    MM   HIGHEST WIND DIRECTION    MM
  HIGHEST GUST SPEED    MM   HIGHEST GUST DIRECTION    MM
  AVERAGE WIND SPEED    MM


SKY COVER
  POSSIBLE SUNSHINE  MM
  AVERAGE SKY COVER 0.0


WEATHER CONDITIONS
 THE FOLLOWING WEATHER WAS RECORDED YESTERDAY.
  HEAVY RAIN
  RAIN
  LIGHT RAIN
  FOG


RELATIVE HUMIDITY (PERCENT)
 HIGHEST    MM
 LOWEST     MM
 AVERAGE    MM

..........................................................


THE GREENWOOD CLIMATE NORMALS FOR TODAY
                         NORMAL    RECORD    YEAR
 MAXIMUM TEMPERATURE (F)   63        81      2014
                                             2012
                                             1955
 MINIMUM TEMPERATURE (F)   41        18      1980


SUNRISE AND SUNSET
MARCH  2 2015.........SUNRISE   628 AM CST   SUNSET   558 PM CST
MARCH  3 2015.........SUNRISE   626 AM CST   SUNSET   559 PM CST


-  INDICATES NEGATIVE NUMBERS.
R  INDICATES RECORD WAS SET OR TIED.
MM INDICATES DATA IS MISSING.
T  INDICATES TRACE AMOUNT.




$$
