000
CDUS41 KGYX 100907
CLIGYX


CLIMATE REPORT
NATIONAL WEATHER SERVICE GRAY ME
407 AM EST SUN DEC 10 2017


...................................

...THE GRAY ME CLIMATE SUMMARY FOR DECEMBER 9 2017...

CLIMATE NORMAL PERIOD 1981 TO 2010
CLIMATE RECORD PERIOD 1995 TO 2017


WEATHER ITEM   OBSERVED TIME   RECORD YEAR NORMAL DEPARTURE LAST
                VALUE   (LST)  VALUE       VALUE  FROM      YEAR
                                                  NORMAL
..................................................................
TEMPERATURE (F)
 YESTERDAY
  MAXIMUM         33        MM  MM      MM  37     -4       30
  MINIMUM         27        MM  MM      MM  22      5       20
  AVERAGE         30                        30      0       25

PRECIPITATION (IN)
  YESTERDAY        0.39         MM      MM   0.15   0.24      T
  MONTH TO DATE    1.17                      1.30  -0.13     1.33
  SINCE DEC 1      1.17                      1.30  -0.13     1.33
  SINCE JAN 1     39.71                     47.46  -7.75    43.70

SNOWFALL (IN)
  YESTERDAY        5.0          MM      MM   0.6    4.4       T
  MONTH TO DATE    5.0                       4.0    1.0      4.1
  SINCE DEC 1      5.0                       4.0    1.0      4.1
  SINCE JUL 1      6.2                       7.1   -0.9      5.4
  SNOW DEPTH       0

DEGREE DAYS
 HEATING
  YESTERDAY       35                        36     -1       40
  MONTH TO DATE  270                       307    -37      293
  SINCE DEC 1    270                       307    -37      293
  SINCE JUL 1   1463                      1804   -341     1572

 COOLING
  YESTERDAY        0                         0      0        0
  MONTH TO DATE    0                         0      0        0
  SINCE DEC 1      0                         0      0        0
  SINCE JAN 1    531                       389    142      607
..................................................................







THE GRAY ME CLIMATE NORMALS FOR TODAY
                         NORMAL
 MAXIMUM TEMPERATURE (F)   36
 MINIMUM TEMPERATURE (F)   22


SUNRISE AND SUNSET
DECEMBER 10 2017......SUNRISE   705 AM EST   SUNSET   403 PM EST
DECEMBER 11 2017......SUNRISE   705 AM EST   SUNSET   403 PM EST


-  INDICATES NEGATIVE NUMBERS.
R  INDICATES RECORD WAS SET OR TIED.
MM INDICATES DATA IS MISSING.
T  INDICATES TRACE AMOUNT.




$$
