000
CDUS41 KGYX 210911
CLIGYX


CLIMATE REPORT
NATIONAL WEATHER SERVICE GRAY ME
411 AM EST WED FEB 21 2018


...................................

...THE GRAY ME CLIMATE SUMMARY FOR FEBRUARY 20 2018...

CLIMATE NORMAL PERIOD 1981 TO 2010
CLIMATE RECORD PERIOD 1995 TO 2018


WEATHER ITEM   OBSERVED TIME   RECORD YEAR NORMAL DEPARTURE LAST
                VALUE   (LST)  VALUE       VALUE  FROM      YEAR
                                                  NORMAL
..................................................................
TEMPERATURE (F)
 YESTERDAY
  MAXIMUM         41        MM  MM      MM  35      6       40
  MINIMUM         36        MM  MM      MM  17     19       26
  AVERAGE         39                        26     13       33

PRECIPITATION (IN)
  YESTERDAY        0.02         MM      MM   0.12  -0.10     0.00
  MONTH TO DATE    2.90                      2.27   0.63     3.28
  SINCE DEC 1      9.97                      9.86   0.11    11.08
  SINCE JAN 1      6.50                      5.80   0.70     6.26

SNOWFALL (IN)
  YESTERDAY        0.0          MM      MM   0.6   -0.6      0.0
  MONTH TO DATE   21.2                      11.3    9.9     44.6
  SINCE DEC 1     63.9                      50.8   13.1     88.5
  SINCE JUL 1     65.1                      53.9   11.2     89.8
  SNOW DEPTH      14

DEGREE DAYS
 HEATING
  YESTERDAY       26                        39    -13       32
  MONTH TO DATE  768                       828    -60      830
  SINCE DEC 1   3484                      3361    123     3207
  SINCE JUL 1   4677                      4858   -181     4486

 COOLING
  YESTERDAY        0                         0      0        0
  MONTH TO DATE    0                         0      0        0
  SINCE DEC 1      0                         0      0        0
  SINCE JAN 1      0                         0      0        0
..................................................................







THE GRAY ME CLIMATE NORMALS FOR TODAY
                         NORMAL
 MAXIMUM TEMPERATURE (F)   35
 MINIMUM TEMPERATURE (F)   18


SUNRISE AND SUNSET
FEBRUARY 21 2018......SUNRISE   631 AM EST   SUNSET   519 PM EST
FEBRUARY 22 2018......SUNRISE   629 AM EST   SUNSET   520 PM EST


-  INDICATES NEGATIVE NUMBERS.
R  INDICATES RECORD WAS SET OR TIED.
MM INDICATES DATA IS MISSING.
T  INDICATES TRACE AMOUNT.




$$
