000
CDUS41 KGYX 220802
CLIGYX


CLIMATE REPORT
NATIONAL WEATHER SERVICE GRAY ME
402 AM EDT FRI AUG 22 2014


...................................

...THE GRAY ME CLIMATE SUMMARY FOR AUGUST 21 2014...

CLIMATE NORMAL PERIOD 1981 TO 2010
CLIMATE RECORD PERIOD 1995 TO 2014


WEATHER ITEM   OBSERVED NORMAL DEPARTURE LAST
                VALUE   VALUE  FROM      YEAR
                               NORMAL
...............................................
TEMPERATURE (F)
 YESTERDAY
  MAXIMUM         75     78     -3       86
  MINIMUM         57     58     -1       65
  AVERAGE         66     68     -2       76

PRECIPITATION (IN)
  YESTERDAY        0.05   0.11  -0.06     0.00
  MONTH TO DATE    6.69   2.40   4.29     2.89
  SINCE JUN 1     16.67  11.00   5.67    12.67
  SINCE JAN 1     35.02  30.29   4.73    26.96

SNOWFALL (IN)
  YESTERDAY        0.0    0.0    0.0      0.0
  MONTH TO DATE    0.0    0.0    0.0      0.0
  SINCE JUN 1      0.0    0.0    0.0      0.0
  SINCE JUL 1      0.0    0.0    0.0      0.0
  SNOW DEPTH       0

DEGREE DAYS
 HEATING
  YESTERDAY        0      1     -1        0
  MONTH TO DATE    9      9      0        1
  SINCE JUN 1     83    117    -34       81
  SINCE JUL 1      9     23    -14       10

 COOLING
  YESTERDAY        1      4     -3       11
  MONTH TO DATE   48    100    -52       67
  SINCE JUN 1    275    315    -40      380
  SINCE JAN 1    276    326    -50      397
...............................................





WEATHER CONDITIONS
 THE FOLLOWING WEATHER WAS RECORDED YESTERDAY.
  NO SIGNIFICANT WEATHER WAS OBSERVED.


..........................................................


THE GRAY ME CLIMATE NORMALS FOR TODAY
                         NORMAL
 MAXIMUM TEMPERATURE (F)   78
 MINIMUM TEMPERATURE (F)   58


SUNRISE AND SUNSET
AUGUST 22 2014........SUNRISE   553 AM EDT   SUNSET   734 PM EDT
AUGUST 23 2014........SUNRISE   554 AM EDT   SUNSET   732 PM EDT


-  INDICATES NEGATIVE NUMBERS.
R  INDICATES RECORD WAS SET OR TIED.
MM INDICATES DATA IS MISSING.
T  INDICATES TRACE AMOUNT.




$$
