300
CDUS41 KGYX 230813
CLIGYX


CLIMATE REPORT
NATIONAL WEATHER SERVICE GRAY ME
413 AM EDT FRI JUN 23 2017


...................................

...THE GRAY ME CLIMATE SUMMARY FOR JUNE 22 2017...

CLIMATE NORMAL PERIOD 1981 TO 2010
CLIMATE RECORD PERIOD 1995 TO 2017


WEATHER ITEM   OBSERVED TIME   RECORD YEAR NORMAL DEPARTURE LAST
                VALUE   (LST)  VALUE       VALUE  FROM      YEAR
                                                  NORMAL
..................................................................
TEMPERATURE (F)
 YESTERDAY
  MAXIMUM         81        MM  MM      MM  76      5       76
  MINIMUM         58        MM  MM      MM  56      2       57
  AVERAGE         70                        66      4       67

PRECIPITATION (IN)
  YESTERDAY        0.00         MM      MM   0.14  -0.14     0.09
  MONTH TO DATE    1.21                      3.20  -1.99     2.57
  SINCE JUN 1      1.21                      3.20  -1.99     2.57
  SINCE JAN 1     21.75                     22.49  -0.74    20.20

SNOWFALL (IN)
  YESTERDAY        0.0          MM      MM   0.0    0.0      0.0
  MONTH TO DATE    0.0                       0.0    0.0      0.0
  SINCE JUN 1      0.0                       0.0    0.0      0.0
  SINCE JUL 1    123.9                      83.8   40.1     51.8
  SNOW DEPTH       0

DEGREE DAYS
 HEATING
  YESTERDAY        0                         2     -2        0
  MONTH TO DATE   75                        85    -10       70
  SINCE JUN 1     75                        85    -10       70
  SINCE JUL 1   6851                      7183   -332     6452

 COOLING
  YESTERDAY        5                         3      2        2
  MONTH TO DATE   81                        39     42       23
  SINCE JUN 1     81                        39     42       23
  SINCE JAN 1    102                        50     52       45
..................................................................







THE GRAY ME CLIMATE NORMALS FOR TODAY
                         NORMAL
 MAXIMUM TEMPERATURE (F)   76
 MINIMUM TEMPERATURE (F)   57


SUNRISE AND SUNSET
JUNE 23 2017..........SUNRISE   459 AM EDT   SUNSET   827 PM EDT
JUNE 24 2017..........SUNRISE   459 AM EDT   SUNSET   827 PM EDT


-  INDICATES NEGATIVE NUMBERS.
R  INDICATES RECORD WAS SET OR TIED.
MM INDICATES DATA IS MISSING.
T  INDICATES TRACE AMOUNT.




$$
