000
CDUS41 KGYX 050806
CLIGYX


CLIMATE REPORT
NATIONAL WEATHER SERVICE GRAY ME
406 AM EDT THU MAY 5 2016


...................................

...THE GRAY ME CLIMATE SUMMARY FOR MAY 4 2016...

CLIMATE NORMAL PERIOD 1981 TO 2010
CLIMATE RECORD PERIOD 1995 TO 2016


WEATHER ITEM   OBSERVED TIME   RECORD YEAR NORMAL DEPARTURE LAST
                VALUE   (LST)  VALUE       VALUE  FROM      YEAR
                                                  NORMAL
..................................................................
TEMPERATURE (F)
 YESTERDAY
  MAXIMUM         50        MM  MM      MM  61    -11       78
  MINIMUM         40        MM  MM      MM  42     -2       42
  AVERAGE         45                        51     -6       60

PRECIPITATION (IN)
  YESTERDAY        0.36         MM      MM   0.12   0.24     0.00
  MONTH TO DATE    1.22                      0.50   0.72     0.00
  SINCE MAR 1      8.57                      9.05  -0.48     5.01
  SINCE JAN 1     16.83                     15.89   0.94    10.98

SNOWFALL (IN)
  YESTERDAY        0.0          MM      MM   0.0    0.0      0.0
  MONTH TO DATE    0.0                       0.1   -0.1      0.0
  SINCE MAR 1     14.5                      24.8  -10.3      8.2
  SINCE JUL 1     51.8                      83.9  -32.1    107.3
  SNOW DEPTH       0

DEGREE DAYS
 HEATING
  YESTERDAY       20                        14      6        5
  MONTH TO DATE   81                        57     24       56
  SINCE MAR 1   1644                      1674    -30     1834
  SINCE JUL 1   6164                      6832   -668     7310

 COOLING
  YESTERDAY        0                         0      0        0
  MONTH TO DATE    0                         0      0        0
  SINCE MAR 1      0                         1     -1        0
  SINCE JAN 1      0                         1     -1        0
..................................................................







THE GRAY ME CLIMATE NORMALS FOR TODAY
                         NORMAL
 MAXIMUM TEMPERATURE (F)   62
 MINIMUM TEMPERATURE (F)   42


SUNRISE AND SUNSET
MAY  5 2016...........SUNRISE   527 AM EDT   SUNSET   749 PM EDT
MAY  6 2016...........SUNRISE   525 AM EDT   SUNSET   750 PM EDT


-  INDICATES NEGATIVE NUMBERS.
R  INDICATES RECORD WAS SET OR TIED.
MM INDICATES DATA IS MISSING.
T  INDICATES TRACE AMOUNT.




$$
