000
CDUS41 KGYX 030542
CLIGYX


CLIMATE REPORT
NATIONAL WEATHER SERVICE GRAY ME
142 AM EDT THU SEP 3 2015


...................................

...THE GRAY ME CLIMATE SUMMARY FOR SEPTEMBER 2 2015...

CLIMATE NORMAL PERIOD 1981 TO 2010
CLIMATE RECORD PERIOD 1995 TO 2015


WEATHER ITEM   OBSERVED TIME   RECORD YEAR NORMAL DEPARTURE LAST
                VALUE   (LST)  VALUE       VALUE  FROM      YEAR
                                                  NORMAL
..................................................................
TEMPERATURE (F)
 YESTERDAY
  MAXIMUM         84        MM  MM      MM  75      9       82
  MINIMUM         58        MM  MM      MM  56      2       61
  AVERAGE         71                        66      5       72

PRECIPITATION (IN)
  YESTERDAY        0.00         MM      MM   0.12  -0.12     0.00
  MONTH TO DATE    0.00                      0.23  -0.23     0.00
  SINCE SEP 1      0.00                      0.23  -0.23     0.00
  SINCE JAN 1     25.37                     31.71  -6.34    35.41

SNOWFALL (IN)
  YESTERDAY        0.0          MM      MM   0.0    0.0      0.0
  MONTH TO DATE    0.0                       0.0    0.0      0.0
  SINCE SEP 1      0.0                       0.0    0.0      0.0
  SINCE JUL 1      0.0                       0.0    0.0      0.0
  SNOW DEPTH       0

DEGREE DAYS
 HEATING
  YESTERDAY        0                         2     -2        0
  MONTH TO DATE    0                         4     -4        0
  SINCE SEP 1      0                         4     -4        0
  SINCE JUL 1     16                        40    -24       14

 COOLING
  YESTERDAY        6                         2      4        7
  MONTH TO DATE   10                         5      5       17
  SINCE SEP 1     10                         5      5       17
  SINCE JAN 1    383                       364     19      329
..................................................................







THE GRAY ME CLIMATE NORMALS FOR TODAY
                         NORMAL
 MAXIMUM TEMPERATURE (F)   75
 MINIMUM TEMPERATURE (F)   55


SUNRISE AND SUNSET
SEPTEMBER  3 2015.....SUNRISE   606 AM EDT   SUNSET   714 PM EDT
SEPTEMBER  4 2015.....SUNRISE   607 AM EDT   SUNSET   712 PM EDT


-  INDICATES NEGATIVE NUMBERS.
R  INDICATES RECORD WAS SET OR TIED.
MM INDICATES DATA IS MISSING.
T  INDICATES TRACE AMOUNT.




$$
