000
CDUS41 KGYX 301329
CLIGYX


CLIMATE REPORT
NATIONAL WEATHER SERVICE GRAY ME
929 AM EDT WED JUL 30 2014


...................................

...THE GRAY ME CLIMATE SUMMARY FOR JULY 29 2014...

CLIMATE NORMAL PERIOD 1981 TO 2010
CLIMATE RECORD PERIOD 1995 TO 2014


WEATHER ITEM   OBSERVED NORMAL DEPARTURE LAST
                VALUE   VALUE  FROM      YEAR
                               NORMAL
...............................................
TEMPERATURE (F)
 YESTERDAY
  MAXIMUM         74     80     -6       75
  MINIMUM         60     60      0       60
  AVERAGE         67     70     -3       68

PRECIPITATION (IN)
  YESTERDAY        0.00   0.13  -0.13     0.62
  MONTH TO DATE    6.95   4.05   2.90     3.78
  SINCE JUN 1      9.95   8.35   1.60     9.78
  SINCE JAN 1     28.30  27.64   0.66    24.07

SNOWFALL (IN)
  YESTERDAY        0.0    0.0    0.0      0.0
  MONTH TO DATE    0.0    0.0    0.0      0.0
  SINCE JUN 1      0.0    0.0    0.0      0.0
  SINCE JUL 1      0.0    0.0    0.0      0.0
  SNOW DEPTH       0

DEGREE DAYS
 HEATING
  YESTERDAY        0      0      0        0
  MONTH TO DATE    0      7     -7        9
  SINCE JUN 1     74    101    -27       80
  SINCE JUL 1      0      7     -7        9

 COOLING
  YESTERDAY        2      5     -3        3
  MONTH TO DATE  164    138     26      209
  SINCE JUN 1    229    203     26      304
  SINCE JAN 1    230    214     16      321
...............................................





WEATHER CONDITIONS
 THE FOLLOWING WEATHER WAS RECORDED YESTERDAY.
  NO SIGNIFICANT WEATHER WAS OBSERVED.


..........................................................


THE GRAY ME CLIMATE NORMALS FOR TODAY
                         NORMAL
 MAXIMUM TEMPERATURE (F)   80
 MINIMUM TEMPERATURE (F)   60


SUNRISE AND SUNSET
JULY 30 2014..........SUNRISE   527 AM EDT   SUNSET   807 PM EDT
JULY 31 2014..........SUNRISE   528 AM EDT   SUNSET   806 PM EDT


-  INDICATES NEGATIVE NUMBERS.
R  INDICATES RECORD WAS SET OR TIED.
MM INDICATES DATA IS MISSING.
T  INDICATES TRACE AMOUNT.




$$
