000
CDUS41 KGYX 180803
CLIGYX


CLIMATE REPORT
NATIONAL WEATHER SERVICE GRAY ME
403 AM EDT FRI AUG 18 2017


...................................

...THE GRAY ME CLIMATE SUMMARY FOR AUGUST 17 2017...

CLIMATE NORMAL PERIOD 1981 TO 2010
CLIMATE RECORD PERIOD 1995 TO 2017


WEATHER ITEM   OBSERVED TIME   RECORD YEAR NORMAL DEPARTURE LAST
                VALUE   (LST)  VALUE       VALUE  FROM      YEAR
                                                  NORMAL
..................................................................
TEMPERATURE (F)
 YESTERDAY
  MAXIMUM         81        MM  MM      MM  79      2       81
  MINIMUM         55        MM  MM      MM  59     -4       66
  AVERAGE         68                        69     -1       74

PRECIPITATION (IN)
  YESTERDAY        0.00         MM      MM   0.11  -0.11     0.00
  MONTH TO DATE    0.51                      1.97  -1.46     2.12
  SINCE JUN 1      5.27                     10.57  -5.30    10.35
  SINCE JAN 1     25.81                     29.86  -4.05    27.98

SNOWFALL (IN)
  YESTERDAY        0.0          MM      MM   0.0    0.0      0.0
  MONTH TO DATE    0.0                       0.0    0.0      0.0
  SINCE JUN 1      0.0                       0.0    0.0      0.0
  SINCE JUL 1      0.0                       0.0    0.0      0.0
  SNOW DEPTH       0

DEGREE DAYS
 HEATING
  YESTERDAY        0                         1     -1        0
  MONTH TO DATE    0                         5     -5        1
  SINCE JUN 1     90                       113    -23       89
  SINCE JUL 1     13                        19     -6       19

 COOLING
  YESTERDAY        3                         4     -1        9
  MONTH TO DATE   99                        84     15      138
  SINCE JUN 1    378                       299     79      417
  SINCE JAN 1    399                       310     89      439
..................................................................







THE GRAY ME CLIMATE NORMALS FOR TODAY
                         NORMAL
 MAXIMUM TEMPERATURE (F)   79
 MINIMUM TEMPERATURE (F)   59


SUNRISE AND SUNSET
AUGUST 18 2017........SUNRISE   549 AM EDT   SUNSET   740 PM EDT
AUGUST 19 2017........SUNRISE   550 AM EDT   SUNSET   738 PM EDT


-  INDICATES NEGATIVE NUMBERS.
R  INDICATES RECORD WAS SET OR TIED.
MM INDICATES DATA IS MISSING.
T  INDICATES TRACE AMOUNT.




$$
