000
CDUS44 KJAN 222208
CLIHBG


CLIMATE REPORT
NATIONAL WEATHER SERVICE JACKSON MS
406 PM CST MON JAN 22 2018


...................................

...THE HATTIESBURG CLIMATE SUMMARY FOR JANUARY 22 2018...
VALID TODAY AS OF 0400 PM LOCAL TIME.

CLIMATE NORMAL PERIOD 1981 TO 2010
CLIMATE RECORD PERIOD 1948 TO 2018


WEATHER ITEM   OBSERVED TIME   RECORD YEAR NORMAL DEPARTURE LAST
                VALUE   (LST)  VALUE       VALUE  FROM      YEAR
                                                  NORMAL
..................................................................
TEMPERATURE (F)
 TODAY
  MAXIMUM         73    221 PM  80    1952  60     13       67
  MINIMUM         55    539 AM   5    1985  37     18       54
  AVERAGE         64                        48     16       61

PRECIPITATION (IN)
  TODAY            0.01          2.00 1987   0.18  -0.17     0.11
  MONTH TO DATE    1.76                      3.94  -2.18     8.85
  SINCE DEC 1      6.48                      8.85  -2.37    15.91
  SINCE JAN 1      1.76                      3.94  -2.18     8.85

SNOWFALL (IN)
  TODAY            0.0

DEGREE DAYS
 HEATING
  TODAY            1                        17    -16        4
  MONTH TO DATE  497                       367    130      170
  SINCE DEC 1    983                       824    159      508
  SINCE JUL 1   1288                      1152    136      704

 COOLING
  TODAY            0                         0      0        0
  MONTH TO DATE    0                         0      0       32
  SINCE DEC 1      5                        13     -8       71
  SINCE JAN 1      0                         0      0       32
..................................................................


WIND (MPH)
  HIGHEST WIND SPEED    16   HIGHEST WIND DIRECTION    NW (300)
  HIGHEST GUST SPEED    22   HIGHEST GUST DIRECTION     S (170)
  AVERAGE WIND SPEED     7.8


SKY COVER
  POSSIBLE SUNSHINE  MM
  AVERAGE SKY COVER 0.7


WEATHER CONDITIONS
 THE FOLLOWING WEATHER WAS RECORDED TODAY.
  LIGHT RAIN
  FOG


RELATIVE HUMIDITY (PERCENT)
 HIGHEST   100          1200 AM
 LOWEST     35           300 PM
 AVERAGE    68

..........................................................


THE HATTIESBURG CLIMATE NORMALS FOR TOMORROW
                         NORMAL    RECORD    YEAR
 MAXIMUM TEMPERATURE (F)   60        80      1949
 MINIMUM TEMPERATURE (F)   37        17      1985


SUNRISE AND SUNSET
JANUARY 22 2018.......SUNRISE   654 AM CST   SUNSET   523 PM CST
JANUARY 23 2018.......SUNRISE   654 AM CST   SUNSET   524 PM CST


-  INDICATES NEGATIVE NUMBERS.
R  INDICATES RECORD WAS SET OR TIED.
MM INDICATES DATA IS MISSING.
T  INDICATES TRACE AMOUNT.




$$
