000
CDUS44 KJAN 020853
CLIHBG


CLIMATE REPORT
NATIONAL WEATHER SERVICE JACKSON MS
348 AM CDT TUE JUN 2 2015


...................................

...THE HATTIESBURG CLIMATE SUMMARY FOR JUNE 1 2015...

CLIMATE NORMAL PERIOD 1981 TO 2010
CLIMATE RECORD PERIOD 1948 TO 2015


WEATHER ITEM   OBSERVED TIME   RECORD YEAR NORMAL DEPARTURE LAST
                VALUE   (LST)  VALUE       VALUE  FROM      YEAR
                                                  NORMAL
..................................................................
TEMPERATURE (F)
 YESTERDAY
  MAXIMUM         87    433 PM 100    2011  88     -1       84
  MINIMUM         67    608 AM  49    1984  66      1       71
  AVERAGE         77                        77      0       78

PRECIPITATION (IN)
  YESTERDAY        0.00          3.44 2004   0.14  -0.14     0.20
  MONTH TO DATE    0.00                      0.14  -0.14     0.20
  SINCE JUN 1      0.00                      0.14  -0.14     0.20
  SINCE JAN 1     23.82                     26.68  -2.86    28.68

SNOWFALL (IN)
  YESTERDAY        0.0

DEGREE DAYS
 HEATING
  YESTERDAY        0                         0      0        0
  MONTH TO DATE    0                         0      0        0
  SINCE JUN 1      0                         0      0        0
  SINCE JUL 1   1912                      1985    -73     2276

 COOLING
  YESTERDAY       12                        12      0       13
  MONTH TO DATE   12                        12      0       13
  SINCE JUN 1     12                        12      0       13
  SINCE JAN 1    589                       427    162      389
..................................................................


WIND (MPH)
  HIGHEST WIND SPEED     9   HIGHEST WIND DIRECTION    NW (330)
  HIGHEST GUST SPEED    14   HIGHEST GUST DIRECTION    NW (320)
  AVERAGE WIND SPEED     1.6


SKY COVER
  POSSIBLE SUNSHINE  MM
  AVERAGE SKY COVER 0.5


WEATHER CONDITIONS
 THE FOLLOWING WEATHER WAS RECORDED YESTERDAY.
  FOG
  FOG W/VISIBILITY <= 1/4 MILE


RELATIVE HUMIDITY (PERCENT)
 HIGHEST   100           300 AM
 LOWEST     51           300 PM
 AVERAGE    76

..........................................................


THE HATTIESBURG CLIMATE NORMALS FOR TODAY
                         NORMAL    RECORD    YEAR
 MAXIMUM TEMPERATURE (F)   89       102      2011
 MINIMUM TEMPERATURE (F)   66        49      1972


SUNRISE AND SUNSET
JUNE  2 2015..........SUNRISE   553 AM CDT   SUNSET   757 PM CDT
JUNE  3 2015..........SUNRISE   553 AM CDT   SUNSET   757 PM CDT


-  INDICATES NEGATIVE NUMBERS.
R  INDICATES RECORD WAS SET OR TIED.
MM INDICATES DATA IS MISSING.
T  INDICATES TRACE AMOUNT.




$$
