000
CDUS44 KJAN 280852
CLIHBG


CLIMATE REPORT
NATIONAL WEATHER SERVICE JACKSON MS
248 AM CST SUN DEC 28 2014


...................................

...THE HATTIESBURG CLIMATE SUMMARY FOR DECEMBER 27 2014...

CLIMATE NORMAL PERIOD 1981 TO 2010
CLIMATE RECORD PERIOD 1948 TO 2014


WEATHER ITEM   OBSERVED TIME   RECORD YEAR NORMAL DEPARTURE LAST
                VALUE   (LST)  VALUE       VALUE  FROM      YEAR
                                                  NORMAL
..................................................................
TEMPERATURE (F)
 YESTERDAY
  MAXIMUM         66   1159 PM  78    2008  60      6       57
                                      1987
  MINIMUM         53    813 AM  16    1985  39     14       33
  AVERAGE         60                        49     11       45

PRECIPITATION (IN)
  YESTERDAY        1.87R         0.68 1997   0.16   1.71      T
  MONTH TO DATE    5.91                      4.36   1.55     2.41
  SINCE DEC 1      5.91                      4.36   1.55     2.41
  SINCE JAN 1     52.02                     58.62  -6.60    64.49

SNOWFALL (IN)
  YESTERDAY        0.0

DEGREE DAYS
 HEATING
  YESTERDAY        5                        16    -11       20
  MONTH TO DATE  282                       393   -111      382
  SINCE DEC 1    282                       393   -111      382
  SINCE JUL 1    698                       721    -23      749

 COOLING
  YESTERDAY        0                         0      0        0
  MONTH TO DATE    7                        12     -5       34
  SINCE DEC 1      7                        12     -5       34
  SINCE JAN 1   2471                      2402     69     2442
..................................................................


WIND (MPH)
  HIGHEST WIND SPEED    14   HIGHEST WIND DIRECTION    SE (150)
  HIGHEST GUST SPEED    16   HIGHEST GUST DIRECTION     S (160)
  AVERAGE WIND SPEED     5.3


SKY COVER
  POSSIBLE SUNSHINE  MM
  AVERAGE SKY COVER 1.0


WEATHER CONDITIONS
 THE FOLLOWING WEATHER WAS RECORDED YESTERDAY.
  THUNDERSTORM
  HEAVY RAIN
  RAIN
  LIGHT RAIN
  FOG
  FOG W/VISIBILITY <= 1/4 MILE


RELATIVE HUMIDITY (PERCENT)
 HIGHEST   100           900 PM
 LOWEST     72          1200 AM
 AVERAGE    86

..........................................................


THE HATTIESBURG CLIMATE NORMALS FOR TODAY
                         NORMAL    RECORD    YEAR
 MAXIMUM TEMPERATURE (F)   60        82      1987
 MINIMUM TEMPERATURE (F)   38        19      2010


SUNRISE AND SUNSET
DECEMBER 28 2014......SUNRISE   655 AM CST   SUNSET   503 PM CST
DECEMBER 29 2014......SUNRISE   655 AM CST   SUNSET   503 PM CST


-  INDICATES NEGATIVE NUMBERS.
R  INDICATES RECORD WAS SET OR TIED.
MM INDICATES DATA IS MISSING.
T  INDICATES TRACE AMOUNT.




$$
