000
CDUS44 KJAN 280646
CLIHBG


CLIMATE REPORT
NATIONAL WEATHER SERVICE JACKSON MS
141 AM CDT WED SEP 28 2016


...................................

...THE HATTIESBURG CLIMATE SUMMARY FOR SEPTEMBER 27 2016...

CLIMATE NORMAL PERIOD 1981 TO 2010
CLIMATE RECORD PERIOD 1948 TO 2016


WEATHER ITEM   OBSERVED TIME   RECORD YEAR NORMAL DEPARTURE LAST
                VALUE   (LST)  VALUE       VALUE  FROM      YEAR
                                                  NORMAL
..................................................................
TEMPERATURE (F)
 YESTERDAY
  MAXIMUM         89    225 PM  97    1954  85      4       81
  MINIMUM         71    641 AM  44    1975  62      9       71
  AVERAGE         80                        73      7       76

PRECIPITATION (IN)
  YESTERDAY        0.00          2.88 1978   0.12  -0.12     0.97
  MONTH TO DATE    4.09                      3.68   0.41     2.01
  SINCE SEP 1      4.09                      3.68   0.41     2.01
  SINCE JAN 1     55.10                     45.84   9.26    39.22

SNOWFALL (IN)
  YESTERDAY        0.0

DEGREE DAYS
 HEATING
  YESTERDAY        0                         0      0        0
  MONTH TO DATE    0                         0      0        0
  SINCE SEP 1      0                         0      0        0
  SINCE JUL 1      0                         0      0        0

 COOLING
  YESTERDAY       15                         9      6       11
  MONTH TO DATE  455                       332    123      370
  SINCE SEP 1    455                       332    123      370
  SINCE JAN 1   2569                      2203    366     2587
..................................................................


WIND (MPH)
  HIGHEST WIND SPEED     9   HIGHEST WIND DIRECTION    NW (330)
  HIGHEST GUST SPEED    13   HIGHEST GUST DIRECTION    NW (310)
  AVERAGE WIND SPEED     3.7


SKY COVER
  POSSIBLE SUNSHINE  MM
  AVERAGE SKY COVER 0.1


WEATHER CONDITIONS
 THE FOLLOWING WEATHER WAS RECORDED YESTERDAY.
  FOG


RELATIVE HUMIDITY (PERCENT)
 HIGHEST   100           400 AM
 LOWEST     55           200 PM
 AVERAGE    78

..........................................................


THE HATTIESBURG CLIMATE NORMALS FOR TODAY
                         NORMAL    RECORD    YEAR
 MAXIMUM TEMPERATURE (F)   84        97      1953
 MINIMUM TEMPERATURE (F)   62        45      1975


SUNRISE AND SUNSET
SEPTEMBER 28 2016.....SUNRISE   649 AM CDT   SUNSET   645 PM CDT
SEPTEMBER 29 2016.....SUNRISE   650 AM CDT   SUNSET   644 PM CDT


-  INDICATES NEGATIVE NUMBERS.
R  INDICATES RECORD WAS SET OR TIED.
MM INDICATES DATA IS MISSING.
T  INDICATES TRACE AMOUNT.




$$
