000
CDUS44 KJAN 262150
CLIHBG


CLIMATE REPORT
NATIONAL WEATHER SERVICE JACKSON MS
445 PM CDT TUE SEP 26 2017


...................................

...THE HATTIESBURG CLIMATE SUMMARY FOR SEPTEMBER 26 2017...
VALID TODAY AS OF 0400 PM LOCAL TIME.

CLIMATE NORMAL PERIOD 1981 TO 2010
CLIMATE RECORD PERIOD 1948 TO 2017


WEATHER ITEM   OBSERVED TIME   RECORD YEAR NORMAL DEPARTURE LAST
                VALUE   (LST)  VALUE       VALUE  FROM      YEAR
                                                  NORMAL
..................................................................
TEMPERATURE (F)
 TODAY
  MAXIMUM         90    254 PM  95    1955  85      5       92
                                      1954
  MINIMUM         67    557 AM  46    1975  63      4       68
  AVERAGE         79                        74      5       80

PRECIPITATION (IN)
  TODAY            0.00          3.97 2002   0.12  -0.12     0.20
  MONTH TO DATE    2.16                      3.56  -1.40     4.09
  SINCE SEP 1      2.16                      3.56  -1.40     4.09
  SINCE JAN 1     58.58                     45.72  12.86    55.10

SNOWFALL (IN)
  TODAY            0.0

DEGREE DAYS
 HEATING
  TODAY            0                         0      0        0
  MONTH TO DATE    0                         0      0        0
  SINCE SEP 1      0                         0      0        0
  SINCE JUL 1      0                         0      0        0

 COOLING
  TODAY           14                         9      5       15
  MONTH TO DATE  297                       323    -26      440
  SINCE SEP 1    297                       323    -26      440
  SINCE JAN 1   2242                      2194     48     2554
..................................................................


WIND (MPH)
  HIGHEST WIND SPEED     9   HIGHEST WIND DIRECTION     E (100)
  HIGHEST GUST SPEED    13   HIGHEST GUST DIRECTION     E (100)
  AVERAGE WIND SPEED     2.9


SKY COVER
  POSSIBLE SUNSHINE  MM
  AVERAGE SKY COVER 0.1


WEATHER CONDITIONS
 THE FOLLOWING WEATHER WAS RECORDED TODAY.
  NO SIGNIFICANT WEATHER WAS OBSERVED.


RELATIVE HUMIDITY (PERCENT)
 HIGHEST   100          1200 AM
 LOWEST     52           300 PM
 AVERAGE    76

..........................................................


THE HATTIESBURG CLIMATE NORMALS FOR TOMORROW
                         NORMAL    RECORD    YEAR
 MAXIMUM TEMPERATURE (F)   85        97      1954
 MINIMUM TEMPERATURE (F)   62        44      1975


SUNRISE AND SUNSET
SEPTEMBER 26 2017.....SUNRISE   648 AM CDT   SUNSET   648 PM CDT
SEPTEMBER 27 2017.....SUNRISE   648 AM CDT   SUNSET   647 PM CDT


-  INDICATES NEGATIVE NUMBERS.
R  INDICATES RECORD WAS SET OR TIED.
MM INDICATES DATA IS MISSING.
T  INDICATES TRACE AMOUNT.




$$
