000
CDUS44 KJAN 270816
CLIHBG


CLIMATE REPORT
NATIONAL WEATHER SERVICE JACKSON MS
315 AM CDT FRI MAR 27 2015


...................................

...THE HATTIESBURG CLIMATE SUMMARY FOR MARCH 26 2015...

CLIMATE NORMAL PERIOD 1981 TO 2010
CLIMATE RECORD PERIOD 1948 TO 2015


WEATHER ITEM   OBSERVED TIME   RECORD YEAR NORMAL DEPARTURE LAST
                VALUE   (LST)  VALUE       VALUE  FROM      YEAR
                                                  NORMAL
..................................................................
TEMPERATURE (F)
 YESTERDAY
  MAXIMUM         74    258 PM  87    2011  74      0       59
  MINIMUM         56   1159 PM  30    2014  48      8       30
                                      1979
  AVERAGE         65                        61      4       45

PRECIPITATION (IN)
  YESTERDAY        0.61          2.09 1988   0.19   0.42     0.00
  MONTH TO DATE    5.71                      4.60   1.11     3.28
  SINCE MAR 1      5.71                      4.60   1.11     3.28
  SINCE JAN 1     13.54                     15.73  -2.19    13.18

SNOWFALL (IN)
  YESTERDAY        0.0

DEGREE DAYS
 HEATING
  YESTERDAY        0                         5     -5       20
  MONTH TO DATE   86                       192   -106      246
  SINCE MAR 1     86                       192   -106      246
  SINCE JUL 1   1867                      1870     -3     2169

 COOLING
  YESTERDAY        0                         1     -1        0
  MONTH TO DATE   80                        26     54        9
  SINCE MAR 1     80                        26     54        9
  SINCE JAN 1     86                        41     45       26
..................................................................


WIND (MPH)
  HIGHEST WIND SPEED    17   HIGHEST WIND DIRECTION    NW (330)
  HIGHEST GUST SPEED    25   HIGHEST GUST DIRECTION     W (260)
  AVERAGE WIND SPEED     5.4


SKY COVER
  POSSIBLE SUNSHINE  MM
  AVERAGE SKY COVER 0.6


WEATHER CONDITIONS
 THE FOLLOWING WEATHER WAS RECORDED YESTERDAY.
  THUNDERSTORM
  HEAVY RAIN
  RAIN
  LIGHT RAIN
  FOG
  FOG W/VISIBILITY <= 1/4 MILE


RELATIVE HUMIDITY (PERCENT)
 HIGHEST   100           400 AM
 LOWEST     73           100 PM
 AVERAGE    87

..........................................................


THE HATTIESBURG CLIMATE NORMALS FOR TODAY
                         NORMAL    RECORD    YEAR
 MAXIMUM TEMPERATURE (F)   74        86      2012
 MINIMUM TEMPERATURE (F)   49        25      1955


SUNRISE AND SUNSET
MARCH 27 2015.........SUNRISE   652 AM CDT   SUNSET   713 PM CDT
MARCH 28 2015.........SUNRISE   651 AM CDT   SUNSET   714 PM CDT


-  INDICATES NEGATIVE NUMBERS.
R  INDICATES RECORD WAS SET OR TIED.
MM INDICATES DATA IS MISSING.
T  INDICATES TRACE AMOUNT.




$$
