000
CDUS41 KLWX 030526
CLIHGR


CLIMATE REPORT
NATIONAL WEATHER SERVICE BALTIMORE MD/WASHINGTON DC
125 AM EDT THU SEP 3 2015


...................................

...THE HAGERSTOWN MD CLIMATE SUMMARY FOR SEPTEMBER 2 2015...

CLIMATE NORMAL PERIOD 1981 TO 2010
CLIMATE RECORD PERIOD 9999 TO 9999


WEATHER ITEM   OBSERVED TIME   RECORD YEAR NORMAL DEPARTURE LAST
                VALUE   (LST)  VALUE       VALUE  FROM      YEAR
                                                  NORMAL
..................................................................
TEMPERATURE (F)
 YESTERDAY
  MAXIMUM         93    140 PM  MM      MM  80     13       90
  MINIMUM         69    636 AM  MM      MM  61      8       73
  AVERAGE         81                        70     11       82

PRECIPITATION (IN)
  YESTERDAY        0.91         MM      MM   0.10   0.81     0.19
  MONTH TO DATE    0.91                      0.19   0.72     0.19
  SINCE SEP 1      0.91                      0.19   0.72     0.19
  SINCE JAN 1     19.55                     26.82  -7.27    27.10

DEGREE DAYS
 HEATING
  YESTERDAY        0                         0      0        0
  MONTH TO DATE    0                         0      0        0
  SINCE SEP 1      0                         0      0        0
  SINCE JUL 1      0                         5     -5        2

 COOLING
  YESTERDAY       16                         6     10       17
  MONTH TO DATE   32                        12     20       32
  SINCE SEP 1     32                        12     20       32
  SINCE JAN 1   1175                       880    295      845
..................................................................


WIND (MPH)
  HIGHEST WIND SPEED    22   HIGHEST WIND DIRECTION    NE (50)
  HIGHEST GUST SPEED    37   HIGHEST GUST DIRECTION    NE (50)
  AVERAGE WIND SPEED     3.5


SKY COVER
  POSSIBLE SUNSHINE  MM
  AVERAGE SKY COVER 0.2


WEATHER CONDITIONS
 THE FOLLOWING WEATHER WAS RECORDED YESTERDAY.
  THUNDERSTORM
  HEAVY RAIN
  LIGHT RAIN
  FOG
  HAZE


RELATIVE HUMIDITY (PERCENT)
 HIGHEST    90           700 PM
 LOWEST     41          1200 PM
 AVERAGE    66

..........................................................


THE HAGERSTOWN MD CLIMATE NORMALS FOR TODAY
                         NORMAL    RECORD    YEAR
 MAXIMUM TEMPERATURE (F)   80        MM        MM
 MINIMUM TEMPERATURE (F)   61        MM        MM


SUNRISE AND SUNSET
SEPTEMBER  3 2015.....SUNRISE   641 AM EDT   SUNSET   739 PM EDT
SEPTEMBER  4 2015.....SUNRISE   641 AM EDT   SUNSET   738 PM EDT


-  INDICATES NEGATIVE NUMBERS.
R  INDICATES RECORD WAS SET OR TIED.
MM INDICATES DATA IS MISSING.
T  INDICATES TRACE AMOUNT.




$$
