000
CDUS41 KLWX 272130
CLIHGR


CLIMATE REPORT
NATIONAL WEATHER SERVICE BALTIMORE MD/WASHINGTON DC
429 PM EST THU NOV 27 2014


...................................

...THE HAGERSTOWN MD CLIMATE SUMMARY FOR NOVEMBER 27 2014...
VALID TODAY AS OF 0400 PM LOCAL TIME.

CLIMATE NORMAL PERIOD 1981 TO 2010
CLIMATE RECORD PERIOD 9999 TO 9999


WEATHER ITEM   OBSERVED TIME   RECORD YEAR NORMAL DEPARTURE LAST
                VALUE   (LST)  VALUE       VALUE  FROM      YEAR
                                                  NORMAL
..................................................................
TEMPERATURE (F)
 TODAY
  MAXIMUM         40   1252 PM  MM      MM  48     -8       38
  MINIMUM         33    715 AM  MM      MM  33      0       27
  AVERAGE         37                        40     -3       33

PRECIPITATION (IN)
  TODAY            0.00         MM      MM   0.13  -0.13     0.07
  MONTH TO DATE    1.81                      2.84  -1.03     2.25
  SINCE SEP 1      6.43                      9.39  -2.96    10.78
  SINCE JAN 1     33.34                     36.02  -2.68    29.93

DEGREE DAYS
 HEATING
  TODAY           28                        25      3       32
  MONTH TO DATE  592                       527     65      600
  SINCE SEP 1    872                       924    -52      952
  SINCE JUL 1    874                       929    -55      955

 COOLING
  TODAY            0                         0      0        0
  MONTH TO DATE    0                         0      0        0
  SINCE SEP 1    128                       101     27      148
  SINCE JAN 1    941                       969    -28     1133
..................................................................


WIND (MPH)
  HIGHEST WIND SPEED    14   HIGHEST WIND DIRECTION    NW (300)
  HIGHEST GUST SPEED    17   HIGHEST GUST DIRECTION    NW (300)
  AVERAGE WIND SPEED     3.7


SKY COVER
  POSSIBLE SUNSHINE  MM
  AVERAGE SKY COVER 1.0


WEATHER CONDITIONS
 THE FOLLOWING WEATHER WAS RECORDED TODAY.
  FOG
  HAZE


RELATIVE HUMIDITY (PERCENT)
 HIGHEST    96           700 AM
 LOWEST     64           100 PM
 AVERAGE    80

..........................................................


THE HAGERSTOWN MD CLIMATE NORMALS FOR TOMORROW
                         NORMAL    RECORD    YEAR
 MAXIMUM TEMPERATURE (F)   48        MM        MM
 MINIMUM TEMPERATURE (F)   33        MM        MM


SUNRISE AND SUNSET
NOVEMBER 27 2014......SUNRISE   709 AM EST   SUNSET   448 PM EST
NOVEMBER 28 2014......SUNRISE   710 AM EST   SUNSET   448 PM EST


-  INDICATES NEGATIVE NUMBERS.
R  INDICATES RECORD WAS SET OR TIED.
MM INDICATES DATA IS MISSING.
T  INDICATES TRACE AMOUNT.




$$
