000
CDUS41 KLWX 152122
CLIHGR


CLIMATE REPORT
NATIONAL WEATHER SERVICE BALTIMORE MD/WASHINGTON DC
522 PM EDT TUE APR 15 2014


...................................

...THE HAGERSTOWN MD CLIMATE SUMMARY FOR APRIL 15 2014...
VALID TODAY AS OF 0500 PM LOCAL TIME.

CLIMATE NORMAL PERIOD 1981 TO 2010
CLIMATE RECORD PERIOD 9999 TO 9999


WEATHER ITEM   OBSERVED TIME   RECORD YEAR NORMAL DEPARTURE LAST
                VALUE   (LST)  VALUE       VALUE  FROM      YEAR
                                                  NORMAL
..................................................................
TEMPERATURE (F)
 TODAY
  MAXIMUM         68   1209 AM  MM      MM  63      5       65
  MINIMUM         41    359 PM  MM      MM  43     -2       56
  AVERAGE         55                        53      2       61

PRECIPITATION (IN)
  TODAY            0.58         MM      MM   0.12   0.46      T
  MONTH TO DATE    1.08                      1.87  -0.79     0.63
  SINCE MAR 1      2.75                      5.25  -2.50     2.21
  SINCE JAN 1      6.53                     10.48  -3.95     6.44

DEGREE DAYS
 HEATING
  TODAY           10                        13     -3        4
  MONTH TO DATE  173                       227    -54      193
  SINCE MAR 1   1032                       956     76      998
  SINCE JUL 1   5047                      4859    188     4636

 COOLING
  TODAY            0                         0      0        0
  MONTH TO DATE   10                         0     10       24
  SINCE MAR 1     10                         1      9       24
  SINCE JAN 1     10                         1      9       24
..................................................................


WIND (MPH)
  HIGHEST WIND SPEED    30   HIGHEST WIND DIRECTION     W (290)
  HIGHEST GUST SPEED    37   HIGHEST GUST DIRECTION    NW (300)
  AVERAGE WIND SPEED    14.5


SKY COVER
  POSSIBLE SUNSHINE  MM
  AVERAGE SKY COVER 0.7


WEATHER CONDITIONS
 THE FOLLOWING WEATHER WAS RECORDED TODAY.
  RAIN
  LIGHT RAIN
  FOG


RELATIVE HUMIDITY (PERCENT)
 HIGHEST    93           600 AM
 LOWEST     76           200 PM
 AVERAGE    85

..........................................................


THE HAGERSTOWN MD CLIMATE NORMALS FOR TOMORROW
                         NORMAL    RECORD    YEAR
 MAXIMUM TEMPERATURE (F)   63        MM        MM
 MINIMUM TEMPERATURE (F)   43        MM        MM


SUNRISE AND SUNSET
APRIL 15 2014.........SUNRISE   633 AM EDT   SUNSET   749 PM EDT
APRIL 16 2014.........SUNRISE   632 AM EDT   SUNSET   750 PM EDT


-  INDICATES NEGATIVE NUMBERS.
R  INDICATES RECORD WAS SET OR TIED.
MM INDICATES DATA IS MISSING.
T  INDICATES TRACE AMOUNT.




$$
