000
CDUS41 KLWX 190522
CLIHGR


CLIMATE REPORT
NATIONAL WEATHER SERVICE BALTIMORE MD/WASHINGTON DC
122 AM EDT THU OCT 19 2017


...................................

...THE HAGERSTOWN MD CLIMATE SUMMARY FOR OCTOBER 18 2017...

CLIMATE NORMAL PERIOD 1981 TO 2010
CLIMATE RECORD PERIOD 1998 TO 2017


WEATHER ITEM   OBSERVED TIME   RECORD YEAR NORMAL DEPARTURE LAST
                VALUE   (LST)  VALUE       VALUE  FROM      YEAR
                                                  NORMAL
..................................................................
TEMPERATURE (F)
 YESTERDAY
  MAXIMUM         70    400 PM  MM      MM  65      5       84
  MINIMUM         42    653 AM  MM      MM  43     -1       60
  AVERAGE         56                        54      2       72

PRECIPITATION (IN)
  YESTERDAY        0.00         MM      MM   0.08  -0.08     0.00
  MONTH TO DATE    1.17                      1.86  -0.69     0.29
  SINCE SEP 1      2.62                      5.53  -2.91     2.78
  SINCE JAN 1     28.23                     32.16  -3.93    23.88

DEGREE DAYS
 HEATING
  YESTERDAY        9                        11     -2        0
  MONTH TO DATE   59                       157    -98       94
  SINCE SEP 1     98                       226   -128      107
  SINCE JUL 1     99                       231   -132      107

 COOLING
  YESTERDAY        0                         0      0        7
  MONTH TO DATE   74                         9     65       17
  SINCE SEP 1    232                       100    132      271
  SINCE JAN 1   1332                       968    364     1530
..................................................................


WIND (MPH)
  HIGHEST WIND SPEED    12   HIGHEST WIND DIRECTION     S (180)
  HIGHEST GUST SPEED    14   HIGHEST GUST DIRECTION     S (180)
  AVERAGE WIND SPEED     4.7


SKY COVER
  POSSIBLE SUNSHINE  MM
  AVERAGE SKY COVER 0.0


WEATHER CONDITIONS
 THE FOLLOWING WEATHER WAS RECORDED YESTERDAY.
  NO SIGNIFICANT WEATHER WAS OBSERVED.


RELATIVE HUMIDITY (PERCENT)
 HIGHEST    82           500 AM
 LOWEST     36           300 PM
 AVERAGE    59

..........................................................


THE HAGERSTOWN MD CLIMATE NORMALS FOR TODAY
                         NORMAL    RECORD    YEAR
 MAXIMUM TEMPERATURE (F)   64        MM        MM
 MINIMUM TEMPERATURE (F)   43        MM        MM


SUNRISE AND SUNSET
OCTOBER 19 2017.......SUNRISE   725 AM EDT   SUNSET   625 PM EDT
OCTOBER 20 2017.......SUNRISE   727 AM EDT   SUNSET   624 PM EDT


-  INDICATES NEGATIVE NUMBERS.
R  INDICATES RECORD WAS SET OR TIED.
MM INDICATES DATA IS MISSING.
T  INDICATES TRACE AMOUNT.




$$
