000
CDUS41 KLWX 130521
CLIHGR


CLIMATE REPORT
NATIONAL WEATHER SERVICE BALTIMORE MD/WASHINGTON DC
1221 AM EST WED DEC 13 2017


...................................

...THE HAGERSTOWN MD CLIMATE SUMMARY FOR DECEMBER 12 2017...

CLIMATE NORMAL PERIOD 1981 TO 2010
CLIMATE RECORD PERIOD 1998 TO 2017


WEATHER ITEM   OBSERVED TIME   RECORD YEAR NORMAL DEPARTURE LAST
                VALUE   (LST)  VALUE       VALUE  FROM      YEAR
                                                  NORMAL
..................................................................
TEMPERATURE (F)
 YESTERDAY
  MAXIMUM         45   1102 AM  MM      MM  42      3       50
  MINIMUM         21   1159 PM  MM      MM  28     -7       33
  AVERAGE         33                        35     -2       42

PRECIPITATION (IN)
  YESTERDAY        T            MM      MM   0.10  -0.10     0.30
  MONTH TO DATE    0.32                      1.27  -0.95     1.13
  SINCE DEC 1      0.32                      1.27  -0.95     1.13
  SINCE JAN 1     32.54                     37.67  -5.13    26.63

DEGREE DAYS
 HEATING
  YESTERDAY       32                        30      2       23
  MONTH TO DATE  305                       340    -35      309
  SINCE DEC 1    305                       340    -35      309
  SINCE JUL 1   1086                      1345   -259     1017

 COOLING
  YESTERDAY        0                         0      0        0
  MONTH TO DATE    0                         0      0        0
  SINCE DEC 1      0                         0      0        0
  SINCE JAN 1   1333                       969    364     1551
..................................................................


WIND (MPH)
  HIGHEST WIND SPEED    31   HIGHEST WIND DIRECTION    NW (300)
  HIGHEST GUST SPEED    42   HIGHEST GUST DIRECTION     W (280)
  AVERAGE WIND SPEED    15.7


SKY COVER
  POSSIBLE SUNSHINE  MM
  AVERAGE SKY COVER 0.7


WEATHER CONDITIONS
 THE FOLLOWING WEATHER WAS RECORDED YESTERDAY.
  LIGHT SNOW


RELATIVE HUMIDITY (PERCENT)
 HIGHEST    82           800 AM
 LOWEST     41          1100 PM
 AVERAGE    62

..........................................................


THE HAGERSTOWN MD CLIMATE NORMALS FOR TODAY
                         NORMAL    RECORD    YEAR
 MAXIMUM TEMPERATURE (F)   42        MM        MM
 MINIMUM TEMPERATURE (F)   27        MM        MM


SUNRISE AND SUNSET
DECEMBER 13 2017......SUNRISE   723 AM EST   SUNSET   447 PM EST
DECEMBER 14 2017......SUNRISE   724 AM EST   SUNSET   447 PM EST


-  INDICATES NEGATIVE NUMBERS.
R  INDICATES RECORD WAS SET OR TIED.
MM INDICATES DATA IS MISSING.
T  INDICATES TRACE AMOUNT.




$$
