000
CDUS41 KLWX 252133
CLIHGR


CLIMATE REPORT
NATIONAL WEATHER SERVICE BALTIMORE MD/WASHINGTON DC
532 PM EDT SAT OCT 25 2014


...................................

...THE HAGERSTOWN MD CLIMATE SUMMARY FOR OCTOBER 25 2014...
VALID TODAY AS OF 0500 PM LOCAL TIME.

CLIMATE NORMAL PERIOD 1981 TO 2010
CLIMATE RECORD PERIOD 9999 TO 9999


WEATHER ITEM   OBSERVED TIME   RECORD YEAR NORMAL DEPARTURE LAST
                VALUE   (LST)  VALUE       VALUE  FROM      YEAR
                                                  NORMAL
..................................................................
TEMPERATURE (F)
 TODAY
  MAXIMUM         72    339 PM  MM      MM  62     10       51
  MINIMUM         45    657 AM  MM      MM  42      3       35
  AVERAGE         59                        52      7       43

PRECIPITATION (IN)
  TODAY            0.00         MM      MM   0.08  -0.08     0.00
  MONTH TO DATE    2.25                      2.43  -0.18     5.30
  SINCE SEP 1      4.49                      6.10  -1.61     8.51
  SINCE JAN 1     31.40                     32.73  -1.33    27.66

DEGREE DAYS
 HEATING
  TODAY            6                        13     -7       22
  MONTH TO DATE  171                       243    -72      184
  SINCE SEP 1    223                       312    -89      264
  SINCE JUL 1    225                       317    -92      267

 COOLING
  TODAY            0                         0      0        0
  MONTH TO DATE    6                         9     -3       44
  SINCE SEP 1    125                       100     25      148
  SINCE JAN 1    938                       968    -30     1133
..................................................................


WIND (MPH)
  HIGHEST WIND SPEED    18   HIGHEST WIND DIRECTION     W (260)
  HIGHEST GUST SPEED    24   HIGHEST GUST DIRECTION     W (280)
  AVERAGE WIND SPEED     7.6


SKY COVER
  POSSIBLE SUNSHINE  MM
  AVERAGE SKY COVER 0.0


WEATHER CONDITIONS
 THE FOLLOWING WEATHER WAS RECORDED TODAY.
  NO SIGNIFICANT WEATHER WAS OBSERVED.


RELATIVE HUMIDITY (PERCENT)
 HIGHEST    71           700 AM
 LOWEST     35           300 PM
 AVERAGE    53

..........................................................


THE HAGERSTOWN MD CLIMATE NORMALS FOR TOMORROW
                         NORMAL    RECORD    YEAR
 MAXIMUM TEMPERATURE (F)   62        MM        MM
 MINIMUM TEMPERATURE (F)   41        MM        MM


SUNRISE AND SUNSET
OCTOBER 25 2014.......SUNRISE   732 AM EDT   SUNSET   618 PM EDT
OCTOBER 26 2014.......SUNRISE   733 AM EDT   SUNSET   616 PM EDT


-  INDICATES NEGATIVE NUMBERS.
R  INDICATES RECORD WAS SET OR TIED.
MM INDICATES DATA IS MISSING.
T  INDICATES TRACE AMOUNT.




$$
