000
CDUS41 KLWX 290525
CLIHGR


CLIMATE REPORT
NATIONAL WEATHER SERVICE BALTIMORE MD/WASHINGTON DC
123 AM EDT THU JUN 29 2017


...................................

...THE HAGERSTOWN MD CLIMATE SUMMARY FOR JUNE 28 2017...

CLIMATE NORMAL PERIOD 1981 TO 2010
CLIMATE RECORD PERIOD 1998 TO 2017


WEATHER ITEM   OBSERVED TIME   RECORD YEAR NORMAL DEPARTURE LAST
                VALUE   (LST)  VALUE       VALUE  FROM      YEAR
                                                  NORMAL
..................................................................
TEMPERATURE (F)
 YESTERDAY
  MAXIMUM         79    451 PM  MM      MM  84     -5       90
  MINIMUM         53    455 AM  MM      MM  65    -12       70
  AVERAGE         66                        74     -8       80

PRECIPITATION (IN)
  YESTERDAY        0.00         MM      MM   0.09  -0.09     0.44
  MONTH TO DATE    2.73                      3.71  -0.98     3.40
  SINCE JUN 1      2.73                      3.71  -0.98     3.40
  SINCE JAN 1     17.35                     19.91  -2.56    16.44

DEGREE DAYS
 HEATING
  YESTERDAY        0                         0      0        0
  MONTH TO DATE    7                        17    -10        3
  SINCE JUN 1      7                        17    -10        3
  SINCE JUL 1   4020                      5184  -1164     4202

 COOLING
  YESTERDAY        1                        10     -9       15
  MONTH TO DATE  260                       189     71      251
  SINCE JUN 1    260                       189     71      251
  SINCE JAN 1    395                       265    130      355
..................................................................


WIND (MPH)
  HIGHEST WIND SPEED    13   HIGHEST WIND DIRECTION     S (160)
  HIGHEST GUST SPEED    18   HIGHEST GUST DIRECTION     S (200)
  AVERAGE WIND SPEED     5.3


SKY COVER
  POSSIBLE SUNSHINE  MM
  AVERAGE SKY COVER 0.1


WEATHER CONDITIONS
 THE FOLLOWING WEATHER WAS RECORDED YESTERDAY.
  NO SIGNIFICANT WEATHER WAS OBSERVED.


RELATIVE HUMIDITY (PERCENT)
 HIGHEST    83           500 AM
 LOWEST     30           500 PM
 AVERAGE    57

..........................................................


THE HAGERSTOWN MD CLIMATE NORMALS FOR TODAY
                         NORMAL    RECORD    YEAR
 MAXIMUM TEMPERATURE (F)   85        MM        MM
 MINIMUM TEMPERATURE (F)   65        MM        MM


SUNRISE AND SUNSET
JUNE 29 2017..........SUNRISE   546 AM EDT   SUNSET   843 PM EDT
JUNE 30 2017..........SUNRISE   546 AM EDT   SUNSET   843 PM EDT


-  INDICATES NEGATIVE NUMBERS.
R  INDICATES RECORD WAS SET OR TIED.
MM INDICATES DATA IS MISSING.
T  INDICATES TRACE AMOUNT.




$$
