000
CDUS46 KPQR 210221
CLIHIO


CLIMATE REPORT
NATIONAL WEATHER SERVICE PORTLAND OREGON
621 PM PST SAT JAN 20 2018


...................................

...THE HILLSBORO OR CLIMATE SUMMARY FOR JANUARY 20 2018...
VALID TODAY AS OF 0600 PM LOCAL TIME.

CLIMATE NORMAL PERIOD 1981 TO 2010
CLIMATE RECORD PERIOD 1929 TO 2018


WEATHER ITEM   OBSERVED TIME   RECORD YEAR NORMAL DEPARTURE LAST
                VALUE   (LST)  VALUE       VALUE  FROM      YEAR
                                                  NORMAL
..................................................................
TEMPERATURE (F)
 TODAY
  MAXIMUM         47    334 PM  58    1968  48     -1       45
  MINIMUM         38    740 AM  -4    1930  34      4       38
  AVERAGE         43                        41      2       42

PRECIPITATION (IN)
  TODAY            0.05                      0.20  -0.15     0.16
  MONTH TO DATE    2.59                      4.24  -1.65     3.65
  SINCE OCT 1     14.89                     20.63  -5.74    23.33
  SINCE JAN 1      2.59                      4.24  -1.65     3.65

DEGREE DAYS
 HEATING
  TODAY           22                                        23
  MONTH TO DATE  415                                       703
  SINCE DEC 1   1246                                      1630
  SINCE JUL 1   2325                                      2601

 COOLING
  TODAY            0                                         0
  MONTH TO DATE    0                                         0
  SINCE DEC 1      0                                         0
  SINCE JAN 1      0                                         0
..................................................................


WIND (MPH)
  HIGHEST WIND SPEED    15   HIGHEST WIND DIRECTION     S (180)
  HIGHEST GUST SPEED    19   HIGHEST GUST DIRECTION     S (170)
  AVERAGE WIND SPEED     9.4


SKY COVER
  POSSIBLE SUNSHINE  MM
  AVERAGE SKY COVER 0.8


WEATHER CONDITIONS
 THE FOLLOWING WEATHER WAS RECORDED TODAY.
  LIGHT RAIN
  FOG
  HAZE


RELATIVE HUMIDITY (PERCENT)
 HIGHEST    89          1200 AM
 LOWEST     82           100 PM
 AVERAGE    86

..........................................................


THE HILLSBORO OR CLIMATE NORMALS FOR TOMORROW
                         NORMAL    RECORD    YEAR
 MAXIMUM TEMPERATURE (F)   48        59      1968
 MINIMUM TEMPERATURE (F)   34        10      1962


SUNRISE AND SUNSET
JANUARY 20 2018.......SUNRISE   745 AM PST   SUNSET   502 PM PST
JANUARY 21 2018.......SUNRISE   744 AM PST   SUNSET   503 PM PST


-  INDICATES NEGATIVE NUMBERS.
R  INDICATES RECORD WAS SET OR TIED.
MM INDICATES DATA IS MISSING.
T  INDICATES TRACE AMOUNT.




$$
