000
CDUS46 KPQR 181143
CLIHIO


CLIMATE REPORT
NATIONAL WEATHER SERVICE PORTLAND OREGON
442 AM PDT THU SEP 18 2014


...................................

...THE HILLSBORO OR CLIMATE SUMMARY FOR SEPTEMBER 17 2014...

CLIMATE NORMAL PERIOD 1981 TO 2010
CLIMATE RECORD PERIOD 1929 TO 2014


WEATHER ITEM   OBSERVED TIME   RECORD YEAR NORMAL DEPARTURE LAST
                VALUE   (LST)  VALUE       VALUE  FROM      YEAR
                                                  NORMAL
..................................................................
TEMPERATURE (F)
 YESTERDAY
  MAXIMUM         76    217 PM  94    1951  75      1       68
  MINIMUM         57    558 AM  29    1965  46     11       49
  AVERAGE         67                        60      7       59

PRECIPITATION (IN)
  YESTERDAY        T             0.73 1969   0.05  -0.05
  MONTH TO DATE    T                         0.56  -0.56
  SINCE OCT 1     24.92                     39.02 -14.10
  SINCE JAN 1     20.24                     22.63  -2.39

SNOWFALL (IN)
  YESTERDAY        0.0
  MONTH TO DATE    0.0
  SINCE SEP 1      0.0
  SINCE JUL 1      0.0
  SNOW DEPTH       0

DEGREE DAYS
 HEATING
  YESTERDAY        0                         5     -5
  MONTH TO DATE   14                        63    -49
  SINCE JUL 1     23                       170   -147

 COOLING
  YESTERDAY        2                         0      2
  MONTH TO DATE   28                        16     12
  SINCE JAN 1    378                       194    184
..................................................................


WIND (MPH)
  HIGHEST WIND SPEED    12   HIGHEST WIND DIRECTION    NW (330)
  HIGHEST GUST SPEED    13   HIGHEST GUST DIRECTION     N (340)
  AVERAGE WIND SPEED     3.1


SKY COVER
  POSSIBLE SUNSHINE  MM
  AVERAGE SKY COVER 0.2


WEATHER CONDITIONS
 THE FOLLOWING WEATHER WAS RECORDED YESTERDAY.
  LIGHT RAIN
  HAZE


RELATIVE HUMIDITY (PERCENT)
 HIGHEST    93           600 AM
 LOWEST     46           200 PM
 AVERAGE    70

..........................................................


THE HILLSBORO OR CLIMATE NORMALS FOR TODAY
                         NORMAL    RECORD    YEAR
 MAXIMUM TEMPERATURE (F)   74        92      1952
 MINIMUM TEMPERATURE (F)   46        30      1965


SUNRISE AND SUNSET
SEPTEMBER 18 2014.....SUNRISE   654 AM PDT   SUNSET   717 PM PDT
SEPTEMBER 19 2014.....SUNRISE   655 AM PDT   SUNSET   715 PM PDT


-  INDICATES NEGATIVE NUMBERS.
R  INDICATES RECORD WAS SET OR TIED.
MM INDICATES DATA IS MISSING.
T  INDICATES TRACE AMOUNT.




$$
