000
CDUS46 KPQR 260228
CLIHIO


CLIMATE REPORT
NATIONAL WEATHER SERVICE PORTLAND OREGON
728 PM PDT THU MAY 25 2017


...................................

...THE HILLSBORO OR CLIMATE SUMMARY FOR MAY 25 2017...
VALID TODAY AS OF 0700 PM LOCAL TIME.

CLIMATE NORMAL PERIOD 1981 TO 2010
CLIMATE RECORD PERIOD 1929 TO 2017


WEATHER ITEM   OBSERVED TIME   RECORD YEAR NORMAL DEPARTURE LAST
                VALUE   (LST)  VALUE       VALUE  FROM      YEAR
                                                  NORMAL
..................................................................
TEMPERATURE (F)
 TODAY
  MAXIMUM         76    415 PM  93    1936  69      7       67
  MINIMUM         43    221 AM  31    1935  46     -3       52
  AVERAGE         60                        58      2       60

PRECIPITATION (IN)
  TODAY            0.00                      0.07  -0.07     0.00
  MONTH TO DATE    1.76                      1.91  -0.15     0.79
  SINCE OCT 1     46.13                     35.51  10.62    41.49
  SINCE JAN 1     26.45                     19.12   7.33    19.47

DEGREE DAYS
 HEATING
  TODAY            5                                         5
  MONTH TO DATE  217                                       129
  SINCE MAR 1   1236                                       932
  SINCE JUL 1   4765                                      3912

 COOLING
  TODAY            0                                         0
  MONTH TO DATE   21                                         9
  SINCE MAR 1     21                                        16
  SINCE JAN 1     21                                        16
..................................................................


WIND (MPH)
  HIGHEST WIND SPEED    13   HIGHEST WIND DIRECTION     N (20)
  HIGHEST GUST SPEED    17   HIGHEST GUST DIRECTION    NE (30)
  AVERAGE WIND SPEED     2.7


SKY COVER
  POSSIBLE SUNSHINE  MM
  AVERAGE SKY COVER 0.4


WEATHER CONDITIONS
 THE FOLLOWING WEATHER WAS RECORDED TODAY.
  FOG


RELATIVE HUMIDITY (PERCENT)
 HIGHEST   100           200 AM
 LOWEST     38           400 PM
 AVERAGE    69

..........................................................


THE HILLSBORO OR CLIMATE NORMALS FOR TOMORROW
                         NORMAL    RECORD    YEAR
 MAXIMUM TEMPERATURE (F)   69        89      1947
 MINIMUM TEMPERATURE (F)   46        32      1935


SUNRISE AND SUNSET
MAY 25 2017...........SUNRISE   531 AM PDT   SUNSET   847 PM PDT
MAY 26 2017...........SUNRISE   530 AM PDT   SUNSET   848 PM PDT


-  INDICATES NEGATIVE NUMBERS.
R  INDICATES RECORD WAS SET OR TIED.
MM INDICATES DATA IS MISSING.
T  INDICATES TRACE AMOUNT.




$$
