000
CDUS46 KPQR 301149
CLIHIO


CLIMATE REPORT
NATIONAL WEATHER SERVICE PORTLAND OREGON
449 AM PDT THU JUL 30 2015


...................................

...THE HILLSBORO OR CLIMATE SUMMARY FOR JULY 29 2015...

CLIMATE NORMAL PERIOD 1981 TO 2010
CLIMATE RECORD PERIOD 1929 TO 2015


WEATHER ITEM   OBSERVED TIME   RECORD YEAR NORMAL DEPARTURE LAST
                VALUE   (LST)  VALUE       VALUE  FROM      YEAR
                                                  NORMAL
..................................................................
TEMPERATURE (F)
 YESTERDAY
  MAXIMUM         98    324 PM 106    2009  82     16       92
  MINIMUM         54    444 AM  40    1933  52      2       53
  AVERAGE         76                        67      9       73

PRECIPITATION (IN)
  YESTERDAY        0.00          0.16 2001   0.02  -0.02
  MONTH TO DATE    0.32                      0.52  -0.20
  SINCE OCT 1     29.80                     37.80  -8.00
  SINCE JAN 1     14.97                     21.41  -6.44

SNOWFALL (IN)
  YESTERDAY        0.0
  MONTH TO DATE    0.0
  SINCE JUN 1      0.0
  SINCE JUL 1      0.0
  SNOW DEPTH       0

DEGREE DAYS
 HEATING
  YESTERDAY        0                         1     -1
  MONTH TO DATE   12                        52    -40
  SINCE JUL 1     12                        52    -40

 COOLING
  YESTERDAY       11                         3      8
  MONTH TO DATE  172                        69    103
  SINCE JAN 1    312                        95    217
..................................................................


WIND (MPH)
  HIGHEST WIND SPEED    15   HIGHEST WIND DIRECTION     N (10)
  HIGHEST GUST SPEED    20   HIGHEST GUST DIRECTION    NE (30)
  AVERAGE WIND SPEED     5.2


SKY COVER
  POSSIBLE SUNSHINE  MM
  AVERAGE SKY COVER 0.0


WEATHER CONDITIONS
 THE FOLLOWING WEATHER WAS RECORDED YESTERDAY.
  NO SIGNIFICANT WEATHER WAS OBSERVED.


RELATIVE HUMIDITY (PERCENT)
 HIGHEST    77           500 AM
 LOWEST     14           200 PM
 AVERAGE    46

..........................................................


THE HILLSBORO OR CLIMATE NORMALS FOR TODAY
                         NORMAL    RECORD    YEAR
 MAXIMUM TEMPERATURE (F)   82        99      1992
 MINIMUM TEMPERATURE (F)   52        40      1945


SUNRISE AND SUNSET
JULY 30 2015..........SUNRISE   553 AM PDT   SUNSET   843 PM PDT
JULY 31 2015..........SUNRISE   554 AM PDT   SUNSET   841 PM PDT


-  INDICATES NEGATIVE NUMBERS.
R  INDICATES RECORD WAS SET OR TIED.
MM INDICATES DATA IS MISSING.
T  INDICATES TRACE AMOUNT.




$$
